313
CDUS41 KCLE 240528
CLIMFD


CLIMATE REPORT
NATIONAL WEATHER SERVICE CLEVELAND OH
1227 AM EST FRI FEB 24 2017


...................................

...THE MANSFIELD OH CLIMATE SUMMARY FOR FEBRUARY 23 2017...

CLIMATE NORMAL PERIOD 1981 TO 2010
CLIMATE RECORD PERIOD 1916 TO 2017


WEATHER ITEM   OBSERVED TIME   RECORD YEAR NORMAL DEPARTURE LAST
                VALUE   (LST)  VALUE       VALUE  FROM      YEAR
                                                  NORMAL
..................................................................
TEMPERATURE (F)
 YESTERDAY
  MAXIMUM         68R   340 PM  62    1985  38     30       51
                                      1930
  MINIMUM         55    139 AM  -9    2015  22     33       25
  AVERAGE         62                        30     32       38

PRECIPITATION (IN)
  YESTERDAY        0.09                      0.09   0.00     0.00
  MONTH TO DATE    1.35                      1.94  -0.59     1.48
  SINCE DEC 1     10.40                      8.10   2.30     7.18
  SINCE JAN 1      7.26                      4.81   2.45     3.02

SNOWFALL (IN)
  YESTERDAY        0.0                       0.5   -0.5      0.0
  MONTH TO DATE    3.8                       9.4   -5.6      8.9
  SINCE DEC 1     21.4                      33.2  -11.8     17.8
  SINCE JUL 1     21.6                      35.9  -14.3     17.8
  SNOW DEPTH       0

DEGREE DAYS
 HEATING
  YESTERDAY        3                        35    -32       27
  MONTH TO DATE  594                       856   -262      801
  SINCE DEC 1   2696                      3175   -479     2673
  SINCE JUL 1   3573                      4456   -883     3613

 COOLING
  YESTERDAY        0                         0      0        0
  MONTH TO DATE    0                         0      0        0
  SINCE DEC 1      0                         0      0        0
  SINCE JAN 1      0                         0      0        0
..................................................................


WIND (MPH)
  HIGHEST WIND SPEED    20   HIGHEST WIND DIRECTION    SW (210)
  HIGHEST GUST SPEED    27   HIGHEST GUST DIRECTION    SW (210)
  AVERAGE WIND SPEED    10.7


SKY COVER
  POSSIBLE SUNSHINE  MM
  AVERAGE SKY COVER 0.8


WEATHER CONDITIONS
 THE FOLLOWING WEATHER WAS RECORDED YESTERDAY.
  RAIN
  FOG


RELATIVE HUMIDITY (PERCENT)
 HIGHEST   100           400 AM
 LOWEST     63           300 PM
 AVERAGE    82

..........................................................


THE MANSFIELD OH CLIMATE NORMALS FOR TODAY
                         NORMAL    RECORD    YEAR
 MAXIMUM TEMPERATURE (F)   39        67      1961
 MINIMUM TEMPERATURE (F)   22        -8      2015


SUNRISE AND SUNSET
FEBRUARY 24 2017......SUNRISE   711 AM EST   SUNSET   616 PM EST
FEBRUARY 25 2017......SUNRISE   710 AM EST   SUNSET   617 PM EST


-  INDICATES NEGATIVE NUMBERS.
R  INDICATES RECORD WAS SET OR TIED.
MM INDICATES DATA IS MISSING.
T  INDICATES TRACE AMOUNT.




$$
