208
CDUS41 KCLE 222216
CLIMFD


CLIMATE REPORT
NATIONAL WEATHER SERVICE CLEVELAND OH
513 PM EST THU FEB 22 2018


...................................

...THE MANSFIELD OH CLIMATE SUMMARY FOR FEBRUARY 22 2018...
VALID TODAY AS OF 0500 PM LOCAL TIME.

CLIMATE NORMAL PERIOD 1981 TO 2010
CLIMATE RECORD PERIOD 1916 TO 2018


WEATHER ITEM   OBSERVED TIME   RECORD YEAR NORMAL DEPARTURE LAST
                VALUE   (LST)  VALUE       VALUE  FROM      YEAR
                                                  NORMAL
..................................................................
TEMPERATURE (F)
 TODAY
  MAXIMUM         47    248 PM  69    1930  38      9       58
  MINIMUM         32    758 AM -10    1963  22     10       52
  AVERAGE         40                        30     10       55

PRECIPITATION (IN)
  TODAY            0.40                      0.08   0.32     0.02
  MONTH TO DATE    3.29                      1.85   1.44     1.26
  SINCE DEC 1      7.65                      8.01  -0.36    10.31
  SINCE JAN 1      5.80                      4.72   1.08     7.17

SNOWFALL (IN)
  TODAY            T                         0.4   -0.4      0.0
  MONTH TO DATE    8.1                       8.9   -0.8      3.8
  SINCE DEC 1     29.9                      32.7   -2.8     21.4
  SINCE JUL 1     30.0                      35.4   -5.4     21.6
  SNOW DEPTH       0

DEGREE DAYS
 HEATING
  TODAY           25                        35    -10       10
  MONTH TO DATE  721                       821   -100      591
  SINCE DEC 1   3122                      3140    -18     2693
  SINCE JUL 1   4204                      4421   -217     3570

 COOLING
  TODAY            0                         0      0        0
  MONTH TO DATE    1                         0      1        0
  SINCE DEC 1      1                         0      1        0
  SINCE JAN 1      1                         0      1        0
..................................................................


WIND (MPH)
  HIGHEST WIND SPEED    23   HIGHEST WIND DIRECTION     E (80)
  HIGHEST GUST SPEED    31   HIGHEST GUST DIRECTION     E (90)


SKY COVER
  POSSIBLE SUNSHINE  MM
  AVERAGE SKY COVER 1.0


WEATHER CONDITIONS
 THE FOLLOWING WEATHER WAS RECORDED TODAY.
  LIGHT RAIN
  LT FREEZING RAIN
  FOG


RELATIVE HUMIDITY (PERCENT)
 HIGHEST   100          1000 AM
 LOWEST     76           300 PM
 AVERAGE    88

..........................................................


THE MANSFIELD OH CLIMATE NORMALS FOR TOMORROW
                         NORMAL    RECORD    YEAR
 MAXIMUM TEMPERATURE (F)   38        68      2017
 MINIMUM TEMPERATURE (F)   22        -9      2015


SUNRISE AND SUNSET
FEBRUARY 22 2018......SUNRISE   714 AM EST   SUNSET   613 PM EST
FEBRUARY 23 2018......SUNRISE   713 AM EST   SUNSET   614 PM EST


-  INDICATES NEGATIVE NUMBERS.
R  INDICATES RECORD WAS SET OR TIED.
MM INDICATES DATA IS MISSING.
T  INDICATES TRACE AMOUNT.




$$
