000
CDUS44 KBRO 040742
CLIMFE


CLIMATE REPORT
NATIONAL WEATHER SERVICE BROWNSVILLE TX
140 AM CST WED MAR 4 2015


...................................

...THE MCALLEN CLIMATE SUMMARY FOR MARCH 3 2015...

CLIMATE NORMAL PERIOD 1981 TO 2010
CLIMATE RECORD PERIOD 1941 TO 2015


WEATHER ITEM   OBSERVED TIME   RECORD YEAR NORMAL DEPARTURE LAST
                VALUE   (LST)  VALUE       VALUE  FROM      YEAR
                                                  NORMAL
..................................................................
TEMPERATURE (F)
 YESTERDAY
  MAXIMUM         84    422 PM  94    1953  79      5       54
                                      1991
  MINIMUM         53    735 AM  31    1980  57     -4       36
  AVERAGE         69                        68      1

PRECIPITATION (IN)
  YESTERDAY        0.00          0.21 2003   0.04  -0.04     0.02
  MONTH TO DATE    T                         0.12  -0.12     0.02
  SINCE MAR 1      T                         0.12  -0.12     0.02
  SINCE JAN 1      0.59                      2.28  -1.69     0.90

DEGREE DAYS
 HEATING
  YESTERDAY        0                         2     -2       20
  MONTH TO DATE   19                         6     13       20
  SINCE MAR 1     19                         6     13       20
  SINCE JUL 1    709                       539    170      796

 COOLING
  YESTERDAY        4                         5     -1        0
  MONTH TO DATE    4                        15    -11       15
  SINCE MAR 1      4                        15    -11       15
  SINCE JAN 1     89                       174    -85      143
..................................................................


WIND (MPH)
  HIGHEST WIND SPEED    26   HIGHEST WIND DIRECTION    SE (140)
  HIGHEST GUST SPEED    33   HIGHEST GUST DIRECTION    SE (150)
  AVERAGE WIND SPEED     8.2



WEATHER CONDITIONS
 THE FOLLOWING WEATHER WAS RECORDED YESTERDAY.
  FOG
  HAZE


RELATIVE HUMIDITY (PERCENT)
 HIGHEST   100
 LOWEST     55
 AVERAGE    78

..........................................................


THE MCALLEN CLIMATE NORMALS FOR TODAY
                         NORMAL    RECORD    YEAR
 MAXIMUM TEMPERATURE (F)   79        95      1963
 MINIMUM TEMPERATURE (F)   58        33      1971
                                             1980


SUNRISE AND SUNSET
MARCH  4 2015.........SUNRISE   654 AM CST   SUNSET   636 PM CST
MARCH  5 2015.........SUNRISE   653 AM CST   SUNSET   637 PM CST


-  INDICATES NEGATIVE NUMBERS.
R  INDICATES RECORD WAS SET OR TIED.
MM INDICATES DATA IS MISSING.
T  INDICATES TRACE AMOUNT.

$$
