000
CDUS44 KBRO 230626
CLIMFE


CLIMATE REPORT
NATIONAL WEATHER SERVICE BROWNSVILLE TX
126 AM CDT FRI JUN 23 2017


...................................

...THE MCALLEN CLIMATE SUMMARY FOR JUNE 22 2017...

CLIMATE NORMAL PERIOD 1981 TO 2010
CLIMATE RECORD PERIOD 1961 TO 2017


WEATHER ITEM   OBSERVED TIME   RECORD YEAR NORMAL DEPARTURE LAST
                VALUE   (LST)  VALUE       VALUE  FROM      YEAR
                                                  NORMAL
..................................................................
TEMPERATURE (F)
 YESTERDAY
  MAXIMUM        111R   308 PM 103    1980  97     14       99
  MINIMUM         81    330 AM  69    1961  76      5       75
  AVERAGE         96                        86     10

PRECIPITATION (IN)
  YESTERDAY        0.00          2.50 2011   0.09  -0.09     0.00
  MONTH TO DATE    0.07                      1.87  -1.80     0.22
  SINCE JUN 1      0.07                      1.87  -1.80     0.22
  SINCE JAN 1      5.94                      8.65  -2.71     8.19

SNOWFALL (IN)
  YESTERDAY        0.0
  MONTH TO DATE    0.0
  SINCE JUN 1      0.0
  SINCE JUL 1      0.0

DEGREE DAYS
 HEATING
  YESTERDAY        0                         0      0        0
  MONTH TO DATE    0                         0      0        0
  SINCE JUN 1      0                         0      0        0
  SINCE JUL 1    189                       579   -390      318

 COOLING
  YESTERDAY       31                        21     10       22
  MONTH TO DATE  548                       456     92      470
  SINCE JUN 1    548                       456     92      470
  SINCE JAN 1   2487                      1711    776     2088
..................................................................


WIND (MPH)
  HIGHEST WIND SPEED    28   HIGHEST WIND DIRECTION    SE (130)
  HIGHEST GUST SPEED    33   HIGHEST GUST DIRECTION    SE (140)
  AVERAGE WIND SPEED    12.0



WEATHER CONDITIONS
 THE FOLLOWING WEATHER WAS RECORDED YESTERDAY.
  NO SIGNIFICANT WEATHER WAS OBSERVED.


RELATIVE HUMIDITY (PERCENT)
 HIGHEST    74
 LOWEST     20
 AVERAGE    47

..........................................................


THE MCALLEN CLIMATE NORMALS FOR TODAY
                         NORMAL    RECORD    YEAR
 MAXIMUM TEMPERATURE (F)   97       102      1990
 MINIMUM TEMPERATURE (F)   76        70      1961


SUNRISE AND SUNSET
JUNE 23 2017..........SUNRISE   642 AM CDT   SUNSET   829 PM CDT
JUNE 24 2017..........SUNRISE   642 AM CDT   SUNSET   829 PM CDT


-  INDICATES NEGATIVE NUMBERS.
R  INDICATES RECORD WAS SET OR TIED.
MM INDICATES DATA IS MISSING.
T  INDICATES TRACE AMOUNT.




$$
