000
CDUS44 KBRO 240627
CLIMFE


CLIMATE REPORT
NATIONAL WEATHER SERVICE BROWNSVILLE TX
125 AM CDT MON APR 24 2017


...................................

...THE MCALLEN CLIMATE SUMMARY FOR APRIL 23 2017...

CLIMATE NORMAL PERIOD 1981 TO 2010
CLIMATE RECORD PERIOD 1961 TO 2017


WEATHER ITEM   OBSERVED TIME   RECORD YEAR NORMAL DEPARTURE LAST
                VALUE   (LST)  VALUE       VALUE  FROM      YEAR
                                                  NORMAL
..................................................................
TEMPERATURE (F)
 YESTERDAY
  MAXIMUM         82    458 PM 103    1988  88     -6       93
  MINIMUM         64   1159 PM  52    1982  68     -4       71
  AVERAGE         73                        78     -5

PRECIPITATION (IN)
  YESTERDAY        T             0.53 2016   0.06  -0.06     0.53
  MONTH TO DATE    0.73                      0.92  -0.19     0.56
  SINCE MAR 1      3.25                      1.95   1.30     0.59
  SINCE JAN 1      4.88                      4.11   0.77     0.99

SNOWFALL (IN)
  YESTERDAY        0.0
  MONTH TO DATE    0.0
  SINCE MAR 1      0.0
  SINCE JUL 1      0.0

DEGREE DAYS
 HEATING
  YESTERDAY        0                         0      0        0
  MONTH TO DATE    0                         3     -3        1
  SINCE MAR 1      1                        41    -40        7
  SINCE JUL 1    189                       574   -385      318

 COOLING
  YESTERDAY        8                        13     -5       17
  MONTH TO DATE  351                       260     91      315
  SINCE MAR 1    712                       478    234      676
  SINCE JAN 1   1193                       637    556      881
..................................................................


WIND (MPH)
  HIGHEST WIND SPEED    24   HIGHEST WIND DIRECTION     N (10)
  HIGHEST GUST SPEED    31   HIGHEST GUST DIRECTION     N (10)
  AVERAGE WIND SPEED    11.8



WEATHER CONDITIONS
 THE FOLLOWING WEATHER WAS RECORDED YESTERDAY.
  LIGHT RAIN


RELATIVE HUMIDITY (PERCENT)
 HIGHEST    56
 LOWEST     26
 AVERAGE    41

..........................................................


THE MCALLEN CLIMATE NORMALS FOR TODAY
                         NORMAL    RECORD    YEAR
 MAXIMUM TEMPERATURE (F)   88       100      2000
 MINIMUM TEMPERATURE (F)   68        53      2013


SUNRISE AND SUNSET
APRIL 24 2017.........SUNRISE   701 AM CDT   SUNSET   801 PM CDT
APRIL 25 2017.........SUNRISE   700 AM CDT   SUNSET   802 PM CDT


-  INDICATES NEGATIVE NUMBERS.
R  INDICATES RECORD WAS SET OR TIED.
MM INDICATES DATA IS MISSING.
T  INDICATES TRACE AMOUNT.




$$
