000
CDUS44 KBRO 222126
CLIMFE


CLIMATE REPORT
NATIONAL WEATHER SERVICE BROWNSVILLE TX
426 PM CDT MON MAY 22 2017


...................................

...THE MCALLEN CLIMATE SUMMARY FOR MAY 22 2017...
VALID TODAY AS OF 0400 PM LOCAL TIME.

CLIMATE NORMAL PERIOD 1981 TO 2010
CLIMATE RECORD PERIOD 1961 TO 2017


WEATHER ITEM   OBSERVED TIME   RECORD YEAR NORMAL DEPARTURE LAST
                VALUE   (LST)  VALUE       VALUE  FROM      YEAR
                                                  NORMAL
..................................................................
TEMPERATURE (F)
 TODAY
  MAXIMUM         94    259 PM 101    2008  93      1       96
                                      1944
  MINIMUM         80   1253 AM  61    1967  73      7       79
  AVERAGE         87                        83      4       88

PRECIPITATION (IN)
  TODAY            0.02          0.55 1982   0.07  -0.05      T
  MONTH TO DATE    0.08                      1.58  -1.50     4.39
  SINCE MAR 1      3.33                      3.95  -0.62     5.01
  SINCE JAN 1      4.96                      6.11  -1.15     5.41

SNOWFALL (IN)
  TODAY            0.0
  MONTH TO DATE    0.0
  SINCE MAR 1      0.0
  SINCE JUL 1      0.0
  SNOW DEPTH       0

DEGREE DAYS
 HEATING
  TODAY            0                         0      0        0
  MONTH TO DATE    0                         0      0        0
  SINCE MAR 1      1                        46    -45        7
  SINCE JUL 1    189                       579   -390      318

 COOLING
  TODAY           22                        18      4       23
  MONTH TO DATE  423                       354     69      397
  SINCE MAR 1   1271                       926    345     1219
  SINCE JAN 1   1752                      1085    667     1424
..................................................................


WIND (MPH)
  HIGHEST WIND SPEED    16   HIGHEST WIND DIRECTION     N (360)
  HIGHEST GUST SPEED    19   HIGHEST GUST DIRECTION     N (350)
  AVERAGE WIND SPEED     7.1



WEATHER CONDITIONS
 THE FOLLOWING WEATHER WAS RECORDED TODAY.
  LIGHT RAIN
  FOG
  HAZE


..........................................................


THE MCALLEN CLIMATE NORMALS FOR TOMORROW
                         NORMAL    RECORD    YEAR
 MAXIMUM TEMPERATURE (F)   93       102      2008
 MINIMUM TEMPERATURE (F)   73        59      1967


SUNRISE AND SUNSET
MAY 22 2017...........SUNRISE   643 AM CDT   SUNSET   816 PM CDT
MAY 23 2017...........SUNRISE   643 AM CDT   SUNSET   817 PM CDT


-  INDICATES NEGATIVE NUMBERS.
R  INDICATES RECORD WAS SET OR TIED.
MM INDICATES DATA IS MISSING.
T  INDICATES TRACE AMOUNT.




$$
