000
CDUS44 KBRO 240628
CLIMFE


CLIMATE REPORT
NATIONAL WEATHER SERVICE BROWNSVILLE TX
127 AM CDT WED AUG 24 2016


...................................

...THE MCALLEN CLIMATE SUMMARY FOR AUGUST 23 2016...

CLIMATE NORMAL PERIOD 1981 TO 2010
CLIMATE RECORD PERIOD 1961 TO 2016


WEATHER ITEM   OBSERVED TIME   RECORD YEAR NORMAL DEPARTURE LAST
                VALUE   (LST)  VALUE       VALUE  FROM      YEAR
                                                  NORMAL
..................................................................
TEMPERATURE (F)
 YESTERDAY
  MAXIMUM        102    156 PM 106    2009  98      4      100
  MINIMUM         79    701 AM  69    1961  77      2       82
  AVERAGE         91                        87      4

PRECIPITATION (IN)
  YESTERDAY        0.00          1.98 1999   0.09  -0.09     0.00
  MONTH TO DATE    0.79                      1.35  -0.56     2.39
  SINCE JUN 1      1.28                      5.93  -4.65     8.03
  SINCE JAN 1      9.25                     12.71  -3.46    19.50

SNOWFALL (IN)
  YESTERDAY        0.0
  MONTH TO DATE    0.0
  SINCE JUN 1      0.0
  SINCE JUL 1      0.0

DEGREE DAYS
 HEATING
  YESTERDAY        0                         0      0        0
  MONTH TO DATE    0                         0      0        0
  SINCE JUN 1      0                         0      0        0
  SINCE JUL 1      0                         0      0        0

 COOLING
  YESTERDAY       26                        22      4       26
  MONTH TO DATE  607                       524     83      606
  SINCE JUN 1   2085                      1826    259     2000
  SINCE JAN 1   3703                      3081    622     3245
..................................................................


WIND (MPH)
  HIGHEST WIND SPEED    25   HIGHEST WIND DIRECTION    SE (140)
  HIGHEST GUST SPEED    32   HIGHEST GUST DIRECTION    SE (140)
  AVERAGE WIND SPEED    13.4



WEATHER CONDITIONS
 THE FOLLOWING WEATHER WAS RECORDED YESTERDAY.
  NO SIGNIFICANT WEATHER WAS OBSERVED.


RELATIVE HUMIDITY (PERCENT)
 HIGHEST    91
 LOWEST     29
 AVERAGE    60

..........................................................


THE MCALLEN CLIMATE NORMALS FOR TODAY
                         NORMAL    RECORD    YEAR
 MAXIMUM TEMPERATURE (F)   98       104      2009
 MINIMUM TEMPERATURE (F)   77        69      1976
                                             1973


SUNRISE AND SUNSET
AUGUST 24 2016........SUNRISE   710 AM CDT   SUNSET   800 PM CDT
AUGUST 25 2016........SUNRISE   710 AM CDT   SUNSET   759 PM CDT


-  INDICATES NEGATIVE NUMBERS.
R  INDICATES RECORD WAS SET OR TIED.
MM INDICATES DATA IS MISSING.
T  INDICATES TRACE AMOUNT.




$$
