000
CDUS44 KBRO 250626
CLIMFE


CLIMATE REPORT
NATIONAL WEATHER SERVICE BROWNSVILLE TX
126 AM CDT SUN SEP 25 2016


...................................

...THE MCALLEN CLIMATE SUMMARY FOR SEPTEMBER 24 2016...

CLIMATE NORMAL PERIOD 1981 TO 2010
CLIMATE RECORD PERIOD 1961 TO 2016


WEATHER ITEM   OBSERVED TIME   RECORD YEAR NORMAL DEPARTURE LAST
                VALUE   (LST)  VALUE       VALUE  FROM      YEAR
                                                  NORMAL
..................................................................
TEMPERATURE (F)
 YESTERDAY
  MAXIMUM        103    155 PM 105    2005  91     12       94
  MINIMUM         80    636 AM  55    1975  72      8       67
  AVERAGE         92                        82     10

PRECIPITATION (IN)
  YESTERDAY        0.00          4.59 2006   0.14  -0.14     0.00
  MONTH TO DATE    0.68                      3.76  -3.08     4.31
  SINCE SEP 1      0.68                      3.76  -3.08     4.31
  SINCE JAN 1      9.98                     17.33  -7.35    24.07

SNOWFALL (IN)
  YESTERDAY        0.0
  MONTH TO DATE    0.0
  SINCE SEP 1      0.0
  SINCE JUL 1      0.0

DEGREE DAYS
 HEATING
  YESTERDAY        0                         0      0        0
  MONTH TO DATE    0                         0      0        0
  SINCE SEP 1      0                         0      0        0
  SINCE JUL 1      0                         0      0        0

 COOLING
  YESTERDAY       27                        17     10       16
  MONTH TO DATE  604                       454    150      517
  SINCE SEP 1    604                       454    150      517
  SINCE JAN 1   4506                      3705    801     3944
..................................................................


WIND (MPH)
  HIGHEST WIND SPEED    23   HIGHEST WIND DIRECTION    SE (130)
  HIGHEST GUST SPEED    30   HIGHEST GUST DIRECTION    SE (140)
  AVERAGE WIND SPEED    13.3



WEATHER CONDITIONS
 THE FOLLOWING WEATHER WAS RECORDED YESTERDAY.
  NO SIGNIFICANT WEATHER WAS OBSERVED.


RELATIVE HUMIDITY (PERCENT)
 HIGHEST    85
 LOWEST     37
 AVERAGE    61

..........................................................


THE MCALLEN CLIMATE NORMALS FOR TODAY
                         NORMAL    RECORD    YEAR
 MAXIMUM TEMPERATURE (F)   91       104      2011
                                             2005
 MINIMUM TEMPERATURE (F)   72        59      1989
                                             1975


SUNRISE AND SUNSET
SEPTEMBER 25 2016.....SUNRISE   723 AM CDT   SUNSET   725 PM CDT
SEPTEMBER 26 2016.....SUNRISE   723 AM CDT   SUNSET   724 PM CDT


-  INDICATES NEGATIVE NUMBERS.
R  INDICATES RECORD WAS SET OR TIED.
MM INDICATES DATA IS MISSING.
T  INDICATES TRACE AMOUNT.




$$
