000
CDUS44 KBRO 250626
CLIMFE


CLIMATE REPORT
NATIONAL WEATHER SERVICE BROWNSVILLE TX
126 AM CDT MON MAY 25 2015


...................................

...THE MCALLEN CLIMATE SUMMARY FOR MAY 24 2015...

CLIMATE NORMAL PERIOD 1981 TO 2010
CLIMATE RECORD PERIOD 1941 TO 2015


WEATHER ITEM   OBSERVED TIME   RECORD YEAR NORMAL DEPARTURE LAST
                VALUE   (LST)  VALUE       VALUE  FROM      YEAR
                                                  NORMAL
..................................................................
TEMPERATURE (F)
 YESTERDAY
  MAXIMUM         91    348 PM  99    2011  93     -2       92
                                      2008
                                      1943
  MINIMUM         72    600 AM  59    1967  74     -2       77
                                      1970
  AVERAGE         82                        83     -1

PRECIPITATION (IN)
  YESTERDAY        0.45          3.01 1982   0.07   0.38      T
  MONTH TO DATE    3.76                      1.71   2.05     0.50
  SINCE MAR 1      9.74                      4.08   5.66     1.70
  SINCE JAN 1     10.33                      6.24   4.09     2.58

SNOWFALL (IN)
  YESTERDAY        0.0
  MONTH TO DATE    0.0
  SINCE MAR 1      0.0
  SINCE JUL 1      0.0

DEGREE DAYS
 HEATING
  YESTERDAY        0                         0      0        0
  MONTH TO DATE    0                         0      0        0
  SINCE MAR 1     66                        46     20      107
  SINCE JUL 1    756                       579    177      883

 COOLING
  YESTERDAY       17                        18     -1       20
  MONTH TO DATE  431                       390     41      299
  SINCE MAR 1   1027                       962     65      784
  SINCE JAN 1   1112                      1121     -9      912
..................................................................


WIND (MPH)
  HIGHEST WIND SPEED    25   HIGHEST WIND DIRECTION    SE (130)
  HIGHEST GUST SPEED    31   HIGHEST GUST DIRECTION    SE (140)
  AVERAGE WIND SPEED    12.4



WEATHER CONDITIONS
 THE FOLLOWING WEATHER WAS RECORDED YESTERDAY.
  THUNDERSTORM
  HEAVY RAIN
  RAIN
  LIGHT RAIN
  FOG


RELATIVE HUMIDITY (PERCENT)
 HIGHEST    90
 LOWEST     59
 AVERAGE    75

..........................................................


THE MCALLEN CLIMATE NORMALS FOR TODAY
                         NORMAL    RECORD    YEAR
 MAXIMUM TEMPERATURE (F)   94       101      2009
 MINIMUM TEMPERATURE (F)   74        59      1967


SUNRISE AND SUNSET
MAY 25 2015...........SUNRISE   642 AM CDT   SUNSET   818 PM CDT
MAY 26 2015...........SUNRISE   642 AM CDT   SUNSET   818 PM CDT


-  INDICATES NEGATIVE NUMBERS.
R  INDICATES RECORD WAS SET OR TIED.
MM INDICATES DATA IS MISSING.
T  INDICATES TRACE AMOUNT.




$$
