000
CDUS44 KBRO 030625
CLIMFE


CLIMATE REPORT
NATIONAL WEATHER SERVICE BROWNSVILLE TX
125 AM CDT MON AUG 3 2015


...................................

...THE MCALLEN CLIMATE SUMMARY FOR AUGUST 2 2015...

CLIMATE NORMAL PERIOD 1981 TO 2010
CLIMATE RECORD PERIOD 1941 TO 2015


WEATHER ITEM   OBSERVED TIME   RECORD YEAR NORMAL DEPARTURE LAST
                VALUE   (LST)  VALUE       VALUE  FROM      YEAR
                                                  NORMAL
..................................................................
TEMPERATURE (F)
 YESTERDAY
  MAXIMUM        101    208 PM 104    2012  98      3      100
                                      2009
  MINIMUM         76    432 AM  69    1979  77     -1       81
  AVERAGE         89                        88      1

PRECIPITATION (IN)
  YESTERDAY        0.00          1.29 1963   0.04  -0.04     0.00
  MONTH TO DATE    T                         0.09  -0.09     0.00
  SINCE JUN 1      5.64                      4.67   0.97     0.90
  SINCE JAN 1     17.11                     11.45   5.66     3.78

SNOWFALL (IN)
  YESTERDAY        0.0
  MONTH TO DATE    0.0
  SINCE JUN 1      0.0
  SINCE JUL 1      0.0

DEGREE DAYS
 HEATING
  YESTERDAY        0                         0      0        0
  MONTH TO DATE    0                         0      0        0
  SINCE JUN 1      0                         0      0        0
  SINCE JUL 1      0                         0      0        0

 COOLING
  YESTERDAY       24                        23      1       26
  MONTH TO DATE   50                        45      5       52
  SINCE JUN 1   1444                      1347     97     1434
  SINCE JAN 1   2689                      2602     87     2490
..................................................................


WIND (MPH)
  HIGHEST WIND SPEED    22   HIGHEST WIND DIRECTION     E (110)
  HIGHEST GUST SPEED    32   HIGHEST GUST DIRECTION    SE (120)
  AVERAGE WIND SPEED     7.3



WEATHER CONDITIONS
 THE FOLLOWING WEATHER WAS RECORDED YESTERDAY.
  NO SIGNIFICANT WEATHER WAS OBSERVED.


RELATIVE HUMIDITY (PERCENT)
 HIGHEST    79
 LOWEST     37
 AVERAGE    58

..........................................................


THE MCALLEN CLIMATE NORMALS FOR TODAY
                         NORMAL    RECORD    YEAR
 MAXIMUM TEMPERATURE (F)   98       105      1996
 MINIMUM TEMPERATURE (F)   77        68      1970
                                             1974


SUNRISE AND SUNSET
AUGUST  3 2015........SUNRISE   700 AM CDT   SUNSET   818 PM CDT
AUGUST  4 2015........SUNRISE   700 AM CDT   SUNSET   818 PM CDT


-  INDICATES NEGATIVE NUMBERS.
R  INDICATES RECORD WAS SET OR TIED.
MM INDICATES DATA IS MISSING.
T  INDICATES TRACE AMOUNT.




$$
