000
CDUS44 KBRO 252226
CLIMFE


CLIMATE REPORT
NATIONAL WEATHER SERVICE BROWNSVILLE TX
426 PM CST TUE NOV 25 2014


...................................

...THE MCALLEN CLIMATE SUMMARY FOR NOVEMBER 25 2014...
VALID TODAY AS OF 0400 PM LOCAL TIME.

CLIMATE NORMAL PERIOD 1981 TO 2010
CLIMATE RECORD PERIOD 1941 TO 2014


WEATHER ITEM   OBSERVED TIME   RECORD YEAR NORMAL DEPARTURE LAST
                VALUE   (LST)  VALUE       VALUE  FROM      YEAR
                                                  NORMAL
..................................................................
TEMPERATURE (F)
 TODAY
  MAXIMUM         70    325 PM  94    2010  77     -7       48
                                      1942
  MINIMUM         50    238 AM  35    1887  56     -6       42
  AVERAGE         60                        66     -6       45

PRECIPITATION (IN)
  TODAY            0.00          0.70 1980   0.03  -0.03     0.35
  MONTH TO DATE    0.56                      0.76  -0.20     3.06
  SINCE SEP 1     12.41                      7.31   5.10     9.43
  SINCE JAN 1     19.27                     20.88  -1.61    15.37

SNOWFALL (IN)
  TODAY            0.0
  MONTH TO DATE    0.0
  SINCE SEP 1      0.0
  SINCE JUL 1      0.0
  SNOW DEPTH       0

DEGREE DAYS
 HEATING
  TODAY            5                         3      2       20
  MONTH TO DATE  116                        40     76       79
  SINCE SEP 1    116                        45     71       79
  SINCE JUL 1    116                        45     71       79

 COOLING
  TODAY            0                         4     -4        0
  MONTH TO DATE   65                       167   -102      169
  SINCE SEP 1   1029                      1098    -69     1147
  SINCE JAN 1   4224                      4349   -125     4534
..................................................................


WIND (MPH)
  HIGHEST WIND SPEED    16   HIGHEST WIND DIRECTION     N (360)
  HIGHEST GUST SPEED    21   HIGHEST GUST DIRECTION     N (360)
  AVERAGE WIND SPEED     8.1



WEATHER CONDITIONS
 THE FOLLOWING WEATHER WAS RECORDED TODAY.
  NO SIGNIFICANT WEATHER WAS OBSERVED.


..........................................................


THE MCALLEN CLIMATE NORMALS FOR TOMORROW
                         NORMAL    RECORD    YEAR
 MAXIMUM TEMPERATURE (F)   77        92      1965
 MINIMUM TEMPERATURE (F)   56        35      1911


SUNRISE AND SUNSET
NOVEMBER 25 2014......SUNRISE   659 AM CST   SUNSET   541 PM CST
NOVEMBER 26 2014......SUNRISE   700 AM CST   SUNSET   541 PM CST


-  INDICATES NEGATIVE NUMBERS.
R  INDICATES RECORD WAS SET OR TIED.
MM INDICATES DATA IS MISSING.
T  INDICATES TRACE AMOUNT.




$$
