000
CDUS44 KBRO 040626
CLIMFE


CLIMATE REPORT
NATIONAL WEATHER SERVICE BROWNSVILLE TX
125 AM CDT SAT JUL 4 2015


...................................

...THE MCALLEN CLIMATE SUMMARY FOR JULY 3 2015...

CLIMATE NORMAL PERIOD 1981 TO 2010
CLIMATE RECORD PERIOD 1941 TO 2015


WEATHER ITEM   OBSERVED TIME   RECORD YEAR NORMAL DEPARTURE LAST
                VALUE   (LST)  VALUE       VALUE  FROM      YEAR
                                                  NORMAL
..................................................................
TEMPERATURE (F)
 YESTERDAY
  MAXIMUM         95    324 PM 106    2008  97     -2       99
  MINIMUM         75    417 AM  68    1970  76     -1       74
                                      1974
  AVERAGE         85                        86     -1

PRECIPITATION (IN)
  YESTERDAY        0.00          2.69 2006   0.08  -0.08      T
  MONTH TO DATE    0.25                      0.23   0.02      T
  SINCE JUN 1      5.64                      2.81   2.83     0.30
  SINCE JAN 1     17.11                      9.59   7.52     3.18

SNOWFALL (IN)
  YESTERDAY        0.0
  MONTH TO DATE    0.0
  SINCE JUN 1      0.0
  SINCE JUL 1      0.0

DEGREE DAYS
 HEATING
  YESTERDAY        0                         0      0        0
  MONTH TO DATE    0                         0      0        0
  SINCE JUN 1      0                         0      0        0
  SINCE JUL 1      0                         0      0        0

 COOLING
  YESTERDAY       20                        21     -1       22
  MONTH TO DATE   54                        63     -9       67
  SINCE JUN 1    695                       691      4      737
  SINCE JAN 1   1940                      1946     -6     1793
..................................................................


WIND (MPH)
  HIGHEST WIND SPEED    25   HIGHEST WIND DIRECTION    SE (130)
  HIGHEST GUST SPEED    32   HIGHEST GUST DIRECTION    SE (130)
  AVERAGE WIND SPEED    12.4



WEATHER CONDITIONS
 THE FOLLOWING WEATHER WAS RECORDED YESTERDAY.
  FOG
  HAZE


RELATIVE HUMIDITY (PERCENT)
 HIGHEST    87
 LOWEST     46
 AVERAGE    67

..........................................................


THE MCALLEN CLIMATE NORMALS FOR TODAY
                         NORMAL    RECORD    YEAR
 MAXIMUM TEMPERATURE (F)   97       107      2009
 MINIMUM TEMPERATURE (F)   76        68      1974


SUNRISE AND SUNSET
JULY  4 2015..........SUNRISE   645 AM CDT   SUNSET   829 PM CDT
JULY  5 2015..........SUNRISE   646 AM CDT   SUNSET   829 PM CDT


-  INDICATES NEGATIVE NUMBERS.
R  INDICATES RECORD WAS SET OR TIED.
MM INDICATES DATA IS MISSING.
T  INDICATES TRACE AMOUNT.




$$
