000
CDUS46 KMFR 251328
CLIMFR

CLIMATE REPORT
NATIONAL WEATHER SERVICE MEDFORD, OR
627 AM PDT SAT OCT 25 2014


...................................

...THE MEDFORD OR CLIMATE SUMMARY FOR OCTOBER 24 2014...

CLIMATE NORMAL PERIOD 1981 TO 2010
CLIMATE RECORD PERIOD 1911 TO 2014


WEATHER ITEM   OBSERVED TIME   RECORD YEAR NORMAL DEPARTURE LAST
                VALUE   (LST)  VALUE       VALUE  FROM      YEAR
                                                  NORMAL
..................................................................
TEMPERATURE (F)
 YESTERDAY
  MAXIMUM         70    341 PM  80    1965  65      5       75
                                      1929
  MINIMUM         51   1159 PM  26    1954  40     11       37
                                      1919
  AVERAGE         61                        53      8       56

PRECIPITATION (IN)
  YESTERDAY        0.28          1.11 2010   0.04   0.24     0.00
  MONTH TO DATE    1.58                      0.73   0.85     0.19
  SINCE SEP 1      3.62                      1.30   2.32     2.95
  SINCE JAN 1     15.01                     11.44   3.57     7.50

SNOWFALL (IN)
  YESTERDAY        0.0                       0.0    0.0      0.0
  MONTH TO DATE    0.0                       0.0    0.0      0.0
  SINCE JUL 1      0.0                       0.0    0.0      0.0
  SNOW DEPTH       0

DEGREE DAYS
 HEATING
  YESTERDAY        4                        12     -8        9
  MONTH TO DATE   83                       193   -110      261
  SINCE SEP 1     95                       252   -157      345
  SINCE JUL 1     95                       262   -167      345

 COOLING
  YESTERDAY        0                         0      0        0
  MONTH TO DATE   21                         8     13        0
  SINCE SEP 1    224                       120    104      142
  SINCE JAN 1   1238                       827    411     1057
..................................................................


WIND (MPH)
  HIGHEST WIND SPEED     8   HIGHEST WIND DIRECTION     W (260)
  HIGHEST GUST SPEED    12   HIGHEST GUST DIRECTION     N (350)
  AVERAGE WIND SPEED     2.7


SKY COVER
  POSSIBLE SUNSHINE  MM
  AVERAGE SKY COVER 0.5


WEATHER CONDITIONS
 THE FOLLOWING WEATHER WAS RECORDED YESTERDAY.

  RAIN
  LIGHT RAIN
  FOG


RELATIVE HUMIDITY (PERCENT)
 HIGHEST   100           400 AM
 LOWEST     57           400 PM
 AVERAGE    79

..........................................................


THE MEDFORD OR CLIMATE NORMALS FOR TODAY
                         NORMAL    RECORD    YEAR
 MAXIMUM TEMPERATURE (F)   65        83      2003
                                             1988
 MINIMUM TEMPERATURE (F)   40        26      1919


SUNRISE AND SUNSET
OCTOBER 25 2014.......SUNRISE   736 AM PDT   SUNSET   614 PM PDT
OCTOBER 26 2014.......SUNRISE   738 AM PDT   SUNSET   613 PM PDT


-  INDICATES NEGATIVE NUMBERS.
R  INDICATES RECORD WAS SET OR TIED.
MM INDICATES DATA IS MISSING.
T  INDICATES TRACE AMOUNT.



&&

LOW TEMPERATURE THIS MORNING.....50
24-HOUR PRECIPITATION..........0.19

$$
