000
CDUS46 KMFR 041203
CLIMFR

CLIMATE REPORT
NATIONAL WEATHER SERVICE MEDFORD, OR
500 AM PDT TUE AUG 4 2015


...................................

...THE MEDFORD OR CLIMATE SUMMARY FOR AUGUST 3 2015...

CLIMATE NORMAL PERIOD 1981 TO 2010
CLIMATE RECORD PERIOD 1911 TO 2015


WEATHER ITEM   OBSERVED TIME   RECORD YEAR NORMAL DEPARTURE LAST
                VALUE   (LST)  VALUE       VALUE  FROM      YEAR
                                                  NORMAL
..................................................................
TEMPERATURE (F)
 YESTERDAY
  MAXIMUM         95    326 PM 106    1987  93      2       92
                                      1961
  MINIMUM         64    516 AM  44    1956  59      5       66
  AVERAGE         80                        76      4       79

PRECIPITATION (IN)
  YESTERDAY        0.00          0.47 1952   0.01  -0.01     0.00
  MONTH TO DATE    0.01                      0.03  -0.02     0.00
  SINCE OCT 1     14.29                     17.41  -3.12    12.44
  SINCE JAN 1      7.44                      9.77  -2.33    10.76

SNOWFALL (IN)
  YESTERDAY        0.0                       0.0    0.0      0.0
  MONTH TO DATE    0.0                       0.0    0.0      0.0
  SINCE JUL 1      0.0                       0.0    0.0      0.0
  SNOW DEPTH       0

DEGREE DAYS
 HEATING
  YESTERDAY        0                         0      0        0
  MONTH TO DATE    0                         0      0        0
  SINCE JUN 1     10                        60    -50       22
  SINCE JUL 1      0                         6     -6        0

 COOLING
  YESTERDAY       15                        11      4       14
  MONTH TO DATE   50                        33     17       51
  SINCE JUN 1    786                       427    359      633
  SINCE JAN 1    831                       465    366      689
..................................................................


WIND (MPH)
  HIGHEST WIND SPEED    18   HIGHEST WIND DIRECTION     W (290)
  HIGHEST GUST SPEED    23   HIGHEST GUST DIRECTION     W (290)
  AVERAGE WIND SPEED     4.4


SKY COVER
  POSSIBLE SUNSHINE  MM
  AVERAGE SKY COVER 0.8


WEATHER CONDITIONS
 THE FOLLOWING WEATHER WAS RECORDED YESTERDAY.
  HAZE


RELATIVE HUMIDITY (PERCENT)
 HIGHEST    81           600 AM
 LOWEST     24           300 PM
 AVERAGE    53

..........................................................


THE MEDFORD OR CLIMATE NORMALS FOR TODAY
                         NORMAL    RECORD    YEAR
 MAXIMUM TEMPERATURE (F)   93       108      1998
 MINIMUM TEMPERATURE (F)   58        46      1921
                                             1912


SUNRISE AND SUNSET
AUGUST  4 2015........SUNRISE   607 AM PDT   SUNSET   828 PM PDT
AUGUST  5 2015........SUNRISE   608 AM PDT   SUNSET   826 PM PDT


-  INDICATES NEGATIVE NUMBERS.
R  INDICATES RECORD WAS SET OR TIED.
MM INDICATES DATA IS MISSING.
T  INDICATES TRACE AMOUNT.

&&

LOW TEMPERATURE THIS MORNING...65 DEGREES
24-HOUR PRECIPITATION..........0

$$
