000
CDUS46 KMFR 301228
CLIMFR

CLIMATE REPORT
NATIONAL WEATHER SERVICE MEDFORD, OR
530 AM PDT TUE SEP 30 2014


...................................

...THE MEDFORD OR CLIMATE SUMMARY FOR SEPTEMBER 29 2014...

CLIMATE NORMAL PERIOD 1981 TO 2010
CLIMATE RECORD PERIOD 1911 TO 2014


WEATHER ITEM   OBSERVED TIME   RECORD YEAR NORMAL DEPARTURE LAST
                VALUE   (LST)  VALUE       VALUE  FROM      YEAR
                                                  NORMAL
..................................................................
TEMPERATURE (F)
 YESTERDAY
  MAXIMUM         79    314 PM  96    1987  79      0       60
  MINIMUM         51    644 AM  31    1961  46      5       54
  AVERAGE         65                        63      2       57

PRECIPITATION (IN)
  YESTERDAY        0.02          0.79 2013   0.03  -0.01     0.79
  MONTH TO DATE    2.04                      0.55   1.49     2.52
  SINCE SEP 1      2.04                      0.55   1.49     2.52
  SINCE JAN 1     13.43                     10.69   2.74     7.07

SNOWFALL (IN)
  YESTERDAY        0.0                       0.0    0.0      0.0
  MONTH TO DATE    0.0                       0.0    0.0      0.0
  SINCE JUL 1      0.0                       0.0    0.0      0.0
  SNOW DEPTH       0

DEGREE DAYS
 HEATING
  YESTERDAY        0                         4     -4        8
  MONTH TO DATE    7                        56    -49       78
  SINCE SEP 1      7                        56    -49       78
  SINCE JUL 1      7                        66    -59       78

 COOLING
  YESTERDAY        0                         2     -2        0
  MONTH TO DATE  203                       111     92      142
  SINCE SEP 1    203                       111     92      142
  SINCE JAN 1   1217                       818    399     1057
..................................................................


WIND (MPH)
  HIGHEST WIND SPEED    18   HIGHEST WIND DIRECTION    NW (320)
  HIGHEST GUST SPEED    23   HIGHEST GUST DIRECTION    NW (320)
  AVERAGE WIND SPEED     4.7


SKY COVER
  POSSIBLE SUNSHINE  MM
  AVERAGE SKY COVER 0.4


WEATHER CONDITIONS
 THE FOLLOWING WEATHER WAS RECORDED YESTERDAY.

  LIGHT RAIN
  FOG


RELATIVE HUMIDITY (PERCENT)
 HIGHEST    96           700 AM
 LOWEST     30           300 PM
 AVERAGE    63

..........................................................


THE MEDFORD OR CLIMATE NORMALS FOR TODAY
                         NORMAL    RECORD    YEAR
 MAXIMUM TEMPERATURE (F)   79        98      1988
                                             1987
 MINIMUM TEMPERATURE (F)   46        29      1950


SUNRISE AND SUNSET
SEPTEMBER 30 2014.....SUNRISE   708 AM PDT   SUNSET   654 PM PDT
OCTOBER  1 2014.......SUNRISE   709 AM PDT   SUNSET   653 PM PDT


-  INDICATES NEGATIVE NUMBERS.
R  INDICATES RECORD WAS SET OR TIED.
MM INDICATES DATA IS MISSING.
T  INDICATES TRACE AMOUNT.

&&

LOW TEMPERATURE SINCE MIDNIGHT...52 DEGREES
24-HOUR PRECIPITATION............0

$$
