000
CDUS46 KMFR 311803
CLIMFR

CLIMATE REPORT
NATIONAL WEATHER SERVICE MEDFORD, OR
1100 AM PDT THU JUL 31 2014


...................................

...THE MEDFORD OR CLIMATE SUMMARY FOR JULY 30 2014...

CLIMATE NORMAL PERIOD 1981 TO 2010
CLIMATE RECORD PERIOD 1911 TO 2014


WEATHER ITEM   OBSERVED TIME   RECORD YEAR NORMAL DEPARTURE LAST
                VALUE   (LST)  VALUE       VALUE  FROM      YEAR
                                                  NORMAL
..................................................................
TEMPERATURE (F)
 YESTERDAY
  MAXIMUM        101    317 PM 107    2003  93      8       90
  MINIMUM         67    524 AM  44    1963  59      8       58
  AVERAGE         84                        76      8       74

PRECIPITATION (IN)
  YESTERDAY        0.00          0.02 2001   0.01  -0.01     0.00
                                      1980
  MONTH TO DATE    0.10                      0.27  -0.17     0.00
  SINCE SEP 1     15.20                     17.94  -2.74    16.88
  SINCE JAN 1     10.76                      9.73   1.03     4.13

SNOWFALL (IN)
  YESTERDAY        0.0                       0.0    0.0      0.0
  MONTH TO DATE    0.0                       0.0    0.0      0.0
  SINCE JUL 1      0.0                       0.0    0.0      0.0
  SNOW DEPTH       0

DEGREE DAYS
 HEATING
  YESTERDAY        0                         0      0        0
  MONTH TO DATE    0                         1     -1        0
  SINCE JUN 1     22                        55    -33       35
  SINCE JUL 1      0                         1     -1        0

 COOLING
  YESTERDAY       19                        11      8        9
  MONTH TO DATE  451                       277    174      426
  SINCE JUN 1    562                       385    177      572
  SINCE JAN 1    618                       423    195      607
..................................................................


WIND (MPH)
  HIGHEST WIND SPEED    32   HIGHEST WIND DIRECTION    SE (150)
  HIGHEST GUST SPEED    36   HIGHEST GUST DIRECTION    SE (150)
  AVERAGE WIND SPEED     5.3


SKY COVER
  POSSIBLE SUNSHINE  MM
  AVERAGE SKY COVER 0.1


WEATHER CONDITIONS
 THE FOLLOWING WEATHER WAS RECORDED YESTERDAY.

  THUNDERSTORM


RELATIVE HUMIDITY (PERCENT)
 HIGHEST    68           400 AM
 LOWEST     18           200 PM
 AVERAGE    43

..........................................................


THE MEDFORD OR CLIMATE NORMALS FOR TODAY
                         NORMAL    RECORD    YEAR
 MAXIMUM TEMPERATURE (F)   93       105      1977
 MINIMUM TEMPERATURE (F)   59        43      1975


SUNRISE AND SUNSET
JULY 31 2014..........SUNRISE   603 AM PDT   SUNSET   832 PM PDT
AUGUST  1 2014........SUNRISE   604 AM PDT   SUNSET   831 PM PDT


-  INDICATES NEGATIVE NUMBERS.
R  INDICATES RECORD WAS SET OR TIED.
MM INDICATES DATA IS MISSING.
T  INDICATES TRACE AMOUNT.

&&

LOW TEMPERATURE SINCE MIDNIGHT... 67
24-HOUR PRECIPITATION............ 0.00

$$
