000
CDUS46 KMFR 220836
CLIMFR


CLIMATE REPORT
NATIONAL WEATHER SERVICE MEDFORD, OR
1236 AM PST MON JAN 22 2018


...................................

...THE MEDFORD OR CLIMATE SUMMARY FOR JANUARY 21 2018...

CLIMATE NORMAL PERIOD 1981 TO 2010
CLIMATE RECORD PERIOD 1911 TO 2018


WEATHER ITEM   OBSERVED TIME   RECORD YEAR NORMAL DEPARTURE LAST
                VALUE   (LST)  VALUE       VALUE  FROM      YEAR
                                                  NORMAL
..................................................................
TEMPERATURE (F)
 YESTERDAY
  MAXIMUM         49    403 PM  71    1981  49      0       51
  MINIMUM         33    155 AM   1    1962  33      0       36
  AVERAGE         41                        41      0       44

PRECIPITATION (IN)
  YESTERDAY        0.05          1.66 1943   0.07  -0.02     0.30
  MONTH TO DATE    1.19                      1.77  -0.58     4.62
  SINCE OCT 1      5.80                      9.41  -3.61    16.31
  SINCE JAN 1      1.19                      1.77  -0.58     4.62

SNOWFALL (IN)
  YESTERDAY        0.0                       0.0    0.0      0.0
  MONTH TO DATE    0.0                       0.9   -0.9     11.4
  SINCE JUL 1      0.0                       2.6   -2.6     11.8
  SNOW DEPTH       0

DEGREE DAYS
 HEATING
  YESTERDAY       24                        24      0       21
  MONTH TO DATE  457                       531    -74      613
  SINCE DEC 1   1283                      1328    -45     1465
  SINCE JUL 1   2218                      2297    -79     2238

 COOLING
  YESTERDAY        0                         0      0        0
  MONTH TO DATE    0                         0      0        0
  SINCE DEC 1      0                         0      0        0
  SINCE JAN 1      0                         0      0        0
..................................................................


WIND (MPH)
  HIGHEST WIND SPEED    25   HIGHEST WIND DIRECTION    SE (150)
  HIGHEST GUST SPEED    33   HIGHEST GUST DIRECTION    SE (150)
  AVERAGE WIND SPEED     6.3


SKY COVER
  POSSIBLE SUNSHINE  MM
  AVERAGE SKY COVER 0.9


WEATHER CONDITIONS
 THE FOLLOWING WEATHER WAS RECORDED YESTERDAY.
  LIGHT RAIN
  FOG


RELATIVE HUMIDITY (PERCENT)
 HIGHEST   100           100 AM
 LOWEST     65           500 PM
 AVERAGE    83

..........................................................


THE MEDFORD OR CLIMATE NORMALS FOR TODAY
                         NORMAL    RECORD    YEAR
 MAXIMUM TEMPERATURE (F)   49        70      1970
 MINIMUM TEMPERATURE (F)   33         0      1962


SUNRISE AND SUNSET
JANUARY 22 2018.......SUNRISE   734 AM PST   SUNSET   513 PM PST
JANUARY 23 2018.......SUNRISE   733 AM PST   SUNSET   514 PM PST


-  INDICATES NEGATIVE NUMBERS.
R  INDICATES RECORD WAS SET OR TIED.
MM INDICATES DATA IS MISSING.
T  INDICATES TRACE AMOUNT.




$$
