000
CDUS46 KMFR 031802
CLIMFR

CLIMATE REPORT
NATIONAL WEATHER SERVICE MEDFORD, OR
1102 AM PDT THU SEP 3 2015


...................................

...THE MEDFORD OR CLIMATE SUMMARY FOR SEPTEMBER 2 2015...

CLIMATE NORMAL PERIOD 1981 TO 2010
CLIMATE RECORD PERIOD 1911 TO 2015


WEATHER ITEM   OBSERVED TIME   RECORD YEAR NORMAL DEPARTURE LAST
                VALUE   (LST)  VALUE       VALUE  FROM      YEAR
                                                  NORMAL
..................................................................
TEMPERATURE (F)
 YESTERDAY
  MAXIMUM         74    347 PM 110    1988  87    -13       92
  MINIMUM         58    532 AM  40    1975  54      4       55
  AVERAGE         66                        70     -4       74

PRECIPITATION (IN)
  YESTERDAY        0.00          0.23 1997   0.02  -0.02     0.00
  MONTH TO DATE    0.00                      0.03  -0.03     0.00
  SINCE OCT 1     14.32                     17.81  -3.49    13.07
  SINCE JAN 1      7.47                     10.17  -2.70    11.39

SNOWFALL (IN)
  YESTERDAY        0.0                       0.0    0.0      0.0
  MONTH TO DATE    0.0                       0.0    0.0      0.0
  SINCE JUL 1      0.0                       0.0    0.0      0.0
  SNOW DEPTH       0

DEGREE DAYS
 HEATING
  YESTERDAY        0                         1     -1        0
  MONTH TO DATE    0                         2     -2        0
  SINCE SEP 1      0                         2     -2        0
  SINCE JUL 1      0                        12    -12        0

 COOLING
  YESTERDAY        1                         6     -5        9
  MONTH TO DATE    7                        12     -5       17
  SINCE SEP 1      7                        12     -5       17
  SINCE JAN 1   1137                       719    418     1031
..................................................................


WIND (MPH)
  HIGHEST WIND SPEED    18   HIGHEST WIND DIRECTION     N (360)
  HIGHEST GUST SPEED    22   HIGHEST GUST DIRECTION     N (350)
  AVERAGE WIND SPEED     7.2


SKY COVER
  POSSIBLE SUNSHINE  MM
  AVERAGE SKY COVER 0.7


WEATHER CONDITIONS
 THE FOLLOWING WEATHER WAS RECORDED YESTERDAY.
  NO SIGNIFICANT WEATHER WAS OBSERVED.


RELATIVE HUMIDITY (PERCENT)
 HIGHEST    67           400 AM
 LOWEST     35           400 PM
 AVERAGE    51

..........................................................


THE MEDFORD OR CLIMATE NORMALS FOR TODAY
                         NORMAL    RECORD    YEAR
 MAXIMUM TEMPERATURE (F)   87       106      1988
 MINIMUM TEMPERATURE (F)   53        39      1964


SUNRISE AND SUNSET
SEPTEMBER  3 2015.....SUNRISE   639 AM PDT   SUNSET   742 PM PDT
SEPTEMBER  4 2015.....SUNRISE   640 AM PDT   SUNSET   741 PM PDT


-  INDICATES NEGATIVE NUMBERS.
R  INDICATES RECORD WAS SET OR TIED.
MM INDICATES DATA IS MISSING.
T  INDICATES TRACE AMOUNT.

&&

LOW TEMPERATURE THIS MORNING...52 DEGREES
24-HOUR PRECIPITATION..........0

$$
