000
CDUS46 KMFR 250036
CLIMFR


CLIMATE REPORT
NATIONAL WEATHER SERVICE MEDFORD, OR
535 PM PDT THU JUL 24 2014


...................................

...THE MEDFORD OR CLIMATE SUMMARY FOR JULY 24 2014...
VALID TODAY AS OF 0500 PM LOCAL TIME.

CLIMATE NORMAL PERIOD 1981 TO 2010
CLIMATE RECORD PERIOD 1911 TO 2014


WEATHER ITEM   OBSERVED TIME   RECORD YEAR NORMAL DEPARTURE LAST
                VALUE   (LST)  VALUE       VALUE  FROM      YEAR
                                                  NORMAL
..................................................................
TEMPERATURE (F)
 TODAY
  MAXIMUM         83    347 PM 105    2004  93    -10       99
  MINIMUM         48    532 AM  47    1993  59    -11       72
                                      1992
  AVERAGE         66                        76    -10       86

PRECIPITATION (IN)
  TODAY            0.00          1.45 1913   0.00   0.00     0.00
  MONTH TO DATE    0.10                      0.22  -0.12     0.00
  SINCE SEP 1     15.20                     17.89  -2.69    16.88
  SINCE JAN 1     10.76                      9.68   1.08     4.13

SNOWFALL (IN)
  TODAY            0.0                       0.0    0.0      0.0
  MONTH TO DATE    0.0                       0.0    0.0      0.0
  SINCE JUL 1      0.0                       0.0    0.0      0.0
  SNOW DEPTH       0

DEGREE DAYS
 HEATING
  TODAY            0                         0      0        0
  MONTH TO DATE    0                         1     -1        0
  SINCE JUN 1     22                        55    -33       35
  SINCE JUL 1      0                         1     -1        0

 COOLING
  TODAY            1                        11    -10       21
  MONTH TO DATE  356                       211    145      342
  SINCE JUN 1    467                       319    148      488
  SINCE JAN 1    523                       357    166      523
..................................................................


WIND (MPH)
  HIGHEST WIND SPEED    10   HIGHEST WIND DIRECTION    NE (40)
  HIGHEST GUST SPEED    13   HIGHEST GUST DIRECTION    NW (330)
  AVERAGE WIND SPEED     4.0


SKY COVER
  POSSIBLE SUNSHINE  MM
  AVERAGE SKY COVER 0.2


WEATHER CONDITIONS
 THE FOLLOWING WEATHER WAS RECORDED TODAY.
  NO SIGNIFICANT WEATHER WAS OBSERVED.


RELATIVE HUMIDITY (PERCENT)
 HIGHEST    86           300 AM
 LOWEST     21           300 PM
 AVERAGE    54

..........................................................


THE MEDFORD OR CLIMATE NORMALS FOR TOMORROW
                         NORMAL    RECORD    YEAR
 MAXIMUM TEMPERATURE (F)   93       107      1988
 MINIMUM TEMPERATURE (F)   59        46      1920


SUNRISE AND SUNSET
JULY 24 2014..........SUNRISE   556 AM PDT   SUNSET   839 PM PDT
JULY 25 2014..........SUNRISE   557 AM PDT   SUNSET   838 PM PDT


-  INDICATES NEGATIVE NUMBERS.
R  INDICATES RECORD WAS SET OR TIED.
MM INDICATES DATA IS MISSING.
T  INDICATES TRACE AMOUNT.




$$
