000
CDUS46 KMFR 220054
CLIMFR


CLIMATE REPORT
NATIONAL WEATHER SERVICE MEDFORD, OR
454 PM PST TUE FEB 21 2017


...................................

...THE MEDFORD OR CLIMATE SUMMARY FOR FEBRUARY 21 2017...
VALID TODAY AS OF 0400 PM LOCAL TIME.

CLIMATE NORMAL PERIOD 1981 TO 2010
CLIMATE RECORD PERIOD 1911 TO 2017


WEATHER ITEM   OBSERVED TIME   RECORD YEAR NORMAL DEPARTURE LAST
                VALUE   (LST)  VALUE       VALUE  FROM      YEAR
                                                  NORMAL
..................................................................
TEMPERATURE (F)
 TODAY
  MAXIMUM         51    100 PM  71    1973  56     -5       47
  MINIMUM         43    325 AM  21    1975  35      8       31
                                      1955
  AVERAGE         47                        45      2       39

PRECIPITATION (IN)
  TODAY            0.16          1.68 1998   0.08   0.08     0.02
  MONTH TO DATE    3.87                      1.52   2.35     0.87
  SINCE OCT 1     20.45                     11.59   8.86    14.85
  SINCE JAN 1      8.76                      3.95   4.81     5.09

SNOWFALL (IN)
  TODAY            0.0                       0.1   -0.1      0.0
  MONTH TO DATE    0.0                       0.5   -0.5      1.2
  SINCE JUL 1     11.8                       3.5    8.3      1.9
  SNOW DEPTH       0

DEGREE DAYS
 HEATING
  TODAY           18                        20     -2       26
  MONTH TO DATE  365                       447    -82      361
  SINCE DEC 1   2090                      2010     80     1734
  SINCE JUL 1   2863                      2979   -116     2538

 COOLING
  TODAY            0                         0      0        0
  MONTH TO DATE    0                         0      0        0
  SINCE DEC 1      0                         0      0        0
  SINCE JAN 1      0                         0      0        0
..................................................................


WIND (MPH)
  HIGHEST WIND SPEED    18   HIGHEST WIND DIRECTION     S (200)
  HIGHEST GUST SPEED    26   HIGHEST GUST DIRECTION     S (200)
  AVERAGE WIND SPEED     8.3


SKY COVER
  POSSIBLE SUNSHINE  MM
  AVERAGE SKY COVER 0.8


WEATHER CONDITIONS
 THE FOLLOWING WEATHER WAS RECORDED TODAY.
  HEAVY RAIN
  LIGHT RAIN
  FOG


RELATIVE HUMIDITY (PERCENT)
 HIGHEST   100           200 AM
 LOWEST     50           100 PM
 AVERAGE    75

..........................................................


THE MEDFORD OR CLIMATE NORMALS FOR TOMORROW
                         NORMAL    RECORD    YEAR
 MAXIMUM TEMPERATURE (F)   56        70      1995
                                             1990
 MINIMUM TEMPERATURE (F)   35        17      1913


SUNRISE AND SUNSET
FEBRUARY 21 2017......SUNRISE   659 AM PST   SUNSET   552 PM PST
FEBRUARY 22 2017......SUNRISE   657 AM PST   SUNSET   553 PM PST


-  INDICATES NEGATIVE NUMBERS.
R  INDICATES RECORD WAS SET OR TIED.
MM INDICATES DATA IS MISSING.
T  INDICATES TRACE AMOUNT.




$$
