627
CDUS46 KMFR 211204 RRA
CLIMFR

CLIMATE REPORT
NATIONAL WEATHER SERVICE MEDFORD, OR
505 AM PDT MON AUG 21 2017


...................................

...THE MEDFORD OR CLIMATE SUMMARY FOR AUGUST 20 2017...

CLIMATE NORMAL PERIOD 1981 TO 2010
CLIMATE RECORD PERIOD 1911 TO 2017


WEATHER ITEM   OBSERVED TIME   RECORD YEAR NORMAL DEPARTURE LAST
                VALUE   (LST)  VALUE       VALUE  FROM      YEAR
                                                  NORMAL
..................................................................
TEMPERATURE (F)
 YESTERDAY
  MAXIMUM         91    458 PM 105    2016  90      1      105
  MINIMUM         55    618 AM  40    1918  56     -1       68
  AVERAGE         73                        73      0       87

PRECIPITATION (IN)
  YESTERDAY        0.00          0.47 1997   0.02  -0.02     0.00
  MONTH TO DATE    0.14                      0.24  -0.10     0.00
  SINCE OCT 1     24.91                     17.62   7.29    19.77
  SINCE JAN 1     13.22                      9.98   3.24    10.01

SNOWFALL (IN)
  YESTERDAY        0.0                       0.0    0.0      0.0
  MONTH TO DATE    0.0                       0.0    0.0      0.0
  SINCE JUL 1      0.0                       0.0    0.0      0.0
  SNOW DEPTH       0

DEGREE DAYS
 HEATING
  YESTERDAY        0                         0      0        0
  MONTH TO DATE    0                         0      0        0
  SINCE JUN 1     45                        60    -15       42
  SINCE JUL 1      0                         6     -6        2

 COOLING
  YESTERDAY        8                         8      0       22
  MONTH TO DATE  304                       197    107      274
  SINCE JUN 1    929                       591    338      768
  SINCE JAN 1   1016                       629    387      829
..................................................................


WIND (MPH)
  HIGHEST WIND SPEED    14   HIGHEST WIND DIRECTION     N (350)
  HIGHEST GUST SPEED    19   HIGHEST GUST DIRECTION     N (360)
  AVERAGE WIND SPEED     2.3


SKY COVER
  POSSIBLE SUNSHINE  MM
  AVERAGE SKY COVER 0.3


WEATHER CONDITIONS
 THE FOLLOWING WEATHER WAS RECORDED YESTERDAY.
  HAZE


RELATIVE HUMIDITY (PERCENT)
 HIGHEST    67           700 AM
 LOWEST     21           400 PM
 AVERAGE    44

..........................................................


THE MEDFORD OR CLIMATE NORMALS FOR TODAY
                         NORMAL    RECORD    YEAR
 MAXIMUM TEMPERATURE (F)   90       104      1961
 MINIMUM TEMPERATURE (F)   56        44      1947
                                             1918
                                             1911


SUNRISE AND SUNSET
AUGUST 21 2017........SUNRISE   625 AM PDT   SUNSET   803 PM PDT
AUGUST 22 2017........SUNRISE   626 AM PDT   SUNSET   801 PM PDT


-  INDICATES NEGATIVE NUMBERS.
R  INDICATES RECORD WAS SET OR TIED.
MM INDICATES DATA IS MISSING.
T  INDICATES TRACE AMOUNT.

&&

LOW TEMPERATURE THIS MORNING..........61 DEGREES.
24 HOUR PRECIPITATION.................0.00 INCHES.


$$
