573
CDUS44 KBMX 291037
CLIMGM


CLIMATE REPORT
NATIONAL WEATHER SERVICE BIRMINGHAM, AL
537 AM CDT SAT APR 29 2017


...................................

...THE MONTGOMERY CLIMATE SUMMARY FOR APRIL 28 2017...

CLIMATE NORMAL PERIOD 1981 TO 2010
CLIMATE RECORD PERIOD 1872 TO 2017


WEATHER ITEM   OBSERVED TIME   RECORD YEAR NORMAL DEPARTURE LAST
                VALUE   (LST)  VALUE       VALUE  FROM      YEAR
                                                  NORMAL
..................................................................
TEMPERATURE (F)
 YESTERDAY
  MAXIMUM         90    246 PM  92    1899  80     10       86
  MINIMUM         71    437 AM  41    1992  55     16       66
  AVERAGE         81                        67     14       76

PRECIPITATION (IN)
  YESTERDAY        0.00          3.66 1886   0.12  -0.12      T
  MONTH TO DATE    1.71                      3.81  -2.10     5.99
  SINCE MAR 1      5.43                      9.76  -4.33    10.21
  SINCE JAN 1     20.13                     19.69   0.44    20.87

SNOWFALL (IN)
  YESTERDAY        0.0                       0.0    0.0      0.0
  MONTH TO DATE    0.0                       0.0    0.0      0.0
  SINCE MAR 1      0.0                       0.3   -0.3      0.0
  SINCE JUL 1      0.0                       0.4   -0.4       T
  SNOW DEPTH       0

DEGREE DAYS
 HEATING
  YESTERDAY        0                         1     -1        0
  MONTH TO DATE   26                        96    -70       37
  SINCE MAR 1    195                       351   -156      159
  SINCE JUL 1   1192                      2223  -1031     1484

 COOLING
  YESTERDAY       16                         4     12       11
  MONTH TO DATE  160                        64     96       77
  SINCE MAR 1    241                        87    154      150
  SINCE JAN 1    287                        93    194      163
..................................................................


WIND (MPH)
  HIGHEST WIND SPEED    18   HIGHEST WIND DIRECTION     S (180)
  HIGHEST GUST SPEED    25   HIGHEST GUST DIRECTION     S (160)
  AVERAGE WIND SPEED     7.8


SKY COVER
  AVERAGE SKY COVER 0.5


WEATHER CONDITIONS
 THE FOLLOWING WEATHER WAS RECORDED YESTERDAY.
  FOG
  HAZE


RELATIVE HUMIDITY (PERCENT)
 HIGHEST    87           600 AM
 LOWEST     47           200 PM
 AVERAGE    67

..........................................................


THE MONTGOMERY CLIMATE NORMALS FOR TODAY
                         NORMAL    RECORD    YEAR
 MAXIMUM TEMPERATURE (F)   80        90      1943
                                             1915
 MINIMUM TEMPERATURE (F)   55        36      1992


SUNRISE AND SUNSET
APRIL 29 2017.........SUNRISE   601 AM CDT   SUNSET   725 PM CDT
APRIL 30 2017.........SUNRISE   600 AM CDT   SUNSET   726 PM CDT


-  INDICATES NEGATIVE NUMBERS.
R  INDICATES RECORD WAS SET OR TIED.
MM INDICATES DATA IS MISSING.
T  INDICATES TRACE AMOUNT.




$$
