000
CDUS44 KBMX 282216
CLIMGM


CLIMATE REPORT
NATIONAL WEATHER SERVICE BIRMINGHAM, AL
415 PM CST SAT FEB 28 2015


...................................

...THE MONTGOMERY CLIMATE SUMMARY FOR FEBRUARY 28 2015...
VALID TODAY AS OF 0400 PM LOCAL TIME.

CLIMATE NORMAL PERIOD 1981 TO 2010
CLIMATE RECORD PERIOD 1994 TO 2015


WEATHER ITEM   OBSERVED TIME   RECORD YEAR NORMAL DEPARTURE LAST
                VALUE   (LST)  VALUE       VALUE  FROM      YEAR
                                                  NORMAL
..................................................................
TEMPERATURE (F)
 TODAY
  MAXIMUM         65    237 PM  83    1948  65      0       63
  MINIMUM         33    148 AM  17    2002  42     -9       24
  AVERAGE         49                        54     -5       44

PRECIPITATION (IN)
  TODAY            0.00          1.66 1916   0.19  -0.19      T
  MONTH TO DATE    4.84                      5.28  -0.44     5.15
  SINCE DEC 1     12.55                     14.79  -2.24    16.63
  SINCE JAN 1      7.66                      9.93  -2.27     7.67

SNOWFALL (IN)
  TODAY            0.0                       0.0    0.0      0.0
  MONTH TO DATE    0.0                       0.0    0.0      0.0
  SINCE DEC 1      0.0                       0.1   -0.1      0.5
  SINCE JUL 1      0.0                       0.1   -0.1      0.5
  SNOW DEPTH       0

..................................................................


WIND (MPH)
  HIGHEST WIND SPEED    16   HIGHEST WIND DIRECTION     E (80)
  HIGHEST GUST SPEED    20   HIGHEST GUST DIRECTION     E (80)
  AVERAGE WIND SPEED     8.6


SKY COVER
  AVERAGE SKY COVER 0.1


WEATHER CONDITIONS
 THE FOLLOWING WEATHER WAS RECORDED TODAY.
  NO SIGNIFICANT WEATHER WAS OBSERVED.


RELATIVE HUMIDITY (PERCENT)
 HIGHEST    69           200 AM
 LOWEST     39           100 PM
 AVERAGE    54

..........................................................


THE MONTGOMERY CLIMATE NORMALS FOR TOMORROW
                         NORMAL    RECORD    YEAR
 MAXIMUM TEMPERATURE (F)   66        82      1997
                                             1932
 MINIMUM TEMPERATURE (F)   42        22      1920


SUNRISE AND SUNSET
FEBRUARY 28 2015......SUNRISE   615 AM CST   SUNSET   542 PM CST
MARCH  1 2015.........SUNRISE   613 AM CST   SUNSET   543 PM CST


-  INDICATES NEGATIVE NUMBERS.
R  INDICATES RECORD WAS SET OR TIED.
MM INDICATES DATA IS MISSING.
T  INDICATES TRACE AMOUNT.




$$
