769
CDUS44 KBMX 110850
CLIMGM


CLIMATE REPORT
NATIONAL WEATHER SERVICE BIRMINGHAM, AL
249 AM CST MON DEC 11 2017


...................................

...THE MONTGOMERY CLIMATE SUMMARY FOR DECEMBER 10 2017...

CLIMATE NORMAL PERIOD 1981 TO 2010
CLIMATE RECORD PERIOD 1872 TO 2017


WEATHER ITEM   OBSERVED TIME   RECORD YEAR NORMAL DEPARTURE LAST
                VALUE   (LST)  VALUE       VALUE  FROM      YEAR
                                                  NORMAL
..................................................................
TEMPERATURE (F)
 YESTERDAY
  MAXIMUM         50    235 PM  82    2007  61    -11       54
  MINIMUM         25    658 AM  19    1995  38    -13       27
  AVERAGE         38                        49    -11       41

PRECIPITATION (IN)
  YESTERDAY        0.00          1.97 1961   0.16  -0.16     0.00
  MONTH TO DATE    1.94                      1.65   0.29     1.90
  SINCE DEC 1      1.94                      1.65   0.29     1.90
  SINCE JAN 1     69.58                     49.86  19.72    39.29

SNOWFALL (IN)
  YESTERDAY        0.0                       0.0    0.0      0.0
  MONTH TO DATE    T                         0.0    0.0      0.0
  SINCE DEC 1      T                         0.0    0.0      0.0
  SINCE JUL 1      T                         0.0    0.0      0.0
  SNOW DEPTH       0

DEGREE DAYS
 HEATING
  YESTERDAY       27                        16     11       24
  MONTH TO DATE  154                       148      6      139
  SINCE DEC 1    154                       148      6      139
  SINCE JUL 1    489                       519    -30      314
..................................................................


WIND (MPH)
  HIGHEST WIND SPEED    12   HIGHEST WIND DIRECTION     W (280)
  HIGHEST GUST SPEED    16   HIGHEST GUST DIRECTION     W (280)
  AVERAGE WIND SPEED     3.9


SKY COVER
  AVERAGE SKY COVER 0.0


WEATHER CONDITIONS
 THE FOLLOWING WEATHER WAS RECORDED YESTERDAY.
  NO SIGNIFICANT WEATHER WAS OBSERVED.


RELATIVE HUMIDITY (PERCENT)
 HIGHEST    88           700 AM
 LOWEST     36           200 PM
 AVERAGE    62

..........................................................


THE MONTGOMERY CLIMATE NORMALS FOR TODAY
                         NORMAL    RECORD    YEAR
 MAXIMUM TEMPERATURE (F)   60        82      2007
 MINIMUM TEMPERATURE (F)   38        22      1962
                                             1957


SUNRISE AND SUNSET
DECEMBER 11 2017......SUNRISE   637 AM CST   SUNSET   441 PM CST
DECEMBER 12 2017......SUNRISE   638 AM CST   SUNSET   441 PM CST


-  INDICATES NEGATIVE NUMBERS.
R  INDICATES RECORD WAS SET OR TIED.
MM INDICATES DATA IS MISSING.
T  INDICATES TRACE AMOUNT.




$$
