000
CDUS44 KBMX 180736
CLIMGM


CLIMATE REPORT
NATIONAL WEATHER SERVICE BIRMINGHAM, AL
235 AM CDT WED OCT 18 2017


...................................

...THE MONTGOMERY CLIMATE SUMMARY FOR OCTOBER 17 2017...

CLIMATE NORMAL PERIOD 1981 TO 2010
CLIMATE RECORD PERIOD 1872 TO 2017


WEATHER ITEM   OBSERVED TIME   RECORD YEAR NORMAL DEPARTURE LAST
                VALUE   (LST)  VALUE       VALUE  FROM      YEAR
                                                  NORMAL
..................................................................
TEMPERATURE (F)
 YESTERDAY
  MAXIMUM         75    300 PM  92    2007  78     -3       90
  MINIMUM         53   1156 PM  35    1991  53      0       62
  AVERAGE         64                        65     -1       76

PRECIPITATION (IN)
  YESTERDAY        0.00          3.46 1879   0.09  -0.09     0.00
  MONTH TO DATE    3.14                      1.60   1.54     0.12
  SINCE SEP 1      5.39                      5.57  -0.18     2.36
  SINCE JAN 1     63.99                     42.28  21.71    35.40

SNOWFALL (IN)
  YESTERDAY        0.0                       0.0    0.0      0.0
  MONTH TO DATE    0.0                       0.0    0.0      0.0
  SINCE SEP 1      0.0                       0.0    0.0      0.0
  SINCE JUL 1      0.0                       0.0    0.0      0.0
  SNOW DEPTH       0

DEGREE DAYS
 HEATING
  YESTERDAY        1                         3     -2        0
  MONTH TO DATE    1                        28    -27        0
  SINCE SEP 1      2                        32    -30        0
  SINCE JUL 1      2                        32    -30        0

 COOLING
  YESTERDAY        0                         3     -3       11
  MONTH TO DATE  204                        82    122      143
  SINCE SEP 1    598                       423    175      662
  SINCE JAN 1   2766                      2212    554     2891
..................................................................


WIND (MPH)
  HIGHEST WIND SPEED    21   HIGHEST WIND DIRECTION     E (70)
  HIGHEST GUST SPEED    25   HIGHEST GUST DIRECTION     E (70)
  AVERAGE WIND SPEED     8.2


SKY COVER
  AVERAGE SKY COVER 0.0


WEATHER CONDITIONS
 THE FOLLOWING WEATHER WAS RECORDED YESTERDAY.
  NO SIGNIFICANT WEATHER WAS OBSERVED.


RELATIVE HUMIDITY (PERCENT)
 HIGHEST    77          1100 PM
 LOWEST     33           200 PM
 AVERAGE    55

..........................................................


THE MONTGOMERY CLIMATE NORMALS FOR TODAY
                         NORMAL    RECORD    YEAR
 MAXIMUM TEMPERATURE (F)   78        92      2016
 MINIMUM TEMPERATURE (F)   53        35      2001
                                             1948


SUNRISE AND SUNSET
OCTOBER 18 2017.......SUNRISE   652 AM CDT   SUNSET   609 PM CDT
OCTOBER 19 2017.......SUNRISE   652 AM CDT   SUNSET   608 PM CDT


-  INDICATES NEGATIVE NUMBERS.
R  INDICATES RECORD WAS SET OR TIED.
MM INDICATES DATA IS MISSING.
T  INDICATES TRACE AMOUNT.




$$
