000
CDUS44 KBMX 242231
CLIMGM


CLIMATE REPORT
NATIONAL WEATHER SERVICE BIRMINGHAM, AL
431 PM CST SAT FEB 24 2018


...................................

...THE MONTGOMERY CLIMATE SUMMARY FOR FEBRUARY 24 2018...
VALID TODAY AS OF 0400 PM LOCAL TIME.

CLIMATE NORMAL PERIOD 1981 TO 2010
CLIMATE RECORD PERIOD 1872 TO 2018


WEATHER ITEM   OBSERVED TIME   RECORD YEAR NORMAL DEPARTURE LAST
                VALUE   (LST)  VALUE       VALUE  FROM      YEAR
                                                  NORMAL
..................................................................
TEMPERATURE (F)
 TODAY
  MAXIMUM         84R   344 PM  83    2017  64     20       83
  MINIMUM         62    212 AM  20    1989  41     21       55
  AVERAGE         73                        53     20       69

PRECIPITATION (IN)
  TODAY            0.00          5.54 1961   0.19  -0.19     0.00
  MONTH TO DATE    2.39                      4.53  -2.14     2.92
  SINCE DEC 1     10.05                     14.04  -3.99    18.20
  SINCE JAN 1      7.44                      9.18  -1.74    14.09

SNOWFALL (IN)
  TODAY            0.0                       0.0    0.0      0.0
  MONTH TO DATE    0.0                       0.0    0.0      0.0
  SINCE DEC 1      T                         0.1   -0.1      0.0
  SINCE JUL 1      T                         0.1   -0.1      0.0
  SNOW DEPTH       0

..................................................................


WIND (MPH)
  HIGHEST WIND SPEED    21   HIGHEST WIND DIRECTION     S (170)
  HIGHEST GUST SPEED    29   HIGHEST GUST DIRECTION     S (170)
  AVERAGE WIND SPEED     7.9


SKY COVER
  AVERAGE SKY COVER 0.7


WEATHER CONDITIONS
 THE FOLLOWING WEATHER WAS RECORDED TODAY.
  FOG


RELATIVE HUMIDITY (PERCENT)
 HIGHEST   100           800 AM
 LOWEST     43           400 PM
 AVERAGE    72

..........................................................


THE MONTGOMERY CLIMATE NORMALS FOR TOMORROW
                         NORMAL    RECORD    YEAR
 MAXIMUM TEMPERATURE (F)   65        84      1918
 MINIMUM TEMPERATURE (F)   41        22      1989
                                             1967


SUNRISE AND SUNSET
FEBRUARY 24 2018......SUNRISE   619 AM CST   SUNSET   539 PM CST
FEBRUARY 25 2018......SUNRISE   618 AM CST   SUNSET   540 PM CST


-  INDICATES NEGATIVE NUMBERS.
R  INDICATES RECORD WAS SET OR TIED.
MM INDICATES DATA IS MISSING.
T  INDICATES TRACE AMOUNT.




$$
