000
CDUS44 KBMX 010940
CLIMGM


CLIMATE REPORT
NATIONAL WEATHER SERVICE BIRMINGHAM, AL
439 AM CDT WED OCT 1 2014


...................................

...THE MONTGOMERY CLIMATE SUMMARY FOR SEPTEMBER 30 2014...

CLIMATE NORMAL PERIOD 1981 TO 2010
CLIMATE RECORD PERIOD 1872 TO 2014


WEATHER ITEM   OBSERVED TIME   RECORD YEAR NORMAL DEPARTURE LAST
                VALUE   (LST)  VALUE       VALUE  FROM      YEAR
                                                  NORMAL
..................................................................
TEMPERATURE (F)
 YESTERDAY
  MAXIMUM         87    338 PM  97    1904  83      4       82
  MINIMUM         65    949 PM  39    1967  60      5       62
  AVERAGE         76                        72      4       72

PRECIPITATION (IN)
  YESTERDAY        0.00          3.22 1965   0.12  -0.12     0.00
  MONTH TO DATE    0.62                      3.97  -3.35     1.48
  SINCE SEP 1      0.62                      3.97  -3.35     1.48
  SINCE JAN 1     40.37                     40.68  -0.31    44.49

DEGREE DAYS
 HEATING
  YESTERDAY        0                         1     -1        0
  MONTH TO DATE    0                         2     -2        0
  SINCE SEP 1      0                         4     -4        0
  SINCE JUL 1      0                         4     -4        0

 COOLING
  YESTERDAY       11                         7      4        7
  MONTH TO DATE  445                       341    104      402
  SINCE SEP 1    445                       341    104      402
  SINCE JAN 1   2344                      2130    214     2224
..................................................................


WIND (MPH)
  HIGHEST WIND SPEED    13   HIGHEST WIND DIRECTION     E (70)
  HIGHEST GUST SPEED    30   HIGHEST GUST DIRECTION    NE (30)
  AVERAGE WIND SPEED     3.0


SKY COVER
  AVERAGE SKY COVER 0.6


WEATHER CONDITIONS
 THE FOLLOWING WEATHER WAS RECORDED YESTERDAY.
  NO SIGNIFICANT WEATHER WAS OBSERVED.


RELATIVE HUMIDITY (PERCENT)
 HIGHEST    93          1100 PM
 LOWEST     42           400 PM
 AVERAGE    68

..........................................................


THE MONTGOMERY CLIMATE NORMALS FOR TODAY
                         NORMAL    RECORD    YEAR
 MAXIMUM TEMPERATURE (F)   83        95      1954
 MINIMUM TEMPERATURE (F)   59        44      1999
                                             1967
                                             1924


SUNRISE AND SUNSET
OCTOBER  1 2014.......SUNRISE   640 AM CDT   SUNSET   630 PM CDT
OCTOBER  2 2014.......SUNRISE   640 AM CDT   SUNSET   629 PM CDT


-  INDICATES NEGATIVE NUMBERS.
R  INDICATES RECORD WAS SET OR TIED.
MM INDICATES DATA IS MISSING.
T  INDICATES TRACE AMOUNT.




$$
