000
CDUS44 KBMX 260711
CLIMGM


CLIMATE REPORT
NATIONAL WEATHER SERVICE BIRMINGHAM, AL
109 AM CST MON JAN 26 2015


...................................

...THE MONTGOMERY CLIMATE SUMMARY FOR JANUARY 25 2015...

CLIMATE NORMAL PERIOD 1981 TO 2010
CLIMATE RECORD PERIOD 1872 TO 2015


WEATHER ITEM   OBSERVED TIME   RECORD YEAR NORMAL DEPARTURE LAST
                VALUE   (LST)  VALUE       VALUE  FROM      YEAR
                                                  NORMAL
..................................................................
TEMPERATURE (F)
 YESTERDAY
  MAXIMUM         65    251 PM  80    1950  58      7       59
                                      1943
  MINIMUM         30    658 AM  15    1963  36     -6       19
  AVERAGE         48                        47      1       39

PRECIPITATION (IN)
  YESTERDAY        0.05          2.08 1920   0.16  -0.11     0.00
  MONTH TO DATE    2.82                      3.62  -0.80     2.29
  SINCE DEC 1      7.71                      8.48  -0.77    11.25
  SINCE JAN 1      2.82                      3.62  -0.80     2.29

SNOWFALL (IN)
  YESTERDAY        0.0                       0.0    0.0      0.0
  MONTH TO DATE    0.0                       0.0    0.0      0.0
  SINCE DEC 1      0.0                       0.1   -0.1      0.0
  SINCE JUL 1      0.0                       0.1   -0.1      0.0
  SNOW DEPTH       0

DEGREE DAYS
 HEATING
  YESTERDAY       17                        18     -1       26
  MONTH TO DATE  455                       470    -15      603
  SINCE DEC 1    840                       987   -147     1029
  SINCE JUL 1   1303                      1358    -55     1397
..................................................................


WIND (MPH)
  HIGHEST WIND SPEED    20   HIGHEST WIND DIRECTION    SW (230)
  HIGHEST GUST SPEED    26   HIGHEST GUST DIRECTION    SW (230)
  AVERAGE WIND SPEED     6.6


SKY COVER
  AVERAGE SKY COVER 0.1


WEATHER CONDITIONS
 THE FOLLOWING WEATHER WAS RECORDED YESTERDAY.
  NO SIGNIFICANT WEATHER WAS OBSERVED.


RELATIVE HUMIDITY (PERCENT)
 HIGHEST    92           200 AM
 LOWEST     34           100 PM
 AVERAGE    63

..........................................................


THE MONTGOMERY CLIMATE NORMALS FOR TODAY
                         NORMAL    RECORD    YEAR
 MAXIMUM TEMPERATURE (F)   58        80      1950
 MINIMUM TEMPERATURE (F)   36        11      1940


SUNRISE AND SUNSET
JANUARY 26 2015.......SUNRISE   643 AM CST   SUNSET   513 PM CST
JANUARY 27 2015.......SUNRISE   643 AM CST   SUNSET   514 PM CST


-  INDICATES NEGATIVE NUMBERS.
R  INDICATES RECORD WAS SET OR TIED.
MM INDICATES DATA IS MISSING.
T  INDICATES TRACE AMOUNT.




$$
