000
CDUS44 KBMX 010834
CLIMGM


CLIMATE REPORT
NATIONAL WEATHER SERVICE BIRMINGHAM, AL
234 AM CST WED MAR 1 2017


...................................

...THE MONTGOMERY CLIMATE SUMMARY FOR FEBRUARY 28 2017...

CLIMATE NORMAL PERIOD 1981 TO 2010
CLIMATE RECORD PERIOD 1872 TO 2017


WEATHER ITEM   OBSERVED TIME   RECORD YEAR NORMAL DEPARTURE LAST
                VALUE   (LST)  VALUE       VALUE  FROM      YEAR
                                                  NORMAL
..................................................................
TEMPERATURE (F)
 YESTERDAY
  MAXIMUM         79    347 PM  83    1948  65     14       73
  MINIMUM         56    424 AM  17    2002  42     14       34
  AVERAGE         68                        54     14       54

PRECIPITATION (IN)
  YESTERDAY        0.00          1.66 1916   0.19  -0.19     0.00
  MONTH TO DATE    3.53                      5.28  -1.75     5.41
  SINCE DEC 1     18.81                     14.79   4.02    24.79
  SINCE JAN 1     14.70                      9.93   4.77    10.66

SNOWFALL (IN)
  YESTERDAY        0.0                       0.0    0.0      0.0
  MONTH TO DATE    0.0                       0.0    0.0      0.0
  SINCE DEC 1      0.0                       0.1   -0.1       T
  SINCE JUL 1      0.0                       0.1   -0.1       T
  SNOW DEPTH       0

DEGREE DAYS
 HEATING
  YESTERDAY        0                        12    -12       11
  MONTH TO DATE  174                       410   -236      344
  SINCE DEC 1    822                      1501   -679     1132
  SINCE JUL 1    997                      1872   -875     1319
..................................................................


WIND (MPH)
  HIGHEST WIND SPEED    15   HIGHEST WIND DIRECTION     S (170)
  HIGHEST GUST SPEED    19   HIGHEST GUST DIRECTION     S (190)
  AVERAGE WIND SPEED     7.1


SKY COVER
  AVERAGE SKY COVER 0.7


WEATHER CONDITIONS
 THE FOLLOWING WEATHER WAS RECORDED YESTERDAY.
  FOG
  FOG W/VISIBILITY <= 1/4 MILE
  HAZE


RELATIVE HUMIDITY (PERCENT)
 HIGHEST    93           300 AM
 LOWEST     54           400 PM
 AVERAGE    74

..........................................................


THE MONTGOMERY CLIMATE NORMALS FOR TODAY
                         NORMAL    RECORD    YEAR
 MAXIMUM TEMPERATURE (F)   66        82      1997
                                             1932
 MINIMUM TEMPERATURE (F)   42        22      1920


SUNRISE AND SUNSET
MARCH  1 2017.........SUNRISE   613 AM CST   SUNSET   543 PM CST
MARCH  2 2017.........SUNRISE   612 AM CST   SUNSET   544 PM CST


-  INDICATES NEGATIVE NUMBERS.
R  INDICATES RECORD WAS SET OR TIED.
MM INDICATES DATA IS MISSING.
T  INDICATES TRACE AMOUNT.




$$
