000
CDUS44 KBMX 282142
CLIMGM


CLIMATE REPORT
NATIONAL WEATHER SERVICE BIRMINGHAM, AL
441 PM CDT WED JUN 28 2017


...................................

...THE MONTGOMERY CLIMATE SUMMARY FOR JUNE 28 2017...
VALID TODAY AS OF 0400 PM LOCAL TIME.

CLIMATE NORMAL PERIOD 1981 TO 2010
CLIMATE RECORD PERIOD 1872 TO 2017


WEATHER ITEM   OBSERVED TIME   RECORD YEAR NORMAL DEPARTURE LAST
                VALUE   (LST)  VALUE       VALUE  FROM      YEAR
                                                  NORMAL
..................................................................
TEMPERATURE (F)
 TODAY
  MAXIMUM         91    302 PM 105    1954  91      0       94
  MINIMUM         69    522 AM  56    1968  70     -1       74
  AVERAGE         80                        81     -1       84

PRECIPITATION (IN)
  TODAY            0.00          3.91 1957   0.17  -0.17     0.01
  MONTH TO DATE   11.48                      3.73   7.75     2.72
  SINCE JUN 1     11.48                      3.73   7.75     2.72
  SINCE JAN 1     45.40                     27.17  18.23    24.95

DEGREE DAYS
 COOLING
  TODAY           15                        16     -1       19
  MONTH TO DATE  403                       387     16      479
  SINCE JUN 1    403                       387     16      479
  SINCE JAN 1    985                       726    259      940
..................................................................


WIND (MPH)
  HIGHEST WIND SPEED    15   HIGHEST WIND DIRECTION    SE (130)
  HIGHEST GUST SPEED    22   HIGHEST GUST DIRECTION     E (100)
  AVERAGE WIND SPEED     5.8


SKY COVER
  AVERAGE SKY COVER 0.1


WEATHER CONDITIONS
 THE FOLLOWING WEATHER WAS RECORDED TODAY.
  NO SIGNIFICANT WEATHER WAS OBSERVED.


RELATIVE HUMIDITY (PERCENT)
 HIGHEST    84           400 AM
 LOWEST     44           300 PM
 AVERAGE    64

..........................................................


THE MONTGOMERY CLIMATE NORMALS FOR TOMORROW
                         NORMAL    RECORD    YEAR
 MAXIMUM TEMPERATURE (F)   91       101      1954
 MINIMUM TEMPERATURE (F)   70        60      1968


SUNRISE AND SUNSET
JUNE 28 2017..........SUNRISE   541 AM CDT   SUNSET   756 PM CDT
JUNE 29 2017..........SUNRISE   542 AM CDT   SUNSET   756 PM CDT


-  INDICATES NEGATIVE NUMBERS.
R  INDICATES RECORD WAS SET OR TIED.
MM INDICATES DATA IS MISSING.
T  INDICATES TRACE AMOUNT.




$$
