000
CDUS41 KPBZ 210710
CLIMGW


CLIMATE REPORT
NATIONAL WEATHER SERVICE PITTSBURGH PA
310 AM EDT FRI JUL 21 2017


...................................

...THE MORGANTOWN WV CLIMATE SUMMARY FOR JULY 20 2017...

CLIMATE NORMAL PERIOD 1981 TO 2010
CLIMATE RECORD PERIOD 1872 TO 2017


WEATHER ITEM   OBSERVED TIME   RECORD YEAR NORMAL DEPARTURE LAST
                VALUE   (LST)  VALUE       VALUE  FROM      YEAR
                                                  NORMAL
..................................................................
TEMPERATURE (F)
 YESTERDAY
  MAXIMUM         89    303 PM 100    1930  83      6       86
  MINIMUM         69    530 AM  46    1909  63      6       61
  AVERAGE         79                        73      6       74

PRECIPITATION (IN)
  YESTERDAY        0.03          2.66 1876   0.15  -0.12     0.00
  MONTH TO DATE    4.00                      3.08   0.92     1.59
  SINCE JUN 1      7.99                      7.19   0.80     6.07
  SINCE JAN 1     31.08                     24.38   6.70    22.11

DEGREE DAYS
 HEATING
  YESTERDAY        0                         0      0        0
  MONTH TO DATE    0                         0      0        0
  SINCE JUN 1     18                        31    -13       10
  SINCE JUL 1      0                         0      0        0

 COOLING
  YESTERDAY       14                         8      6        9
  MONTH TO DATE  209                       160     49      198
  SINCE JUN 1    390                       322     68      420
  SINCE JAN 1    497                       389    108      494
..................................................................


WIND (MPH)
  HIGHEST WIND SPEED    12   HIGHEST WIND DIRECTION    SW (210)
  HIGHEST GUST SPEED    19   HIGHEST GUST DIRECTION    SW (220)
  AVERAGE WIND SPEED     4.1


SKY COVER
  POSSIBLE SUNSHINE  MM
  AVERAGE SKY COVER 0.3


WEATHER CONDITIONS
 THE FOLLOWING WEATHER WAS RECORDED YESTERDAY.
  LIGHT RAIN
  FOG
  HAZE


RELATIVE HUMIDITY (PERCENT)
 HIGHEST    90           300 AM
 LOWEST     46           100 PM
 AVERAGE    68

..........................................................


THE MORGANTOWN WV CLIMATE NORMALS FOR TODAY
                         NORMAL    RECORD    YEAR
 MAXIMUM TEMPERATURE (F)   83       102      1934
                                             1892
 MINIMUM TEMPERATURE (F)   63        46      1965


SUNRISE AND SUNSET
JULY 21 2017..........SUNRISE   609 AM EDT   SUNSET   842 PM EDT
JULY 22 2017..........SUNRISE   610 AM EDT   SUNSET   841 PM EDT


-  INDICATES NEGATIVE NUMBERS.
R  INDICATES RECORD WAS SET OR TIED.
MM INDICATES DATA IS MISSING.
T  INDICATES TRACE AMOUNT.




$$
