000
CDUS41 KPBZ 012212
CLIMGW


CLIMATE REPORT
NATIONAL WEATHER SERVICE PITTSBURGH PA
511 PM EST SUN MAR 1 2015


...................................

...THE MORGANTOWN WV CLIMATE SUMMARY FOR MARCH 1 2015...
VALID TODAY AS OF 0500 PM LOCAL TIME.

CLIMATE NORMAL PERIOD 1981 TO 2010
CLIMATE RECORD PERIOD 1948 TO 2015


WEATHER ITEM   OBSERVED TIME   RECORD YEAR NORMAL DEPARTURE LAST
                VALUE   (LST)  VALUE       VALUE  FROM      YEAR
                                                  NORMAL
..................................................................
TEMPERATURE (F)
 TODAY
  MAXIMUM         40    359 PM  75    1972  47     -7       46
  MINIMUM         27    620 AM   9    1980  28     -1       19
  AVERAGE         34                        37     -3       33

PRECIPITATION (IN)
  TODAY            0.27         MM      MM   0.10   0.17     0.00
  MONTH TO DATE    0.27                      0.10   0.17     0.00
  SINCE JUN 1     30.79                     30.15   0.64    33.60
  SINCE JAN 1      4.56                      5.51  -0.95     5.17

DEGREE DAYS
 HEATING
  TODAY           31                        28      3       32
  MONTH TO DATE   31                        28      3       32
  SINCE MAR 1     31                        28      3       32
  SINCE JUL 1   4155                      3917    238     4158

 COOLING
  TODAY            0                         0      0        0
  MONTH TO DATE    0                         0      0        0
  SINCE MAR 1      0                         0      0        0
  SINCE JAN 1      0                         0      0        0
..................................................................


WIND (MPH)
  RESULTANT WIND SPEED   2   RESULTANT WIND DIRECTION   S (190)
  HIGHEST WIND SPEED    10   HIGHEST WIND DIRECTION     S (180)
  HIGHEST GUST SPEED    14   HIGHEST GUST DIRECTION     S (200)
  AVERAGE WIND SPEED     3.4


SKY COVER
  POSSIBLE SUNSHINE  MM
  AVERAGE SKY COVER 1.0


WEATHER CONDITIONS
 THE FOLLOWING WEATHER WAS RECORDED TODAY.
  RAIN
  LIGHT SNOW
  FOG
  HAZE


RELATIVE HUMIDITY (PERCENT)
 HIGHEST    85           700 AM
 LOWEST     39          1200 AM
 AVERAGE    62

..........................................................


THE MORGANTOWN WV CLIMATE NORMALS FOR TOMORROW
                         NORMAL    RECORD    YEAR
 MAXIMUM TEMPERATURE (F)   47        74      1991
 MINIMUM TEMPERATURE (F)   28         5      1980


SUNRISE AND SUNSET
MARCH  1 2015.........SUNRISE   653 AM EST   SUNSET   612 PM EST
MARCH  2 2015.........SUNRISE   652 AM EST   SUNSET   613 PM EST


-  INDICATES NEGATIVE NUMBERS.
R  INDICATES RECORD WAS SET OR TIED.
MM INDICATES DATA IS MISSING.
T  INDICATES TRACE AMOUNT.




$$
