000
CDUS41 KPBZ 250706
CLIMGW


CLIMATE REPORT
NATIONAL WEATHER SERVICE PITTSBURGH PA
304 AM EDT MON SEP 25 2017


...................................

...THE MORGANTOWN WV CLIMATE SUMMARY FOR SEPTEMBER 24 2017...

CLIMATE NORMAL PERIOD 1981 TO 2010
CLIMATE RECORD PERIOD 1872 TO 2017


WEATHER ITEM   OBSERVED TIME   RECORD YEAR NORMAL DEPARTURE LAST
                VALUE   (LST)  VALUE       VALUE  FROM      YEAR
                                                  NORMAL
..................................................................
TEMPERATURE (F)
 YESTERDAY
  MAXIMUM         88    403 PM  92    1930  73     15       74
                                      1908
  MINIMUM         59    650 AM  30    1983  52      7       59
  AVERAGE         74                        62     12       67

PRECIPITATION (IN)
  YESTERDAY        0.00          1.83 2001   0.10  -0.10     0.00
  MONTH TO DATE    1.80                      2.56  -0.76     0.75
  SINCE JUN 1     17.32                     14.84   2.48    16.15
  SINCE JAN 1     40.41                     32.03   8.38    32.19

DEGREE DAYS
 HEATING
  YESTERDAY        0                         5     -5        0
  MONTH TO DATE   49                        53     -4        0
  SINCE SEP 1     49                        53     -4        0
  SINCE JUL 1     51                        64    -13        0

 COOLING
  YESTERDAY        9                         2      7        2
  MONTH TO DATE   81                        84     -3      209
  SINCE SEP 1     81                        84     -3      209
  SINCE JAN 1    834                       793     41     1220
..................................................................


WIND (MPH)
  HIGHEST WIND SPEED     9   HIGHEST WIND DIRECTION     N (360)
  HIGHEST GUST SPEED    12   HIGHEST GUST DIRECTION     N (360)
  AVERAGE WIND SPEED     2.3


SKY COVER
  POSSIBLE SUNSHINE  MM
  AVERAGE SKY COVER 0.0


WEATHER CONDITIONS
 THE FOLLOWING WEATHER WAS RECORDED YESTERDAY.
  NO SIGNIFICANT WEATHER WAS OBSERVED.


RELATIVE HUMIDITY (PERCENT)
 HIGHEST    93           400 AM
 LOWEST     40           200 PM
 AVERAGE    67

..........................................................


THE MORGANTOWN WV CLIMATE NORMALS FOR TODAY
                         NORMAL    RECORD    YEAR
 MAXIMUM TEMPERATURE (F)   72        93      1930
 MINIMUM TEMPERATURE (F)   51        34      1937


SUNRISE AND SUNSET
SEPTEMBER 25 2017.....SUNRISE   710 AM EDT   SUNSET   711 PM EDT
SEPTEMBER 26 2017.....SUNRISE   711 AM EDT   SUNSET   710 PM EDT


-  INDICATES NEGATIVE NUMBERS.
R  INDICATES RECORD WAS SET OR TIED.
MM INDICATES DATA IS MISSING.
T  INDICATES TRACE AMOUNT.




$$
