000
CDUS41 KPBZ 272245
CLIMGW


CLIMATE REPORT
NATIONAL WEATHER SERVICE PITTSBURGH PA
545 PM EST MON FEB 27 2017


...................................

...THE MORGANTOWN WV CLIMATE SUMMARY FOR FEBRUARY 27 2017...
VALID TODAY AS OF 0500 PM LOCAL TIME.

CLIMATE NORMAL PERIOD 1981 TO 2010
CLIMATE RECORD PERIOD 1948 TO 2017


WEATHER ITEM   OBSERVED TIME   RECORD YEAR NORMAL DEPARTURE LAST
                VALUE   (LST)  VALUE       VALUE  FROM      YEAR
                                                  NORMAL
..................................................................
TEMPERATURE (F)
 TODAY
  MAXIMUM         46   1229 PM  73    1997  46      0       41
  MINIMUM         31   1238 AM  -6    1963  28      3       28
  AVERAGE         39                        37      2       35

PRECIPITATION (IN)
  TODAY            0.01         MM      MM   0.10  -0.09     0.00
  MONTH TO DATE    2.17                      2.50  -0.33     1.97
  SINCE JUN 1     35.63                     29.95   5.68    27.55
  SINCE JAN 1      6.22                      5.31   0.91     4.01

DEGREE DAYS
 HEATING
  TODAY           26                        28     -2       30
  MONTH TO DATE  592                       834   -242      713
  SINCE DEC 1   2311                      2813   -502     2348
  SINCE JUL 1   2997                      3861   -864     3067

 COOLING
  TODAY            0                         0      0        0
  MONTH TO DATE    3                         0      3        0
  SINCE DEC 1      3                         0      3        0
  SINCE JAN 1      3                         0      3        0
..................................................................


WIND (MPH)
  RESULTANT WIND SPEED   3   RESULTANT WIND DIRECTION   S (200)
  HIGHEST WIND SPEED    13   HIGHEST WIND DIRECTION    SW (220)
  HIGHEST GUST SPEED    19   HIGHEST GUST DIRECTION    SW (220)
  AVERAGE WIND SPEED     3.2


SKY COVER
  POSSIBLE SUNSHINE  MM
  AVERAGE SKY COVER 0.9


WEATHER CONDITIONS
 THE FOLLOWING WEATHER WAS RECORDED TODAY.
  LIGHT RAIN


RELATIVE HUMIDITY (PERCENT)
 HIGHEST    76           300 PM
 LOWEST     38          1200 AM
 AVERAGE    57

..........................................................


THE MORGANTOWN WV CLIMATE NORMALS FOR TOMORROW
                         NORMAL    RECORD    YEAR
 MAXIMUM TEMPERATURE (F)   46        69      1948
 MINIMUM TEMPERATURE (F)   28         3      2014


SUNRISE AND SUNSET
FEBRUARY 27 2017......SUNRISE   655 AM EST   SUNSET   610 PM EST
FEBRUARY 28 2017......SUNRISE   654 AM EST   SUNSET   611 PM EST


-  INDICATES NEGATIVE NUMBERS.
R  INDICATES RECORD WAS SET OR TIED.
MM INDICATES DATA IS MISSING.
T  INDICATES TRACE AMOUNT.




$$
