000
CDUS41 KPBZ 160703
CLIMGW


CLIMATE REPORT
NATIONAL WEATHER SERVICE PITTSBURGH PA
302 AM EDT WED APR 16 2014


...................................

...THE MORGANTOWN WV CLIMATE SUMMARY FOR APRIL 15 2014...

CLIMATE NORMAL PERIOD 1981 TO 2010
CLIMATE RECORD PERIOD 1948 TO 2014


WEATHER ITEM   OBSERVED TIME   RECORD YEAR NORMAL DEPARTURE LAST
                VALUE   (LST)  VALUE       VALUE  FROM      YEAR
                                                  NORMAL
..................................................................
TEMPERATURE (F)
 YESTERDAY
  MAXIMUM         68    417 AM  86    1993  64      4       67
  MINIMUM         29   1159 PM  22    1957  42    -13       56
  AVERAGE         49                        53     -4       62

PRECIPITATION (IN)
  YESTERDAY        0.45         MM      MM   0.11   0.34      T
  MONTH TO DATE    2.02                      1.76   0.26     0.34
  SINCE JUN 1     38.38                     35.46   2.92    30.31
  SINCE JAN 1      9.95                     10.82  -0.87     7.29

DEGREE DAYS
 HEATING
  YESTERDAY       16                        13      3        3
  MONTH TO DATE  156                       225    -69      170
  SINCE MAR 1   1019                       937     82      951
  SINCE JUL 1   5145                      4826    319     4642

 COOLING
  YESTERDAY        0                         0      0        0
  MONTH TO DATE   18                         0     18       21
  SINCE MAR 1     18                         2     16       21
  SINCE JAN 1     18                         2     16       21
..................................................................


WIND (MPH)
  HIGHEST WIND SPEED    14   HIGHEST WIND DIRECTION    NW (310)
  HIGHEST GUST SPEED    25   HIGHEST GUST DIRECTION     W (290)
  AVERAGE WIND SPEED     8.0


SKY COVER
  POSSIBLE SUNSHINE  MM
  AVERAGE SKY COVER 0.9


WEATHER CONDITIONS
 THE FOLLOWING WEATHER WAS RECORDED YESTERDAY.
  RAIN
  LIGHT RAIN
  SNOW
  LIGHT SNOW
  FOG
  HAZE


RELATIVE HUMIDITY (PERCENT)
 HIGHEST    85          1000 AM
 LOWEST     49           800 PM
 AVERAGE    67

..........................................................


THE MORGANTOWN WV CLIMATE NORMALS FOR TODAY
                         NORMAL    RECORD    YEAR
 MAXIMUM TEMPERATURE (F)   64        88      2002
 MINIMUM TEMPERATURE (F)   42        25      1950


SUNRISE AND SUNSET
APRIL 16 2014.........SUNRISE   641 AM EDT   SUNSET   759 PM EDT
APRIL 17 2014.........SUNRISE   639 AM EDT   SUNSET   800 PM EDT


-  INDICATES NEGATIVE NUMBERS.
R  INDICATES RECORD WAS SET OR TIED.
MM INDICATES DATA IS MISSING.
T  INDICATES TRACE AMOUNT.




$$
