471
CDUS41 KPBZ 242211
CLIMGW


CLIMATE REPORT
NATIONAL WEATHER SERVICE PITTSBURGH PA
511 PM EST FRI NOV 24 2017


...................................

...THE MORGANTOWN WV CLIMATE SUMMARY FOR NOVEMBER 24 2017...
VALID TODAY AS OF 0500 PM LOCAL TIME.

CLIMATE NORMAL PERIOD 1981 TO 2010
CLIMATE RECORD PERIOD 1872 TO 2017


WEATHER ITEM   OBSERVED TIME   RECORD YEAR NORMAL DEPARTURE LAST
                VALUE   (LST)  VALUE       VALUE  FROM      YEAR
                                                  NORMAL
..................................................................
TEMPERATURE (F)
 TODAY
  MAXIMUM         55    359 PM  72    1979  50      5       55
  MINIMUM         24    621 AM   8    1956  34    -10       42
  AVERAGE         40                        42     -2       49

PRECIPITATION (IN)
  TODAY            0.00          1.42 1950   0.11  -0.11      T
  MONTH TO DATE    2.99                      2.76   0.23     0.91
  SINCE JUN 1     24.72                     21.03   3.69    24.50
  SINCE JAN 1     47.81                     38.22   9.59    40.54

DEGREE DAYS
 HEATING
  TODAY           25                        23      2       16
  MONTH TO DATE  499                       458     41      388
  SINCE SEP 1    787                       889   -102      583
  SINCE JUL 1    789                       900   -111      583

 COOLING
  TODAY            0                         0      0        0
  MONTH TO DATE    0                         0      0        5
  SINCE SEP 1    166                       104     62      272
  SINCE JAN 1    919                       813    106     1283
..................................................................


WIND (MPH)
  RESULTANT WIND SPEED   2   RESULTANT WIND DIRECTION   S (190)
  HIGHEST WIND SPEED     8   HIGHEST WIND DIRECTION    SW (220)
  HIGHEST GUST SPEED    12   HIGHEST GUST DIRECTION    SW (230)
  AVERAGE WIND SPEED     2.6


SKY COVER
  POSSIBLE SUNSHINE  MM
  AVERAGE SKY COVER 0.0


WEATHER CONDITIONS
 THE FOLLOWING WEATHER WAS RECORDED TODAY.
  NO SIGNIFICANT WEATHER WAS OBSERVED.


RELATIVE HUMIDITY (PERCENT)
 HIGHEST    81           200 AM
 LOWEST     20           300 PM
 AVERAGE    51

..........................................................


THE MORGANTOWN WV CLIMATE NORMALS FOR TOMORROW
                         NORMAL    RECORD    YEAR
 MAXIMUM TEMPERATURE (F)   50        75      1979
 MINIMUM TEMPERATURE (F)   33         6      1950


SUNRISE AND SUNSET
NOVEMBER 24 2017......SUNRISE   714 AM EST   SUNSET   458 PM EST
NOVEMBER 25 2017......SUNRISE   715 AM EST   SUNSET   458 PM EST


-  INDICATES NEGATIVE NUMBERS.
R  INDICATES RECORD WAS SET OR TIED.
MM INDICATES DATA IS MISSING.
T  INDICATES TRACE AMOUNT.




$$
