000
CDUS41 KPBZ 280715
CLIMGW


CLIMATE REPORT
NATIONAL WEATHER SERVICE PITTSBURGH PA
314 AM EDT THU MAY 28 2015


...................................

...THE MORGANTOWN WV CLIMATE SUMMARY FOR MAY 27 2015...

CLIMATE NORMAL PERIOD 1981 TO 2010
CLIMATE RECORD PERIOD 1948 TO 2015


WEATHER ITEM   OBSERVED TIME   RECORD YEAR NORMAL DEPARTURE LAST
                VALUE   (LST)  VALUE       VALUE  FROM      YEAR
                                                  NORMAL
..................................................................
TEMPERATURE (F)
 YESTERDAY
  MAXIMUM         83    437 PM  91    2012  75      8       85
  MINIMUM         66    558 AM  36    1969  53     13       64
  AVERAGE         75                        64     11       75

PRECIPITATION (IN)
  YESTERDAY        0.11         MM      MM   0.15  -0.04     0.47
  MONTH TO DATE    1.11                      3.99  -2.88     4.36
  SINCE JUN 1     43.37                     41.21   2.16    43.75
  SINCE JAN 1     17.14                     16.57   0.57    15.32

DEGREE DAYS
 HEATING
  YESTERDAY        0                         4     -4        0
  MONTH TO DATE   84                       158    -74      117
  SINCE MAR 1   1158                      1252    -94     1278
  SINCE JUL 1   5282                      5141    141     5404

 COOLING
  YESTERDAY       10                         2      8       10
  MONTH TO DATE  133                        40     93       71
  SINCE MAR 1    141                        56     85       89
  SINCE JAN 1    141                        56     85       89
..................................................................


WIND (MPH)
  HIGHEST WIND SPEED    14   HIGHEST WIND DIRECTION    SW (210)
  HIGHEST GUST SPEED    20   HIGHEST GUST DIRECTION    SW (240)
  AVERAGE WIND SPEED     5.5


SKY COVER
  POSSIBLE SUNSHINE  MM
  AVERAGE SKY COVER 0.6


WEATHER CONDITIONS
 THE FOLLOWING WEATHER WAS RECORDED YESTERDAY.
  LIGHT RAIN
  FOG


RELATIVE HUMIDITY (PERCENT)
 HIGHEST    93           800 AM
 LOWEST     45           300 PM
 AVERAGE    69

..........................................................


THE MORGANTOWN WV CLIMATE NORMALS FOR TODAY
                         NORMAL    RECORD    YEAR
 MAXIMUM TEMPERATURE (F)   75        90      2012
                                             1955
 MINIMUM TEMPERATURE (F)   54        36      1971


SUNRISE AND SUNSET
MAY 28 2015...........SUNRISE   556 AM EDT   SUNSET   838 PM EDT
MAY 29 2015...........SUNRISE   555 AM EDT   SUNSET   839 PM EDT


-  INDICATES NEGATIVE NUMBERS.
R  INDICATES RECORD WAS SET OR TIED.
MM INDICATES DATA IS MISSING.
T  INDICATES TRACE AMOUNT.




$$
