238
CDUS41 KPBZ 101654
CLIMGW


CLIMATE REPORT
NATIONAL WEATHER SERVICE PITTSBURGH PA
1153 AM EST WED FEB 10 2016


...................................

...THE MORGANTOWN WV CLIMATE SUMMARY FOR FEBRUARY 10 2016...
VALID AS OF 0900 AM LOCAL TIME.

CLIMATE NORMAL PERIOD 1981 TO 2010
CLIMATE RECORD PERIOD 1948 TO 2016


WEATHER ITEM   OBSERVED TIME   RECORD YEAR NORMAL DEPARTURE LAST
                VALUE   (LST)  VALUE       VALUE  FROM      YEAR
                                                  NORMAL
..................................................................
TEMPERATURE (F)
 TODAY
  MAXIMUM         22        MM  68    1960
  MINIMUM         19    900 AM  -3    1972  25     -6       20

PRECIPITATION (IN)
  TODAY            0.01         MM      MM   0.09  -0.08      T
  MONTH TO DATE    1.03                      0.90   0.13     0.99
  SINCE JUN 1     26.61                     28.35  -1.74    29.78
  SINCE JAN 1      3.07                      3.71  -0.64     3.55

DEGREE DAYS
 HEATING
  TODAY           44

 COOLING
  TODAY            0
..................................................................





WEATHER CONDITIONS
 THE FOLLOWING WEATHER WAS RECORDED TODAY.
  SNOW
  LIGHT SNOW
  HAZE


RELATIVE HUMIDITY (PERCENT)
 HIGHEST    84          1200 AM

..........................................................


THE MORGANTOWN WV CLIMATE NORMALS FOR TOMORROW
                         NORMAL    RECORD    YEAR
 MAXIMUM TEMPERATURE (F)   42        73      1999
 MINIMUM TEMPERATURE (F)   25        -2      1979


SUNRISE AND SUNSET
FEBRUARY 10 2016......SUNRISE   719 AM EST   SUNSET   550 PM EST
FEBRUARY 11 2016......SUNRISE   717 AM EST   SUNSET   551 PM EST


-  INDICATES NEGATIVE NUMBERS.
R  INDICATES RECORD WAS SET OR TIED.
MM INDICATES DATA IS MISSING.
T  INDICATES TRACE AMOUNT.




$$
