000
CDUS43 KFSD 220026
CLIMHE


CLIMATE REPORT
NATIONAL WEATHER SERVICE SIOUX FALLS SD
723 PM CDT THU AUG 21 2014


...................................

...THE MITCHELL SD CLIMATE SUMMARY FOR AUGUST 21 2014...
VALID AS OF 0700 PM LOCAL TIME.

CLIMATE NORMAL PERIOD 1981 TO 2010
CLIMATE RECORD PERIOD 1893 TO 2014


WEATHER ITEM   OBSERVED TIME   RECORD YEAR NORMAL DEPARTURE LAST
                VALUE   (LST)  VALUE       VALUE  FROM      YEAR
                                                  NORMAL
..................................................................
TEMPERATURE (F)
 TODAY
  MAXIMUM         88    351 PM 102    1968  83      5       90
  MINIMUM         68    536 AM  41    1920  60      8       72
  AVERAGE         78                        71      7       81

PRECIPITATION (IN)
  TODAY            0.00          1.25 1930   0.07  -0.07      T
  MONTH TO DATE    1.99                      1.67   0.32     2.54
  SINCE JUN 1      7.54                      8.91  -1.37     8.54
  SINCE JAN 1     12.27                     15.64  -3.37    18.49

SNOWFALL (IN)
  TODAY            0.0           0.0    MM  MM     MM        0.0
  MONTH TO DATE    0.0                      MM     MM        0.0
  SINCE JUN 1      0.0                      MM     MM        0.0
  SINCE JUL 1      0.0                      MM     MM        0.0
  SNOW DEPTH       0

DEGREE DAYS
 HEATING
  TODAY            0                         0      0        0
  MONTH TO DATE    0                         0      0        3
  SINCE JUN 1     35                        40     -5       73
  SINCE JUL 1      9                         5      4       23

 COOLING
  TODAY           13                         7      6       16
  MONTH TO DATE  140                       170    -30      105
  SINCE JUN 1    514                       648   -134      560
  SINCE JAN 1    592                       688    -96      617
..................................................................


WIND (MPH)
  HIGHEST WIND SPEED    15   HIGHEST WIND DIRECTION     N (350)
  HIGHEST GUST SPEED    19   HIGHEST GUST DIRECTION     N (350)
  AVERAGE WIND SPEED     6.8


SKY COVER
  POSSIBLE SUNSHINE  MM
  AVERAGE SKY COVER 0.3


WEATHER CONDITIONS
 THE FOLLOWING WEATHER WAS RECORDED TODAY.
  FOG
  FOG W/VISIBILITY <= 1/4 MILE


RELATIVE HUMIDITY (PERCENT)
 HIGHEST   100           400 AM
 LOWEST     55           200 PM
 AVERAGE    78

..........................................................


THE MITCHELL SD CLIMATE NORMALS FOR TOMORROW
                         NORMAL    RECORD    YEAR
 MAXIMUM TEMPERATURE (F)   83       110      1938
 MINIMUM TEMPERATURE (F)   60        38      1923


SUNRISE AND SUNSET
AUGUST 21 2014........SUNRISE   643 AM CDT   SUNSET   826 PM CDT
AUGUST 22 2014........SUNRISE   644 AM CDT   SUNSET   825 PM CDT


-  INDICATES NEGATIVE NUMBERS.
R  INDICATES RECORD WAS SET OR TIED.
MM INDICATES DATA IS MISSING.
T  INDICATES TRACE AMOUNT.




$$
