000
CDUS43 KFSD 270635
CLIMHE


CLIMATE REPORT
NATIONAL WEATHER SERVICE SIOUX FALLS SD
1234 AM CST MON FEB 27 2017


...................................

...THE MITCHELL SD CLIMATE SUMMARY FOR FEBRUARY 26 2017...

CLIMATE NORMAL PERIOD 1981 TO 2010
CLIMATE RECORD PERIOD 1893 TO 2017


WEATHER ITEM   OBSERVED TIME   RECORD YEAR NORMAL DEPARTURE LAST
                VALUE   (LST)  VALUE       VALUE  FROM      YEAR
                                                  NORMAL
..................................................................
TEMPERATURE (F)
 YESTERDAY
  MAXIMUM         42    314 PM  69    1896  37      5       52
  MINIMUM         22    729 AM -25    1897  18      4       23
  AVERAGE         32                        27      5       38

PRECIPITATION (IN)
  YESTERDAY        0.00          0.42 1944   0.02  -0.02     0.00
  MONTH TO DATE    0.40                      0.32   0.08     0.36
  SINCE DEC 1      2.27                      0.99   1.28     1.84
  SINCE JAN 1      1.16                      0.54   0.62     0.81

SNOWFALL (IN)
  YESTERDAY        0.0           3.0  1971  MM     MM        0.0
                                      1936
  MONTH TO DATE    2.4                      MM     MM        2.9
  SINCE DEC 1     19.9                      MM     MM       24.0
  SINCE JUL 1     25.4                      MM     MM       37.2
  SNOW DEPTH       0

DEGREE DAYS
 HEATING
  YESTERDAY       33                        38     -5       27
  MONTH TO DATE  822                      1081   -259      916
  SINCE DEC 1   3577                      3880   -303     3534
  SINCE JUL 1   4671                      5448   -777     4717

 COOLING
  YESTERDAY        0                         0      0        0
  MONTH TO DATE    0                         0      0        0
  SINCE DEC 1      0                         0      0        0
  SINCE JAN 1      0                         0      0        0
..................................................................


WIND (MPH)
  HIGHEST WIND SPEED    20   HIGHEST WIND DIRECTION     S (190)
  HIGHEST GUST SPEED    23   HIGHEST GUST DIRECTION    SW (210)
  AVERAGE WIND SPEED     9.9


SKY COVER
  POSSIBLE SUNSHINE  MM
  AVERAGE SKY COVER 0.2


WEATHER CONDITIONS
 THE FOLLOWING WEATHER WAS RECORDED YESTERDAY.
  NO SIGNIFICANT WEATHER WAS OBSERVED.


RELATIVE HUMIDITY (PERCENT)
 HIGHEST    88           800 AM
 LOWEST     46           400 PM
 AVERAGE    67

..........................................................


THE MITCHELL SD CLIMATE NORMALS FOR TODAY
                         NORMAL    RECORD    YEAR
 MAXIMUM TEMPERATURE (F)   38        69      2016
 MINIMUM TEMPERATURE (F)   18       -21      1962


SUNRISE AND SUNSET
FEBRUARY 27 2017......SUNRISE   712 AM CST   SUNSET   619 PM CST
FEBRUARY 28 2017......SUNRISE   710 AM CST   SUNSET   620 PM CST


-  INDICATES NEGATIVE NUMBERS.
R  INDICATES RECORD WAS SET OR TIED.
MM INDICATES DATA IS MISSING.
T  INDICATES TRACE AMOUNT.




$$
