000
CDUS43 KFSD 270657
CLIMHE


CLIMATE REPORT
NATIONAL WEATHER SERVICE SIOUX FALLS SD
155 AM CDT FRI MAR 27 2015


...................................

...THE MITCHELL SD CLIMATE SUMMARY FOR MARCH 26 2015...

CLIMATE NORMAL PERIOD 1981 TO 2010
CLIMATE RECORD PERIOD 1893 TO 2015


WEATHER ITEM   OBSERVED TIME   RECORD YEAR NORMAL DEPARTURE LAST
                VALUE   (LST)  VALUE       VALUE  FROM      YEAR
                                                  NORMAL
..................................................................
TEMPERATURE (F)
 YESTERDAY
  MAXIMUM         41    530 PM  85    2012  49     -8       65
  MINIMUM         20    643 AM  -3    1996  27     -7       25
  AVERAGE         31                        38     -7       45

PRECIPITATION (IN)
  YESTERDAY        T             0.84 1921   0.03  -0.03     0.00
  MONTH TO DATE    0.13                      0.77  -0.64     0.56
  SINCE MAR 1      0.13                      0.77  -0.64     0.56
  SINCE JAN 1      0.90                      1.33  -0.43     1.06

SNOWFALL (IN)
  YESTERDAY        T             6.0  1942  MM     MM        0.0
  MONTH TO DATE    0.7                      MM     MM        6.3
  SINCE MAR 1      0.7                      MM     MM        6.3
  SINCE JUL 1     22.6                      MM     MM       28.5
  SNOW DEPTH       0

DEGREE DAYS
 HEATING
  YESTERDAY       34                        27      7       20
  MONTH TO DATE  677                       829   -152      914
  SINCE MAR 1    677                       829   -152      914
  SINCE JUL 1   6167                      6351   -184     6864

 COOLING
  YESTERDAY        0                         0      0        0
  MONTH TO DATE    4                         0      4        0
  SINCE MAR 1      4                         0      4        0
  SINCE JAN 1      4                         0      4        0
..................................................................


WIND (MPH)
  HIGHEST WIND SPEED    17   HIGHEST WIND DIRECTION     N (10)
  HIGHEST GUST SPEED    22   HIGHEST GUST DIRECTION     N (10)
  AVERAGE WIND SPEED     7.1


SKY COVER
  POSSIBLE SUNSHINE  MM
  AVERAGE SKY COVER 0.4


WEATHER CONDITIONS
 THE FOLLOWING WEATHER WAS RECORDED YESTERDAY.
  LIGHT SNOW
  HAZE


RELATIVE HUMIDITY (PERCENT)
 HIGHEST    84           600 AM
 LOWEST     48           600 PM
 AVERAGE    66

..........................................................


THE MITCHELL SD CLIMATE NORMALS FOR TODAY
                         NORMAL    RECORD    YEAR
 MAXIMUM TEMPERATURE (F)   50        80      1946
 MINIMUM TEMPERATURE (F)   27        -4      1899


SUNRISE AND SUNSET
MARCH 27 2015.........SUNRISE   723 AM CDT   SUNSET   753 PM CDT
MARCH 28 2015.........SUNRISE   721 AM CDT   SUNSET   754 PM CDT


-  INDICATES NEGATIVE NUMBERS.
R  INDICATES RECORD WAS SET OR TIED.
MM INDICATES DATA IS MISSING.
T  INDICATES TRACE AMOUNT.




$$
