000
CDUS43 KFSD 050722
CLIMHE


CLIMATE REPORT
NATIONAL WEATHER SERVICE SIOUX FALLS SD
222 AM CDT SUN JUL 5 2015


...................................

...THE MITCHELL SD CLIMATE SUMMARY FOR JULY 4 2015...

CLIMATE NORMAL PERIOD 1981 TO 2010
CLIMATE RECORD PERIOD 1893 TO 2015


WEATHER ITEM   OBSERVED TIME   RECORD YEAR NORMAL DEPARTURE LAST
                VALUE   (LST)  VALUE       VALUE  FROM      YEAR
                                                  NORMAL
..................................................................
TEMPERATURE (F)
 YESTERDAY
  MAXIMUM         85    250 PM 115    1936  87     -2       86
  MINIMUM         63    553 AM  42    1915  63      0       64
  AVERAGE         74                        75     -1       75

PRECIPITATION (IN)
  YESTERDAY        0.00          1.72 1987   0.13  -0.13     0.00
  MONTH TO DATE    0.17                      0.51  -0.34     0.01
  SINCE JUN 1      4.08                      4.64  -0.56     4.20
  SINCE JAN 1     11.17                     11.37  -0.20     8.93

SNOWFALL (IN)
  YESTERDAY        0.0           0.0    MM  MM     MM        0.0
  MONTH TO DATE    0.0                      MM     MM        0.0
  SINCE JUN 1      0.0                      MM     MM        0.0
  SINCE JUL 1      0.0                      MM     MM        0.0
  SNOW DEPTH       0

DEGREE DAYS
 HEATING
  YESTERDAY        0                         0      0        0
  MONTH TO DATE    0                         0      0        3
  SINCE JUN 1      3                        35    -32       29
  SINCE JUL 1      0                         0      0        3

 COOLING
  YESTERDAY        9                        10     -1       10
  MONTH TO DATE   23                        38    -15       13
  SINCE JUN 1    220                       208     12      171
  SINCE JAN 1    251                       248      3      249
..................................................................


WIND (MPH)
  HIGHEST WIND SPEED    22   HIGHEST WIND DIRECTION     S (160)
  HIGHEST GUST SPEED    27   HIGHEST GUST DIRECTION     S (160)
  AVERAGE WIND SPEED    11.9


SKY COVER
  POSSIBLE SUNSHINE  MM
  AVERAGE SKY COVER 0.0


WEATHER CONDITIONS
 THE FOLLOWING WEATHER WAS RECORDED YESTERDAY.
  THUNDERSTORM
  FOG


RELATIVE HUMIDITY (PERCENT)
 HIGHEST   100           500 AM
 LOWEST     51           300 PM
 AVERAGE    76

..........................................................


THE MITCHELL SD CLIMATE NORMALS FOR TODAY
                         NORMAL    RECORD    YEAR
 MAXIMUM TEMPERATURE (F)   87       114      1936
 MINIMUM TEMPERATURE (F)   63        42      1915


SUNRISE AND SUNSET
JULY  5 2015..........SUNRISE   556 AM CDT   SUNSET   917 PM CDT
JULY  6 2015..........SUNRISE   557 AM CDT   SUNSET   917 PM CDT


-  INDICATES NEGATIVE NUMBERS.
R  INDICATES RECORD WAS SET OR TIED.
MM INDICATES DATA IS MISSING.
T  INDICATES TRACE AMOUNT.




$$
