000
CDUS43 KFSD 230726
CLIMHE


CLIMATE REPORT
NATIONAL WEATHER SERVICE SIOUX FALLS SD
225 AM CDT TUE SEP 23 2014


...................................

...THE MITCHELL SD CLIMATE SUMMARY FOR SEPTEMBER 22 2014...

CLIMATE NORMAL PERIOD 1981 TO 2010
CLIMATE RECORD PERIOD 1893 TO 2014


WEATHER ITEM   OBSERVED TIME   RECORD YEAR NORMAL DEPARTURE LAST
                VALUE   (LST)  VALUE       VALUE  FROM      YEAR
                                                  NORMAL
..................................................................
TEMPERATURE (F)
 YESTERDAY
  MAXIMUM         78    341 PM  98    1936  73      5       87
  MINIMUM         41    618 AM  28    1913  47     -6       58
  AVERAGE         60                        60      0       73

PRECIPITATION (IN)
  YESTERDAY        0.00          1.65 1968   0.08  -0.08     0.00
  MONTH TO DATE    0.88                      1.73  -0.85     1.18
  SINCE SEP 1      0.88                      1.73  -0.85     1.18
  SINCE JAN 1     15.98                     18.08  -2.10    19.67

SNOWFALL (IN)
  YESTERDAY        0.0           0.0    MM  MM     MM        0.0
  MONTH TO DATE    0.0                      MM     MM        0.0
  SINCE SEP 1      0.0                      MM     MM        0.0
  SINCE JUL 1      0.0                      MM     MM        0.0
  SNOW DEPTH       0

DEGREE DAYS
 HEATING
  YESTERDAY        5                         6     -1        0
  MONTH TO DATE  114                        77     37       29
  SINCE SEP 1    114                        77     37       29
  SINCE JUL 1    126                        94     32       52

 COOLING
  YESTERDAY        0                         1     -1        8
  MONTH TO DATE   40                        65    -25      138
  SINCE SEP 1     40                        65    -25      138
  SINCE JAN 1    686                       810   -124      919
..................................................................


WIND (MPH)
  HIGHEST WIND SPEED    17   HIGHEST WIND DIRECTION     S (160)
  HIGHEST GUST SPEED    23   HIGHEST GUST DIRECTION     S (160)
  AVERAGE WIND SPEED     9.3


SKY COVER
  POSSIBLE SUNSHINE  MM
  AVERAGE SKY COVER 0.1


WEATHER CONDITIONS
 THE FOLLOWING WEATHER WAS RECORDED YESTERDAY.
  NO SIGNIFICANT WEATHER WAS OBSERVED.


RELATIVE HUMIDITY (PERCENT)
 HIGHEST   100           400 AM
 LOWEST     36           300 PM
 AVERAGE    68

..........................................................


THE MITCHELL SD CLIMATE NORMALS FOR TODAY
                         NORMAL    RECORD    YEAR
 MAXIMUM TEMPERATURE (F)   73       104      1935
 MINIMUM TEMPERATURE (F)   46        27      2012


SUNRISE AND SUNSET
SEPTEMBER 23 2014.....SUNRISE   720 AM CDT   SUNSET   728 PM CDT
SEPTEMBER 24 2014.....SUNRISE   722 AM CDT   SUNSET   726 PM CDT


-  INDICATES NEGATIVE NUMBERS.
R  INDICATES RECORD WAS SET OR TIED.
MM INDICATES DATA IS MISSING.
T  INDICATES TRACE AMOUNT.




$$
