000
CDUS43 KTOP 302133
CLIMHK


CLIMATE REPORT
NATIONAL WEATHER SERVICE TOPEKA KS
433 PM CDT SAT APR 30 2016


...................................

...THE MANHATTAN KS CLIMATE SUMMARY FOR APRIL 30 2016...
VALID TODAY AS OF 0400 PM LOCAL TIME.

CLIMATE NORMAL PERIOD 1981 TO 2010
CLIMATE RECORD PERIOD 9999 TO 9999


WEATHER ITEM   OBSERVED NORMAL DEPARTURE LAST
                VALUE   VALUE  FROM      YEAR
                               NORMAL
...............................................
TEMPERATURE (F)
 TODAY
  MAXIMUM         63     71     -8       76
  MINIMUM         51     46      5       37
  AVERAGE         57     58     -1       57

PRECIPITATION (IN)
  TODAY            0.14   0.14   0.00     0.00
  MONTH TO DATE    7.92   2.80   5.12     2.52
  SINCE MAR 1      8.42   5.00   3.42     2.78
  SINCE JAN 1      9.40   6.72   2.68     4.24

DEGREE DAYS
 HEATING
  TODAY            8      7      1        8
  MONTH TO DATE  231    346   -115      244
  SINCE MAR 1    704   1021   -317      825
  SINCE JUL 1   4001   5181  -1180     5019

 COOLING
  TODAY            0      1     -1        0
  MONTH TO DATE   19     15      4        6
  SINCE MAR 1     28     17     11        8
  SINCE JAN 1     28     17     11        8
...............................................


WIND (MPH)
  HIGHEST WIND SPEED    16   HIGHEST WIND DIRECTION    SW (240)
  HIGHEST GUST SPEED    23   HIGHEST GUST DIRECTION    SW (230)
  AVERAGE WIND SPEED     8.6



WEATHER CONDITIONS
 THE FOLLOWING WEATHER WAS RECORDED TODAY.
  LIGHT RAIN
  FOG


RELATIVE HUMIDITY (PERCENT)
 HIGHEST    89
 LOWEST     52
 AVERAGE    71

..........................................................


THE MANHATTAN KS CLIMATE NORMALS FOR TOMORROW
                         NORMAL
 MAXIMUM TEMPERATURE (F)   71
 MINIMUM TEMPERATURE (F)   46


SUNRISE AND SUNSET
APRIL 30 2016.........SUNRISE   629 AM CDT   SUNSET   819 PM CDT
MAY  1 2016...........SUNRISE   628 AM CDT   SUNSET   820 PM CDT


-  INDICATES NEGATIVE NUMBERS.
R  INDICATES RECORD WAS SET OR TIED.
MM INDICATES DATA IS MISSING.
T  INDICATES TRACE AMOUNT.




$$
