000
CDUS43 KTOP 222131
CLIMHK


CLIMATE REPORT
NATIONAL WEATHER SERVICE TOPEKA KS
431 PM CDT WED MAR 22 2017


...................................

...THE MANHATTAN KS CLIMATE SUMMARY FOR MARCH 22 2017...
VALID TODAY AS OF 0400 PM LOCAL TIME.

CLIMATE NORMAL PERIOD 1981 TO 2010
CLIMATE RECORD PERIOD 9999 TO 9999


WEATHER ITEM   OBSERVED NORMAL DEPARTURE LAST
                VALUE   VALUE  FROM      YEAR
                               NORMAL
...............................................
TEMPERATURE (F)
 TODAY
  MAXIMUM         61     59      2       79
  MINIMUM         39     32      7       51
  AVERAGE         50     46      4       65

PRECIPITATION (IN)
  TODAY            0.00   0.06  -0.06     0.00
  MONTH TO DATE    0.11   1.61  -1.50     0.23
  SINCE MAR 1      0.11   1.61  -1.50     0.23
  SINCE JAN 1      1.91   3.33  -1.42     1.21

DEGREE DAYS
 HEATING
  TODAY           15     19     -4        0
  MONTH TO DATE  384    519   -135      337
  SINCE MAR 1    384    519   -135      337
  SINCE JUL 1   3668   4679  -1011     3634

 COOLING
  TODAY            0      0      0        0
  MONTH TO DATE    6      0      6        5
  SINCE MAR 1      6      0      6        5
  SINCE JAN 1      6      0      6        5
...............................................


WIND (MPH)
  HIGHEST WIND SPEED    18   HIGHEST WIND DIRECTION    SE (130)
  HIGHEST GUST SPEED    24   HIGHEST GUST DIRECTION    NE (60)
  AVERAGE WIND SPEED    13.1



WEATHER CONDITIONS
 THE FOLLOWING WEATHER WAS RECORDED TODAY.
  NO SIGNIFICANT WEATHER WAS OBSERVED.


RELATIVE HUMIDITY (PERCENT)
 HIGHEST    54
 LOWEST     22
 AVERAGE    38

..........................................................


THE MANHATTAN KS CLIMATE NORMALS FOR TOMORROW
                         NORMAL
 MAXIMUM TEMPERATURE (F)   60
 MINIMUM TEMPERATURE (F)   33


SUNRISE AND SUNSET
MARCH 22 2017.........SUNRISE   727 AM CDT   SUNSET   741 PM CDT
MARCH 23 2017.........SUNRISE   725 AM CDT   SUNSET   742 PM CDT


-  INDICATES NEGATIVE NUMBERS.
R  INDICATES RECORD WAS SET OR TIED.
MM INDICATES DATA IS MISSING.
T  INDICATES TRACE AMOUNT.




$$
