000
CDUS43 KTOP 262133
CLIMHK


CLIMATE REPORT
NATIONAL WEATHER SERVICE TOPEKA KS
432 PM CDT FRI MAY 26 2017


...................................

...THE MANHATTAN KS CLIMATE SUMMARY FOR MAY 26 2017...
VALID TODAY AS OF 0400 PM LOCAL TIME.

CLIMATE NORMAL PERIOD 1981 TO 2010
CLIMATE RECORD PERIOD 9999 TO 9999


WEATHER ITEM   OBSERVED NORMAL DEPARTURE LAST
                VALUE   VALUE  FROM      YEAR
                               NORMAL
...............................................
TEMPERATURE (F)
 TODAY
  MAXIMUM         84     79      5       85
  MINIMUM         57     55      2       60
  AVERAGE         71     67      4       73

PRECIPITATION (IN)
  TODAY            0.06   0.16  -0.10     1.75
  MONTH TO DATE    2.58   3.61  -1.03     4.95
  SINCE MAR 1     11.31   8.61   2.70    13.37
  SINCE JAN 1     13.11  10.33   2.78    14.35

DEGREE DAYS
 HEATING
  TODAY            0      2     -2        0
  MONTH TO DATE   94    116    -22      114
  SINCE MAR 1    885   1137   -252      818
  SINCE JUL 1   4169   5297  -1128     4115

 COOLING
  TODAY            6      4      2        8
  MONTH TO DATE   76     60     16       54
  SINCE MAR 1    120     77     43       82
  SINCE JAN 1    120     77     43       82
...............................................


WIND (MPH)
  HIGHEST WIND SPEED    24   HIGHEST WIND DIRECTION    SE (140)
  HIGHEST GUST SPEED    30   HIGHEST GUST DIRECTION    SE (140)
  AVERAGE WIND SPEED     5.3



WEATHER CONDITIONS
 THE FOLLOWING WEATHER WAS RECORDED TODAY.
  THUNDERSTORM
  RAIN
  LIGHT RAIN
  FOG


RELATIVE HUMIDITY (PERCENT)
 HIGHEST   100
 LOWEST     48
 AVERAGE    74

..........................................................


THE MANHATTAN KS CLIMATE NORMALS FOR TOMORROW
                         NORMAL
 MAXIMUM TEMPERATURE (F)   80
 MINIMUM TEMPERATURE (F)   55


SUNRISE AND SUNSET
MAY 26 2017...........SUNRISE   605 AM CDT   SUNSET   843 PM CDT
MAY 27 2017...........SUNRISE   605 AM CDT   SUNSET   843 PM CDT


-  INDICATES NEGATIVE NUMBERS.
R  INDICATES RECORD WAS SET OR TIED.
MM INDICATES DATA IS MISSING.
T  INDICATES TRACE AMOUNT.




$$
