000
CDUS43 KTOP 192138
CLIMHK


CLIMATE REPORT
NATIONAL WEATHER SERVICE TOPEKA KS
436 PM CDT TUE SEP 19 2017


...................................

...THE MANHATTAN KS CLIMATE SUMMARY FOR SEPTEMBER 19 2017...
VALID TODAY AS OF 0400 PM LOCAL TIME.

CLIMATE NORMAL PERIOD 1981 TO 2010
CLIMATE RECORD PERIOD 9999 TO 9999


WEATHER ITEM   OBSERVED NORMAL DEPARTURE LAST
                VALUE   VALUE  FROM      YEAR
                               NORMAL
...............................................
TEMPERATURE (F)
 TODAY
  MAXIMUM         96     80     16       94
  MINIMUM         67     53     14       63
  AVERAGE         82     66     16       79

PRECIPITATION (IN)
  TODAY            0.00   0.10  -0.10     0.00
  MONTH TO DATE    0.31   2.20  -1.89     2.33
  SINCE SEP 1      0.31   2.20  -1.89     2.33
  SINCE JAN 1     23.87  26.74  -2.87    29.49

DEGREE DAYS
 HEATING
  TODAY            0      3     -3        0
  MONTH TO DATE    9     21    -12        2
  SINCE SEP 1      9     21    -12        2
  SINCE JUL 1      9     24    -15        2

 COOLING
  TODAY           17      4     13       14
  MONTH TO DATE  144    121     23      169
  SINCE SEP 1    144    121     23      169
  SINCE JAN 1   1399   1304     95     1625
...............................................


WIND (MPH)
  HIGHEST WIND SPEED    28   HIGHEST WIND DIRECTION     S (180)
  HIGHEST GUST SPEED    37   HIGHEST GUST DIRECTION     S (160)
  AVERAGE WIND SPEED    11.3



WEATHER CONDITIONS
 THE FOLLOWING WEATHER WAS RECORDED TODAY.
  NO SIGNIFICANT WEATHER WAS OBSERVED.


RELATIVE HUMIDITY (PERCENT)
 HIGHEST    93
 LOWEST     43
 AVERAGE    68

..........................................................


THE MANHATTAN KS CLIMATE NORMALS FOR TOMORROW
                         NORMAL
 MAXIMUM TEMPERATURE (F)   79
 MINIMUM TEMPERATURE (F)   53


SUNRISE AND SUNSET
SEPTEMBER 19 2017.....SUNRISE   712 AM CDT   SUNSET   728 PM CDT
SEPTEMBER 20 2017.....SUNRISE   713 AM CDT   SUNSET   726 PM CDT


-  INDICATES NEGATIVE NUMBERS.
R  INDICATES RECORD WAS SET OR TIED.
MM INDICATES DATA IS MISSING.
T  INDICATES TRACE AMOUNT.




$$
