000
CDUS43 KTOP 290632
CLIMHK


CLIMATE REPORT
NATIONAL WEATHER SERVICE TOPEKA KS
131 AM CDT TUE JUL 29 2014


...................................

...THE MANHATTAN KS CLIMATE SUMMARY FOR JULY 28 2014...

CLIMATE NORMAL PERIOD 1981 TO 2010
CLIMATE RECORD PERIOD 9999 TO 9999


WEATHER ITEM   OBSERVED NORMAL DEPARTURE LAST
                VALUE   VALUE  FROM      YEAR
                               NORMAL
...............................................
TEMPERATURE (F)
 YESTERDAY
  MAXIMUM         86     92     -6       68
  MINIMUM         60     67     -7       60
  AVERAGE         73     79     -6       64

PRECIPITATION (IN)
  YESTERDAY        0.00   0.12  -0.12     0.39
  MONTH TO DATE    0.45   3.63  -3.18     2.25
  SINCE JUN 1      7.27   8.72  -1.45     5.43
  SINCE JAN 1     13.12  19.92  -6.80    15.04

DEGREE DAYS
 HEATING
  YESTERDAY        0      0      0        1
  MONTH TO DATE    1      0      1        3
  SINCE JUN 1      1     11    -10       12
  SINCE JUL 1      1      0      1        3

 COOLING
  YESTERDAY        8     14     -6        0
  MONTH TO DATE  367    393    -26      371
  SINCE JUN 1    672    663      9      689
  SINCE JAN 1    875    763    112      825
...............................................


WIND (MPH)
  HIGHEST WIND SPEED    15   HIGHEST WIND DIRECTION     N (20)
  HIGHEST GUST SPEED    21   HIGHEST GUST DIRECTION    NE (30)
  AVERAGE WIND SPEED     5.0


SKY COVER
  AVERAGE SKY COVER 0.1


WEATHER CONDITIONS
 THE FOLLOWING WEATHER WAS RECORDED YESTERDAY.
  NO SIGNIFICANT WEATHER WAS OBSERVED.


RELATIVE HUMIDITY (PERCENT)
 HIGHEST    84
 LOWEST     34
 AVERAGE    59

..........................................................


THE MANHATTAN KS CLIMATE NORMALS FOR TODAY
                         NORMAL
 MAXIMUM TEMPERATURE (F)   92
 MINIMUM TEMPERATURE (F)   67


SUNRISE AND SUNSET
JULY 29 2014..........SUNRISE   624 AM CDT   SUNSET   841 PM CDT
JULY 30 2014..........SUNRISE   625 AM CDT   SUNSET   840 PM CDT


-  INDICATES NEGATIVE NUMBERS.
R  INDICATES RECORD WAS SET OR TIED.
MM INDICATES DATA IS MISSING.
T  INDICATES TRACE AMOUNT.




$$
