000
CDUS43 KTOP 282132
CLIMHK


CLIMATE REPORT
NATIONAL WEATHER SERVICE TOPEKA KS
432 PM CDT THU AUG 28 2014


...................................

...THE MANHATTAN KS CLIMATE SUMMARY FOR AUGUST 28 2014...
VALID TODAY AS OF 0400 PM LOCAL TIME.

CLIMATE NORMAL PERIOD 1981 TO 2010
CLIMATE RECORD PERIOD 9999 TO 9999


WEATHER ITEM   OBSERVED NORMAL DEPARTURE LAST
                VALUE   VALUE  FROM      YEAR
                               NORMAL
...............................................
TEMPERATURE (F)
 TODAY
  MAXIMUM         80     87     -7       93
  MINIMUM         74     62     12       64
  AVERAGE         77     75      2       79

PRECIPITATION (IN)
  TODAY            0.14   0.16  -0.02     0.00
  MONTH TO DATE    2.19   3.79  -1.60     4.10
  SINCE JUN 1      9.86  12.85  -2.99    11.61
  SINCE JAN 1     15.71  24.05  -8.34    21.22

DEGREE DAYS
 HEATING
  TODAY            0      0      0        0
  MONTH TO DATE    0      0      0        0
  SINCE JUN 1      1     12    -11       12
  SINCE JUL 1      1      1      0        3

 COOLING
  TODAY           12     10      2       14
  MONTH TO DATE  437    349     88      321
  SINCE JUN 1   1130   1055     75     1032
  SINCE JAN 1   1333   1155    178     1168
...............................................


WIND (MPH)
  HIGHEST WIND SPEED    16   HIGHEST WIND DIRECTION    SW (230)
  HIGHEST GUST SPEED    23   HIGHEST GUST DIRECTION    SW (240)
  AVERAGE WIND SPEED     6.7



WEATHER CONDITIONS
 THE FOLLOWING WEATHER WAS RECORDED TODAY.
  THUNDERSTORM
  RAIN
  LIGHT RAIN
  FOG


RELATIVE HUMIDITY (PERCENT)
 HIGHEST    87
 LOWEST     67
 AVERAGE    77

..........................................................


THE MANHATTAN KS CLIMATE NORMALS FOR TOMORROW
                         NORMAL
 MAXIMUM TEMPERATURE (F)   87
 MINIMUM TEMPERATURE (F)   62


SUNRISE AND SUNSET
AUGUST 28 2014........SUNRISE   652 AM CDT   SUNSET   803 PM CDT
AUGUST 29 2014........SUNRISE   653 AM CDT   SUNSET   802 PM CDT


-  INDICATES NEGATIVE NUMBERS.
R  INDICATES RECORD WAS SET OR TIED.
MM INDICATES DATA IS MISSING.
T  INDICATES TRACE AMOUNT.




$$
