000
CDUS43 KTOP 130633
CLIMHK


CLIMATE REPORT
NATIONAL WEATHER SERVICE TOPEKA KS
1231 AM CST SAT FEB 13 2016


...................................

...THE MANHATTAN KS CLIMATE SUMMARY FOR FEBRUARY 12 2016...

CLIMATE NORMAL PERIOD 1981 TO 2010
CLIMATE RECORD PERIOD 9999 TO 9999


WEATHER ITEM   OBSERVED NORMAL DEPARTURE LAST
                VALUE   VALUE  FROM      YEAR
                               NORMAL
...............................................
TEMPERATURE (F)
 YESTERDAY
  MAXIMUM         38     44     -6       31
  MINIMUM         23     20      3       12
  AVERAGE         31     32     -1       22

PRECIPITATION (IN)
  YESTERDAY        0.00   0.04  -0.04     0.00
  MONTH TO DATE    0.39   0.43  -0.04     0.22
  SINCE DEC 1      4.04   2.10   1.94     3.36
  SINCE JAN 1      0.95   1.08  -0.13     1.14

DEGREE DAYS
 HEATING
  YESTERDAY       34     33      1       43
  MONTH TO DATE  368    407    -39      388
  SINCE DEC 1   2190   2598   -408     2398
  SINCE JUL 1   2929   3673   -744     3535

 COOLING
  YESTERDAY        0      0      0        0
  MONTH TO DATE    0      0      0        0
  SINCE DEC 1      0      0      0        0
  SINCE JAN 1      0      0      0        0
...............................................


WIND (MPH)
  HIGHEST WIND SPEED    16   HIGHEST WIND DIRECTION    NE (50)
  HIGHEST GUST SPEED    21   HIGHEST GUST DIRECTION     N (10)
  AVERAGE WIND SPEED     8.5


SKY COVER
  AVERAGE SKY COVER 0.7


WEATHER CONDITIONS
 THE FOLLOWING WEATHER WAS RECORDED YESTERDAY.
  FOG


RELATIVE HUMIDITY (PERCENT)
 HIGHEST    88
 LOWEST     49
 AVERAGE    69

..........................................................


THE MANHATTAN KS CLIMATE NORMALS FOR TODAY
                         NORMAL
 MAXIMUM TEMPERATURE (F)   45
 MINIMUM TEMPERATURE (F)   20


SUNRISE AND SUNSET
FEBRUARY 13 2016......SUNRISE   721 AM CST   SUNSET   601 PM CST
FEBRUARY 14 2016......SUNRISE   720 AM CST   SUNSET   602 PM CST


-  INDICATES NEGATIVE NUMBERS.
R  INDICATES RECORD WAS SET OR TIED.
MM INDICATES DATA IS MISSING.
T  INDICATES TRACE AMOUNT.




$$
