000
CDUS43 KTOP 260637
CLIMHK


CLIMATE REPORT
NATIONAL WEATHER SERVICE TOPEKA KS
136 AM CDT THU MAY 26 2016


...................................

...THE MANHATTAN KS CLIMATE SUMMARY FOR MAY 25 2016...

CLIMATE NORMAL PERIOD 1981 TO 2010
CLIMATE RECORD PERIOD 9999 TO 9999


WEATHER ITEM   OBSERVED NORMAL DEPARTURE LAST
                VALUE   VALUE  FROM      YEAR
                               NORMAL
...............................................
TEMPERATURE (F)
 YESTERDAY
  MAXIMUM         83     79      4       82
  MINIMUM         60     54      6       56
  AVERAGE         72     67      5       69

PRECIPITATION (IN)
  YESTERDAY        0.52   0.16   0.36     0.48
  MONTH TO DATE    3.20   3.45  -0.25     8.99
  SINCE MAR 1     11.62   8.45   3.17    11.77
  SINCE JAN 1     12.60  10.17   2.43    13.23

DEGREE DAYS
 HEATING
  YESTERDAY        0      2     -2        0
  MONTH TO DATE  114    114      0      101
  SINCE MAR 1    818   1135   -317      926
  SINCE JUL 1   4115   5295  -1180     5120

 COOLING
  YESTERDAY        7      4      3        4
  MONTH TO DATE   46     56    -10       58
  SINCE MAR 1     74     73      1       66
  SINCE JAN 1     74     73      1       66
...............................................


WIND (MPH)
  HIGHEST WIND SPEED    32   HIGHEST WIND DIRECTION    SW (240)
  HIGHEST GUST SPEED    48   HIGHEST GUST DIRECTION     W (270)
  AVERAGE WIND SPEED     7.1


SKY COVER
  AVERAGE SKY COVER 0.6


WEATHER CONDITIONS
 THE FOLLOWING WEATHER WAS RECORDED YESTERDAY.
  THUNDERSTORM
  HEAVY RAIN
  RAIN
  LIGHT RAIN
  FOG
  HAZE


RELATIVE HUMIDITY (PERCENT)
 HIGHEST    93
 LOWEST     65
 AVERAGE    79

..........................................................


THE MANHATTAN KS CLIMATE NORMALS FOR TODAY
                         NORMAL
 MAXIMUM TEMPERATURE (F)   79
 MINIMUM TEMPERATURE (F)   55


SUNRISE AND SUNSET
MAY 26 2016...........SUNRISE   605 AM CDT   SUNSET   843 PM CDT
MAY 27 2016...........SUNRISE   605 AM CDT   SUNSET   844 PM CDT


-  INDICATES NEGATIVE NUMBERS.
R  INDICATES RECORD WAS SET OR TIED.
MM INDICATES DATA IS MISSING.
T  INDICATES TRACE AMOUNT.




$$
