000
CDUS46 KMFR 300837
CLIMHS


CLIMATE REPORT
NATIONAL WEATHER SERVICE MEDFORD, OR
136 AM PDT WED JUL 30 2014


...................................

...THE MT SHASTA CITY CA CLIMATE SUMMARY FOR JULY 29 2014...

CLIMATE NORMAL PERIOD 1981 TO 2010
CLIMATE RECORD PERIOD 1908 TO 2014


WEATHER ITEM   OBSERVED TIME   RECORD YEAR NORMAL DEPARTURE LAST
                VALUE   (LST)  VALUE       VALUE  FROM      YEAR
                                                  NORMAL
..................................................................
TEMPERATURE (F)
 YESTERDAY
  MAXIMUM         99R   253 PM  99    2009  88     11       86
  MINIMUM         54    525 AM  36    1919  50      4       49
  AVERAGE         77                        69      8       68

PRECIPITATION (IN)
  YESTERDAY        0.00          0.04 1997   0.01  -0.01     0.00
  MONTH TO DATE    0.24                      0.37  -0.13     0.10
  SINCE SEP 1     14.89                     42.85 -27.96    27.88
  SINCE JAN 1     12.07                     26.97 -14.90     7.18

SNOWFALL (IN)
  YESTERDAY       MM                         0.0   MM       MM
  MONTH TO DATE   MM                         0.0   MM       MM
  SINCE JUL 1     MM                         0.0   MM       MM
  SNOW DEPTH      MM

DEGREE DAYS
 HEATING
  YESTERDAY        0                         1     -1        0
  MONTH TO DATE    1                        35    -34        0
  SINCE JUN 1     57                       177   -120       87
  SINCE JUL 1      1                        35    -34        0

 COOLING
  YESTERDAY       12                         4      8        3
  MONTH TO DATE  269                       116    153      218
  SINCE JUN 1    327                       153    174      317
  SINCE JAN 1    336                       161    175      326
..................................................................


WIND (MPH)
  HIGHEST WIND SPEED     8   HIGHEST WIND DIRECTION     N (10)
  HIGHEST GUST SPEED    17   HIGHEST GUST DIRECTION     N (340)
  AVERAGE WIND SPEED     1.3


SKY COVER
  POSSIBLE SUNSHINE  MM
  AVERAGE SKY COVER 0.0


WEATHER CONDITIONS
 THE FOLLOWING WEATHER WAS RECORDED YESTERDAY.
  NO SIGNIFICANT WEATHER WAS OBSERVED.


RELATIVE HUMIDITY (PERCENT)
 HIGHEST    66           400 AM
 LOWEST     14           300 PM

..........................................................


THE MT SHASTA CITY CA CLIMATE NORMALS FOR TODAY
                         NORMAL    RECORD    YEAR
 MAXIMUM TEMPERATURE (F)   88        98      2003
 MINIMUM TEMPERATURE (F)   50        37      1919


SUNRISE AND SUNSET
JULY 30 2014..........SUNRISE   603 AM PDT   SUNSET   828 PM PDT
JULY 31 2014..........SUNRISE   604 AM PDT   SUNSET   827 PM PDT


-  INDICATES NEGATIVE NUMBERS.
R  INDICATES RECORD WAS SET OR TIED.
MM INDICATES DATA IS MISSING.
T  INDICATES TRACE AMOUNT.




$$
