000
CDUS46 KMFR 250037
CLIMHS


CLIMATE REPORT
NATIONAL WEATHER SERVICE MEDFORD, OR
537 PM PDT SUN SEP 24 2017


...................................

...THE MT SHASTA CITY CA CLIMATE SUMMARY FOR SEPTEMBER 24 2017...
VALID TODAY AS OF 0500 PM LOCAL TIME.

CLIMATE NORMAL PERIOD 1981 TO 2010
CLIMATE RECORD PERIOD 1908 TO 2017


WEATHER ITEM   OBSERVED TIME   RECORD YEAR NORMAL DEPARTURE LAST
                VALUE   (LST)  VALUE       VALUE  FROM      YEAR
                                                  NORMAL
..................................................................
TEMPERATURE (F)
 TODAY
  MAXIMUM         70    259 PM  91    2009  76     -6       76
                                      1964
  MINIMUM         34    555 AM  26    1929  41     -7       42
  AVERAGE         52                        59     -7       59

PRECIPITATION (IN)
  TODAY            0.00          1.16 2014   0.03  -0.03     0.00
  MONTH TO DATE    0.28                      0.50  -0.22     0.08
  SINCE OCT 1     60.15                     43.04  17.11    42.39
  SINCE JAN 1     38.99                     27.83  11.16    32.90

SNOWFALL (IN)
  TODAY           MM                         0.0   MM       MM
  MONTH TO DATE   MM                         0.0   MM       MM
  SINCE JUL 1     MM                         0.0   MM       MM
  SNOW DEPTH      MM

DEGREE DAYS
 HEATING
  TODAY           13                         7      6        6
  MONTH TO DATE  120                       115      5       93
  SINCE SEP 1    120                       115      5       93
  SINCE JUL 1    120                       190    -70      108

 COOLING
  TODAY            0                         1     -1        0
  MONTH TO DATE  100                        25     75       21
  SINCE SEP 1    100                        25     75       21
  SINCE JAN 1    700                       285    415      499
..................................................................


WIND (MPH)
  HIGHEST WIND SPEED     9   HIGHEST WIND DIRECTION    NW (310)
  HIGHEST GUST SPEED    17   HIGHEST GUST DIRECTION     N (340)
  AVERAGE WIND SPEED     2.7


SKY COVER
  POSSIBLE SUNSHINE  MM
  AVERAGE SKY COVER 0.0


WEATHER CONDITIONS
 THE FOLLOWING WEATHER WAS RECORDED TODAY.
  NO SIGNIFICANT WEATHER WAS OBSERVED.


RELATIVE HUMIDITY (PERCENT)
 HIGHEST    89           300 AM
 LOWEST     28           100 PM

..........................................................


THE MT SHASTA CITY CA CLIMATE NORMALS FOR TOMORROW
                         NORMAL    RECORD    YEAR
 MAXIMUM TEMPERATURE (F)   75        92      1952
 MINIMUM TEMPERATURE (F)   41        19      1929
                                             1984


SUNRISE AND SUNSET
SEPTEMBER 24 2017.....SUNRISE   659 AM PDT   SUNSET   702 PM PDT
SEPTEMBER 25 2017.....SUNRISE   700 AM PDT   SUNSET   701 PM PDT


-  INDICATES NEGATIVE NUMBERS.
R  INDICATES RECORD WAS SET OR TIED.
MM INDICATES DATA IS MISSING.
T  INDICATES TRACE AMOUNT.




$$
