000
CDUS46 KMFR 170839
CLIMHS


CLIMATE REPORT
NATIONAL WEATHER SERVICE MEDFORD, OR
139 AM PDT THU APR 17 2014


...................................

...THE MT SHASTA CITY CA CLIMATE SUMMARY FOR APRIL 16 2014...

CLIMATE NORMAL PERIOD 1981 TO 2010
CLIMATE RECORD PERIOD 1908 TO 2014


WEATHER ITEM   OBSERVED TIME   RECORD YEAR NORMAL DEPARTURE LAST
                VALUE   (LST)  VALUE       VALUE  FROM      YEAR
                                                  NORMAL
..................................................................
TEMPERATURE (F)
 YESTERDAY
  MAXIMUM         68    331 PM  81    1947  61      7       50
  MINIMUM         41    544 AM  16    1963  33      8       32
  AVERAGE         55                        47      8       41

PRECIPITATION (IN)
  YESTERDAY        0.00          1.94 1996   0.09  -0.09     0.02
  MONTH TO DATE    0.54                      1.70  -1.16     0.77
  SINCE SEP 1     13.77                     37.83 -24.06    26.21
  SINCE JAN 1     10.95                     21.95 -11.00     5.51

SNOWFALL (IN)
  YESTERDAY       MM                         0.2   MM       MM
  MONTH TO DATE   MM                         4.0   MM       MM
  SINCE JUL 1      0.0                      90.1  -90.1     MM
  SNOW DEPTH      MM

DEGREE DAYS
 HEATING
  YESTERDAY       10                        18     -8       24
  MONTH TO DATE  212                       308    -96      282
  SINCE MAR 1    816                      1012   -196      897
  SINCE JUL 1   4432                      4987   -555     4615

 COOLING
  YESTERDAY        0                         0      0        0
  MONTH TO DATE    0                         0      0        0
  SINCE MAR 1      0                         0      0        0
  SINCE JAN 1      0                         0      0        0
..................................................................


WIND (MPH)
  HIGHEST WIND SPEED    15   HIGHEST WIND DIRECTION     N (10)
  HIGHEST GUST SPEED    25   HIGHEST GUST DIRECTION     N (10)
  AVERAGE WIND SPEED     6.7


SKY COVER
  POSSIBLE SUNSHINE  MM
  AVERAGE SKY COVER 0.0


WEATHER CONDITIONS
 THE FOLLOWING WEATHER WAS RECORDED YESTERDAY.
  NO SIGNIFICANT WEATHER WAS OBSERVED.


RELATIVE HUMIDITY (PERCENT)
 HIGHEST    60           500 AM
 LOWEST     26           300 PM

..........................................................


THE MT SHASTA CITY CA CLIMATE NORMALS FOR TODAY
                         NORMAL    RECORD    YEAR
 MAXIMUM TEMPERATURE (F)   61        80      1939
 MINIMUM TEMPERATURE (F)   33        19      1927


SUNRISE AND SUNSET
APRIL 17 2014.........SUNRISE   627 AM PDT   SUNSET   752 PM PDT
APRIL 18 2014.........SUNRISE   625 AM PDT   SUNSET   753 PM PDT


-  INDICATES NEGATIVE NUMBERS.
R  INDICATES RECORD WAS SET OR TIED.
MM INDICATES DATA IS MISSING.
T  INDICATES TRACE AMOUNT.




$$
