000
CDUS46 KMFR 160837
CLIMHS


CLIMATE REPORT
NATIONAL WEATHER SERVICE MEDFORD, OR
1237 AM PST MON JAN 16 2017


...................................

...THE MT SHASTA CITY CA CLIMATE SUMMARY FOR JANUARY 15 2017...

CLIMATE NORMAL PERIOD 1981 TO 2010
CLIMATE RECORD PERIOD 1908 TO 2017


WEATHER ITEM   OBSERVED TIME   RECORD YEAR NORMAL DEPARTURE LAST
                VALUE   (LST)  VALUE       VALUE  FROM      YEAR
                                                  NORMAL
..................................................................
TEMPERATURE (F)
 YESTERDAY
  MAXIMUM         43    218 PM  60    1981  45     -2       38
  MINIMUM         24   1257 AM  -2    1950  26     -2       22
  AVERAGE         34                        36     -2       30

PRECIPITATION (IN)
  YESTERDAY        0.00          5.07 1974   0.23  -0.23     0.06
  MONTH TO DATE    7.11                      3.60   3.51     4.86
  SINCE OCT 1     28.27                     18.81   9.46    14.35
  SINCE JAN 1      7.11                      3.60   3.51     4.86

SNOWFALL (IN)
  YESTERDAY       MM                         0.6   MM       MM
  MONTH TO DATE   MM                        11.2   MM       MM
  SINCE JUL 1     MM                        43.9   MM       MM
  SNOW DEPTH      MM

DEGREE DAYS
 HEATING
  YESTERDAY       31                        29      2       35
  MONTH TO DATE  504                       445     59      458
  SINCE DEC 1   1486                      1370    116     1373
  SINCE JUL 1   2671                      2767    -96     2505

 COOLING
  YESTERDAY        0                         0      0        0
  MONTH TO DATE    0                         0      0        0
  SINCE DEC 1      0                         0      0        0
  SINCE JAN 1      0                         0      0        0
..................................................................


WIND (MPH)
  HIGHEST WIND SPEED    10   HIGHEST WIND DIRECTION     N (340)
  HIGHEST GUST SPEED    19   HIGHEST GUST DIRECTION    NW (330)
  AVERAGE WIND SPEED     3.0


SKY COVER
  POSSIBLE SUNSHINE  MM
  AVERAGE SKY COVER 0.0


WEATHER CONDITIONS
 THE FOLLOWING WEATHER WAS RECORDED YESTERDAY.
  FOG
  HAZE


RELATIVE HUMIDITY (PERCENT)
 HIGHEST    88          1200 AM
 LOWEST     51           100 PM

..........................................................


THE MT SHASTA CITY CA CLIMATE NORMALS FOR TODAY
                         NORMAL    RECORD    YEAR
 MAXIMUM TEMPERATURE (F)   45        64      1961
 MINIMUM TEMPERATURE (F)   26         0      1917


SUNRISE AND SUNSET
JANUARY 16 2017.......SUNRISE   732 AM PST   SUNSET   507 PM PST
JANUARY 17 2017.......SUNRISE   732 AM PST   SUNSET   508 PM PST


-  INDICATES NEGATIVE NUMBERS.
R  INDICATES RECORD WAS SET OR TIED.
MM INDICATES DATA IS MISSING.
T  INDICATES TRACE AMOUNT.




$$
