000
CDUS46 KMFR 080842
CLIMHS


CLIMATE REPORT
NATIONAL WEATHER SERVICE MEDFORD, OR
1241 AM PST THU DEC 8 2016


...................................

...THE MT SHASTA CITY CA CLIMATE SUMMARY FOR DECEMBER 7 2016...

CLIMATE NORMAL PERIOD 1981 TO 2010
CLIMATE RECORD PERIOD 1908 TO 2016


WEATHER ITEM   OBSERVED TIME   RECORD YEAR NORMAL DEPARTURE LAST
                VALUE   (LST)  VALUE       VALUE  FROM      YEAR
                                                  NORMAL
..................................................................
TEMPERATURE (F)
 YESTERDAY
  MAXIMUM         34    417 PM  64    1940  45    -11       47
  MINIMUM         18    642 AM   5    2013  26     -8       40
  AVERAGE         26                        36    -10       44

PRECIPITATION (IN)
  YESTERDAY        0.26          1.54 2004   0.24   0.02     0.13
  MONTH TO DATE    0.27                      1.61  -1.34     2.70
  SINCE OCT 1     16.74                      8.97   7.77     4.73
  SINCE JAN 1     49.64                     36.97  12.67    21.91

SNOWFALL (IN)
  YESTERDAY       MM                         0.7   MM       MM
  MONTH TO DATE   MM                         3.9   MM       MM
  SINCE JUL 1     MM                        11.7   MM       MM
  SNOW DEPTH      MM

DEGREE DAYS
 HEATING
  YESTERDAY       39                        29     10       21
  MONTH TO DATE  209                       202      7      179
  SINCE DEC 1    209                       202      7      179
  SINCE JUL 1   1394                      1599   -205     1311

 COOLING
  YESTERDAY        0                         0      0        0
  MONTH TO DATE    0                         0      0        0
  SINCE DEC 1      0                         0      0        0
  SINCE JAN 1    513                       288    225      544
..................................................................


WIND (MPH)
  HIGHEST WIND SPEED     6   HIGHEST WIND DIRECTION    NW (300)
  HIGHEST GUST SPEED     9   HIGHEST GUST DIRECTION    NW (310)
  AVERAGE WIND SPEED     0.4


SKY COVER
  POSSIBLE SUNSHINE  MM
  AVERAGE SKY COVER 0.4


WEATHER CONDITIONS
 THE FOLLOWING WEATHER WAS RECORDED YESTERDAY.
  HEAVY SNOW
  SNOW
  LIGHT SNOW
  FOG
  FOG W/VISIBILITY <= 1/4 MILE
  HAZE


RELATIVE HUMIDITY (PERCENT)
 HIGHEST    92           600 PM
 LOWEST     45          1200 PM

..........................................................


THE MT SHASTA CITY CA CLIMATE NORMALS FOR TODAY
                         NORMAL    RECORD    YEAR
 MAXIMUM TEMPERATURE (F)   45        63      1940
 MINIMUM TEMPERATURE (F)   26        -1      1972


SUNRISE AND SUNSET
DECEMBER  8 2016......SUNRISE   723 AM PST   SUNSET   440 PM PST
DECEMBER  9 2016......SUNRISE   724 AM PST   SUNSET   440 PM PST


-  INDICATES NEGATIVE NUMBERS.
R  INDICATES RECORD WAS SET OR TIED.
MM INDICATES DATA IS MISSING.
T  INDICATES TRACE AMOUNT.




$$
