000
CDUS46 KMFR 270837
CLIMHS


CLIMATE REPORT
NATIONAL WEATHER SERVICE MEDFORD, OR
1236 AM PST TUE JAN 27 2015


...................................

...THE MT SHASTA CITY CA CLIMATE SUMMARY FOR JANUARY 26 2015...

CLIMATE NORMAL PERIOD 1981 TO 2010
CLIMATE RECORD PERIOD 1908 TO 2015


WEATHER ITEM   OBSERVED TIME   RECORD YEAR NORMAL DEPARTURE LAST
                VALUE   (LST)  VALUE       VALUE  FROM      YEAR
                                                  NORMAL
..................................................................
TEMPERATURE (F)
 YESTERDAY
  MAXIMUM         65R   132 PM  63    2014  46     19       63
  MINIMUM         34    729 AM   4    1972  27      7       29
  AVERAGE         50                        36     14       46

PRECIPITATION (IN)
  YESTERDAY        0.00          4.34 1983   0.22  -0.22     0.00
  MONTH TO DATE    0.48                      6.01  -5.53     0.15
  SINCE OCT 1     20.00                     21.22  -1.22     1.26
  SINCE JAN 1      0.48                      6.01  -5.53     0.15

SNOWFALL (IN)
  YESTERDAY       MM                         0.6   MM       MM
  MONTH TO DATE   MM                        17.6   MM        0.0
  SINCE JUL 1     MM                        50.3   MM        0.0
  SNOW DEPTH      MM

DEGREE DAYS
 HEATING
  YESTERDAY       15                        29    -14       19
  MONTH TO DATE  582                       764   -182      651
  SINCE DEC 1   1315                      1689   -374     1589
  SINCE JUL 1   2325                      3086   -761     2826

 COOLING
  YESTERDAY        0                         0      0        0
  MONTH TO DATE    0                         0      0        0
  SINCE DEC 1      0                         0      0        0
  SINCE JAN 1      0                         0      0        0
..................................................................


WIND (MPH)
  HIGHEST WIND SPEED    10   HIGHEST WIND DIRECTION    NW (300)
  HIGHEST GUST SPEED    15   HIGHEST GUST DIRECTION    NW (310)
  AVERAGE WIND SPEED     2.8


SKY COVER
  POSSIBLE SUNSHINE  MM
  AVERAGE SKY COVER 0.0


WEATHER CONDITIONS
 THE FOLLOWING WEATHER WAS RECORDED YESTERDAY.
  FOG
  HAZE


RELATIVE HUMIDITY (PERCENT)
 HIGHEST    85          1000 PM
 LOWEST     43           100 PM

..........................................................


THE MT SHASTA CITY CA CLIMATE NORMALS FOR TODAY
                         NORMAL    RECORD    YEAR
 MAXIMUM TEMPERATURE (F)   46        66      1920
 MINIMUM TEMPERATURE (F)   27         7      1957


SUNRISE AND SUNSET
JANUARY 27 2015.......SUNRISE   725 AM PST   SUNSET   519 PM PST
JANUARY 28 2015.......SUNRISE   724 AM PST   SUNSET   520 PM PST


-  INDICATES NEGATIVE NUMBERS.
R  INDICATES RECORD WAS SET OR TIED.
MM INDICATES DATA IS MISSING.
T  INDICATES TRACE AMOUNT.




$$
