000
CDUS46 KMFR 280852
CLIMHS


CLIMATE REPORT
NATIONAL WEATHER SERVICE MEDFORD, OR
1252 AM PST SUN DEC 28 2014


...................................

...THE MT SHASTA CITY CA CLIMATE SUMMARY FOR DECEMBER 27 2014...

CLIMATE NORMAL PERIOD 1981 TO 2010
CLIMATE RECORD PERIOD 1908 TO 2014


WEATHER ITEM   OBSERVED TIME   RECORD YEAR NORMAL DEPARTURE LAST
                VALUE   (LST)  VALUE       VALUE  FROM      YEAR
                                                  NORMAL
..................................................................
TEMPERATURE (F)
 YESTERDAY
  MAXIMUM         44    226 PM  59    1999  44      0       55
  MINIMUM         22    638 AM   9    1988  26     -4       25
  AVERAGE         33                        35     -2       40

PRECIPITATION (IN)
  YESTERDAY        0.00          2.40 1931   0.26  -0.26     0.00
  MONTH TO DATE   12.79                      6.83   5.96     0.24
  SINCE SEP 1     22.04                     14.86   7.18     2.82
  SINCE JAN 1     34.32                     42.19  -7.87    10.00

SNOWFALL (IN)
  YESTERDAY       MM                         1.0   MM       MM
  MONTH TO DATE   MM                        21.1   MM       MM
  SINCE JUL 1     MM                        28.9   MM        0.0
  SNOW DEPTH      MM

DEGREE DAYS
 HEATING
  YESTERDAY       32                        30      2       25
  MONTH TO DATE  603                       802   -199      840
  SINCE DEC 1    603                       802   -199      840
  SINCE JUL 1   1613                      2199   -586     2077

 COOLING
  YESTERDAY        0                         0      0        0
  MONTH TO DATE    0                         0      0        0
  SINCE DEC 1      0                         0      0        0
  SINCE JAN 1    547                       288    259      474
..................................................................


WIND (MPH)
  HIGHEST WIND SPEED     9   HIGHEST WIND DIRECTION    NW (310)
  HIGHEST GUST SPEED    16   HIGHEST GUST DIRECTION    NW (320)
  AVERAGE WIND SPEED     1.4


SKY COVER
  POSSIBLE SUNSHINE  MM
  AVERAGE SKY COVER 0.3


WEATHER CONDITIONS
 THE FOLLOWING WEATHER WAS RECORDED YESTERDAY.
  FOG
  HAZE


RELATIVE HUMIDITY (PERCENT)
 HIGHEST    88           100 AM
 LOWEST     46           400 PM

..........................................................


THE MT SHASTA CITY CA CLIMATE NORMALS FOR TODAY
                         NORMAL    RECORD    YEAR
 MAXIMUM TEMPERATURE (F)   44        60      1919
 MINIMUM TEMPERATURE (F)   26         0      1911


SUNRISE AND SUNSET
DECEMBER 28 2014......SUNRISE   734 AM PST   SUNSET   448 PM PST
DECEMBER 29 2014......SUNRISE   735 AM PST   SUNSET   448 PM PST


-  INDICATES NEGATIVE NUMBERS.
R  INDICATES RECORD WAS SET OR TIED.
MM INDICATES DATA IS MISSING.
T  INDICATES TRACE AMOUNT.




$$
