000
CDUS42 KMFL 302019
CLIMIA


CLIMATE REPORT
NATIONAL WEATHER SERVICE MIAMI, FL
418 PM EDT TUE AUG 30 2016


...................................

...THE MIAMI CLIMATE SUMMARY FOR AUGUST 30 2016...
VALID TODAY AS OF 0400 PM LOCAL TIME.

CLIMATE NORMAL PERIOD 1981 TO 2010
CLIMATE RECORD PERIOD 1895 TO 2016


WEATHER ITEM   OBSERVED TIME   RECORD YEAR NORMAL DEPARTURE LAST
                VALUE   (LST)  VALUE       VALUE  FROM      YEAR
                                                  NORMAL
..................................................................
TEMPERATURE (F)
 TODAY
  MAXIMUM         86   1234 PM  95    1981  90     -4       84
                                      1951
  MINIMUM         74    201 PM  68    1942  77     -3       75
  AVERAGE         80                        84     -4       80

PRECIPITATION (IN)
  TODAY            0.71          3.54 1989   0.31   0.40     2.76
  MONTH TO DATE   12.73                      8.56   4.17     9.02
  SINCE JUN 1     25.56                     24.73   0.83    18.53
  SINCE JAN 1     45.95                     40.08   5.87    30.03

SNOWFALL (IN)
  TODAY            0.0
  MONTH TO DATE    0.0
  SINCE JUN 1      0.0
  SINCE JUL 1      0.0
  SNOW DEPTH       0

DEGREE DAYS
 HEATING
  TODAY            0                         0      0        0
  MONTH TO DATE    0                         0      0        0
  SINCE JUN 1      0                         0      0        0
  SINCE JUL 1      0                         0      0        0

 COOLING
  TODAY           15                        19     -4       15
  MONTH TO DATE  573                       578     -5      597
  SINCE JUN 1   1754                      1702     52     1781
  SINCE JAN 1   3216                      3058    158     3458
..................................................................


WIND (MPH)
  HIGHEST WIND SPEED    21   HIGHEST WIND DIRECTION     W (250)
  HIGHEST GUST SPEED    30   HIGHEST GUST DIRECTION    SW (230)
  AVERAGE WIND SPEED     4.6


SKY COVER
  AVERAGE SKY COVER 0.9


WEATHER CONDITIONS
 THE FOLLOWING WEATHER WAS RECORDED TODAY.
  HEAVY RAIN
  RAIN
  LIGHT RAIN
  FOG


RELATIVE HUMIDITY (PERCENT)
 HIGHEST    94
 LOWEST     74
 AVERAGE    84

..........................................................


THE MIAMI CLIMATE NORMALS FOR TOMORROW
                         NORMAL    RECORD    YEAR
 MAXIMUM TEMPERATURE (F)   90        95      1998
 MINIMUM TEMPERATURE (F)   77        70      1942


SUNRISE AND SUNSET
AUGUST 30 2016........SUNRISE   701 AM EDT   SUNSET   742 PM EDT
AUGUST 31 2016........SUNRISE   701 AM EDT   SUNSET   741 PM EDT


-  INDICATES NEGATIVE NUMBERS.
R  INDICATES RECORD WAS SET OR TIED.
MM INDICATES DATA IS MISSING.
T  INDICATES TRACE AMOUNT.




$$
