987
CDUS42 KMFL 232117
CLIMIA


CLIMATE REPORT
NATIONAL WEATHER SERVICE MIAMI, FL
417 PM EST THU FEB 23 2017


...................................

...THE MIAMI CLIMATE SUMMARY FOR FEBRUARY 23 2017...
VALID TODAY AS OF 0400 PM LOCAL TIME.

CLIMATE NORMAL PERIOD 1981 TO 2010
CLIMATE RECORD PERIOD 1895 TO 2017


WEATHER ITEM   OBSERVED TIME   RECORD YEAR NORMAL DEPARTURE LAST
                VALUE   (LST)  VALUE       VALUE  FROM      YEAR
                                                  NORMAL
..................................................................
TEMPERATURE (F)
 TODAY
  MAXIMUM         80        MM  89    2008  79      1       81
                                      1991
  MINIMUM         63        MM  39    1978  63      0       72
  AVERAGE         72                        71      1       77

PRECIPITATION (IN)
  TODAY            T             1.96 2002   0.08  -0.08     0.41
  MONTH TO DATE    1.30                      1.83  -0.53     2.55
  SINCE NOV 1      7.97                      8.76  -0.79    27.49
  SINCE JAN 1      4.70                      3.45   1.25    10.12

SNOWFALL (IN)
  TODAY            0.0
  MONTH TO DATE    0.0
  SINCE DEC 1      0.0
  SINCE JUL 1      0.0
  SNOW DEPTH       0

DEGREE DAYS
 HEATING
  TODAY            0                         1     -1        0
  MONTH TO DATE    0                        23    -23       22
  SINCE DEC 1     14                       110    -96       62
  SINCE JUL 1     14                       113    -99       62

 COOLING
  TODAY            7                         7      0       12
  MONTH TO DATE  173                       136     37      116
  SINCE DEC 1    802                       490    312      625
  SINCE JAN 1    431                       287    144      237
..................................................................


WIND (MPH)
  HIGHEST WIND SPEED    14   HIGHEST WIND DIRECTION     W (260)
  HIGHEST GUST SPEED    21   HIGHEST GUST DIRECTION     W (260)
  AVERAGE WIND SPEED     6.9


SKY COVER
  AVERAGE SKY COVER 0.5


WEATHER CONDITIONS
 THE FOLLOWING WEATHER WAS RECORDED TODAY.
  NO SIGNIFICANT WEATHER WAS OBSERVED.


RELATIVE HUMIDITY (PERCENT)
 HIGHEST    87
 LOWEST     42
 AVERAGE    65

..........................................................


THE MIAMI CLIMATE NORMALS FOR TOMORROW
                         NORMAL    RECORD    YEAR
 MAXIMUM TEMPERATURE (F)   79        89      2008
 MINIMUM TEMPERATURE (F)   63        37      1989


SUNRISE AND SUNSET
FEBRUARY 23 2017......SUNRISE   650 AM EST   SUNSET   620 PM EST
FEBRUARY 24 2017......SUNRISE   649 AM EST   SUNSET   620 PM EST


-  INDICATES NEGATIVE NUMBERS.
R  INDICATES RECORD WAS SET OR TIED.
MM INDICATES DATA IS MISSING.
T  INDICATES TRACE AMOUNT.




$$
