000
CDUS42 KMFL 200840
CLIMIA


CLIMATE REPORT
NATIONAL WEATHER SERVICE MIAMI, FL
440 AM EDT THU JUL 20 2017


...................................

...THE MIAMI CLIMATE SUMMARY FOR JULY 19 2017...

CLIMATE NORMAL PERIOD 1981 TO 2010
CLIMATE RECORD PERIOD 1895 TO 2017


WEATHER ITEM   OBSERVED TIME   RECORD YEAR NORMAL DEPARTURE LAST
                VALUE   (LST)  VALUE       VALUE  FROM      YEAR
                                                  NORMAL
..................................................................
TEMPERATURE (F)
 YESTERDAY
  MAXIMUM         91   1126 AM  98    1981  91      0       92
  MINIMUM         77    316 AM  71    1985  78     -1       80
                                      1937
                                      1910
  AVERAGE         84                        84      0       86

PRECIPITATION (IN)
  YESTERDAY        0.10          2.39 1972   0.18  -0.08      T
  MONTH TO DATE    8.69                      4.16   4.53     2.42
  SINCE JUN 1     24.66                     13.83  10.83    11.14
  SINCE JAN 1     38.14                     29.18   8.96    31.53

SNOWFALL (IN)
  YESTERDAY        0.0
  MONTH TO DATE    0.0
  SINCE JUN 1      0.0
  SINCE JUL 1      0.0
  SNOW DEPTH       0

DEGREE DAYS
 HEATING
  YESTERDAY        0                         0      0        0
  MONTH TO DATE    0                         0      0        0
  SINCE JUN 1      0                         0      0        0
  SINCE JUL 1      0                         0      0        0

 COOLING
  YESTERDAY       19                        19      0       21
  MONTH TO DATE  402                       360     42      385
  SINCE JUN 1    971                       892     79      946
  SINCE JAN 1   2675                      2248    427     2408
..................................................................


WIND (MPH)
  HIGHEST WIND SPEED    13   HIGHEST WIND DIRECTION    SW (220)
  HIGHEST GUST SPEED    17   HIGHEST GUST DIRECTION     S (160)
  AVERAGE WIND SPEED     3.4


SKY COVER
  POSSIBLE SUNSHINE  40 PERCENT
  AVERAGE SKY COVER 0.7


WEATHER CONDITIONS
 THE FOLLOWING WEATHER WAS RECORDED YESTERDAY.
  THUNDERSTORM
  LIGHT RAIN


RELATIVE HUMIDITY (PERCENT)
 HIGHEST    94
 LOWEST     63
 AVERAGE    79

..........................................................


THE MIAMI CLIMATE NORMALS FOR TODAY
                         NORMAL    RECORD    YEAR
 MAXIMUM TEMPERATURE (F)   91        96      1907
 MINIMUM TEMPERATURE (F)   78        67      1929


SUNRISE AND SUNSET
JULY 20 2017..........SUNRISE   642 AM EDT   SUNSET   813 PM EDT
JULY 21 2017..........SUNRISE   642 AM EDT   SUNSET   813 PM EDT


-  INDICATES NEGATIVE NUMBERS.
R  INDICATES RECORD WAS SET OR TIED.
MM INDICATES DATA IS MISSING.
T  INDICATES TRACE AMOUNT.




$$
