000
CDUS42 KMFL 022016
CLIMIA


CLIMATE REPORT
NATIONAL WEATHER SERVICE MIAMI, FL
416 PM EDT WED SEP 2 2015


...................................

...THE MIAMI CLIMATE SUMMARY FOR SEPTEMBER 2 2015...
VALID TODAY AS OF 0400 PM LOCAL TIME.

CLIMATE NORMAL PERIOD 1981 TO 2010
CLIMATE RECORD PERIOD 1895 TO 2015


WEATHER ITEM   OBSERVED TIME   RECORD YEAR NORMAL DEPARTURE LAST
                VALUE   (LST)  VALUE       VALUE  FROM      YEAR
                                                  NORMAL
..................................................................
TEMPERATURE (F)
 TODAY
  MAXIMUM         91    255 PM  93    2010  90      1       91
                                      2007
                                      1996
  MINIMUM         77   1237 PM  69    1927  77      0       77
                                      1919
  AVERAGE         84                        84      0       84

PRECIPITATION (IN)
  TODAY            1.17          3.94 2006   0.33   0.84     0.20
  MONTH TO DATE    1.17                      0.66   0.51     0.26
  SINCE JUN 1     19.70                     25.71  -6.01    39.24
  SINCE JAN 1     31.20                     41.06  -9.86    49.39

SNOWFALL (IN)
  TODAY            0.0
  MONTH TO DATE    0.0
  SINCE SEP 1      0.0
  SINCE JUL 1      0.0
  SNOW DEPTH       0

DEGREE DAYS
 HEATING
  TODAY            0                         0      0        0
  MONTH TO DATE    0                         0      0        0
  SINCE SEP 1      0                         0      0        0
  SINCE JUL 1      0                         0      0        0

 COOLING
  TODAY           19                        19      0       19
  MONTH TO DATE   40                        38      2       40
  SINCE SEP 1     40                        38      2       40
  SINCE JAN 1   3518                      3113    405     3335
..................................................................


WIND (MPH)
  HIGHEST WIND SPEED    14   HIGHEST WIND DIRECTION    NE (60)
  HIGHEST GUST SPEED    20   HIGHEST GUST DIRECTION    SE (130)
  AVERAGE WIND SPEED     5.5


SKY COVER
  AVERAGE SKY COVER 0.4


WEATHER CONDITIONS
 THE FOLLOWING WEATHER WAS RECORDED TODAY.
  THUNDERSTORM
  HEAVY RAIN
  RAIN
  LIGHT RAIN
  FOG


RELATIVE HUMIDITY (PERCENT)
 HIGHEST    88
 LOWEST     66
 AVERAGE    77

..........................................................


THE MIAMI CLIMATE NORMALS FOR TOMORROW
                         NORMAL    RECORD    YEAR
 MAXIMUM TEMPERATURE (F)   90        96      2007
 MINIMUM TEMPERATURE (F)   77        70      1928


SUNRISE AND SUNSET
SEPTEMBER  2 2015.....SUNRISE   702 AM EDT   SUNSET   740 PM EDT
SEPTEMBER  3 2015.....SUNRISE   702 AM EDT   SUNSET   739 PM EDT


-  INDICATES NEGATIVE NUMBERS.
R  INDICATES RECORD WAS SET OR TIED.
MM INDICATES DATA IS MISSING.
T  INDICATES TRACE AMOUNT.




$$
