000
CDUS42 KMFL 270931
CLIMIA


CLIMATE REPORT
NATIONAL WEATHER SERVICE MIAMI, FL
429 AM EST FRI FEB 27 2015


...................................

...THE MIAMI CLIMATE SUMMARY FOR FEBRUARY 26 2015...

CLIMATE NORMAL PERIOD 1981 TO 2010
CLIMATE RECORD PERIOD 1895 TO 2015


WEATHER ITEM   OBSERVED TIME   RECORD YEAR NORMAL DEPARTURE LAST
                VALUE   (LST)  VALUE       VALUE  FROM      YEAR
                                                  NORMAL
..................................................................
TEMPERATURE (F)
 YESTERDAY
  MAXIMUM         87    215 PM  88    1897  79      8       86
  MINIMUM         73    655 AM  36    1967  63     10       72
  AVERAGE         80                        71      9       79

PRECIPITATION (IN)
  YESTERDAY        0.04          0.89 1924   0.08  -0.04     0.00
  MONTH TO DATE    1.42                      2.08  -0.66     0.94
  SINCE NOV 1      6.35                      9.01  -2.66    13.25
  SINCE JAN 1      2.37                      3.70  -1.33     2.85

SNOWFALL (IN)
  YESTERDAY        0.0
  MONTH TO DATE    0.0
  SINCE DEC 1      0.0
  SINCE JUL 1      0.0
  SNOW DEPTH       0

DEGREE DAYS
 HEATING
  YESTERDAY        0                         1     -1        0
  MONTH TO DATE   35                        26      9        4
  SINCE DEC 1     65                       113    -48       59
  SINCE JUL 1     76                       116    -40       61

 COOLING
  YESTERDAY       15                         7      8       14
  MONTH TO DATE  118                       157    -39      256
  SINCE DEC 1    540                       511     29      726
  SINCE JAN 1    320                       308     12      408
..................................................................


WIND (MPH)
  HIGHEST WIND SPEED    24   HIGHEST WIND DIRECTION    SW (220)
  HIGHEST GUST SPEED    32   HIGHEST GUST DIRECTION     S (200)
  AVERAGE WIND SPEED    12.0


SKY COVER
  POSSIBLE SUNSHINE  76 PERCENT
  AVERAGE SKY COVER 0.8


WEATHER CONDITIONS
 THE FOLLOWING WEATHER WAS RECORDED YESTERDAY.
  FOG


RELATIVE HUMIDITY (PERCENT)
 HIGHEST    87
 LOWEST     51
 AVERAGE    69

..........................................................


THE MIAMI CLIMATE NORMALS FOR TODAY
                         NORMAL    RECORD    YEAR
 MAXIMUM TEMPERATURE (F)   79        87      2003
                                             1959
 MINIMUM TEMPERATURE (F)   64        41      1965


SUNRISE AND SUNSET
FEBRUARY 27 2015......SUNRISE   646 AM EST   SUNSET   622 PM EST
FEBRUARY 28 2015......SUNRISE   646 AM EST   SUNSET   622 PM EST


-  INDICATES NEGATIVE NUMBERS.
R  INDICATES RECORD WAS SET OR TIED.
MM INDICATES DATA IS MISSING.
T  INDICATES TRACE AMOUNT.




$$
