000
CDUS42 KMFL 232116
CLIMIA


CLIMATE REPORT
NATIONAL WEATHER SERVICE MIAMI, FL
415 PM EST TUE JAN 23 2018


...................................

...THE MIAMI CLIMATE SUMMARY FOR JANUARY 23 2018...
VALID TODAY AS OF 0400 PM LOCAL TIME.

CLIMATE NORMAL PERIOD 1981 TO 2010
CLIMATE RECORD PERIOD 1895 TO 2018


WEATHER ITEM   OBSERVED TIME   RECORD YEAR NORMAL DEPARTURE LAST
                VALUE   (LST)  VALUE       VALUE  FROM      YEAR
                                                  NORMAL
..................................................................
TEMPERATURE (F)
 TODAY
  MAXIMUM         84    143 PM  85    2007  77      7       80
  MINIMUM         73    242 AM  36    1985  60     13       68
  AVERAGE         79                        68     11       74

PRECIPITATION (IN)
  TODAY            0.00          1.79 1983   0.06  -0.06     1.20
  MONTH TO DATE    0.91                      1.18  -0.27     2.74
  SINCE NOV 1      5.98                      6.49  -0.51     6.01
  SINCE JAN 1      0.91                      1.18  -0.27     2.74

SNOWFALL (IN)
  TODAY            0.0
  MONTH TO DATE    0.0
  SINCE DEC 1      0.0
  SINCE JUL 1      0.0
  SNOW DEPTH       0

DEGREE DAYS
 HEATING
  TODAY            0                         2     -2        0
  MONTH TO DATE   49                        46      3        6
  SINCE DEC 1     77                        80     -3        6
  SINCE JUL 1     77                        83     -6        6

 COOLING
  TODAY           14                         5      9        9
  MONTH TO DATE   96                       115    -19      223
  SINCE DEC 1    338                       318     20      594
  SINCE JAN 1     96                       115    -19      223
..................................................................


WIND (MPH)
  HIGHEST WIND SPEED    15   HIGHEST WIND DIRECTION    SE (140)
  HIGHEST GUST SPEED    23   HIGHEST GUST DIRECTION     S (160)
  AVERAGE WIND SPEED     9.7


SKY COVER
  AVERAGE SKY COVER 0.9


WEATHER CONDITIONS
 THE FOLLOWING WEATHER WAS RECORDED TODAY.
  NO SIGNIFICANT WEATHER WAS OBSERVED.


RELATIVE HUMIDITY (PERCENT)
 HIGHEST    93
 LOWEST     65
 AVERAGE    79

..........................................................


THE MIAMI CLIMATE NORMALS FOR TOMORROW
                         NORMAL    RECORD    YEAR
 MAXIMUM TEMPERATURE (F)   77        85      1898
 MINIMUM TEMPERATURE (F)   60        36      2003


SUNRISE AND SUNSET
JANUARY 23 2018.......SUNRISE   708 AM EST   SUNSET   558 PM EST
JANUARY 24 2018.......SUNRISE   708 AM EST   SUNSET   559 PM EST


-  INDICATES NEGATIVE NUMBERS.
R  INDICATES RECORD WAS SET OR TIED.
MM INDICATES DATA IS MISSING.
T  INDICATES TRACE AMOUNT.




$$
