000
CDUS42 KMFL 280921
CLIMIA


CLIMATE REPORT
NATIONAL WEATHER SERVICE MIAMI, FL
421 AM EST SUN DEC 28 2014


...................................

...THE MIAMI CLIMATE SUMMARY FOR DECEMBER 27 2014...

CLIMATE NORMAL PERIOD 1981 TO 2010
CLIMATE RECORD PERIOD 1895 TO 2014


WEATHER ITEM   OBSERVED TIME   RECORD YEAR NORMAL DEPARTURE LAST
                VALUE   (LST)  VALUE       VALUE  FROM      YEAR
                                                  NORMAL
..................................................................
TEMPERATURE (F)
 YESTERDAY
  MAXIMUM         81   1244 PM  86    1938  77      4       80
  MINIMUM         69    802 AM  38    1909  61      8       68
  AVERAGE         75                        69      6       74

PRECIPITATION (IN)
  YESTERDAY        0.00          1.72 1958   0.06  -0.06     0.25
  MONTH TO DATE    1.32                      1.81  -0.49     4.55
  SINCE NOV 1      3.98                      5.08  -1.10    10.28
  SINCE JAN 1     63.60                     61.67   1.93    70.30

SNOWFALL (IN)
  YESTERDAY        0.0
  MONTH TO DATE    0.0
  SINCE DEC 1      0.0
  SINCE JUL 1      0.0
  SNOW DEPTH       0

DEGREE DAYS
 HEATING
  YESTERDAY        0                         2     -2
  MONTH TO DATE   18                        26     -8
  SINCE DEC 1     18                        26     -8
  SINCE JUL 1     29                        29      0

 COOLING
  YESTERDAY       10                         6      4
  MONTH TO DATE  178                       182     -4
  SINCE DEC 1    178                       182     -4
  SINCE JAN 1   4722                      4554    168
..................................................................


WIND (MPH)
  HIGHEST WIND SPEED    12   HIGHEST WIND DIRECTION    SE (130)
  HIGHEST GUST SPEED    16   HIGHEST GUST DIRECTION    SE (140)
  AVERAGE WIND SPEED     4.1


SKY COVER
  POSSIBLE SUNSHINE  44 PERCENT
  AVERAGE SKY COVER 0.6


WEATHER CONDITIONS
 THE FOLLOWING WEATHER WAS RECORDED YESTERDAY.
  FOG


RELATIVE HUMIDITY (PERCENT)
 HIGHEST   100
 LOWEST     62
 AVERAGE    81

..........................................................


THE MIAMI CLIMATE NORMALS FOR TODAY
                         NORMAL    RECORD    YEAR
 MAXIMUM TEMPERATURE (F)   77        83      2007
                                             1988
                                             1987
 MINIMUM TEMPERATURE (F)   61        37      1902


SUNRISE AND SUNSET
DECEMBER 28 2014......SUNRISE   707 AM EST   SUNSET   539 PM EST
DECEMBER 29 2014......SUNRISE   707 AM EST   SUNSET   540 PM EST


-  INDICATES NEGATIVE NUMBERS.
R  INDICATES RECORD WAS SET OR TIED.
MM INDICATES DATA IS MISSING.
T  INDICATES TRACE AMOUNT.




$$
