000
CDUS42 KMFL 070928
CLIMIA


CLIMATE REPORT
NATIONAL WEATHER SERVICE MIAMI, FL
428 AM EST WED DEC 7 2016


...................................

...THE MIAMI CLIMATE SUMMARY FOR DECEMBER 6 2016...

CLIMATE NORMAL PERIOD 1981 TO 2010
CLIMATE RECORD PERIOD 1895 TO 2016


WEATHER ITEM   OBSERVED TIME   RECORD YEAR NORMAL DEPARTURE LAST
                VALUE   (LST)  VALUE       VALUE  FROM      YEAR
                                                  NORMAL
..................................................................
TEMPERATURE (F)
 YESTERDAY
  MAXIMUM         87R  1215 PM  86    1983  79      8       80
  MINIMUM         76    716 AM  44    1907  65     11       75
  AVERAGE         82                        72     10       78

PRECIPITATION (IN)
  YESTERDAY        0.00          0.76 1977   0.07  -0.07      T
  MONTH TO DATE    0.27                      0.43  -0.16     8.48
  SINCE NOV 1      1.21                      3.70  -2.49    16.03
  SINCE JAN 1     63.87                     60.29   3.58    60.73

SNOWFALL (IN)
  YESTERDAY        0.0
  MONTH TO DATE    0.0
  SINCE DEC 1      0.0
  SINCE JUL 1      0.0
  SNOW DEPTH       0

DEGREE DAYS
 HEATING
  YESTERDAY        0                         1     -1        0
  MONTH TO DATE    0                         2     -2        0
  SINCE DEC 1      0                         2     -2        0
  SINCE JUL 1      0                         5     -5        0

 COOLING
  YESTERDAY       17                         7     10       13
  MONTH TO DATE   83                        47     36       69
  SINCE DEC 1     83                        47     36       69
  SINCE JAN 1   4666                      4419    247     5002
..................................................................


WIND (MPH)
  HIGHEST WIND SPEED    18   HIGHEST WIND DIRECTION     S (190)
  HIGHEST GUST SPEED    25   HIGHEST GUST DIRECTION     S (190)
  AVERAGE WIND SPEED     9.8


SKY COVER
  POSSIBLE SUNSHINE  29 PERCENT
  AVERAGE SKY COVER 0.6


WEATHER CONDITIONS
 THE FOLLOWING WEATHER WAS RECORDED YESTERDAY.
  NO SIGNIFICANT WEATHER WAS OBSERVED.


RELATIVE HUMIDITY (PERCENT)
 HIGHEST    94
 LOWEST     61
 AVERAGE    78

..........................................................


THE MIAMI CLIMATE NORMALS FOR TODAY
                         NORMAL    RECORD    YEAR
 MAXIMUM TEMPERATURE (F)   79        86      1978
 MINIMUM TEMPERATURE (F)   65        35      1937


SUNRISE AND SUNSET
DECEMBER  7 2016......SUNRISE   655 AM EST   SUNSET   530 PM EST
DECEMBER  8 2016......SUNRISE   656 AM EST   SUNSET   531 PM EST


-  INDICATES NEGATIVE NUMBERS.
R  INDICATES RECORD WAS SET OR TIED.
MM INDICATES DATA IS MISSING.
T  INDICATES TRACE AMOUNT.




$$
