000
CDUS42 KMFL 270843
CLIMIA


CLIMATE REPORT
NATIONAL WEATHER SERVICE MIAMI, FL
442 AM EDT WED AUG 27 2014


...................................

...THE MIAMI CLIMATE SUMMARY FOR AUGUST 26 2014...

CLIMATE NORMAL PERIOD 1981 TO 2010
CLIMATE RECORD PERIOD 1839 TO 2014


WEATHER ITEM   OBSERVED TIME   RECORD YEAR NORMAL DEPARTURE LAST
                VALUE   (LST)  VALUE       VALUE  FROM      YEAR
                                                  NORMAL
..................................................................
TEMPERATURE (F)
 YESTERDAY
  MAXIMUM         91    135 PM  94    2011  91      0       87
                                      2001
                                      1958
  MINIMUM         80   1218 AM  70    1948  77      3       76
                                      1939
  AVERAGE         86                        84      2       82

PRECIPITATION (IN)
  YESTERDAY        T             2.67 2006   0.31  -0.31      T
  MONTH TO DATE    9.06                      7.30   1.76     3.54
  SINCE JUN 1     38.97                     23.47  15.50    22.42
  SINCE JAN 1     49.12                     38.82  10.30    41.79

SNOWFALL (IN)
  YESTERDAY        0.0
  MONTH TO DATE    0.0
  SINCE JUN 1      0.0
  SINCE JUL 1      0.0
  SNOW DEPTH       0

DEGREE DAYS
 HEATING
  YESTERDAY        0                         0      0
  MONTH TO DATE    0                         0      0
  SINCE JUN 1      0                         0      0
  SINCE JUL 1      0                         0      0

 COOLING
  YESTERDAY       21                        19      2
  MONTH TO DATE  518                       502     16
  SINCE JUN 1   1613                      1626    -13
  SINCE JAN 1   3187                      2982    205
..................................................................


WIND (MPH)
  HIGHEST WIND SPEED    22   HIGHEST WIND DIRECTION     E (80)
  HIGHEST GUST SPEED    28   HIGHEST GUST DIRECTION     E (90)
  AVERAGE WIND SPEED     9.9


SKY COVER
  POSSIBLE SUNSHINE  53 PERCENT
  AVERAGE SKY COVER 0.6


WEATHER CONDITIONS
 THE FOLLOWING WEATHER WAS RECORDED YESTERDAY.
  LIGHT RAIN


RELATIVE HUMIDITY (PERCENT)
 HIGHEST    79
 LOWEST     55
 AVERAGE    67

..........................................................


THE MIAMI CLIMATE NORMALS FOR TODAY
                         NORMAL    RECORD    YEAR
 MAXIMUM TEMPERATURE (F)   91        97      1954
 MINIMUM TEMPERATURE (F)   77        70      1939
                                             1921
                                             1908


SUNRISE AND SUNSET
AUGUST 27 2014........SUNRISE   659 AM EDT   SUNSET   745 PM EDT
AUGUST 28 2014........SUNRISE   700 AM EDT   SUNSET   744 PM EDT


-  INDICATES NEGATIVE NUMBERS.
R  INDICATES RECORD WAS SET OR TIED.
MM INDICATES DATA IS MISSING.
T  INDICATES TRACE AMOUNT.




$$
