000
CDUS42 KMFL 262019
CLIMIA


CLIMATE REPORT
NATIONAL WEATHER SERVICE MIAMI, FL
419 PM EDT SUN MAR 26 2017


...................................

...THE MIAMI CLIMATE SUMMARY FOR MARCH 26 2017...
VALID TODAY AS OF 0400 PM LOCAL TIME.

CLIMATE NORMAL PERIOD 1981 TO 2010
CLIMATE RECORD PERIOD 1895 TO 2017


WEATHER ITEM   OBSERVED TIME   RECORD YEAR NORMAL DEPARTURE LAST
                VALUE   (LST)  VALUE       VALUE  FROM      YEAR
                                                  NORMAL
..................................................................
TEMPERATURE (F)
 TODAY
  MAXIMUM         82    259 PM  89    1984  81      1       87
  MINIMUM         69    653 AM  46    1947  66      3       73
  AVERAGE         76                        73      3       80

PRECIPITATION (IN)
  TODAY            0.18          2.69 1958   0.11   0.07     0.00
  MONTH TO DATE    3.92                      2.44   1.48     0.24
  SINCE NOV 1     11.90                     11.62   0.28    28.03
  SINCE JAN 1      8.63                      6.31   2.32    10.66

SNOWFALL (IN)
  TODAY            0.0
  MONTH TO DATE    0.0
  SINCE MAR 1      0.0
  SINCE JUL 1      0.0
  SNOW DEPTH       0

DEGREE DAYS
 HEATING
  TODAY            0                         0      0        0
  MONTH TO DATE    3                         8     -5        0
  SINCE MAR 1      3                         8     -5        0
  SINCE JUL 1     17                       124   -107       67

 COOLING
  TODAY           11                         9      2       15
  MONTH TO DATE  209                       202      7      291
  SINCE MAR 1    209                       202      7      291
  SINCE JAN 1    703                       524    179      548
..................................................................


WIND (MPH)
  HIGHEST WIND SPEED    18   HIGHEST WIND DIRECTION     E (110)
  HIGHEST GUST SPEED    25   HIGHEST GUST DIRECTION     E (80)
  AVERAGE WIND SPEED     9.5


SKY COVER
  AVERAGE SKY COVER 0.6


WEATHER CONDITIONS
 THE FOLLOWING WEATHER WAS RECORDED TODAY.
  RAIN
  LIGHT RAIN
  HAZE


RELATIVE HUMIDITY (PERCENT)
 HIGHEST    90
 LOWEST     47
 AVERAGE    69

..........................................................


THE MIAMI CLIMATE NORMALS FOR TOMORROW
                         NORMAL    RECORD    YEAR
 MAXIMUM TEMPERATURE (F)   81        91      2015
 MINIMUM TEMPERATURE (F)   66        46      1947


SUNRISE AND SUNSET
MARCH 26 2017.........SUNRISE   718 AM EDT   SUNSET   735 PM EDT
MARCH 27 2017.........SUNRISE   717 AM EDT   SUNSET   736 PM EDT


-  INDICATES NEGATIVE NUMBERS.
R  INDICATES RECORD WAS SET OR TIED.
MM INDICATES DATA IS MISSING.
T  INDICATES TRACE AMOUNT.




$$
