000
CDUS42 KMFL 240823
CLIMIA


CLIMATE REPORT
NATIONAL WEATHER SERVICE MIAMI, FL
423 AM EDT THU APR 24 2014


...................................

...THE MIAMI CLIMATE SUMMARY FOR APRIL 23 2014...

CLIMATE NORMAL PERIOD 1981 TO 2010
CLIMATE RECORD PERIOD 1839 TO 2014


WEATHER ITEM   OBSERVED TIME   RECORD YEAR NORMAL DEPARTURE LAST
                VALUE   (LST)  VALUE       VALUE  FROM      YEAR
                                                  NORMAL
..................................................................
TEMPERATURE (F)
 YESTERDAY
  MAXIMUM         86    420 PM  91    2002  84      2       84
                                      1991
  MINIMUM         66    605 AM  51    1940  69     -3       69
                                      1901
  AVERAGE         76                        77     -1       77

PRECIPITATION (IN)
  YESTERDAY        0.00          2.00 1938   0.12  -0.12     0.00
  MONTH TO DATE    1.18                      2.45  -1.27     2.73
  SINCE OCT 1     24.13                     20.96   3.17    13.36
  SINCE JAN 1      6.86                      9.32  -2.46     5.93

SNOWFALL (IN)
  YESTERDAY        0.0
  MONTH TO DATE    0.0
  SINCE MAR 1      0.0
  SINCE JUL 1      0.0
  SNOW DEPTH       0

DEGREE DAYS
 HEATING
  YESTERDAY        0                         0      0
  MONTH TO DATE    0                         0      0
  SINCE MAR 1      0                        11    -11
  SINCE JUL 1     61                       127    -66

 COOLING
  YESTERDAY       11                        12     -1
  MONTH TO DATE  268                       238     30
  SINCE MAR 1    545                       485     60
  SINCE JAN 1    966                       807    159
..................................................................


WIND (MPH)
  HIGHEST WIND SPEED    14   HIGHEST WIND DIRECTION     S (160)
  HIGHEST GUST SPEED    19   HIGHEST GUST DIRECTION     S (170)
  AVERAGE WIND SPEED     6.4


SKY COVER
  POSSIBLE SUNSHINE  97 PERCENT
  AVERAGE SKY COVER 0.3


WEATHER CONDITIONS
 THE FOLLOWING WEATHER WAS RECORDED YESTERDAY.
  NO SIGNIFICANT WEATHER WAS OBSERVED.


RELATIVE HUMIDITY (PERCENT)
 HIGHEST    87
 LOWEST     40
 AVERAGE    64

..........................................................


THE MIAMI CLIMATE NORMALS FOR TODAY
                         NORMAL    RECORD    YEAR
 MAXIMUM TEMPERATURE (F)   84        94      1991
 MINIMUM TEMPERATURE (F)   70        56      1940


SUNRISE AND SUNSET
APRIL 24 2014.........SUNRISE   650 AM EDT   SUNSET   749 PM EDT
APRIL 25 2014.........SUNRISE   649 AM EDT   SUNSET   749 PM EDT


-  INDICATES NEGATIVE NUMBERS.
R  INDICATES RECORD WAS SET OR TIED.
MM INDICATES DATA IS MISSING.
T  INDICATES TRACE AMOUNT.




$$
