890
CDUS42 KMFL 192125
CLIMIA


CLIMATE REPORT
NATIONAL WEATHER SERVICE MIAMI, FL
424 PM EST SUN NOV 19 2017


...................................

...THE MIAMI CLIMATE SUMMARY FOR NOVEMBER 19 2017...
VALID TODAY AS OF 0400 PM LOCAL TIME.

CLIMATE NORMAL PERIOD 1981 TO 2010
CLIMATE RECORD PERIOD 1895 TO 2017


WEATHER ITEM   OBSERVED TIME   RECORD YEAR NORMAL DEPARTURE LAST
                VALUE   (LST)  VALUE       VALUE  FROM      YEAR
                                                  NORMAL
..................................................................
TEMPERATURE (F)
 TODAY
  MAXIMUM         83    220 PM  89    1986  81      2       81
  MINIMUM         65    654 AM  44    1951  68     -3       67
  AVERAGE         74                        74      0       74

PRECIPITATION (IN)
  TODAY            0.00          6.78 1959   0.09  -0.09     0.00
  MONTH TO DATE    2.92                      2.32   0.60     0.88
  SINCE NOV 1      2.92                      2.32   0.60     0.88
  SINCE JAN 1     80.97                     58.91  22.06    63.54

SNOWFALL (IN)
  TODAY            0.0
  MONTH TO DATE    0.0
  SINCE SEP 1      0.0
  SINCE JUL 1      0.0
  SNOW DEPTH       0

DEGREE DAYS
 HEATING
  TODAY            0                         0      0        0
  MONTH TO DATE    0                         0      0        0
  SINCE SEP 1      0                         0      0        0
  SINCE JUL 1      0                         0      0        0

 COOLING
  TODAY            9                         9      0        9
  MONTH TO DATE  252                       205     47      196
  SINCE SEP 1   1353                      1202    151     1252
  SINCE JAN 1   4927                      4277    650     4484
..................................................................


WIND (MPH)
  HIGHEST WIND SPEED    10   HIGHEST WIND DIRECTION    NW (300)
  HIGHEST GUST SPEED    14   HIGHEST GUST DIRECTION     W (290)
  AVERAGE WIND SPEED     3.4


SKY COVER
  AVERAGE SKY COVER 0.1


WEATHER CONDITIONS
 THE FOLLOWING WEATHER WAS RECORDED TODAY.
  NO SIGNIFICANT WEATHER WAS OBSERVED.


RELATIVE HUMIDITY (PERCENT)
 HIGHEST    93
 LOWEST     43
 AVERAGE    68

..........................................................


THE MIAMI CLIMATE NORMALS FOR TOMORROW
                         NORMAL    RECORD    YEAR
 MAXIMUM TEMPERATURE (F)   81        87      1986
 MINIMUM TEMPERATURE (F)   67        43      1914


SUNRISE AND SUNSET
NOVEMBER 19 2017......SUNRISE   642 AM EST   SUNSET   531 PM EST
NOVEMBER 20 2017......SUNRISE   643 AM EST   SUNSET   531 PM EST


-  INDICATES NEGATIVE NUMBERS.
R  INDICATES RECORD WAS SET OR TIED.
MM INDICATES DATA IS MISSING.
T  INDICATES TRACE AMOUNT.




$$
