000
CDUS43 KIND 290532
CLIMIE


CLIMATE REPORT
NATIONAL WEATHER SERVICE INDIANAPOLIS IN
131 AM EDT WED MAR 29 2017


...................................

...THE MUNCIE IN CLIMATE SUMMARY FOR MARCH 28 2017...

CLIMATE NORMAL PERIOD 1981 TO 2010
CLIMATE RECORD PERIOD 9999 TO 9999


WEATHER ITEM   OBSERVED TIME   NORMAL DEPARTURE LAST
                VALUE   (LST)  VALUE  FROM      YEAR
                                      NORMAL
......................................................
TEMPERATURE (F)
 YESTERDAY
  MAXIMUM         55    220 AM  54      1       49
  MINIMUM         49   1159 PM  35     14       38
  AVERAGE         52            44      8       44

PRECIPITATION (IN)
  YESTERDAY        0.12          0.10   0.02     0.01
  MONTH TO DATE    4.10          2.62   1.48     4.36
  SINCE MAR 1      4.10          2.62   1.48     4.36
  SINCE JAN 1      9.81          7.16   2.65     7.47

DEGREE DAYS
 HEATING
  YESTERDAY       13            21     -8       21
  MONTH TO DATE  646           727    -81      464
  SINCE MAR 1    646           727    -81      464
  SINCE JUL 1   3934          5110  -1176     4055

 COOLING
  YESTERDAY        0             0      0        0
  MONTH TO DATE    2             0      2        0
  SINCE MAR 1      2             0      2        0
  SINCE JAN 1      2             0      2        0
......................................................


WIND (MPH)
  HIGHEST WIND SPEED    15   HIGHEST WIND DIRECTION     N (360)
  HIGHEST GUST SPEED    18   HIGHEST GUST DIRECTION     N (10)
  AVERAGE WIND SPEED     9.0


SKY COVER
  AVERAGE SKY COVER 1.0


WEATHER CONDITIONS
 THE FOLLOWING WEATHER WAS RECORDED YESTERDAY.
  RAIN
  LIGHT RAIN
  FOG


RELATIVE HUMIDITY (PERCENT)
 HIGHEST    96           600 AM
 LOWEST     77           100 PM
 AVERAGE    87

..........................................................


THE MUNCIE IN CLIMATE NORMALS FOR TODAY
                         NORMAL
 MAXIMUM TEMPERATURE (F)   55
 MINIMUM TEMPERATURE (F)   35


SUNRISE AND SUNSET
MARCH 29 2017.........SUNRISE   730 AM EDT   SUNSET   803 PM EDT
MARCH 30 2017.........SUNRISE   728 AM EDT   SUNSET   804 PM EDT


-  INDICATES NEGATIVE NUMBERS.
R  INDICATES RECORD WAS SET OR TIED.
MM INDICATES DATA IS MISSING.
T  INDICATES TRACE AMOUNT.




$$
