000
CDUS43 KIND 290531
CLIMIE


CLIMATE REPORT
NATIONAL WEATHER SERVICE INDIANAPOLIS IN
131 AM EDT FRI APR 29 2016


...................................

...THE MUNCIE IN CLIMATE SUMMARY FOR APRIL 28 2016...

CLIMATE NORMAL PERIOD 1981 TO 2010
CLIMATE RECORD PERIOD 9999 TO 9999


WEATHER ITEM   OBSERVED TIME   NORMAL DEPARTURE LAST
                VALUE   (LST)  VALUE  FROM      YEAR
                                      NORMAL
......................................................
TEMPERATURE (F)
 YESTERDAY
  MAXIMUM         65    213 PM  66     -1       62
  MINIMUM         46    744 AM  46      0       34
  AVERAGE         56            56      0       48

PRECIPITATION (IN)
  YESTERDAY        0.44          0.12   0.32     0.00
  MONTH TO DATE    2.58          3.42  -0.84     4.14
  SINCE MAR 1      7.65          6.37   1.28     7.16
  SINCE JAN 1     10.76         10.91  -0.15    10.10

DEGREE DAYS
 HEATING
  YESTERDAY        9            10     -1       17
  MONTH TO DATE  357           403    -46      341
  SINCE MAR 1    861          1190   -329     1207
  SINCE JUL 1   4452          5573  -1121     6072

 COOLING
  YESTERDAY        0             1     -1        0
  MONTH TO DATE   10            11     -1        3
  SINCE MAR 1     10            12     -2        3
  SINCE JAN 1     10            12     -2        3
......................................................


WIND (MPH)
  HIGHEST WIND SPEED    22   HIGHEST WIND DIRECTION     E (110)
  HIGHEST GUST SPEED    25   HIGHEST GUST DIRECTION     E (110)
  AVERAGE WIND SPEED     9.4


SKY COVER
  AVERAGE SKY COVER 1.0


WEATHER CONDITIONS
 THE FOLLOWING WEATHER WAS RECORDED YESTERDAY.
  THUNDERSTORM
  RAIN
  LIGHT RAIN
  FOG
  HAZE


RELATIVE HUMIDITY (PERCENT)
 HIGHEST    89          1100 PM
 LOWEST     73           100 PM
 AVERAGE    81

..........................................................


THE MUNCIE IN CLIMATE NORMALS FOR TODAY
                         NORMAL
 MAXIMUM TEMPERATURE (F)   67
 MINIMUM TEMPERATURE (F)   46


SUNRISE AND SUNSET
APRIL 29 2016.........SUNRISE   643 AM EDT   SUNSET   835 PM EDT
APRIL 30 2016.........SUNRISE   642 AM EDT   SUNSET   836 PM EDT


-  INDICATES NEGATIVE NUMBERS.
R  INDICATES RECORD WAS SET OR TIED.
MM INDICATES DATA IS MISSING.
T  INDICATES TRACE AMOUNT.




$$
