784
CDUS43 KIND 030601
CLIMIE


CLIMATE REPORT
NATIONAL WEATHER SERVICE INDIANAPOLIS IN
101 AM EST SAT DEC 3 2016


...................................

...THE MUNCIE IN CLIMATE SUMMARY FOR DECEMBER 2 2016...

CLIMATE NORMAL PERIOD 1981 TO 2010
CLIMATE RECORD PERIOD 9999 TO 9999


WEATHER ITEM   OBSERVED TIME   NORMAL DEPARTURE LAST
                VALUE   (LST)  VALUE  FROM      YEAR
                                      NORMAL
......................................................
TEMPERATURE (F)
 YESTERDAY
  MAXIMUM         40    430 PM  43     -3       39
  MINIMUM         36    925 AM  28      8       27
  AVERAGE         38            35      3       33

PRECIPITATION (IN)
  YESTERDAY        0.00          0.09  -0.09     0.02
  MONTH TO DATE    0.00          0.19  -0.19     0.07
  SINCE DEC 1      0.00          0.19  -0.19     0.07
  SINCE JAN 1     38.81         37.43   1.38    38.15

DEGREE DAYS
 HEATING
  YESTERDAY       27            30     -3       32
  MONTH TO DATE   54            59     -5       54
  SINCE DEC 1     54            59     -5       54
  SINCE JUL 1    756          1194   -438     1013

 COOLING
  YESTERDAY        0             0      0        0
  MONTH TO DATE    0             0      0        0
  SINCE DEC 1      0             0      0        0
  SINCE JAN 1   1355           956    399      881
......................................................


WIND (MPH)
  HIGHEST WIND SPEED    18   HIGHEST WIND DIRECTION    NW (310)
  HIGHEST GUST SPEED    23   HIGHEST GUST DIRECTION    NW (310)
  AVERAGE WIND SPEED     9.7


SKY COVER
  AVERAGE SKY COVER 1.0


WEATHER CONDITIONS
 THE FOLLOWING WEATHER WAS RECORDED YESTERDAY.
  NO SIGNIFICANT WEATHER WAS OBSERVED.


RELATIVE HUMIDITY (PERCENT)
 HIGHEST    82           500 AM
 LOWEST     64           300 PM
 AVERAGE    73

..........................................................


THE MUNCIE IN CLIMATE NORMALS FOR TODAY
                         NORMAL
 MAXIMUM TEMPERATURE (F)   42
 MINIMUM TEMPERATURE (F)   27


SUNRISE AND SUNSET
DECEMBER  3 2016......SUNRISE   747 AM EST   SUNSET   516 PM EST
DECEMBER  4 2016......SUNRISE   748 AM EST   SUNSET   516 PM EST


-  INDICATES NEGATIVE NUMBERS.
R  INDICATES RECORD WAS SET OR TIED.
MM INDICATES DATA IS MISSING.
T  INDICATES TRACE AMOUNT.




$$
