676
CDUS43 KIND 230530
CLIMIE


CLIMATE REPORT
NATIONAL WEATHER SERVICE INDIANAPOLIS IN
1230 AM EST THU NOV 23 2017


...................................

...THE MUNCIE IN CLIMATE SUMMARY FOR NOVEMBER 22 2017...

CLIMATE NORMAL PERIOD 1981 TO 2010
CLIMATE RECORD PERIOD 9999 TO 9999


WEATHER ITEM   OBSERVED TIME   NORMAL DEPARTURE LAST
                VALUE   (LST)  VALUE  FROM      YEAR
                                      NORMAL
......................................................
TEMPERATURE (F)
 YESTERDAY
  MAXIMUM         40    255 PM  48     -8       43
  MINIMUM         26    807 PM  32     -6       25
  AVERAGE         33            40     -7       34

PRECIPITATION (IN)
  YESTERDAY        0.00          0.12  -0.12     0.00
  MONTH TO DATE    5.78          2.53   3.25     1.11
  SINCE SEP 1     11.69          8.41   3.28     8.15
  SINCE JAN 1     46.58         36.32  10.26    37.43

DEGREE DAYS
 HEATING
  YESTERDAY       32            25      7       31
  MONTH TO DATE  459           452      7      339
  SINCE SEP 1    751           906   -155      536
  SINCE JUL 1    754           916   -162      539

 COOLING
  YESTERDAY        0             0      0        0
  MONTH TO DATE    0             0      0       11
  SINCE SEP 1    212           121     91      255
  SINCE JAN 1   1090           955    135     1355
......................................................


WIND (MPH)
  HIGHEST WIND SPEED    13   HIGHEST WIND DIRECTION    NW (330)
  HIGHEST GUST SPEED    18   HIGHEST GUST DIRECTION     W (280)
  AVERAGE WIND SPEED     5.8


SKY COVER
  AVERAGE SKY COVER 0.4


WEATHER CONDITIONS
 THE FOLLOWING WEATHER WAS RECORDED YESTERDAY.
  NO SIGNIFICANT WEATHER WAS OBSERVED.


RELATIVE HUMIDITY (PERCENT)
 HIGHEST    85           100 AM
 LOWEST     50           300 PM
 AVERAGE    68

..........................................................


THE MUNCIE IN CLIMATE NORMALS FOR TODAY
                         NORMAL
 MAXIMUM TEMPERATURE (F)   47
 MINIMUM TEMPERATURE (F)   31


SUNRISE AND SUNSET
NOVEMBER 23 2017......SUNRISE   737 AM EST   SUNSET   519 PM EST
NOVEMBER 24 2017......SUNRISE   738 AM EST   SUNSET   519 PM EST


-  INDICATES NEGATIVE NUMBERS.
R  INDICATES RECORD WAS SET OR TIED.
MM INDICATES DATA IS MISSING.
T  INDICATES TRACE AMOUNT.




$$
