000
CDUS43 KMKX 090839
CLIMKE


CLIMATE REPORT
NATIONAL WEATHER SERVICE IN MILWAUKEE
239 AM CST FRI DEC 9 2016


...................................

...THE MILWAUKEE WI CLIMATE SUMMARY FOR DECEMBER 8 2016...

CLIMATE NORMAL PERIOD 1981 TO 2010
CLIMATE RECORD PERIOD 1871 TO 2016


WEATHER ITEM   OBSERVED TIME   RECORD YEAR NORMAL DEPARTURE LAST
                VALUE   (LST)  VALUE       VALUE  FROM      YEAR
                                                  NORMAL
..................................................................
TEMPERATURE (F)
 YESTERDAY
  MAXIMUM         26    550 PM  63    1946  35     -9       45
  MINIMUM         19    825 AM -10    1876  22     -3       37
  AVERAGE         23                        29     -6       41

PRECIPITATION (IN)
  YESTERDAY        T             0.52 1977   0.08  -0.08     0.00
  MONTH TO DATE    0.33                      0.62  -0.29     0.24
  SINCE DEC 1      0.33                      0.62  -0.29     0.24
  SINCE JAN 1     27.66                     33.34  -5.68    29.26

SNOWFALL (IN)
  YESTERDAY        T             9.0  1977   0.3   -0.3      0.0
  MONTH TO DATE    1.8                       2.4   -0.6      0.4
  SINCE DEC 1      1.8                       2.4   -0.6      0.4
  SINCE JUL 1      1.8                       5.1   -3.3      7.3
  SNOW DEPTH       0

DEGREE DAYS
 HEATING
  YESTERDAY       42                        36      6       24
  MONTH TO DATE  260                       279    -19      217
  SINCE DEC 1    260                       279    -19      217
  SINCE JUL 1   1090                      1644   -554     1256

 COOLING
  YESTERDAY        0                         0      0        0
  MONTH TO DATE    0                         0      0        0
  SINCE DEC 1      0                         0      0        0
  SINCE JAN 1    991                       641    350      622
..................................................................


WIND (MPH)
  HIGHEST WIND SPEED    25   HIGHEST WIND DIRECTION     W (280)
  HIGHEST GUST SPEED    36   HIGHEST GUST DIRECTION     W (280)
  AVERAGE WIND SPEED    15.8


SKY COVER
  POSSIBLE SUNSHINE  MM
  AVERAGE SKY COVER 0.8


WEATHER CONDITIONS
 THE FOLLOWING WEATHER WAS RECORDED YESTERDAY.
  LIGHT SNOW


RELATIVE HUMIDITY (PERCENT)
 HIGHEST    68           700 PM
 LOWEST     55          1200 PM
 AVERAGE    62

..........................................................


THE MILWAUKEE WI CLIMATE NORMALS FOR TODAY
                         NORMAL    RECORD    YEAR
 MAXIMUM TEMPERATURE (F)   35        60      1946
 MINIMUM TEMPERATURE (F)   22       -19      1876


SUNRISE AND SUNSET
DECEMBER  9 2016......SUNRISE   711 AM CST   SUNSET   417 PM CST
DECEMBER 10 2016......SUNRISE   712 AM CST   SUNSET   417 PM CST


-  INDICATES NEGATIVE NUMBERS.
R  INDICATES RECORD WAS SET OR TIED.
MM INDICATES DATA IS MISSING.
T  INDICATES TRACE AMOUNT.




$$
