000
CDUS43 KMKX 310643
CLIMKE


CLIMATE REPORT
NATIONAL WEATHER SERVICE IN MILWAUKEE
143 AM CDT THU JUL 31 2014


...................................

...THE MILWAUKEE WI CLIMATE SUMMARY FOR JULY 30 2014...

CLIMATE NORMAL PERIOD 1981 TO 2010
CLIMATE RECORD PERIOD 1871 TO 2014


WEATHER ITEM   OBSERVED TIME   RECORD YEAR NORMAL DEPARTURE LAST
                VALUE   (LST)  VALUE       VALUE  FROM      YEAR
                                                  NORMAL
..................................................................
TEMPERATURE (F)
 YESTERDAY
  MAXIMUM         69    530 PM 102    1916  80    -11       73
  MINIMUM         59    250 AM  49    1956  64     -5       56
  AVERAGE         64                        72     -8       65

PRECIPITATION (IN)
  YESTERDAY        0.00          1.03 1976   0.11  -0.11     0.08
  MONTH TO DATE    2.31                      3.56  -1.25     1.35
  SINCE JUN 1      8.65                      7.46   1.19     7.15
  SINCE JAN 1     19.60                     20.10  -0.50    26.66

SNOWFALL (IN)
  YESTERDAY        0.0           0.0    MM   0.0    0.0      0.0
  MONTH TO DATE    0.0                       0.0    0.0      0.0
  SINCE JUN 1      0.0                       0.0    0.0      0.0
  SINCE JUL 1      0.0                       0.0    0.0      0.0
  SNOW DEPTH       0

DEGREE DAYS
 HEATING
  YESTERDAY        1                         0      1        0
  MONTH TO DATE   21                         4     17       14
  SINCE JUN 1     95                        88      7      101
  SINCE JUL 1     21                         4     17       14

 COOLING
  YESTERDAY        0                         7     -7        0
  MONTH TO DATE  120                       209    -89      235
  SINCE JUN 1    210                       329   -119      334
  SINCE JAN 1    228                       359   -131      373
..................................................................


WIND (MPH)
  HIGHEST WIND SPEED    14   HIGHEST WIND DIRECTION    NE (50)
  HIGHEST GUST SPEED    16   HIGHEST GUST DIRECTION    NE (50)
  AVERAGE WIND SPEED     6.8


SKY COVER
  POSSIBLE SUNSHINE  MM
  AVERAGE SKY COVER 0.4


WEATHER CONDITIONS
 THE FOLLOWING WEATHER WAS RECORDED YESTERDAY.
  NO SIGNIFICANT WEATHER WAS OBSERVED.


RELATIVE HUMIDITY (PERCENT)
 HIGHEST    84          1200 AM
 LOWEST     57           500 PM
 AVERAGE    71

..........................................................


THE MILWAUKEE WI CLIMATE NORMALS FOR TODAY
                         NORMAL    RECORD    YEAR
 MAXIMUM TEMPERATURE (F)   80        98      2006
                                             1917
 MINIMUM TEMPERATURE (F)   64        49      1891


SUNRISE AND SUNSET
JULY 31 2014..........SUNRISE   542 AM CDT   SUNSET   814 PM CDT
AUGUST  1 2014........SUNRISE   543 AM CDT   SUNSET   813 PM CDT


-  INDICATES NEGATIVE NUMBERS.
R  INDICATES RECORD WAS SET OR TIED.
MM INDICATES DATA IS MISSING.
T  INDICATES TRACE AMOUNT.




$$
