000
CDUS43 KMKX 020652
CLIMKE


CLIMATE REPORT
NATIONAL WEATHER SERVICE IN MILWAUKEE
151 AM CDT SUN AUG 2 2015


...................................

...THE MILWAUKEE WI CLIMATE SUMMARY FOR AUGUST 1 2015...

CLIMATE NORMAL PERIOD 1981 TO 2010
CLIMATE RECORD PERIOD 1871 TO 2015


WEATHER ITEM   OBSERVED TIME   RECORD YEAR NORMAL DEPARTURE LAST
                VALUE   (LST)  VALUE       VALUE  FROM      YEAR
                                                  NORMAL
..................................................................
TEMPERATURE (F)
 YESTERDAY
  MAXIMUM         85    511 PM 103    1988  80      5       83
  MINIMUM         66    519 AM  49    1947  64      2       59
  AVERAGE         76                        72      4       71

PRECIPITATION (IN)
  YESTERDAY        T             2.78 1953   0.12  -0.12     0.83
  MONTH TO DATE    T                         0.12  -0.12     0.83
  SINCE JUN 1      4.09                      7.69  -3.60     9.48
  SINCE JAN 1     14.29                     20.33  -6.04    20.43

SNOWFALL (IN)
  YESTERDAY        0.0           0.0    MM   0.0    0.0      0.0
  MONTH TO DATE    0.0                       0.0    0.0      0.0
  SINCE JUN 1      0.0                       0.0    0.0      0.0
  SINCE JUL 1      0.0                       0.0    0.0      0.0
  SNOW DEPTH       0

DEGREE DAYS
 HEATING
  YESTERDAY        0                         0      0        0
  MONTH TO DATE    0                         0      0        0
  SINCE JUN 1    130                        95     35       95
  SINCE JUL 1     28                        11     17       21

 COOLING
  YESTERDAY       11                         7      4        6
  MONTH TO DATE   11                         7      4        6
  SINCE JUN 1    292                       349    -57      223
  SINCE JAN 1    318                       379    -61      241
..................................................................


WIND (MPH)
  HIGHEST WIND SPEED    18   HIGHEST WIND DIRECTION    NW (300)
  HIGHEST GUST SPEED    24   HIGHEST GUST DIRECTION    NW (300)
  AVERAGE WIND SPEED     8.6


SKY COVER
  POSSIBLE SUNSHINE  MM
  AVERAGE SKY COVER 0.3


WEATHER CONDITIONS
 THE FOLLOWING WEATHER WAS RECORDED YESTERDAY.
  NO SIGNIFICANT WEATHER WAS OBSERVED.


RELATIVE HUMIDITY (PERCENT)
 HIGHEST    73          1100 PM
 LOWEST     35          1200 PM
 AVERAGE    54

..........................................................


THE MILWAUKEE WI CLIMATE NORMALS FOR TODAY
                         NORMAL    RECORD    YEAR
 MAXIMUM TEMPERATURE (F)   80        99      1988
 MINIMUM TEMPERATURE (F)   64        50      1907


SUNRISE AND SUNSET
AUGUST  2 2015........SUNRISE   543 AM CDT   SUNSET   812 PM CDT
AUGUST  3 2015........SUNRISE   544 AM CDT   SUNSET   810 PM CDT


-  INDICATES NEGATIVE NUMBERS.
R  INDICATES RECORD WAS SET OR TIED.
MM INDICATES DATA IS MISSING.
T  INDICATES TRACE AMOUNT.




$$
