000
CDUS43 KMKX 270700
CLIMKE


CLIMATE REPORT
NATIONAL WEATHER SERVICE IN MILWAUKEE
200 AM CDT TUE JUN 27 2017


...................................

...THE MILWAUKEE WI CLIMATE SUMMARY FOR JUNE 26 2017...

CLIMATE NORMAL PERIOD 1981 TO 2010
CLIMATE RECORD PERIOD 1871 TO 2017


WEATHER ITEM   OBSERVED TIME   RECORD YEAR NORMAL DEPARTURE LAST
                VALUE   (LST)  VALUE       VALUE  FROM      YEAR
                                                  NORMAL
..................................................................
TEMPERATURE (F)
 YESTERDAY
  MAXIMUM         69   1229 PM  97    1931  79    -10       89
  MINIMUM         54    426 AM  46    1884  61     -7       70
  AVERAGE         62                        70     -8       80

PRECIPITATION (IN)
  YESTERDAY        T             2.03 1968   0.13  -0.13     0.80
  MONTH TO DATE    3.35                      3.37  -0.02     2.63
  SINCE JUN 1      3.35                      3.37  -0.02     2.63
  SINCE JAN 1     20.14                     16.01   4.13    11.45

SNOWFALL (IN)
  YESTERDAY        0.0           0.0    MM   0.0    0.0      0.0
  MONTH TO DATE    0.0                       0.0    0.0      0.0
  SINCE JUN 1      0.0                       0.0    0.0      0.0
  SINCE JUL 1     37.6                      46.9   -9.3     39.1
  SNOW DEPTH       0

DEGREE DAYS
 HEATING
  YESTERDAY        3                         1      2        0
  MONTH TO DATE   14                        80    -66       25
  SINCE JUN 1     14                        80    -66       25
  SINCE JUL 1   5634                      6890  -1256     5905

 COOLING
  YESTERDAY        0                         6     -6       15
  MONTH TO DATE  162                        95     67      137
  SINCE JUN 1    162                        95     67      137
  SINCE JAN 1    183                       125     58      182
..................................................................


WIND (MPH)
  HIGHEST WIND SPEED    23   HIGHEST WIND DIRECTION    NW (300)
  HIGHEST GUST SPEED    32   HIGHEST GUST DIRECTION    NW (300)
  AVERAGE WIND SPEED    11.5


SKY COVER
  POSSIBLE SUNSHINE  MM
  AVERAGE SKY COVER 0.5


WEATHER CONDITIONS
 THE FOLLOWING WEATHER WAS RECORDED YESTERDAY.
  NO SIGNIFICANT WEATHER WAS OBSERVED.


RELATIVE HUMIDITY (PERCENT)
 HIGHEST    86           100 AM
 LOWEST     39          1200 PM
 AVERAGE    63

..........................................................


THE MILWAUKEE WI CLIMATE NORMALS FOR TODAY
                         NORMAL    RECORD    YEAR
 MAXIMUM TEMPERATURE (F)   79       101      1933
 MINIMUM TEMPERATURE (F)   61        47      1981


SUNRISE AND SUNSET
JUNE 27 2017..........SUNRISE   515 AM CDT   SUNSET   835 PM CDT
JUNE 28 2017..........SUNRISE   515 AM CDT   SUNSET   835 PM CDT


-  INDICATES NEGATIVE NUMBERS.
R  INDICATES RECORD WAS SET OR TIED.
MM INDICATES DATA IS MISSING.
T  INDICATES TRACE AMOUNT.




$$
