000
CDUS43 KGRR 062136
CLIMKG


CLIMATE REPORT
NATIONAL WEATHER SERVICE GRAND RAPIDS, MI
534 PM EDT FRI MAY 6 2016


...................................

...THE MUSKEGON MI CLIMATE SUMMARY FOR MAY 6 2016...
VALID TODAY AS OF 0500 PM LOCAL TIME.

CLIMATE NORMAL PERIOD 1981 TO 2010
CLIMATE RECORD PERIOD 1896 TO 2016


WEATHER ITEM   OBSERVED TIME   RECORD YEAR NORMAL DEPARTURE LAST
                VALUE   (LST)  VALUE       VALUE  FROM      YEAR
                                                  NORMAL
..................................................................
TEMPERATURE (F)
 TODAY
  MAXIMUM         69    347 PM  85    1959  64      5       78
  MINIMUM         36    601 AM  26    1967  44     -8       53
  AVERAGE         53                        54     -1       66

PRECIPITATION (IN)
  TODAY            0.00          1.44 1941   0.10  -0.10      T
  MONTH TO DATE    0.64                      0.61   0.03     0.31
  SINCE MAR 1      7.98                      5.77   2.21     6.16
  SINCE JAN 1     12.19                      9.63   2.56     9.45

SNOWFALL (IN)
  TODAY            0.0           T    1989   0.0    0.0      0.0
  MONTH TO DATE    0.0                       0.0    0.0      0.0
  SINCE MAR 1      7.3                      11.3   -4.0      4.0
  SINCE JUL 1     61.8                      93.7  -31.9     92.1
  SNOW DEPTH       0

DEGREE DAYS
 HEATING
  TODAY           12                        12      0        0
  MONTH TO DATE   90                        74     16       39
  SINCE MAR 1   1434                      1560   -126     1581
  SINCE JUL 1   5454                      6292   -838     6706

 COOLING
  TODAY            0                         0      0        1
  MONTH TO DATE    0                         0      0        1
  SINCE MAR 1      0                         4     -4        1
  SINCE JAN 1      0                         4     -4        1
..................................................................


WIND (MPH)
  RESULTANT WIND SPEED   5   RESULTANT WIND DIRECTION  SW (210)
  HIGHEST WIND SPEED    15   HIGHEST WIND DIRECTION    SW (210)
  HIGHEST GUST SPEED    20   HIGHEST GUST DIRECTION    SW (210)
  AVERAGE WIND SPEED     5.1


SKY COVER
  AVERAGE SKY COVER 0.4


WEATHER CONDITIONS
 THE FOLLOWING WEATHER WAS RECORDED TODAY.
  NO SIGNIFICANT WEATHER WAS OBSERVED.


RELATIVE HUMIDITY (PERCENT)
 HIGHEST    89           700 AM
 LOWEST     27           400 PM
 AVERAGE    58

..........................................................


THE MUSKEGON MI CLIMATE NORMALS FOR TOMORROW
                         NORMAL    RECORD    YEAR
 MAXIMUM TEMPERATURE (F)   64        82      2015
 MINIMUM TEMPERATURE (F)   44        27      1974


SUNRISE AND SUNSET
MAY  6 2016...........SUNRISE   631 AM EDT   SUNSET   853 PM EDT
MAY  7 2016...........SUNRISE   630 AM EDT   SUNSET   854 PM EDT


-  INDICATES NEGATIVE NUMBERS.
R  INDICATES RECORD WAS SET OR TIED.
MM INDICATES DATA IS MISSING.
T  INDICATES TRACE AMOUNT.




$$

jam
