000
CDUS43 KGRR 260516
CLIMKG


CLIMATE REPORT
NATIONAL WEATHER SERVICE GRAND RAPIDS, MI
116 AM EDT TUE JUL 26 2016


...................................

...THE MUSKEGON MI CLIMATE SUMMARY FOR JULY 25 2016...

CLIMATE NORMAL PERIOD 1981 TO 2010
CLIMATE RECORD PERIOD 1896 TO 2016


WEATHER ITEM   OBSERVED TIME   RECORD YEAR NORMAL DEPARTURE LAST
                VALUE   (LST)  VALUE       VALUE  FROM      YEAR
                                                  NORMAL
..................................................................
TEMPERATURE (F)
 YESTERDAY
  MAXIMUM         85    301 PM  94    1940  80      5       84
  MINIMUM         65   1112 PM  47    1920  62      3       66
  AVERAGE         75                        71      4       75

PRECIPITATION (IN)
  YESTERDAY        T             1.52 1985   0.09  -0.09     0.00
  MONTH TO DATE    4.18                      1.85   2.33     5.05
  SINCE JUN 1      6.52                      4.40   2.12     8.35
  SINCE JAN 1     20.45                     16.67   3.78    20.78

SNOWFALL (IN)
  YESTERDAY        0.0          MM      MM   0.0    0.0      0.0
  MONTH TO DATE    0.0                       0.0    0.0      0.0
  SINCE JUN 1      0.0                       0.0    0.0      0.0
  SINCE JUL 1      0.0                       0.0    0.0      0.0
  SNOW DEPTH       0

DEGREE DAYS
 HEATING
  YESTERDAY        0                         0      0        0
  MONTH TO DATE    9                         4      5       15
  SINCE JUN 1     47                        70    -23       48
  SINCE JUL 1      9                         4      5       15

 COOLING
  YESTERDAY       10                         7      3       10
  MONTH TO DATE  188                       166     22      107
  SINCE JUN 1    305                       271     34      170
  SINCE JAN 1    349                       300     49      209
..................................................................


WIND (MPH)
  RESULTANT WIND SPEED   6   RESULTANT WIND DIRECTION  NW (300)
  HIGHEST WIND SPEED    17   HIGHEST WIND DIRECTION    NW (320)
  HIGHEST GUST SPEED    22   HIGHEST GUST DIRECTION    NW (320)
  AVERAGE WIND SPEED     6.4


SKY COVER
  AVERAGE SKY COVER 0.4


WEATHER CONDITIONS
 THE FOLLOWING WEATHER WAS RECORDED YESTERDAY.
  LIGHT RAIN
  FOG


RELATIVE HUMIDITY (PERCENT)
 HIGHEST    94          1200 AM
 LOWEST     44           300 PM
 AVERAGE    69

..........................................................


THE MUSKEGON MI CLIMATE NORMALS FOR TODAY
                         NORMAL    RECORD    YEAR
 MAXIMUM TEMPERATURE (F)   80        93      1955
                                             1917
 MINIMUM TEMPERATURE (F)   62        47      1946


SUNRISE AND SUNSET
JULY 26 2016..........SUNRISE   630 AM EDT   SUNSET   913 PM EDT
JULY 27 2016..........SUNRISE   631 AM EDT   SUNSET   912 PM EDT


-  INDICATES NEGATIVE NUMBERS.
R  INDICATES RECORD WAS SET OR TIED.
MM INDICATES DATA IS MISSING.
T  INDICATES TRACE AMOUNT.




$$
