000
CDUS43 KGRR 052228
CLIMKG


CLIMATE REPORT
NATIONAL WEATHER SERVICE GRAND RAPIDS, MI
528 PM EST THU MAR 5 2015


...................................

...THE MUSKEGON MI CLIMATE SUMMARY FOR MARCH 5 2015...
VALID TODAY AS OF 0500 PM LOCAL TIME.

CLIMATE NORMAL PERIOD 1981 TO 2010
CLIMATE RECORD PERIOD 1896 TO 2015


WEATHER ITEM   OBSERVED TIME   RECORD YEAR NORMAL DEPARTURE LAST
                VALUE   (LST)  VALUE       VALUE  FROM      YEAR
                                                  NORMAL
..................................................................
TEMPERATURE (F)
 TODAY
  MAXIMUM         17   1232 PM  66    1983  39    -22       23
  MINIMUM          4    839 AM  -5    1948  24    -20       11
  AVERAGE         11                        31    -20       17

PRECIPITATION (IN)
  TODAY            T             1.37 2004   0.08  -0.08      T
  MONTH TO DATE    0.46                      0.37   0.09     0.35
  SINCE MAR 1      0.46                      0.37   0.09     0.35
  SINCE JAN 1      3.75                      4.23  -0.48     5.48

SNOWFALL (IN)
  TODAY            T             6.0  1919   0.5   -0.5       T
  MONTH TO DATE    4.0                       2.2    1.8      6.0
  SINCE MAR 1      4.0                       2.2    1.8      6.0
  SINCE JUL 1     92.1                      84.6    7.5    129.6
  SNOW DEPTH      16

DEGREE DAYS
 HEATING
  TODAY           54                        34     20       48
  MONTH TO DATE  216                       172     44      262
  SINCE MAR 1    216                       172     44      262
  SINCE JUL 1   5341                      4904    437     5402

 COOLING
  TODAY            0                         0      0        0
  MONTH TO DATE    0                         0      0        0
  SINCE MAR 1      0                         0      0        0
  SINCE JAN 1      0                         0      0        0
..................................................................


WIND (MPH)
  RESULTANT WIND SPEED   3   RESULTANT WIND DIRECTION   N (350)
  HIGHEST WIND SPEED    15   HIGHEST WIND DIRECTION     W (290)
  HIGHEST GUST SPEED    19   HIGHEST GUST DIRECTION    NW (300)
  AVERAGE WIND SPEED     7.6


SKY COVER
  AVERAGE SKY COVER 0.8


WEATHER CONDITIONS
 THE FOLLOWING WEATHER WAS RECORDED TODAY.
  LIGHT SNOW
  HAZE


RELATIVE HUMIDITY (PERCENT)
 HIGHEST    76           500 AM
 LOWEST     49          1200 PM
 AVERAGE    63

..........................................................


THE MUSKEGON MI CLIMATE NORMALS FOR TOMORROW
                         NORMAL    RECORD    YEAR
 MAXIMUM TEMPERATURE (F)   39        67      1983
 MINIMUM TEMPERATURE (F)   24        -4      1912


SUNRISE AND SUNSET
MARCH  5 2015.........SUNRISE   715 AM EST   SUNSET   639 PM EST
MARCH  6 2015.........SUNRISE   713 AM EST   SUNSET   640 PM EST


-  INDICATES NEGATIVE NUMBERS.
R  INDICATES RECORD WAS SET OR TIED.
MM INDICATES DATA IS MISSING.
T  INDICATES TRACE AMOUNT.




$$

CAS
