000
CDUS44 KMEG 260734
CLIMKL


CLIMATE REPORT
NATIONAL WEATHER SERVICE MEMPHIS TN
133 AM CST SUN FEB 26 2017


...................................

...THE JACKSON CLIMATE SUMMARY FOR FEBRUARY 25 2017...

CLIMATE NORMAL PERIOD 1981 TO 2010
CLIMATE RECORD PERIOD 1948 TO 2017


WEATHER ITEM   OBSERVED TIME   RECORD YEAR NORMAL DEPARTURE LAST
                VALUE   (LST)  VALUE       VALUE  FROM      YEAR
                                                  NORMAL
..................................................................
TEMPERATURE (F)
 YESTERDAY
  MAXIMUM         51   1230 AM  79    1981  56     -5       47
  MINIMUM         27   1159 PM   9    1967  34     -7       31
  AVERAGE         39                        45     -6       39

PRECIPITATION (IN)
  YESTERDAY        0.00          0.62 1992   0.14  -0.14     0.00
  MONTH TO DATE    1.53                      3.73  -2.20     3.58
  SINCE DEC 1     11.63                     13.15  -1.52    10.77
  SINCE JAN 1      4.45                      7.80  -3.35     5.62

DEGREE DAYS
 HEATING
  YESTERDAY       26                        20      6       26
  MONTH TO DATE  333                       577   -244      536
  SINCE DEC 1   1623                      2159   -536     1826
  SINCE JUL 1   2007                      2826   -819     2301

 COOLING
  YESTERDAY        0                         0      0        0
  MONTH TO DATE    2                         0      2        0
  SINCE DEC 1      4                         1      3        9
  SINCE JAN 1      2                         0      2        0
..................................................................


WIND (MPH)
  HIGHEST WIND SPEED    23   HIGHEST WIND DIRECTION    NW (300)
  HIGHEST GUST SPEED    31   HIGHEST GUST DIRECTION     W (290)
  AVERAGE WIND SPEED     9.6


SKY COVER
  POSSIBLE SUNSHINE  MM
  AVERAGE SKY COVER 0.0


WEATHER CONDITIONS
 THE FOLLOWING WEATHER WAS RECORDED YESTERDAY.
  NO SIGNIFICANT WEATHER WAS OBSERVED.


RELATIVE HUMIDITY (PERCENT)
 HIGHEST    92          1100 PM
 LOWEST     40           200 PM
 AVERAGE    66

..........................................................


THE JACKSON CLIMATE NORMALS FOR TODAY
                         NORMAL    RECORD    YEAR
 MAXIMUM TEMPERATURE (F)   56        76      1981
                                             1977
 MINIMUM TEMPERATURE (F)   35        14      1963


SUNRISE AND SUNSET
FEBRUARY 26 2017......SUNRISE   629 AM CST   SUNSET   548 PM CST
FEBRUARY 27 2017......SUNRISE   628 AM CST   SUNSET   549 PM CST


-  INDICATES NEGATIVE NUMBERS.
R  INDICATES RECORD WAS SET OR TIED.
MM INDICATES DATA IS MISSING.
T  INDICATES TRACE AMOUNT.




$$
