000
CDUS44 KMEG 252148
CLIMKL


CLIMATE REPORT
NATIONAL WEATHER SERVICE MEMPHIS TN
448 PM CDT MON SEP 25 2017


...................................

...THE JACKSON CLIMATE SUMMARY FOR SEPTEMBER 25 2017...
VALID TODAY AS OF 0400 PM LOCAL TIME.

CLIMATE NORMAL PERIOD 1981 TO 2010
CLIMATE RECORD PERIOD 1948 TO 2017


WEATHER ITEM   OBSERVED TIME   RECORD YEAR NORMAL DEPARTURE LAST
                VALUE   (LST)  VALUE       VALUE  FROM      YEAR
                                                  NORMAL
..................................................................
TEMPERATURE (F)
 TODAY
  MAXIMUM         89    206 PM  95    2016  81      8       95
  MINIMUM         63    544 AM  38    1965  55      8       66
  AVERAGE         76                        68      8       81

PRECIPITATION (IN)
  TODAY            0.00          1.89 2005   0.12  -0.12     0.00
  MONTH TO DATE    1.86                      2.71  -0.85     1.53
  SINCE SEP 1      1.86                      2.71  -0.85     1.53
  SINCE JAN 1     36.89                     38.58  -1.69    35.40

DEGREE DAYS
 HEATING
  TODAY            0                         2     -2        0
  MONTH TO DATE    7                        13     -6        0
  SINCE SEP 1      7                        13     -6        0
  SINCE JUL 1      7                        13     -6        0

 COOLING
  TODAY           11                         5      6       16
  MONTH TO DATE  181                       200    -19      318
  SINCE SEP 1    181                       200    -19      318
  SINCE JAN 1   1661                      1623     38     1947
..................................................................


WIND (MPH)
  HIGHEST WIND SPEED     8   HIGHEST WIND DIRECTION     E (110)
  HIGHEST GUST SPEED    11   HIGHEST GUST DIRECTION    SE (140)
  AVERAGE WIND SPEED     1.8


SKY COVER
  POSSIBLE SUNSHINE  MM
  AVERAGE SKY COVER 0.1


WEATHER CONDITIONS
 THE FOLLOWING WEATHER WAS RECORDED TODAY.
  FOG


RELATIVE HUMIDITY (PERCENT)
 HIGHEST   100          1200 AM
 LOWEST     48          1200 PM
 AVERAGE    74

..........................................................


THE JACKSON CLIMATE NORMALS FOR TOMORROW
                         NORMAL    RECORD    YEAR
 MAXIMUM TEMPERATURE (F)   80        93      1958
 MINIMUM TEMPERATURE (F)   55        36      2001


SUNRISE AND SUNSET
SEPTEMBER 25 2017.....SUNRISE   646 AM CDT   SUNSET   648 PM CDT
SEPTEMBER 26 2017.....SUNRISE   647 AM CDT   SUNSET   646 PM CDT


-  INDICATES NEGATIVE NUMBERS.
R  INDICATES RECORD WAS SET OR TIED.
MM INDICATES DATA IS MISSING.
T  INDICATES TRACE AMOUNT.




$$
