182
CDUS44 KMEG 260641
CLIMKL


CLIMATE REPORT
NATIONAL WEATHER SERVICE MEMPHIS TN
140 AM CDT THU MAY 26 2016


...................................

...THE JACKSON CLIMATE SUMMARY FOR MAY 25 2016...

CLIMATE NORMAL PERIOD 1981 TO 2010
CLIMATE RECORD PERIOD 1948 TO 2016


WEATHER ITEM   OBSERVED TIME   RECORD YEAR NORMAL DEPARTURE LAST
                VALUE   (LST)  VALUE       VALUE  FROM      YEAR
                                                  NORMAL
..................................................................
TEMPERATURE (F)
 YESTERDAY
  MAXIMUM         85    208 PM  93    1996  82      3       77
                                      1978
                                      1964
  MINIMUM         64    507 AM  47    2013  60      4       68
  AVERAGE         75                        71      4       73

PRECIPITATION (IN)
  YESTERDAY        0.67          2.13 1963   0.17   0.50     0.15
  MONTH TO DATE    3.31                      4.59  -1.28     3.25
  SINCE MAR 1     19.16                     14.20   4.96    13.25
  SINCE JAN 1     24.78                     22.44   2.34    19.14

SNOWFALL (IN)
  YESTERDAY        0.0          MM      MM   0.0    0.0      0.0
  MONTH TO DATE    0.0                       0.0    0.0      0.0
  SINCE MAR 1      T                         0.4   -0.4      4.4
  SINCE JUL 1      1.5                       4.6   -3.1      5.9
  SNOW DEPTH       0

DEGREE DAYS
 HEATING
  YESTERDAY        0                         1     -1        0
  MONTH TO DATE   64                        44     20       39
  SINCE MAR 1    511                       686   -175      664
  SINCE JUL 1   2879                      3570   -691     3837

 COOLING
  YESTERDAY       10                         7      3        8
  MONTH TO DATE   71                       113    -42      123
  SINCE MAR 1    115                       171    -56      184
  SINCE JAN 1    115                       172    -57      184
..................................................................


WIND (MPH)
  HIGHEST WIND SPEED    33   HIGHEST WIND DIRECTION     W (280)
  HIGHEST GUST SPEED    46   HIGHEST GUST DIRECTION     W (290)
  AVERAGE WIND SPEED     7.3


SKY COVER
  POSSIBLE SUNSHINE  MM
  AVERAGE SKY COVER 0.5


WEATHER CONDITIONS
 THE FOLLOWING WEATHER WAS RECORDED YESTERDAY.
  THUNDERSTORM
  HEAVY RAIN
  RAIN
  LIGHT RAIN
  FOG
  HAZE


RELATIVE HUMIDITY (PERCENT)
 HIGHEST    93           100 AM
 LOWEST     69           100 PM
 AVERAGE    81

..........................................................


THE JACKSON CLIMATE NORMALS FOR TODAY
                         NORMAL    RECORD    YEAR
 MAXIMUM TEMPERATURE (F)   82        94      1978
 MINIMUM TEMPERATURE (F)   60        46      1988
                                             1979
                                             1961


SUNRISE AND SUNSET
MAY 26 2016...........SUNRISE   544 AM CDT   SUNSET   802 PM CDT
MAY 27 2016...........SUNRISE   543 AM CDT   SUNSET   803 PM CDT


-  INDICATES NEGATIVE NUMBERS.
R  INDICATES RECORD WAS SET OR TIED.
MM INDICATES DATA IS MISSING.
T  INDICATES TRACE AMOUNT.




$$
