000
CDUS44 KMEG 222304
CLIMKL


CLIMATE REPORT
NATIONAL WEATHER SERVICE MEMPHIS TN
504 PM CST MON DEC 22 2014


...................................

...THE JACKSON CLIMATE SUMMARY FOR DECEMBER 22 2014...
VALID TODAY AS OF 0500 PM LOCAL TIME.

CLIMATE NORMAL PERIOD 1981 TO 2010
CLIMATE RECORD PERIOD 1948 TO 2014


WEATHER ITEM   OBSERVED TIME   RECORD YEAR NORMAL DEPARTURE LAST
                VALUE   (LST)  VALUE       VALUE  FROM      YEAR
                                                  NORMAL
..................................................................
TEMPERATURE (F)
 TODAY
  MAXIMUM         56    254 PM  70    1982  49      7       61
  MINIMUM         41   1237 AM  -7    1989  30     11       38
  AVERAGE         49                        39     10       50

PRECIPITATION (IN)
  TODAY            0.00          1.63 2004   0.17  -0.17     0.01
  MONTH TO DATE    2.38                      3.96  -1.58     4.55
  SINCE DEC 1      2.38                      3.96  -1.58     4.55
  SINCE JAN 1     57.56                     51.88   5.68    58.12

SNOWFALL (IN)
  TODAY            0.0

DEGREE DAYS
 HEATING
  TODAY           16                        26    -10       15
  MONTH TO DATE  454                       516    -62      485
  SINCE DEC 1    454                       516    -62      485
  SINCE JUL 1   1246                      1183     63     1275

 COOLING
  TODAY            0                         0      0        0
  MONTH TO DATE    0                         0      0        8
  SINCE DEC 1      0                         0      0        8
  SINCE JAN 1   1609                      1697    -88     1600
..................................................................


WIND (MPH)
  HIGHEST WIND SPEED    14   HIGHEST WIND DIRECTION     S (160)
  HIGHEST GUST SPEED    21   HIGHEST GUST DIRECTION     S (170)
  AVERAGE WIND SPEED     7.6


SKY COVER
  POSSIBLE SUNSHINE  MM
  AVERAGE SKY COVER 0.9


WEATHER CONDITIONS
 THE FOLLOWING WEATHER WAS RECORDED TODAY.
  FOG
  HAZE


RELATIVE HUMIDITY (PERCENT)
 HIGHEST    93           600 AM
 LOWEST     77          1100 AM
 AVERAGE    85

..........................................................


THE JACKSON CLIMATE NORMALS FOR TOMORROW
                         NORMAL    RECORD    YEAR
 MAXIMUM TEMPERATURE (F)   49        70      1970
 MINIMUM TEMPERATURE (F)   30        -6      1989


SUNRISE AND SUNSET
DECEMBER 22 2014......SUNRISE   702 AM CST   SUNSET   447 PM CST
DECEMBER 23 2014......SUNRISE   702 AM CST   SUNSET   447 PM CST


-  INDICATES NEGATIVE NUMBERS.
R  INDICATES RECORD WAS SET OR TIED.
MM INDICATES DATA IS MISSING.
T  INDICATES TRACE AMOUNT.




$$
