000
CDUS44 KMEG 310636
CLIMKL


CLIMATE REPORT
NATIONAL WEATHER SERVICE MEMPHIS TN
136 AM CDT MON AUG 31 2015


...................................

...THE JACKSON CLIMATE SUMMARY FOR AUGUST 30 2015...

CLIMATE NORMAL PERIOD 1981 TO 2010
CLIMATE RECORD PERIOD 1948 TO 2015


WEATHER ITEM   OBSERVED TIME   RECORD YEAR NORMAL DEPARTURE LAST
                VALUE   (LST)  VALUE       VALUE  FROM      YEAR
                                                  NORMAL
..................................................................
TEMPERATURE (F)
 YESTERDAY
  MAXIMUM         87   1226 PM 102    2000  89     -2       80
                                      1951
  MINIMUM         69   1037 PM  50    1988  65      4       71
  AVERAGE         78                        77      1       76

PRECIPITATION (IN)
  YESTERDAY        0.90          2.11 2005   0.08   0.82     0.19
  MONTH TO DATE    4.62                      2.92   1.70     5.00
  SINCE JUN 1      9.68                     12.25  -2.57    21.36
  SINCE JAN 1     31.46                     35.79  -4.33    43.37

SNOWFALL (IN)
  YESTERDAY        0.0          MM      MM   0.0    0.0      0.0
  MONTH TO DATE    0.0                       0.0    0.0      0.0
  SINCE JUN 1      0.0                       0.0    0.0      0.0
  SINCE JUL 1      0.0                       0.0    0.0      0.0
  SNOW DEPTH       0

DEGREE DAYS
 HEATING
  YESTERDAY        0                         0      0        0
  MONTH TO DATE    0                         0      0        0
  SINCE JUN 1      0                         2     -2        0
  SINCE JUL 1      0                         0      0        0

 COOLING
  YESTERDAY       13                        12      1       11
  MONTH TO DATE  360                       405    -45      400
  SINCE JUN 1   1321                      1193    128     1053
  SINCE JAN 1   1552                      1408    144     1303
..................................................................


WIND (MPH)
  HIGHEST WIND SPEED    15   HIGHEST WIND DIRECTION     W (280)
  HIGHEST GUST SPEED    19   HIGHEST GUST DIRECTION     W (270)
  AVERAGE WIND SPEED     4.2


SKY COVER
  POSSIBLE SUNSHINE  MM
  AVERAGE SKY COVER 0.2


WEATHER CONDITIONS
 THE FOLLOWING WEATHER WAS RECORDED YESTERDAY.
  THUNDERSTORM
  HEAVY RAIN
  RAIN
  FOG


RELATIVE HUMIDITY (PERCENT)
 HIGHEST   100           900 PM
 LOWEST     61           200 PM
 AVERAGE    81

..........................................................


THE JACKSON CLIMATE NORMALS FOR TODAY
                         NORMAL    RECORD    YEAR
 MAXIMUM TEMPERATURE (F)   89       102      1951
 MINIMUM TEMPERATURE (F)   65        52      1999


SUNRISE AND SUNSET
AUGUST 31 2015........SUNRISE   627 AM CDT   SUNSET   725 PM CDT
SEPTEMBER  1 2015.....SUNRISE   628 AM CDT   SUNSET   723 PM CDT


-  INDICATES NEGATIVE NUMBERS.
R  INDICATES RECORD WAS SET OR TIED.
MM INDICATES DATA IS MISSING.
T  INDICATES TRACE AMOUNT.




$$
