000
CDUS44 KMEG 260631
CLIMKL


CLIMATE REPORT
NATIONAL WEATHER SERVICE MEMPHIS TN
131 AM CDT SAT JUL 26 2014


...................................

...THE JACKSON CLIMATE SUMMARY FOR JULY 25 2014...

CLIMATE NORMAL PERIOD 1981 TO 2010
CLIMATE RECORD PERIOD 1948 TO 2014


WEATHER ITEM   OBSERVED TIME   RECORD YEAR NORMAL DEPARTURE LAST
                VALUE   (LST)  VALUE       VALUE  FROM      YEAR
                                                  NORMAL
..................................................................
TEMPERATURE (F)
 YESTERDAY
  MAXIMUM         85    403 PM 101    1952  91     -6       83
  MINIMUM         58    532 AM  56    2000  68    -10       63
  AVERAGE         72                        80     -8       73

PRECIPITATION (IN)
  YESTERDAY        0.00         99.99 2008   0.15  -0.15     0.00
  MONTH TO DATE    3.79                      3.69   0.10     4.91
  SINCE JUN 1     16.38                      8.53   7.85     7.69
  SINCE JAN 1     38.39                     32.07   6.32    42.67

SNOWFALL (IN)
  YESTERDAY        0.0          MM      MM   0.0    0.0      0.0
  MONTH TO DATE    0.0                       0.0    0.0      0.0
  SINCE JUN 1      0.0                       0.0    0.0      0.0
  SINCE JUL 1      0.0                       0.0    0.0      0.0
  SNOW DEPTH       0

DEGREE DAYS
 HEATING
  YESTERDAY        0                         0      0        0
  MONTH TO DATE    0                         0      0        0
  SINCE JUN 1      0                         2     -2        0
  SINCE JUL 1      0                         0      0        0

 COOLING
  YESTERDAY        7                        15     -8        8
  MONTH TO DATE  232                       368   -136      312
  SINCE JUN 1    595                       707   -112      655
  SINCE JAN 1    845                       922    -77      855
..................................................................


WIND (MPH)
  HIGHEST WIND SPEED     9   HIGHEST WIND DIRECTION    NW (310)
  HIGHEST GUST SPEED    13   HIGHEST GUST DIRECTION    NW (320)
  AVERAGE WIND SPEED     1.1


SKY COVER
  POSSIBLE SUNSHINE  MM
  AVERAGE SKY COVER 0.0


WEATHER CONDITIONS
 THE FOLLOWING WEATHER WAS RECORDED YESTERDAY.
  FOG


RELATIVE HUMIDITY (PERCENT)
 HIGHEST    93          1200 AM
 LOWEST     44           300 PM
 AVERAGE    69

..........................................................


THE JACKSON CLIMATE NORMALS FOR TODAY
                         NORMAL    RECORD    YEAR
 MAXIMUM TEMPERATURE (F)   91       104      1952
 MINIMUM TEMPERATURE (F)   68        57      2000


SUNRISE AND SUNSET
JULY 26 2014..........SUNRISE   559 AM CDT   SUNSET   805 PM CDT
JULY 27 2014..........SUNRISE   600 AM CDT   SUNSET   804 PM CDT


-  INDICATES NEGATIVE NUMBERS.
R  INDICATES RECORD WAS SET OR TIED.
MM INDICATES DATA IS MISSING.
T  INDICATES TRACE AMOUNT.




$$
