000
CDUS44 KMEG 290642
CLIMKL


CLIMATE REPORT
NATIONAL WEATHER SERVICE MEMPHIS TN
142 AM CDT TUE JUL 29 2014


...................................

...THE JACKSON CLIMATE SUMMARY FOR JULY 28 2014...

CLIMATE NORMAL PERIOD 1981 TO 2010
CLIMATE RECORD PERIOD 1948 TO 2014


WEATHER ITEM   OBSERVED TIME   RECORD YEAR NORMAL DEPARTURE LAST
                VALUE   (LST)  VALUE       VALUE  FROM      YEAR
                                                  NORMAL
..................................................................
TEMPERATURE (F)
 YESTERDAY
  MAXIMUM         84    412 PM 106    1952  91     -7       79
  MINIMUM         66   1101 PM  55    2004  68     -2       63
  AVERAGE         75                        80     -5       71

PRECIPITATION (IN)
  YESTERDAY        0.00          1.34 1979   0.13  -0.13     0.00
  MONTH TO DATE    3.79                      4.10  -0.31     4.91
  SINCE JUN 1     16.38                      8.94   7.44     7.69
  SINCE JAN 1     38.39                     32.48   5.91    42.67

SNOWFALL (IN)
  YESTERDAY        0.0          MM      MM   0.0    0.0      0.0
  MONTH TO DATE    0.0                       0.0    0.0      0.0
  SINCE JUN 1      0.0                       0.0    0.0      0.0
  SINCE JUL 1      0.0                       0.0    0.0      0.0
  SNOW DEPTH       0

DEGREE DAYS
 HEATING
  YESTERDAY        0                         0      0        0
  MONTH TO DATE    0                         0      0        0
  SINCE JUN 1      0                         2     -2        0
  SINCE JUL 1      0                         0      0        0

 COOLING
  YESTERDAY       10                        14     -4        6
  MONTH TO DATE  274                       412   -138      336
  SINCE JUN 1    637                       751   -114      679
  SINCE JAN 1    887                       966    -79      879
..................................................................


WIND (MPH)
  HIGHEST WIND SPEED    17   HIGHEST WIND DIRECTION    NW (330)
  HIGHEST GUST SPEED    22   HIGHEST GUST DIRECTION    NW (330)
  AVERAGE WIND SPEED     7.0


SKY COVER
  POSSIBLE SUNSHINE  MM
  AVERAGE SKY COVER 0.1


WEATHER CONDITIONS
 THE FOLLOWING WEATHER WAS RECORDED YESTERDAY.
  NO SIGNIFICANT WEATHER WAS OBSERVED.


RELATIVE HUMIDITY (PERCENT)
 HIGHEST    87          1100 PM
 LOWEST     48           300 PM
 AVERAGE    68

..........................................................


THE JACKSON CLIMATE NORMALS FOR TODAY
                         NORMAL    RECORD    YEAR
 MAXIMUM TEMPERATURE (F)   91       105      1952
 MINIMUM TEMPERATURE (F)   68        56      1994


SUNRISE AND SUNSET
JULY 29 2014..........SUNRISE   602 AM CDT   SUNSET   802 PM CDT
JULY 30 2014..........SUNRISE   602 AM CDT   SUNSET   801 PM CDT


-  INDICATES NEGATIVE NUMBERS.
R  INDICATES RECORD WAS SET OR TIED.
MM INDICATES DATA IS MISSING.
T  INDICATES TRACE AMOUNT.




$$
