000
CDUS44 KMEG 200648
CLIMKL


CLIMATE REPORT
NATIONAL WEATHER SERVICE MEMPHIS TN
147 AM CDT MON OCT 20 2014


...................................

...THE JACKSON CLIMATE SUMMARY FOR OCTOBER 19 2014...

CLIMATE NORMAL PERIOD 1981 TO 2010
CLIMATE RECORD PERIOD 1948 TO 2014


WEATHER ITEM   OBSERVED TIME   RECORD YEAR NORMAL DEPARTURE LAST
                VALUE   (LST)  VALUE       VALUE  FROM      YEAR
                                                  NORMAL
..................................................................
TEMPERATURE (F)
 YESTERDAY
  MAXIMUM         67    324 PM  89    2005  72     -5       56
  MINIMUM         40    628 AM  30    1948  47     -7       35
  AVERAGE         54                        60     -6       46

PRECIPITATION (IN)
  YESTERDAY        0.00         99.00 2002   0.12  -0.12     0.05
  MONTH TO DATE    3.45                      2.29   1.16     2.02
  SINCE SEP 1      8.28                      5.67   2.61     4.88
  SINCE JAN 1     51.94                     41.54  10.40    49.97

SNOWFALL (IN)
  YESTERDAY        0.0           T    1989   0.0    0.0      0.0
  MONTH TO DATE    0.0                       0.0    0.0      0.0
  SINCE SEP 1      0.0                       0.0    0.0      0.0
  SINCE JUL 1      0.0                       0.0    0.0      0.0
  SNOW DEPTH       0

DEGREE DAYS
 HEATING
  YESTERDAY       11                         7      4       19
  MONTH TO DATE   66                        88    -22       61
  SINCE SEP 1     76                       114    -38       69
  SINCE JUL 1     76                       114    -38       69

 COOLING
  YESTERDAY        0                         1     -1        0
  MONTH TO DATE   63                        37     26       68
  SINCE SEP 1    278                       257     21      305
  SINCE JAN 1   1595                      1680    -85     1589
..................................................................


WIND (MPH)
  HIGHEST WIND SPEED     8   HIGHEST WIND DIRECTION     N (360)
  HIGHEST GUST SPEED    12   HIGHEST GUST DIRECTION     N (350)
  AVERAGE WIND SPEED     0.9


SKY COVER
  POSSIBLE SUNSHINE  MM
  AVERAGE SKY COVER 0.0


WEATHER CONDITIONS
 THE FOLLOWING WEATHER WAS RECORDED YESTERDAY.
  FOG


RELATIVE HUMIDITY (PERCENT)
 HIGHEST    96           200 AM
 LOWEST     48           100 PM
 AVERAGE    72

..........................................................


THE JACKSON CLIMATE NORMALS FOR TODAY
                         NORMAL    RECORD    YEAR
 MAXIMUM TEMPERATURE (F)   72        89      1953
 MINIMUM TEMPERATURE (F)   47        32      1999
                                             1989


SUNRISE AND SUNSET
OCTOBER 20 2014.......SUNRISE   706 AM CDT   SUNSET   614 PM CDT
OCTOBER 21 2014.......SUNRISE   707 AM CDT   SUNSET   613 PM CDT


-  INDICATES NEGATIVE NUMBERS.
R  INDICATES RECORD WAS SET OR TIED.
MM INDICATES DATA IS MISSING.
T  INDICATES TRACE AMOUNT.




$$
