000
CDUS44 KMEG 230738
CLIMKL


CLIMATE REPORT
NATIONAL WEATHER SERVICE MEMPHIS TN
137 AM CST THU NOV 23 2017


...................................

...THE JACKSON CLIMATE SUMMARY FOR NOVEMBER 22 2017...

CLIMATE NORMAL PERIOD 1981 TO 2010
CLIMATE RECORD PERIOD 1948 TO 2017


WEATHER ITEM   OBSERVED TIME   RECORD YEAR NORMAL DEPARTURE LAST
                VALUE   (LST)  VALUE       VALUE  FROM      YEAR
                                                  NORMAL
..................................................................
TEMPERATURE (F)
 YESTERDAY
  MAXIMUM         48    322 PM  75    2010  59    -11       65
                                      2003
  MINIMUM         24   1116 PM  14    1964  37    -13       30
  AVERAGE         36                        48    -12       48

PRECIPITATION (IN)
  YESTERDAY        0.00          2.44 1979   0.18  -0.18     0.02
  MONTH TO DATE    2.59                      3.44  -0.85     0.89
  SINCE SEP 1      7.72                     10.59  -2.87     3.75
  SINCE JAN 1     42.75                     46.46  -3.71    37.62

DEGREE DAYS
 HEATING
  YESTERDAY       29                        17     12       17
  MONTH TO DATE  276                       299    -23      215
  SINCE SEP 1    467                       513    -46      264
  SINCE JUL 1    467                       513    -46      264

 COOLING
  YESTERDAY        0                         0      0        0
  MONTH TO DATE   21                         2     19       18
  SINCE SEP 1    332                       270     62      463
  SINCE JAN 1   1812                      1693    119     2092
..................................................................


WIND (MPH)
  HIGHEST WIND SPEED    16   HIGHEST WIND DIRECTION    NE (30)
  HIGHEST GUST SPEED    21   HIGHEST GUST DIRECTION     N (20)
  AVERAGE WIND SPEED     8.3


SKY COVER
  POSSIBLE SUNSHINE  MM
  AVERAGE SKY COVER 0.0


WEATHER CONDITIONS
 THE FOLLOWING WEATHER WAS RECORDED YESTERDAY.
  NO SIGNIFICANT WEATHER WAS OBSERVED.


RELATIVE HUMIDITY (PERCENT)
 HIGHEST    88          1100 PM
 LOWEST     39           300 PM
 AVERAGE    64

..........................................................


THE JACKSON CLIMATE NORMALS FOR TODAY
                         NORMAL    RECORD    YEAR
 MAXIMUM TEMPERATURE (F)   58        74      1973
 MINIMUM TEMPERATURE (F)   36        16      1964


SUNRISE AND SUNSET
NOVEMBER 23 2017......SUNRISE   639 AM CST   SUNSET   445 PM CST
NOVEMBER 24 2017......SUNRISE   640 AM CST   SUNSET   444 PM CST


-  INDICATES NEGATIVE NUMBERS.
R  INDICATES RECORD WAS SET OR TIED.
MM INDICATES DATA IS MISSING.
T  INDICATES TRACE AMOUNT.




$$
