000
CDUS42 KMLB 230628
CLIMLB


CLIMATE REPORT
NATIONAL WEATHER SERVICE MELBOURNE FL
228 AM EDT FRI JUN 23 2017


...................................

...THE MELBOURNE CLIMATE SUMMARY FOR JUNE 22 2017...

CLIMATE NORMAL PERIOD 1981 TO 2010
CLIMATE RECORD PERIOD 1939 TO 2017


WEATHER ITEM   OBSERVED TIME   RECORD YEAR NORMAL DEPARTURE LAST
                VALUE   (LST)  VALUE       VALUE  FROM      YEAR
                                                  NORMAL
..................................................................
TEMPERATURE (F)
 YESTERDAY
  MAXIMUM         90   1150 AM  99    2009  90      0       87
  MINIMUM         80    602 AM  68    2001  72      8       77
                                      1998
                                      1993
  AVERAGE         85                        81      4       82

PRECIPITATION (IN)
  YESTERDAY        0.00          5.07 2003   0.23  -0.23     0.00
  MONTH TO DATE    6.12                      4.92   1.20     6.98
  SINCE JUN 1      6.12                      4.92   1.20     6.98
  SINCE JAN 1     14.46                     18.42  -3.96    28.95

SNOWFALL (IN)
  YESTERDAY        0.0
  MONTH TO DATE    0.0
  SINCE JUL 1      0.0

DEGREE DAYS
 HEATING
  YESTERDAY        0                         0      0        0
  MONTH TO DATE    0                         0      0        0
  SINCE JUN 1      0                         0      0        0
  SINCE JUL 1    220                       577   -357      341

 COOLING
  YESTERDAY       20                        16      4       17
  MONTH TO DATE  364                       335     29      364
  SINCE JUN 1    364                       335     29      364
  SINCE JAN 1   1511                      1061    450     1297
..................................................................


WIND (MPH)
  HIGHEST WIND SPEED    20   HIGHEST WIND DIRECTION     E (110)
  HIGHEST GUST SPEED    26   HIGHEST GUST DIRECTION    SE (120)
  AVERAGE WIND SPEED    11.2


SKY COVER
  AVERAGE SKY COVER 0.2


WEATHER CONDITIONS
 THE FOLLOWING WEATHER WAS RECORDED YESTERDAY.
  FOG


RELATIVE HUMIDITY (PERCENT)
 HIGHEST    94           200 AM
 LOWEST     63           300 PM
 AVERAGE    79

..........................................................


THE MELBOURNE CLIMATE NORMALS FOR TODAY
                         NORMAL    RECORD    YEAR
 MAXIMUM TEMPERATURE (F)   90        96      1998
 MINIMUM TEMPERATURE (F)   72        67      1995
                                             1982
                                             1976


SUNRISE AND SUNSET
JUNE 23 2017..........SUNRISE   627 AM EDT   SUNSET   823 PM EDT
JUNE 24 2017..........SUNRISE   627 AM EDT   SUNSET   823 PM EDT


-  INDICATES NEGATIVE NUMBERS.
R  INDICATES RECORD WAS SET OR TIED.
MM INDICATES DATA IS MISSING.
T  INDICATES TRACE AMOUNT.




$$
