000
CDUS42 KMLB 080635
CLIMLB


CLIMATE REPORT
NATIONAL WEATHER SERVICE MELBOURNE FL
235 AM EDT WED JUL 8 2015


...................................

...THE MELBOURNE CLIMATE SUMMARY FOR JULY 7 2015...

CLIMATE NORMAL PERIOD 1981 TO 2010
CLIMATE RECORD PERIOD 1939 TO 2015


WEATHER ITEM   OBSERVED TIME   RECORD YEAR NORMAL DEPARTURE LAST
                VALUE   (LST)  VALUE       VALUE  FROM      YEAR
                                                  NORMAL
..................................................................
TEMPERATURE (F)
 YESTERDAY
  MAXIMUM         87    237 PM  96    1980  90     -3       89
                                      1963
  MINIMUM         69    526 AM  67    1947  72     -3       72
  AVERAGE         78                        81     -3       81

PRECIPITATION (IN)
  YESTERDAY        1.31          2.80 2011   0.19   1.12     0.00
  MONTH TO DATE    3.15                      1.37   1.78     2.44
  SINCE JUN 1      9.40                      8.08   1.32     8.50
  SINCE JAN 1     22.25                     21.58   0.67    24.72

SNOWFALL (IN)
  YESTERDAY        0.0
  MONTH TO DATE    0.0
  SINCE JUL 1      0.0

DEGREE DAYS
 HEATING
  YESTERDAY        0                         0      0        0
  MONTH TO DATE    0                         0      0        0
  SINCE JUN 1      0                         0      0        0
  SINCE JUL 1      0                         0      0        0

 COOLING
  YESTERDAY       13                        16     -3       16
  MONTH TO DATE  111                       112     -1      120
  SINCE JUN 1    601                       574     27      581
  SINCE JAN 1   1713                      1300    413     1474
..................................................................


WIND (MPH)
  HIGHEST WIND SPEED    17   HIGHEST WIND DIRECTION     E (110)
  HIGHEST GUST SPEED    22   HIGHEST GUST DIRECTION     E (110)
  AVERAGE WIND SPEED     4.3


SKY COVER
  AVERAGE SKY COVER 0.1


WEATHER CONDITIONS
 THE FOLLOWING WEATHER WAS RECORDED YESTERDAY.
  THUNDERSTORM
  HEAVY RAIN
  RAIN
  FOG


RELATIVE HUMIDITY (PERCENT)
 HIGHEST   100           200 AM
 LOWEST     55          1000 AM
 AVERAGE    78

..........................................................


THE MELBOURNE CLIMATE NORMALS FOR TODAY
                         NORMAL    RECORD    YEAR
 MAXIMUM TEMPERATURE (F)   90        97      2000
                                             1998
 MINIMUM TEMPERATURE (F)   72        67      1950


SUNRISE AND SUNSET
JULY  8 2015..........SUNRISE   632 AM EDT   SUNSET   823 PM EDT
JULY  9 2015..........SUNRISE   633 AM EDT   SUNSET   823 PM EDT


-  INDICATES NEGATIVE NUMBERS.
R  INDICATES RECORD WAS SET OR TIED.
MM INDICATES DATA IS MISSING.
T  INDICATES TRACE AMOUNT.




$$
