000
CDUS42 KMLB 010635
CLIMLB


CLIMATE REPORT
NATIONAL WEATHER SERVICE MELBOURNE FL
235 AM EDT MON SEP 1 2014


...................................

...THE MELBOURNE CLIMATE SUMMARY FOR AUGUST 31 2014...

CLIMATE NORMAL PERIOD 1981 TO 2010
CLIMATE RECORD PERIOD 1939 TO 2014


WEATHER ITEM   OBSERVED TIME   RECORD YEAR NORMAL DEPARTURE LAST
                VALUE   (LST)  VALUE       VALUE  FROM      YEAR
                                                  NORMAL
..................................................................
TEMPERATURE (F)
 YESTERDAY
  MAXIMUM         90    213 PM  98    1955  90      0       94
  MINIMUM         76    616 AM  68    1938  73      3       72
  AVERAGE         83                        81      2       83

PRECIPITATION (IN)
  YESTERDAY        0.00          1.14 1944   0.25  -0.25     0.24
  MONTH TO DATE    4.35                      7.68  -3.33     2.21
  SINCE JUN 1     21.61                     20.35   1.26    15.86
  SINCE JAN 1     37.83                     33.85   3.98    31.19

SNOWFALL (IN)
  YESTERDAY        0.0
  MONTH TO DATE    0.0
  SINCE JUL 1      0.0

DEGREE DAYS
 HEATING
  YESTERDAY        0                         0      0        0
  MONTH TO DATE    0                         0      0        0
  SINCE JUN 1      0                         0      0        0
  SINCE JUL 1      0                         0      0        0

 COOLING
  YESTERDAY       18                        16      2       18
  MONTH TO DATE  583                       522     61      560
  SINCE JUN 1   1594                      1500     94     1588
  SINCE JAN 1   2487                      2226    261     2449
..................................................................


WIND (MPH)
  HIGHEST WIND SPEED    16   HIGHEST WIND DIRECTION     E (100)
  HIGHEST GUST SPEED    20   HIGHEST GUST DIRECTION    SE (120)
  AVERAGE WIND SPEED     5.7


SKY COVER
  AVERAGE SKY COVER 0.1


WEATHER CONDITIONS
 THE FOLLOWING WEATHER WAS RECORDED YESTERDAY.
  NO SIGNIFICANT WEATHER WAS OBSERVED.


RELATIVE HUMIDITY (PERCENT)
 HIGHEST    91           700 AM
 LOWEST     59          1200 PM
 AVERAGE    75

..........................................................


THE MELBOURNE CLIMATE NORMALS FOR TODAY
                         NORMAL    RECORD    YEAR
 MAXIMUM TEMPERATURE (F)   90        98      1972
 MINIMUM TEMPERATURE (F)   73        67      1938


SUNRISE AND SUNSET
SEPTEMBER  1 2014.....SUNRISE   701 AM EDT   SUNSET   744 PM EDT
SEPTEMBER  2 2014.....SUNRISE   702 AM EDT   SUNSET   742 PM EDT


-  INDICATES NEGATIVE NUMBERS.
R  INDICATES RECORD WAS SET OR TIED.
MM INDICATES DATA IS MISSING.
T  INDICATES TRACE AMOUNT.




$$
