000
CDUS42 KMLB 270626
CLIMLB


CLIMATE REPORT
NATIONAL WEATHER SERVICE MELBOURNE FL
226 AM EDT THU APR 27 2017


...................................

...THE MELBOURNE CLIMATE SUMMARY FOR APRIL 26 2017...

CLIMATE NORMAL PERIOD 1981 TO 2010
CLIMATE RECORD PERIOD 1939 TO 2017


WEATHER ITEM   OBSERVED TIME   RECORD YEAR NORMAL DEPARTURE LAST
                VALUE   (LST)  VALUE       VALUE  FROM      YEAR
                                                  NORMAL
..................................................................
TEMPERATURE (F)
 YESTERDAY
  MAXIMUM         89    150 PM  93    2015  82      7       81
  MINIMUM         57    417 AM  47    1983  62     -5       62
                                      1968
  AVERAGE         73                        72      1       72

PRECIPITATION (IN)
  YESTERDAY        0.00          1.54 2010   0.07  -0.07     0.00
  MONTH TO DATE    0.22                      1.87  -1.65     1.34
  SINCE MAR 1      0.63                      5.15  -4.52     4.42
  SINCE JAN 1      5.52                      9.95  -4.43    14.28

SNOWFALL (IN)
  YESTERDAY        0.0
  MONTH TO DATE    0.0
  SINCE JUL 1      0.0

DEGREE DAYS
 HEATING
  YESTERDAY        0                         0      0        0
  MONTH TO DATE    3                        15    -12        3
  SINCE MAR 1     42                        86    -44       20
  SINCE JUL 1    220                       575   -355      341

 COOLING
  YESTERDAY        8                         7      1        7
  MONTH TO DATE  272                       145    127      188
  SINCE MAR 1    457                       244    213      424
  SINCE JAN 1    635                       342    293      514
..................................................................


WIND (MPH)
  HIGHEST WIND SPEED    20   HIGHEST WIND DIRECTION     E (110)
  HIGHEST GUST SPEED    25   HIGHEST GUST DIRECTION    SW (210)
  AVERAGE WIND SPEED     7.9


SKY COVER
  AVERAGE SKY COVER 0.3


WEATHER CONDITIONS
 THE FOLLOWING WEATHER WAS RECORDED YESTERDAY.
  NO SIGNIFICANT WEATHER WAS OBSERVED.


RELATIVE HUMIDITY (PERCENT)
 HIGHEST    87           600 AM
 LOWEST     31           200 PM
 AVERAGE    59

..........................................................


THE MELBOURNE CLIMATE NORMALS FOR TODAY
                         NORMAL    RECORD    YEAR
 MAXIMUM TEMPERATURE (F)   83        93      1961
 MINIMUM TEMPERATURE (F)   62        47      1978


SUNRISE AND SUNSET
APRIL 27 2017.........SUNRISE   646 AM EDT   SUNSET   755 PM EDT
APRIL 28 2017.........SUNRISE   645 AM EDT   SUNSET   756 PM EDT


-  INDICATES NEGATIVE NUMBERS.
R  INDICATES RECORD WAS SET OR TIED.
MM INDICATES DATA IS MISSING.
T  INDICATES TRACE AMOUNT.




$$
