000
CDUS42 KMLB 160626
CLIMLB


CLIMATE REPORT
NATIONAL WEATHER SERVICE MELBOURNE FL
126 AM EST MON JAN 16 2017


...................................

...THE MELBOURNE CLIMATE SUMMARY FOR JANUARY 15 2017...

CLIMATE NORMAL PERIOD 1981 TO 2010
CLIMATE RECORD PERIOD 1939 TO 2017


WEATHER ITEM   OBSERVED TIME   RECORD YEAR NORMAL DEPARTURE LAST
                VALUE   (LST)  VALUE       VALUE  FROM      YEAR
                                                  NORMAL
..................................................................
TEMPERATURE (F)
 YESTERDAY
  MAXIMUM         78    137 PM  85    1962  71      7       75
                                      1957
                                      1939
  MINIMUM         56    515 AM  29    1982  49      7       62
                                      1948
  AVERAGE         67                        60      7       69

PRECIPITATION (IN)
  YESTERDAY        0.00          2.21 2016   0.07  -0.07     2.21
  MONTH TO DATE    0.56                      1.06  -0.50     4.75
  SINCE DEC 1      0.88                      3.63  -2.75     8.44
  SINCE JAN 1      0.56                      1.06  -0.50     4.75

SNOWFALL (IN)
  YESTERDAY        0.0
  MONTH TO DATE    0.0
  SINCE JUL 1      0.0

DEGREE DAYS
 HEATING
  YESTERDAY        0                         6     -6        0
  MONTH TO DATE   39                        90    -51       51
  SINCE DEC 1     67                       227   -160       58
  SINCE JUL 1     86                       269   -183       63

 COOLING
  YESTERDAY        2                         1      1        4
  MONTH TO DATE   35                        18     17       30
  SINCE DEC 1    211                        94    117      314
  SINCE JAN 1     35                        18     17       30
..................................................................


WIND (MPH)
  HIGHEST WIND SPEED    13   HIGHEST WIND DIRECTION     E (70)
  HIGHEST GUST SPEED    15   HIGHEST GUST DIRECTION     E (70)
  AVERAGE WIND SPEED     4.6


SKY COVER
  AVERAGE SKY COVER 0.1


WEATHER CONDITIONS
 THE FOLLOWING WEATHER WAS RECORDED YESTERDAY.
  FOG
  FOG W/VISIBILITY <= 1/4 MILE


RELATIVE HUMIDITY (PERCENT)
 HIGHEST   100          1200 AM
 LOWEST     47           100 PM
 AVERAGE    74

..........................................................


THE MELBOURNE CLIMATE NORMALS FOR TODAY
                         NORMAL    RECORD    YEAR
 MAXIMUM TEMPERATURE (F)   71        89      1957
 MINIMUM TEMPERATURE (F)   49        34      1983
                                             1978


SUNRISE AND SUNSET
JANUARY 16 2017.......SUNRISE   715 AM EST   SUNSET   550 PM EST
JANUARY 17 2017.......SUNRISE   715 AM EST   SUNSET   551 PM EST


-  INDICATES NEGATIVE NUMBERS.
R  INDICATES RECORD WAS SET OR TIED.
MM INDICATES DATA IS MISSING.
T  INDICATES TRACE AMOUNT.




$$
