000
CDUS42 KMLB 020635
CLIMLB


CLIMATE REPORT
NATIONAL WEATHER SERVICE MELBOURNE FL
135 AM EST MON MAR 2 2015


...................................

...THE MELBOURNE CLIMATE SUMMARY FOR MARCH 1 2015...

CLIMATE NORMAL PERIOD 1981 TO 2010
CLIMATE RECORD PERIOD 1939 TO 2015


WEATHER ITEM   OBSERVED TIME   RECORD YEAR NORMAL DEPARTURE LAST
                VALUE   (LST)  VALUE       VALUE  FROM      YEAR
                                                  NORMAL
..................................................................
TEMPERATURE (F)
 YESTERDAY
  MAXIMUM         78    247 PM  87    2012  75      3       77
  MINIMUM         68    732 AM  34    1941  53     15       50
  AVERAGE         73                        64      9       64

PRECIPITATION (IN)
  YESTERDAY        T             1.47 1947   0.10  -0.10     0.00
  MONTH TO DATE    T                         0.10  -0.10     0.00
  SINCE MAR 1      T                         0.10  -0.10     0.00
  SINCE JAN 1      6.11                      4.90   1.21     7.06

SNOWFALL (IN)
  YESTERDAY        0.0
  MONTH TO DATE    0.0
  SINCE JUL 1      0.0

DEGREE DAYS
 HEATING
  YESTERDAY        0                         3     -3        1
  MONTH TO DATE    0                         3     -3        1
  SINCE MAR 1      0                         3     -3        1
  SINCE JUL 1    410                       492    -82      307

 COOLING
  YESTERDAY        8                         2      6        0
  MONTH TO DATE    8                         2      6        0
  SINCE MAR 1      8                         2      6        0
  SINCE JAN 1    106                       100      6      168
..................................................................


WIND (MPH)
  HIGHEST WIND SPEED    16   HIGHEST WIND DIRECTION     E (100)
  HIGHEST GUST SPEED    20   HIGHEST GUST DIRECTION     E (100)
  AVERAGE WIND SPEED     9.0


SKY COVER
  AVERAGE SKY COVER 0.6


WEATHER CONDITIONS
 THE FOLLOWING WEATHER WAS RECORDED YESTERDAY.
  LIGHT RAIN
  FOG


RELATIVE HUMIDITY (PERCENT)
 HIGHEST    97           800 AM
 LOWEST     69           200 PM
 AVERAGE    83

..........................................................


THE MELBOURNE CLIMATE NORMALS FOR TODAY
                         NORMAL    RECORD    YEAR
 MAXIMUM TEMPERATURE (F)   75        92      2007
 MINIMUM TEMPERATURE (F)   54        30      1968


SUNRISE AND SUNSET
MARCH  2 2015.........SUNRISE   646 AM EST   SUNSET   623 PM EST
MARCH  3 2015.........SUNRISE   645 AM EST   SUNSET   624 PM EST


-  INDICATES NEGATIVE NUMBERS.
R  INDICATES RECORD WAS SET OR TIED.
MM INDICATES DATA IS MISSING.
T  INDICATES TRACE AMOUNT.




$$
