000
CDUS42 KMLB 152123
CLIMLB


CLIMATE REPORT
NATIONAL WEATHER SERVICE MELBOURNE FL
422 PM EST FRI DEC 15 2017


...................................

...THE MELBOURNE CLIMATE SUMMARY FOR DECEMBER 15 2017...
VALID TODAY AS OF 0400 PM LOCAL TIME.

CLIMATE NORMAL PERIOD 1981 TO 2010
CLIMATE RECORD PERIOD 1939 TO 2017


WEATHER ITEM   OBSERVED TIME   RECORD YEAR NORMAL DEPARTURE LAST
                VALUE   (LST)  VALUE       VALUE  FROM      YEAR
                                                  NORMAL
..................................................................
TEMPERATURE (F)
 TODAY
  MAXIMUM         79    228 PM  86    2007  73      6       76
  MINIMUM         57    705 AM  28    2010  53      4       63
  AVERAGE         68                        63      5       70

PRECIPITATION (IN)
  TODAY            0.00          0.96 1987   0.09  -0.09     0.00
  MONTH TO DATE    1.07                      1.27  -0.20     0.21
  SINCE DEC 1      1.07                      1.27  -0.20     0.21
  SINCE JAN 1     65.73                     50.70  15.03    59.53

SNOWFALL (IN)
  TODAY            0.0
  MONTH TO DATE    0.0
  SINCE JUL 1      0.0

DEGREE DAYS
 HEATING
  TODAY            0                         4     -4        0
  MONTH TO DATE   52                        52      0        7
  SINCE DEC 1     52                        52      0        7
  SINCE JUL 1     65                        94    -29       26

 COOLING
  TODAY            3                         2      1        5
  MONTH TO DATE   66                        43     23       88
  SINCE DEC 1     66                        43     23       88
  SINCE JAN 1   4152                      3238    914     3816
..................................................................


WIND (MPH)
  HIGHEST WIND SPEED    15   HIGHEST WIND DIRECTION     W (270)
  HIGHEST GUST SPEED    20   HIGHEST GUST DIRECTION    SW (240)
  AVERAGE WIND SPEED     9.1


SKY COVER
  AVERAGE SKY COVER 0.3


WEATHER CONDITIONS
 THE FOLLOWING WEATHER WAS RECORDED TODAY.
  NO SIGNIFICANT WEATHER WAS OBSERVED.


RELATIVE HUMIDITY (PERCENT)
 HIGHEST    80           600 AM
 LOWEST     38          1100 AM
 AVERAGE    59

..........................................................


THE MELBOURNE CLIMATE NORMALS FOR TOMORROW
                         NORMAL    RECORD    YEAR
 MAXIMUM TEMPERATURE (F)   73        89      1961
 MINIMUM TEMPERATURE (F)   53        29      1968


SUNRISE AND SUNSET
DECEMBER 15 2017......SUNRISE   707 AM EST   SUNSET   529 PM EST
DECEMBER 16 2017......SUNRISE   707 AM EST   SUNSET   529 PM EST


-  INDICATES NEGATIVE NUMBERS.
R  INDICATES RECORD WAS SET OR TIED.
MM INDICATES DATA IS MISSING.
T  INDICATES TRACE AMOUNT.




$$
