000
CDUS42 KMLB 190635
CLIMLB


CLIMATE REPORT
NATIONAL WEATHER SERVICE MELBOURNE FL
235 AM EDT SAT AUG 19 2017


...................................

...THE MELBOURNE CLIMATE SUMMARY FOR AUGUST 18 2017...

CLIMATE NORMAL PERIOD 1981 TO 2010
CLIMATE RECORD PERIOD 1939 TO 2017


WEATHER ITEM   OBSERVED TIME   RECORD YEAR NORMAL DEPARTURE LAST
                VALUE   (LST)  VALUE       VALUE  FROM      YEAR
                                                  NORMAL
..................................................................
TEMPERATURE (F)
 YESTERDAY
  MAXIMUM         92   1131 AM 100    1938  91      1       91
  MINIMUM         75   1006 PM  68    1966  73      2       78
                                      1938
  AVERAGE         84                        82      2       85

PRECIPITATION (IN)
  YESTERDAY        0.00          1.96 2004   0.24  -0.24     0.00
  MONTH TO DATE    3.51                      4.45  -0.94     2.85
  SINCE JUN 1     17.55                     17.12   0.43    12.85
  SINCE JAN 1     25.89                     30.62  -4.73    34.82

SNOWFALL (IN)
  YESTERDAY        0.0
  MONTH TO DATE    0.0
  SINCE JUL 1      0.0

DEGREE DAYS
 HEATING
  YESTERDAY        0                         0      0        0
  MONTH TO DATE    0                         0      0        0
  SINCE JUN 1      0                         0      0        0
  SINCE JUL 1      0                         0      0        0

 COOLING
  YESTERDAY       19                        17      2       20
  MONTH TO DATE  360                       306     54      346
  SINCE JUN 1   1486                      1284    202     1467
  SINCE JAN 1   2633                      2010    623     2400
..................................................................


WIND (MPH)
  HIGHEST WIND SPEED    21   HIGHEST WIND DIRECTION     W (260)
  HIGHEST GUST SPEED    26   HIGHEST GUST DIRECTION     W (250)
  AVERAGE WIND SPEED     6.1


SKY COVER
  AVERAGE SKY COVER 0.2


WEATHER CONDITIONS
 THE FOLLOWING WEATHER WAS RECORDED YESTERDAY.
  THUNDERSTORM


RELATIVE HUMIDITY (PERCENT)
 HIGHEST    94           600 AM
 LOWEST     59          1100 AM
 AVERAGE    77

..........................................................


THE MELBOURNE CLIMATE NORMALS FOR TODAY
                         NORMAL    RECORD    YEAR
 MAXIMUM TEMPERATURE (F)   90        96      1993
 MINIMUM TEMPERATURE (F)   73        66      1965


SUNRISE AND SUNSET
AUGUST 19 2017........SUNRISE   655 AM EDT   SUNSET   757 PM EDT
AUGUST 20 2017........SUNRISE   655 AM EDT   SUNSET   756 PM EDT


-  INDICATES NEGATIVE NUMBERS.
R  INDICATES RECORD WAS SET OR TIED.
MM INDICATES DATA IS MISSING.
T  INDICATES TRACE AMOUNT.




$$
