000
CDUS42 KMLB 062127
CLIMLB


CLIMATE REPORT
NATIONAL WEATHER SERVICE MELBOURNE FL
426 PM EST SAT FEB 6 2016


...................................

...THE MELBOURNE CLIMATE SUMMARY FOR FEBRUARY 6 2016...
VALID TODAY AS OF 0400 PM LOCAL TIME.

CLIMATE NORMAL PERIOD 1981 TO 2010
CLIMATE RECORD PERIOD 1939 TO 2016


WEATHER ITEM   OBSERVED TIME   RECORD YEAR NORMAL DEPARTURE LAST
                VALUE   (LST)  VALUE       VALUE  FROM      YEAR
                                                  NORMAL
..................................................................
TEMPERATURE (F)
 TODAY
  MAXIMUM         74   1119 AM  87    2008  73      1       68
  MINIMUM         49    123 AM  28    1947  51     -2       50
  AVERAGE         62                        62      0       59

PRECIPITATION (IN)
  TODAY            T             1.65 1983   0.09  -0.09     0.00
  MONTH TO DATE    0.30                      0.53  -0.23     1.23
  SINCE DEC 1     11.82                      5.37   6.45     5.33
  SINCE JAN 1      8.13                      2.80   5.33     3.71

SNOWFALL (IN)
  TODAY            0.0
  MONTH TO DATE    0.0
  SINCE JUL 1      0.0

DEGREE DAYS
 HEATING
  TODAY            3                         5     -2        6
  MONTH TO DATE   12                        30    -18       23
  SINCE DEC 1    190                       357   -167      226
  SINCE JUL 1    195                       399   -204      291

 COOLING
  TODAY            0                         2     -2        0
  MONTH TO DATE   33                        12     21        3
  SINCE DEC 1    353                       132    221      201
  SINCE JAN 1     69                        56     13       70
..................................................................


WIND (MPH)
  HIGHEST WIND SPEED    15   HIGHEST WIND DIRECTION    NE (60)
  HIGHEST GUST SPEED    18   HIGHEST GUST DIRECTION    NE (50)
  AVERAGE WIND SPEED     7.5


SKY COVER
  AVERAGE SKY COVER 0.5


WEATHER CONDITIONS
 THE FOLLOWING WEATHER WAS RECORDED TODAY.
  LIGHT RAIN


RELATIVE HUMIDITY (PERCENT)
 HIGHEST   100           400 AM
 LOWEST     53          1100 AM
 AVERAGE    77

..........................................................


THE MELBOURNE CLIMATE NORMALS FOR TOMORROW
                         NORMAL    RECORD    YEAR
 MAXIMUM TEMPERATURE (F)   73        89      2011
 MINIMUM TEMPERATURE (F)   51        31      1995


SUNRISE AND SUNSET
FEBRUARY  6 2016......SUNRISE   707 AM EST   SUNSET   606 PM EST
FEBRUARY  7 2016......SUNRISE   707 AM EST   SUNSET   607 PM EST


-  INDICATES NEGATIVE NUMBERS.
R  INDICATES RECORD WAS SET OR TIED.
MM INDICATES DATA IS MISSING.
T  INDICATES TRACE AMOUNT.




$$
