000
CDUS42 KMLB 092029
CLIMLB


CLIMATE REPORT
NATIONAL WEATHER SERVICE MELBOURNE FL
428 PM EDT WED JUL 9 2014


...................................

...THE MELBOURNE CLIMATE SUMMARY FOR JULY 9 2014...
VALID TODAY AS OF 400 PM LOCAL TIME.

CLIMATE NORMAL PERIOD 1981 TO 2010
CLIMATE RECORD PERIOD 1939 TO 2014


WEATHER ITEM   OBSERVED TIME   RECORD YEAR NORMAL DEPARTURE LAST
                VALUE   (LST)  VALUE       VALUE  FROM      YEAR
                                                  NORMAL
..................................................................
TEMPERATURE (F)
 TODAY
  MAXIMUM         89    231 PM  95    1998  90     -1       88
                                      1995
                                      1975
  MINIMUM         72    249 AM  66    1974  72      0       75
  AVERAGE         81                        81      0       82

PRECIPITATION (IN)
  TODAY            0.00          2.73 1962   0.19  -0.19     0.00
  MONTH TO DATE    2.91                      1.75   1.16     0.48
  SINCE JUN 1      8.97                      8.46   0.51     7.22
  SINCE JAN 1     25.19                     21.96   3.23    22.55

SNOWFALL (IN)
  TODAY            0.0
  MONTH TO DATE    0.0
  SINCE JUL 1      0.0

DEGREE DAYS
 HEATING
  TODAY            0                         0      0        0
  MONTH TO DATE    0                         0      0        0
  SINCE JUN 1      0                         0      0        0
  SINCE JUL 1      0                         0      0        0

 COOLING
  TODAY           16                        16      0       17
  MONTH TO DATE  153                       144      9      159
  SINCE JUN 1    614                       606      8      657
  SINCE JAN 1   1507                      1332    175     1518
..................................................................


WIND (MPH)
  HIGHEST WIND SPEED    13   HIGHEST WIND DIRECTION     E (100)
  HIGHEST GUST SPEED    15   HIGHEST GUST DIRECTION     E (80)
  AVERAGE WIND SPEED     4.8


SKY COVER
  AVERAGE SKY COVER 0.3


WEATHER CONDITIONS
 THE FOLLOWING WEATHER WAS RECORDED TODAY.
  FOG


RELATIVE HUMIDITY (PERCENT)
 HIGHEST   100           100 AM
 LOWEST     59          1200 PM
 AVERAGE    80

..........................................................


THE MELBOURNE CLIMATE NORMALS FOR TOMORROW
                         NORMAL    RECORD    YEAR
 MAXIMUM TEMPERATURE (F)   91        98      1964
 MINIMUM TEMPERATURE (F)   72        64      1979


SUNRISE AND SUNSET
JULY  9 2014..........SUNRISE   633 AM EDT   SUNSET   823 PM EDT
JULY 10 2014..........SUNRISE   633 AM EDT   SUNSET   822 PM EDT


-  INDICATES NEGATIVE NUMBERS.
R  INDICATES RECORD WAS SET OR TIED.
MM INDICATES DATA IS MISSING.
T  INDICATES TRACE AMOUNT.




$$
