000
CDUS43 KDVN 260927
CLIMLI


CLIMATE REPORT
NATIONAL WEATHER SERVICE QUAD CITIES IA IL
424 AM CDT MON SEP 26 2016


...................................

...THE MOLINE IL CLIMATE SUMMARY FOR SEPTEMBER 25 2016...

CLIMATE NORMAL PERIOD 1981 TO 2010
CLIMATE RECORD PERIOD 1872 TO 2016


WEATHER ITEM   OBSERVED TIME   RECORD YEAR NORMAL DEPARTURE LAST
                VALUE   (LST)  VALUE       VALUE  FROM      YEAR
                                                  NORMAL
..................................................................
TEMPERATURE (F)
 YESTERDAY
  MAXIMUM         87    117 PM  91    1920  73     14       82
  MINIMUM         61   1159 PM  30    1942  50     11       56
  AVERAGE         74                        61     13       69

PRECIPITATION (IN)
  YESTERDAY        T             1.56 1993   0.10  -0.10     0.00
  MONTH TO DATE    1.21                      2.63  -1.42     3.01
  SINCE SEP 1      1.21                      2.63  -1.42     3.01
  SINCE JAN 1     30.63                     29.79   0.84    31.48

SNOWFALL (IN)
  YESTERDAY        0.0          MM      MM   0.0    0.0      0.0
  MONTH TO DATE    0.0                       0.0    0.0      0.0
  SINCE SEP 1      0.0                       0.0    0.0      0.0
  SINCE JUL 1      0.0                       0.0    0.0       T
  SNOW DEPTH       0

DEGREE DAYS
 HEATING
  YESTERDAY        0                         5     -5        0
  MONTH TO DATE    1                        63    -62       26
  SINCE SEP 1      1                        63    -62       26
  SINCE JUL 1      2                        71    -69       33

 COOLING
  YESTERDAY        9                         2      7        4
  MONTH TO DATE  189                        99     90      201
  SINCE SEP 1    189                        99     90      201
  SINCE JAN 1   1262                       982    280      989
..................................................................


WIND (MPH)
  HIGHEST WIND SPEED    24   HIGHEST WIND DIRECTION     W (270)
  HIGHEST GUST SPEED    30   HIGHEST GUST DIRECTION     W (280)
  AVERAGE WIND SPEED    11.4


SKY COVER
  POSSIBLE SUNSHINE  MM
  AVERAGE SKY COVER 0.2


WEATHER CONDITIONS
 THE FOLLOWING WEATHER WAS RECORDED YESTERDAY.
  LIGHT RAIN
  FOG
  HAZE


RELATIVE HUMIDITY (PERCENT)
 HIGHEST    93           200 AM
 LOWEST     51           100 PM
 AVERAGE    72

..........................................................


THE MOLINE IL CLIMATE NORMALS FOR TODAY
                         NORMAL    RECORD    YEAR
 MAXIMUM TEMPERATURE (F)   73        90      1891
 MINIMUM TEMPERATURE (F)   49        32      1940


SUNRISE AND SUNSET
SEPTEMBER 26 2016.....SUNRISE   654 AM CDT   SUNSET   651 PM CDT
SEPTEMBER 27 2016.....SUNRISE   655 AM CDT   SUNSET   650 PM CDT


-  INDICATES NEGATIVE NUMBERS.
R  INDICATES RECORD WAS SET OR TIED.
MM INDICATES DATA IS MISSING.
T  INDICATES TRACE AMOUNT.




$$
