000
CDUS43 KDVN 292124
CLIMLI


CLIMATE REPORT
NATIONAL WEATHER SERVICE QUAD CITIES IA IL
422 PM CDT FRI JUL 29 2016


...................................

...THE MOLINE IL CLIMATE SUMMARY FOR JULY 29 2016...
VALID TODAY AS OF 0400 PM LOCAL TIME.

CLIMATE NORMAL PERIOD 1981 TO 2010
CLIMATE RECORD PERIOD 1872 TO 2016


WEATHER ITEM   OBSERVED TIME   RECORD YEAR NORMAL DEPARTURE LAST
                VALUE   (LST)  VALUE       VALUE  FROM      YEAR
                                                  NORMAL
..................................................................
TEMPERATURE (F)
 TODAY
  MAXIMUM         84    251 PM 104    1916  85     -1       86
  MINIMUM         70    338 AM  49    1981  65      5       65
                                      1971
  AVERAGE         77                        75      2       76

PRECIPITATION (IN)
  TODAY            0.02          1.88 1970   0.12  -0.10      T
  MONTH TO DATE    7.43                      4.04   3.39     4.79
  SINCE JUN 1     11.23                      8.53   2.70    15.69
  SINCE JAN 1     21.23                     22.39  -1.16    24.63

SNOWFALL (IN)
  TODAY            0.0          MM      MM   0.0    0.0      0.0
  MONTH TO DATE    0.0                       0.0    0.0      0.0
  SINCE JUN 1      0.0                       0.0    0.0      0.0
  SINCE JUL 1      0.0                       0.0    0.0      0.0
  SNOW DEPTH       0

DEGREE DAYS
 HEATING
  TODAY            0                         0      0        0
  MONTH TO DATE    1                         0      1        4
  SINCE JUN 1      2                        19    -17       11
  SINCE JUL 1      1                         0      1        4

 COOLING
  TODAY           12                        10      2       11
  MONTH TO DATE  322                       306     16      263
  SINCE JUN 1    624                       520    104      470
  SINCE JAN 1    726                       596    130      551
..................................................................


WIND (MPH)
  HIGHEST WIND SPEED    13   HIGHEST WIND DIRECTION     W (290)
  HIGHEST GUST SPEED    16   HIGHEST GUST DIRECTION    NW (300)
  AVERAGE WIND SPEED     4.8


SKY COVER
  POSSIBLE SUNSHINE  MM
  AVERAGE SKY COVER 0.8


WEATHER CONDITIONS
 THE FOLLOWING WEATHER WAS RECORDED TODAY.
  LIGHT RAIN
  FOG


RELATIVE HUMIDITY (PERCENT)
 HIGHEST    90           200 AM
 LOWEST     58           300 PM
 AVERAGE    74

..........................................................


THE MOLINE IL CLIMATE NORMALS FOR TOMORROW
                         NORMAL    RECORD    YEAR
 MAXIMUM TEMPERATURE (F)   85       102      1931
                                             1913
 MINIMUM TEMPERATURE (F)   65        46      1971


SUNRISE AND SUNSET
JULY 29 2016..........SUNRISE   555 AM CDT   SUNSET   822 PM CDT
JULY 30 2016..........SUNRISE   555 AM CDT   SUNSET   821 PM CDT


-  INDICATES NEGATIVE NUMBERS.
R  INDICATES RECORD WAS SET OR TIED.
MM INDICATES DATA IS MISSING.
T  INDICATES TRACE AMOUNT.




$$
