000
CDUS43 KDVN 280931
CLIMLI


CLIMATE REPORT
NATIONAL WEATHER SERVICE QUAD CITIES IA IL
429 AM CDT FRI APR 28 2017


...................................

...THE MOLINE IL CLIMATE SUMMARY FOR APRIL 27 2017...

CLIMATE NORMAL PERIOD 1981 TO 2010
CLIMATE RECORD PERIOD 1872 TO 2017


WEATHER ITEM   OBSERVED TIME   RECORD YEAR NORMAL DEPARTURE LAST
                VALUE   (LST)  VALUE       VALUE  FROM      YEAR
                                                  NORMAL
..................................................................
TEMPERATURE (F)
 YESTERDAY
  MAXIMUM         48    614 PM  86    1981  67    -19       52
                                      1977
  MINIMUM         36   1144 PM  27    1933  45     -9       45
  AVERAGE         42                        56    -14       49

PRECIPITATION (IN)
  YESTERDAY        0.48          2.48 1959   0.14   0.34     0.56
  MONTH TO DATE    4.08                      3.19   0.89     1.77
  SINCE MAR 1      7.57                      6.05   1.52     4.68
  SINCE JAN 1      9.98                      9.14   0.84     6.01

SNOWFALL (IN)
  YESTERDAY        0.0          MM      MM   0.0    0.0      0.0
  MONTH TO DATE    0.0                       0.9   -0.9       T
  SINCE MAR 1      5.9                       4.9    1.0      2.9
  SINCE JUL 1     22.4                      31.6   -9.2     24.1
  SNOW DEPTH       0

DEGREE DAYS
 HEATING
  YESTERDAY       23                        10     13       16
  MONTH TO DATE  259                       393   -134      372
  SINCE MAR 1   1005                      1197   -192      971
  SINCE JUL 1   4808                      5995  -1187     4960

 COOLING
  YESTERDAY        0                         1     -1        0
  MONTH TO DATE   14                        11      3        8
  SINCE MAR 1     14                        12      2       11
  SINCE JAN 1     14                        12      2       11
..................................................................


WIND (MPH)
  HIGHEST WIND SPEED    25   HIGHEST WIND DIRECTION     W (260)
  HIGHEST GUST SPEED    31   HIGHEST GUST DIRECTION     W (260)
  AVERAGE WIND SPEED    11.9


SKY COVER
  POSSIBLE SUNSHINE  MM
  AVERAGE SKY COVER 0.8


WEATHER CONDITIONS
 THE FOLLOWING WEATHER WAS RECORDED YESTERDAY.
  RAIN
  LIGHT RAIN
  FOG


RELATIVE HUMIDITY (PERCENT)
 HIGHEST    92          1100 PM
 LOWEST     61           600 PM
 AVERAGE    77

..........................................................


THE MOLINE IL CLIMATE NORMALS FOR TODAY
                         NORMAL    RECORD    YEAR
 MAXIMUM TEMPERATURE (F)   67        89      1970
 MINIMUM TEMPERATURE (F)   45        29      1992


SUNRISE AND SUNSET
APRIL 28 2017.........SUNRISE   603 AM CDT   SUNSET   757 PM CDT
APRIL 29 2017.........SUNRISE   601 AM CDT   SUNSET   758 PM CDT


-  INDICATES NEGATIVE NUMBERS.
R  INDICATES RECORD WAS SET OR TIED.
MM INDICATES DATA IS MISSING.
T  INDICATES TRACE AMOUNT.




$$
