770
CDUS43 KDVN 252132
CLIMLI


CLIMATE REPORT
NATIONAL WEATHER SERVICE QUAD CITIES IA IL
430 PM CDT WED MAY 25 2016


...................................

...THE MOLINE IL CLIMATE SUMMARY FOR MAY 25 2016...
VALID TODAY AS OF 0400 PM LOCAL TIME.

CLIMATE NORMAL PERIOD 1981 TO 2010
CLIMATE RECORD PERIOD 1872 TO 2016


WEATHER ITEM   OBSERVED TIME   RECORD YEAR NORMAL DEPARTURE LAST
                VALUE   (LST)  VALUE       VALUE  FROM      YEAR
                                                  NORMAL
..................................................................
TEMPERATURE (F)
 TODAY
  MAXIMUM         86    251 PM  94    1967  76     10       80
  MINIMUM         63    349 AM  35    1979  54      9       65
  AVERAGE         75                        65     10       73

PRECIPITATION (IN)
  TODAY            0.00          1.75 1984   0.14  -0.14     0.03
  MONTH TO DATE    2.49                      3.45  -0.96     2.80
  SINCE MAR 1      7.84                      9.90  -2.06     5.17
  SINCE JAN 1      9.17                     12.99  -3.82     8.10

SNOWFALL (IN)
  TODAY            0.0          MM      MM   0.0    0.0      0.0
  MONTH TO DATE    0.0                       0.0    0.0      0.0
  SINCE MAR 1      2.9                       4.9   -2.0      0.1
  SINCE JUL 1     24.1                      31.6   -7.5     39.1
  SNOW DEPTH       0

DEGREE DAYS
 HEATING
  TODAY            0                         3     -3        0
  MONTH TO DATE  158                       145     13      108
  SINCE MAR 1   1174                      1370   -196     1321
  SINCE JUL 1   5163                      6168  -1005     6579

 COOLING
  TODAY           10                         3      7        8
  MONTH TO DATE   31                        43    -12       57
  SINCE MAR 1     42                        57    -15       57
  SINCE JAN 1     42                        57    -15       57
..................................................................


WIND (MPH)
  HIGHEST WIND SPEED    17   HIGHEST WIND DIRECTION    SE (140)
  HIGHEST GUST SPEED    22   HIGHEST GUST DIRECTION     S (180)
  AVERAGE WIND SPEED     7.6


SKY COVER
  POSSIBLE SUNSHINE  MM
  AVERAGE SKY COVER 0.1


WEATHER CONDITIONS
 THE FOLLOWING WEATHER WAS RECORDED TODAY.
  NO SIGNIFICANT WEATHER WAS OBSERVED.


RELATIVE HUMIDITY (PERCENT)
 HIGHEST    84           300 AM
 LOWEST     44           300 PM
 AVERAGE    64

..........................................................


THE MOLINE IL CLIMATE NORMALS FOR TOMORROW
                         NORMAL    RECORD    YEAR
 MAXIMUM TEMPERATURE (F)   76        95      1985
 MINIMUM TEMPERATURE (F)   54        38      1992
                                             1979


SUNRISE AND SUNSET
MAY 25 2016...........SUNRISE   534 AM CDT   SUNSET   824 PM CDT
MAY 26 2016...........SUNRISE   534 AM CDT   SUNSET   825 PM CDT


-  INDICATES NEGATIVE NUMBERS.
R  INDICATES RECORD WAS SET OR TIED.
MM INDICATES DATA IS MISSING.
T  INDICATES TRACE AMOUNT.




$$
