000
CDUS43 KDVN 311020
CLIMLI


CLIMATE REPORT
NATIONAL WEATHER SERVICE QUAD CITIES IA IL
418 AM CST SAT JAN 31 2015


...................................

...THE MOLINE IL CLIMATE SUMMARY FOR JANUARY 30 2015...

CLIMATE NORMAL PERIOD 1981 TO 2010
CLIMATE RECORD PERIOD 1872 TO 2015


WEATHER ITEM   OBSERVED TIME   RECORD YEAR NORMAL DEPARTURE LAST
                VALUE   (LST)  VALUE       VALUE  FROM      YEAR
                                                  NORMAL
..................................................................
TEMPERATURE (F)
 YESTERDAY
  MAXIMUM         31    247 PM  60    2012  32     -1       33
  MINIMUM         19   1023 PM -14    1966  14      5       16
                                      1951
  AVERAGE         25                        23      2       25

PRECIPITATION (IN)
  YESTERDAY        0.00          0.52 2013   0.05  -0.05     0.02
  MONTH TO DATE    1.20                      1.44  -0.24     1.16
  SINCE DEC 1      1.92                      3.62  -1.70     2.38
  SINCE JAN 1      1.20                      1.44  -0.24     1.16

SNOWFALL (IN)
  YESTERDAY        0.0          MM      MM   0.3   -0.3      0.3
  MONTH TO DATE   14.5                       9.1    5.4     17.7
  SINCE DEC 1     14.5                      18.4   -3.9     31.5
  SINCE JUL 1     19.1                      19.6   -0.5     32.5
  SNOW DEPTH       1

DEGREE DAYS
 HEATING
  YESTERDAY       40                        42     -2       40
  MONTH TO DATE 1277                      1272      5     1498
  SINCE DEC 1   2312                      2462   -150     2868
  SINCE JUL 1   3817                      3693    124     4214

 COOLING
  YESTERDAY        0                         0      0        0
  MONTH TO DATE    0                         0      0        0
  SINCE DEC 1      0                         0      0        0
  SINCE JAN 1      0                         0      0        0
..................................................................


WIND (MPH)
  HIGHEST WIND SPEED    15   HIGHEST WIND DIRECTION    NW (310)
  HIGHEST GUST SPEED    21   HIGHEST GUST DIRECTION    NW (330)
  AVERAGE WIND SPEED     4.5


SKY COVER
  POSSIBLE SUNSHINE  MM
  AVERAGE SKY COVER 0.0


WEATHER CONDITIONS
 THE FOLLOWING WEATHER WAS RECORDED YESTERDAY.
  NO SIGNIFICANT WEATHER WAS OBSERVED.


RELATIVE HUMIDITY (PERCENT)
 HIGHEST    84           800 PM
 LOWEST     49           300 PM
 AVERAGE    67

..........................................................


THE MOLINE IL CLIMATE NORMALS FOR TODAY
                         NORMAL    RECORD    YEAR
 MAXIMUM TEMPERATURE (F)   32        69      1989
 MINIMUM TEMPERATURE (F)   15       -21      1996


SUNRISE AND SUNSET
JANUARY 31 2015.......SUNRISE   715 AM CST   SUNSET   517 PM CST
FEBRUARY  1 2015......SUNRISE   714 AM CST   SUNSET   518 PM CST


-  INDICATES NEGATIVE NUMBERS.
R  INDICATES RECORD WAS SET OR TIED.
MM INDICATES DATA IS MISSING.
T  INDICATES TRACE AMOUNT.




$$
