000
CDUS43 KDVN 010941
CLIMLI


CLIMATE REPORT
NATIONAL WEATHER SERVICE QUAD CITIES IA IL
440 AM CDT WED OCT 1 2014


...................................

...THE MOLINE IL CLIMATE SUMMARY FOR SEPTEMBER 30 2014...

CLIMATE NORMAL PERIOD 1981 TO 2010
CLIMATE RECORD PERIOD 1872 TO 2014


WEATHER ITEM   OBSERVED TIME   RECORD YEAR NORMAL DEPARTURE LAST
                VALUE   (LST)  VALUE       VALUE  FROM      YEAR
                                                  NORMAL
..................................................................
TEMPERATURE (F)
 YESTERDAY
  MAXIMUM         66    424 PM  92    1952  71     -5       78
  MINIMUM         51   1159 PM  28    1899  48      3       42
  AVERAGE         59                        59      0       60

PRECIPITATION (IN)
  YESTERDAY        0.00          3.44 1919   0.09  -0.09     0.00
  MONTH TO DATE    5.63                      3.09   2.54     0.96
  SINCE SEP 1      5.63                      3.09   2.54     0.96
  SINCE JAN 1     34.20                     30.25   3.95    33.57

SNOWFALL (IN)
  YESTERDAY        0.0          MM      MM   0.0    0.0      0.0
  MONTH TO DATE    0.0                       0.0    0.0      0.0
  SINCE SEP 1      0.0                       0.0    0.0      0.0
  SINCE JUL 1      0.0                       0.0    0.0      0.0
  SNOW DEPTH       0

DEGREE DAYS
 HEATING
  YESTERDAY        6                         7     -1        5
  MONTH TO DATE  119                        96     23       67
  SINCE SEP 1    119                        96     23       67
  SINCE JUL 1    124                       104     20       78

 COOLING
  YESTERDAY        0                         1     -1        0
  MONTH TO DATE   70                       106    -36      157
  SINCE SEP 1     70                       106    -36      157
  SINCE JAN 1    836                       989   -153      971
..................................................................


WIND (MPH)
  HIGHEST WIND SPEED    18   HIGHEST WIND DIRECTION     E (70)
  HIGHEST GUST SPEED    22   HIGHEST GUST DIRECTION     E (70)
  AVERAGE WIND SPEED     9.6


SKY COVER
  POSSIBLE SUNSHINE  MM
  AVERAGE SKY COVER  MM


WEATHER CONDITIONS
 THE FOLLOWING WEATHER WAS RECORDED YESTERDAY.
  NO SIGNIFICANT WEATHER WAS OBSERVED.


RELATIVE HUMIDITY (PERCENT)
 HIGHEST    MM
 LOWEST     MM
 AVERAGE    MM

..........................................................


THE MOLINE IL CLIMATE NORMALS FOR TODAY
                         NORMAL    RECORD    YEAR
 MAXIMUM TEMPERATURE (F)   70        89      2006
                                             1897
 MINIMUM TEMPERATURE (F)   47        30      2003
                                             1974
                                             1886


SUNRISE AND SUNSET
OCTOBER  1 2014.......SUNRISE   659 AM CDT   SUNSET   644 PM CDT
OCTOBER  2 2014.......SUNRISE   700 AM CDT   SUNSET   642 PM CDT


-  INDICATES NEGATIVE NUMBERS.
R  INDICATES RECORD WAS SET OR TIED.
MM INDICATES DATA IS MISSING.
T  INDICATES TRACE AMOUNT.




$$
