000
CDUS43 KDVN 271008
CLIMLI


CLIMATE REPORT
NATIONAL WEATHER SERVICE QUAD CITIES IA IL
407 AM CST MON FEB 27 2017


...................................

...THE MOLINE IL CLIMATE SUMMARY FOR FEBRUARY 26 2017...

CLIMATE NORMAL PERIOD 1981 TO 2010
CLIMATE RECORD PERIOD 1872 TO 2017


WEATHER ITEM   OBSERVED TIME   RECORD YEAR NORMAL DEPARTURE LAST
                VALUE   (LST)  VALUE       VALUE  FROM      YEAR
                                                  NORMAL
..................................................................
TEMPERATURE (F)
 YESTERDAY
  MAXIMUM         52    217 PM  64    1971  40     12       41
  MINIMUM         26    202 AM -14    1963  22      4       28
  AVERAGE         39                        31      8       35

PRECIPITATION (IN)
  YESTERDAY        T             1.09 2009   0.08  -0.08      T
  MONTH TO DATE    0.66                      1.45  -0.79     0.88
  SINCE DEC 1      3.78                      5.12  -1.34     5.52
  SINCE JAN 1      2.16                      2.94  -0.78     1.32

SNOWFALL (IN)
  YESTERDAY        0.0          MM      MM   0.2   -0.2       T
  MONTH TO DATE    2.3                       6.4   -4.1      6.3
  SINCE DEC 1     16.5                      25.1   -8.6     11.3
  SINCE JUL 1     16.5                      26.3   -9.8     21.2
  SNOW DEPTH       0

DEGREE DAYS
 HEATING
  YESTERDAY       26                        34     -8       30
  MONTH TO DATE  701                       998   -297      909
  SINCE DEC 1   2992                      3501   -509     2977
  SINCE JUL 1   3773                      4732   -959     3940

 COOLING
  YESTERDAY        0                         0      0        0
  MONTH TO DATE    0                         0      0        0
  SINCE DEC 1      0                         0      0        0
  SINCE JAN 1      0                         0      0        0
..................................................................


WIND (MPH)
  HIGHEST WIND SPEED    25   HIGHEST WIND DIRECTION    SW (230)
  HIGHEST GUST SPEED    34   HIGHEST GUST DIRECTION    SW (230)
  AVERAGE WIND SPEED    11.0


SKY COVER
  POSSIBLE SUNSHINE  MM
  AVERAGE SKY COVER 0.6


WEATHER CONDITIONS
 THE FOLLOWING WEATHER WAS RECORDED YESTERDAY.
  LIGHT RAIN


RELATIVE HUMIDITY (PERCENT)
 HIGHEST    85          1000 PM
 LOWEST     30           200 PM
 AVERAGE    58

..........................................................


THE MOLINE IL CLIMATE NORMALS FOR TODAY
                         NORMAL    RECORD    YEAR
 MAXIMUM TEMPERATURE (F)   40        71      1976
 MINIMUM TEMPERATURE (F)   23       -15      2015


SUNRISE AND SUNSET
FEBRUARY 27 2017......SUNRISE   639 AM CST   SUNSET   551 PM CST
FEBRUARY 28 2017......SUNRISE   638 AM CST   SUNSET   552 PM CST


-  INDICATES NEGATIVE NUMBERS.
R  INDICATES RECORD WAS SET OR TIED.
MM INDICATES DATA IS MISSING.
T  INDICATES TRACE AMOUNT.




$$
