000
CDUS43 KDVN 111010
CLIMLI


CLIMATE REPORT
NATIONAL WEATHER SERVICE QUAD CITIES IA IL
408 AM CST SUN DEC 11 2016


...................................

...THE MOLINE IL CLIMATE SUMMARY FOR DECEMBER 10 2016...

CLIMATE NORMAL PERIOD 1981 TO 2010
CLIMATE RECORD PERIOD 1872 TO 2016


WEATHER ITEM   OBSERVED TIME   RECORD YEAR NORMAL DEPARTURE LAST
                VALUE   (LST)  VALUE       VALUE  FROM      YEAR
                                                  NORMAL
..................................................................
TEMPERATURE (F)
 YESTERDAY
  MAXIMUM         27   1159 PM  60    1979  36     -9       58
  MINIMUM         20    532 AM -16    1972  20      0       40
  AVERAGE         24                        28     -4       49

PRECIPITATION (IN)
  YESTERDAY        0.11          1.50 1970   0.08   0.03     0.00
  MONTH TO DATE    0.72                      0.82  -0.10      T
  SINCE DEC 1      0.72                      0.82  -0.10      T
  SINCE JAN 1     35.56                     36.60  -1.04    40.34

SNOWFALL (IN)
  YESTERDAY        1.7          MM      MM   0.3    1.4      0.0
  MONTH TO DATE    9.5                       2.5    7.0      0.6
  SINCE DEC 1      9.5                       2.5    7.0      0.6
  SINCE JUL 1      9.5                       3.7    5.8     10.5
  SNOW DEPTH       0

DEGREE DAYS
 HEATING
  YESTERDAY       41                        37      4       16
  MONTH TO DATE  345                       352     -7      266
  SINCE DEC 1    345                       352     -7      266
  SINCE JUL 1   1126                      1583   -457     1229

 COOLING
  YESTERDAY        0                         0      0        0
  MONTH TO DATE    0                         0      0        0
  SINCE DEC 1      0                         0      0        0
  SINCE JAN 1   1314                      1004    310     1017
..................................................................


WIND (MPH)
  HIGHEST WIND SPEED    14   HIGHEST WIND DIRECTION    SE (120)
  HIGHEST GUST SPEED    19   HIGHEST GUST DIRECTION     E (110)
  AVERAGE WIND SPEED     6.8


SKY COVER
  POSSIBLE SUNSHINE  MM
  AVERAGE SKY COVER 1.0


WEATHER CONDITIONS
 THE FOLLOWING WEATHER WAS RECORDED YESTERDAY.
  LIGHT SNOW
  FOG


RELATIVE HUMIDITY (PERCENT)
 HIGHEST    88           400 PM
 LOWEST     55          1200 PM
 AVERAGE    72

..........................................................


THE MOLINE IL CLIMATE NORMALS FOR TODAY
                         NORMAL    RECORD    YEAR
 MAXIMUM TEMPERATURE (F)   36        67      1949
 MINIMUM TEMPERATURE (F)   20       -18      1972


SUNRISE AND SUNSET
DECEMBER 11 2016......SUNRISE   719 AM CST   SUNSET   432 PM CST
DECEMBER 12 2016......SUNRISE   719 AM CST   SUNSET   433 PM CST


-  INDICATES NEGATIVE NUMBERS.
R  INDICATES RECORD WAS SET OR TIED.
MM INDICATES DATA IS MISSING.
T  INDICATES TRACE AMOUNT.




$$
