000
CDUS43 KDVN 122130
CLIMLI


CLIMATE REPORT
NATIONAL WEATHER SERVICE QUAD CITIES IA IL
430 PM CDT SAT JUL 12 2014


...................................

...THE MOLINE IL CLIMATE SUMMARY FOR JULY 12 2014...
VALID TODAY AS OF 0400 PM LOCAL TIME.

CLIMATE NORMAL PERIOD 1981 TO 2010
CLIMATE RECORD PERIOD 1872 TO 2014


WEATHER ITEM   OBSERVED TIME   RECORD YEAR NORMAL DEPARTURE LAST
                VALUE   (LST)  VALUE       VALUE  FROM      YEAR
                                                  NORMAL
..................................................................
TEMPERATURE (F)
 TODAY
  MAXIMUM         88    258 PM 108    1936  86      2       83
  MINIMUM         71    746 AM  53    1999  65      6       55
                                      1975
  AVERAGE         80                        76      4       69

PRECIPITATION (IN)
  TODAY            0.67          1.55 1971   0.15   0.52     0.00
  MONTH TO DATE    0.93                      1.80  -0.87     0.73
  SINCE JUN 1     11.84                      6.29   5.55     6.87
  SINCE JAN 1     23.40                     20.15   3.25    30.02

SNOWFALL (IN)
  TODAY            0.0          MM      MM   0.0    0.0      0.0
  MONTH TO DATE    0.0                       0.0    0.0      0.0
  SINCE JUN 1      0.0                       0.0    0.0      0.0
  SINCE JUL 1      0.0                       0.0    0.0      0.0
  SNOW DEPTH       0

DEGREE DAYS
 HEATING
  TODAY            0                         0      0        0
  MONTH TO DATE    1                         0      1        0
  SINCE JUN 1      5                        19    -14       27
  SINCE JUL 1      1                         0      1        0

 COOLING
  TODAY           15                        11      4        4
  MONTH TO DATE   75                       128    -53       95
  SINCE JUN 1    304                       342    -38      298
  SINCE JAN 1    409                       418     -9      388
..................................................................


WIND (MPH)
  HIGHEST WIND SPEED    24   HIGHEST WIND DIRECTION    NW (300)
  HIGHEST GUST SPEED    32   HIGHEST GUST DIRECTION     W (270)
  AVERAGE WIND SPEED     4.6


SKY COVER
  POSSIBLE SUNSHINE  MM
  AVERAGE SKY COVER 0.4


WEATHER CONDITIONS
 THE FOLLOWING WEATHER WAS RECORDED TODAY.
  THUNDERSTORM
  HEAVY RAIN
  RAIN
  LIGHT RAIN
  FOG


RELATIVE HUMIDITY (PERCENT)
 HIGHEST    87           400 AM
 LOWEST     68           300 PM
 AVERAGE    78

..........................................................


THE MOLINE IL CLIMATE NORMALS FOR TOMORROW
                         NORMAL    RECORD    YEAR
 MAXIMUM TEMPERATURE (F)   86       107      1936
 MINIMUM TEMPERATURE (F)   65        48      1940


SUNRISE AND SUNSET
JULY 12 2014..........SUNRISE   539 AM CDT   SUNSET   836 PM CDT
JULY 13 2014..........SUNRISE   540 AM CDT   SUNSET   835 PM CDT


-  INDICATES NEGATIVE NUMBERS.
R  INDICATES RECORD WAS SET OR TIED.
MM INDICATES DATA IS MISSING.
T  INDICATES TRACE AMOUNT.




$$
