158
CDUS43 KDVN 241009
CLIMLI


CLIMATE REPORT
NATIONAL WEATHER SERVICE QUAD CITIES IA IL
408 AM CST SAT FEB 24 2018


...................................

...THE MOLINE IL CLIMATE SUMMARY FOR FEBRUARY 23 2018...

CLIMATE NORMAL PERIOD 1981 TO 2010
CLIMATE RECORD PERIOD 1872 TO 2018


WEATHER ITEM   OBSERVED TIME   RECORD YEAR NORMAL DEPARTURE LAST
                VALUE   (LST)  VALUE       VALUE  FROM      YEAR
                                                  NORMAL
..................................................................
TEMPERATURE (F)
 YESTERDAY
  MAXIMUM         42    151 PM  65    1930  39      3       50
  MINIMUM         30   1159 PM -12    1889  21      9       41
  AVERAGE         36                        30      6       46

PRECIPITATION (IN)
  YESTERDAY        0.12          1.04 1925   0.07   0.05     0.11
  MONTH TO DATE    3.08                      1.23   1.85     0.58
  SINCE DEC 1      4.01                      4.90  -0.89     3.70
  SINCE JAN 1      3.49                      2.72   0.77     2.08

SNOWFALL (IN)
  YESTERDAY        0.0          MM      MM   0.3   -0.3      0.0
  MONTH TO DATE   16.3                       5.9   10.4      1.3
  SINCE DEC 1     28.1                      24.6    3.5     15.5
  SINCE JUL 1     28.1                      25.8    2.3     15.5
  SNOW DEPTH       0

DEGREE DAYS
 HEATING
  YESTERDAY       29                        35     -6       19
  MONTH TO DATE  973                       895     78      609
  SINCE DEC 1   3446                      3398     48     2900
  SINCE JUL 1   4519                      4629   -110     3681

 COOLING
  YESTERDAY        0                         0      0        0
  MONTH TO DATE    0                         0      0        0
  SINCE DEC 1      0                         0      0        0
  SINCE JAN 1      0                         0      0        0
..................................................................


WIND (MPH)
  HIGHEST WIND SPEED    21   HIGHEST WIND DIRECTION     W (270)
  HIGHEST GUST SPEED    28   HIGHEST GUST DIRECTION     W (270)
  AVERAGE WIND SPEED     9.0


SKY COVER
  POSSIBLE SUNSHINE  MM
  AVERAGE SKY COVER 0.7


WEATHER CONDITIONS
 THE FOLLOWING WEATHER WAS RECORDED YESTERDAY.
  LIGHT RAIN
  FOG
  FOG W/VISIBILITY <= 1/4 MILE


RELATIVE HUMIDITY (PERCENT)
 HIGHEST   100          1200 AM
 LOWEST     70           300 PM
 AVERAGE    85

..........................................................


THE MOLINE IL CLIMATE NORMALS FOR TODAY
                         NORMAL    RECORD    YEAR
 MAXIMUM TEMPERATURE (F)   39        69      1930
 MINIMUM TEMPERATURE (F)   22        -9      1993


SUNRISE AND SUNSET
FEBRUARY 24 2018......SUNRISE   644 AM CST   SUNSET   547 PM CST
FEBRUARY 25 2018......SUNRISE   643 AM CST   SUNSET   548 PM CST


-  INDICATES NEGATIVE NUMBERS.
R  INDICATES RECORD WAS SET OR TIED.
MM INDICATES DATA IS MISSING.
T  INDICATES TRACE AMOUNT.




$$
