000
CDUS45 KBYZ 201032
CLIMLS


CLIMATE REPORT
NATIONAL WEATHER SERVICE BILLINGS MT
331 AM MST FRI JAN 20 2017


...................................

...THE MILES CITY MT CLIMATE SUMMARY FOR JANUARY 19 2017...

CLIMATE NORMAL PERIOD 1981 TO 2010
CLIMATE RECORD PERIOD 1937 TO 2017


WEATHER ITEM   OBSERVED TIME   RECORD YEAR NORMAL DEPARTURE LAST
                VALUE   (LST)  VALUE       VALUE  FROM      YEAR
                                                  NORMAL
..................................................................
TEMPERATURE (F)
 YESTERDAY
  MAXIMUM         31    253 PM  60    1944  30      1       36
  MINIMUM         17    744 AM -30    1954   9      8       13
                                      1892
  AVERAGE         24                        20      4       25

PRECIPITATION (IN)
  YESTERDAY        0.00          0.22 1963   0.01  -0.01     0.00
  MONTH TO DATE    0.04                      0.22  -0.18     0.15
  SINCE OCT 1      1.13                      1.82  -0.69     1.41
  SINCE JAN 1      0.04                      0.22  -0.18     0.15

DEGREE DAYS
 HEATING
  YESTERDAY       41                        45     -4       40
  MONTH TO DATE 1151                       874    277      903
  SINCE DEC 1   2730                      2259    471     2093
  SINCE JUL 1   4045                      4058    -13     3521

 COOLING
  YESTERDAY        0                         0      0        0
  MONTH TO DATE    0                         0      0        0
  SINCE DEC 1      0                         0      0        0
  SINCE JAN 1      0                         0      0        0
..................................................................


WIND (MPH)
  HIGHEST WIND SPEED    17   HIGHEST WIND DIRECTION    SE (150)
  HIGHEST GUST SPEED    19   HIGHEST GUST DIRECTION    SE (150)
  AVERAGE WIND SPEED     7.8


SKY COVER
  POSSIBLE SUNSHINE  MM
  AVERAGE SKY COVER 0.0


WEATHER CONDITIONS
 THE FOLLOWING WEATHER WAS RECORDED YESTERDAY.
  NO SIGNIFICANT WEATHER WAS OBSERVED.


RELATIVE HUMIDITY (PERCENT)
 HIGHEST    84           600 AM
 LOWEST     63           300 PM
 AVERAGE    74

..........................................................


THE MILES CITY MT CLIMATE NORMALS FOR TODAY
                         NORMAL    RECORD    YEAR
 MAXIMUM TEMPERATURE (F)   30        56      1992
 MINIMUM TEMPERATURE (F)    9       -36      1954


SUNRISE AND SUNSET
JANUARY 20 2017.......SUNRISE   739 AM MST   SUNSET   451 PM MST
JANUARY 21 2017.......SUNRISE   738 AM MST   SUNSET   452 PM MST


-  INDICATES NEGATIVE NUMBERS.
R  INDICATES RECORD WAS SET OR TIED.
MM INDICATES DATA IS MISSING.
T  INDICATES TRACE AMOUNT.





&&

THIS IS AN AUTOMATED...UNATTENDED WEATHER STATION AND MAY
UNDERESTIMATE WINTER PRECIPITATION.

$$
