000
CDUS45 KBYZ 231031
CLIMLS


CLIMATE REPORT
NATIONAL WEATHER SERVICE BILLINGS MT
331 AM MST THU FEB 23 2017


...................................

...THE MILES CITY MT CLIMATE SUMMARY FOR FEBRUARY 22 2017...

CLIMATE NORMAL PERIOD 1981 TO 2010
CLIMATE RECORD PERIOD 1937 TO 2017


WEATHER ITEM   OBSERVED TIME   RECORD YEAR NORMAL DEPARTURE LAST
                VALUE   (LST)  VALUE       VALUE  FROM      YEAR
                                                  NORMAL
..................................................................
TEMPERATURE (F)
 YESTERDAY
  MAXIMUM         38   1256 AM  68    2002  38      0       50
  MINIMUM         29   1159 PM -18    1993  15     14       25
  AVERAGE         34                        26      8       38

PRECIPITATION (IN)
  YESTERDAY        0.11          1.10 1942   0.01   0.10     0.00
  MONTH TO DATE    0.39                      0.17   0.22     0.35
  SINCE OCT 1      1.55                      2.09  -0.54     1.95
  SINCE JAN 1      0.46                      0.49  -0.03     0.69

DEGREE DAYS
 HEATING
  YESTERDAY       31                        39     -8       27
  MONTH TO DATE  811                       913   -102      606
  SINCE DEC 1   4020                      3710    310     3079
  SINCE JUL 1   5335                      5509   -174     4507

 COOLING
  YESTERDAY        0                         0      0        0
  MONTH TO DATE    0                         0      0        0
  SINCE DEC 1      0                         0      0        0
  SINCE JAN 1      0                         0      0        0
..................................................................


WIND (MPH)
  HIGHEST WIND SPEED    15   HIGHEST WIND DIRECTION     N (20)
  HIGHEST GUST SPEED    17   HIGHEST GUST DIRECTION     N (360)
  AVERAGE WIND SPEED     8.6


SKY COVER
  POSSIBLE SUNSHINE  MM
  AVERAGE SKY COVER 0.9


WEATHER CONDITIONS
 THE FOLLOWING WEATHER WAS RECORDED YESTERDAY.
  RAIN
  LIGHT RAIN
  LIGHT SNOW
  FOG


RELATIVE HUMIDITY (PERCENT)
 HIGHEST   100          1200 PM
 LOWEST     72           700 PM
 AVERAGE    86

..........................................................


THE MILES CITY MT CLIMATE NORMALS FOR TODAY
                         NORMAL    RECORD    YEAR
 MAXIMUM TEMPERATURE (F)   38        64      1954
 MINIMUM TEMPERATURE (F)   15       -18      1993


SUNRISE AND SUNSET
FEBRUARY 23 2017......SUNRISE   653 AM MST   SUNSET   541 PM MST
FEBRUARY 24 2017......SUNRISE   651 AM MST   SUNSET   543 PM MST


-  INDICATES NEGATIVE NUMBERS.
R  INDICATES RECORD WAS SET OR TIED.
MM INDICATES DATA IS MISSING.
T  INDICATES TRACE AMOUNT.





&&

THIS IS AN AUTOMATED...UNATTENDED WEATHER STATION AND MAY
UNDERESTIMATE WINTER PRECIPITATION.

$$
