000
CDUS45 KBYZ 250932
CLIMLS


CLIMATE REPORT
NATIONAL WEATHER SERVICE BILLINGS MT
331 AM MDT FRI JUL 25 2014


...................................

...THE MILES CITY MT CLIMATE SUMMARY FOR JULY 24 2014...

CLIMATE NORMAL PERIOD 1981 TO 2010
CLIMATE RECORD PERIOD 1937 TO 2014


WEATHER ITEM   OBSERVED TIME   RECORD YEAR NORMAL DEPARTURE LAST
                VALUE   (LST)  VALUE       VALUE  FROM      YEAR
                                                  NORMAL
..................................................................
TEMPERATURE (F)
 YESTERDAY
  MAXIMUM        102    438 PM 110    2007  90     12       92
  MINIMUM         59   1154 PM  52    1996  61     -2       60
  AVERAGE         81                        75      6       76

PRECIPITATION (IN)
  YESTERDAY        0.00          0.25 1940   0.05  -0.05     0.10
  MONTH TO DATE    0.09                      1.31  -1.22     0.62
  SINCE OCT 1     11.45                     10.12   1.33    13.18
  SINCE JAN 1      9.77                      8.52   1.25    11.65

SNOWFALL (IN)
  YESTERDAY       MM
  MONTH TO DATE   MM
  SINCE JUN 1     MM
  SINCE JUL 1     MM
  SNOW DEPTH      MM

DEGREE DAYS
 HEATING
  YESTERDAY        0                         0      0        0
  MONTH TO DATE    1                        10     -9        0
  SINCE JUN 1     95                        99     -4       59
  SINCE JUL 1      1                        10     -9        0

 COOLING
  YESTERDAY       16                        11      5       11
  MONTH TO DATE  227                       214     13      284
  SINCE JUN 1    264                       321    -57      377
  SINCE JAN 1    298                       341    -43      390
..................................................................


WIND (MPH)
  HIGHEST WIND SPEED    46   HIGHEST WIND DIRECTION    NW (320)
  HIGHEST GUST SPEED    58   HIGHEST GUST DIRECTION    NW (330)
  AVERAGE WIND SPEED    12.1


SKY COVER
  POSSIBLE SUNSHINE  MM
  AVERAGE SKY COVER 0.0


WEATHER CONDITIONS
 THE FOLLOWING WEATHER WAS RECORDED YESTERDAY.
  HAZE


RELATIVE HUMIDITY (PERCENT)
 HIGHEST    81           400 AM
 LOWEST     16           500 PM
 AVERAGE    49

..........................................................


THE MILES CITY MT CLIMATE NORMALS FOR TODAY
                         NORMAL    RECORD    YEAR
 MAXIMUM TEMPERATURE (F)   90       102      1983
 MINIMUM TEMPERATURE (F)   61        51      1985


SUNRISE AND SUNSET
JULY 25 2014..........SUNRISE   537 AM MDT   SUNSET   843 PM MDT
JULY 26 2014..........SUNRISE   538 AM MDT   SUNSET   842 PM MDT


-  INDICATES NEGATIVE NUMBERS.
R  INDICATES RECORD WAS SET OR TIED.
MM INDICATES DATA IS MISSING.
T  INDICATES TRACE AMOUNT.





&&

THIS IS AN AUTOMATED...UNATTENDED WEATHER STATION AND MAY
UNDERESTIMATE WINTER PRECIPITATION.

$$
