000
CDUS45 KBYZ 172323
CLIMLS


CLIMATE REPORT
NATIONAL WEATHER SERVICE BILLINGS MT
423 PM MST FRI NOV 17 2017


...................................

...THE MILES CITY MT CLIMATE SUMMARY FOR NOVEMBER 17 2017...
VALID TODAY AS OF 0400 PM LOCAL TIME.

CLIMATE NORMAL PERIOD 1981 TO 2010
CLIMATE RECORD PERIOD 1937 TO 2017


WEATHER ITEM   OBSERVED TIME   RECORD YEAR NORMAL DEPARTURE LAST
                VALUE   (LST)  VALUE       VALUE  FROM      YEAR
                                                  NORMAL
..................................................................
TEMPERATURE (F)
 TODAY
  MAXIMUM         49    224 PM  65    1976  42      7       36
  MINIMUM         32    853 AM -20    1955  20     12       27
  AVERAGE         41                        31     10       32

PRECIPITATION (IN)
  TODAY            0.00          0.17 1981   0.02  -0.02     0.00
  MONTH TO DATE    0.20                      0.26  -0.06      T
  SINCE OCT 1      0.92                      1.18  -0.26     0.97
  SINCE JAN 1      6.06                     12.02  -5.96    14.43

DEGREE DAYS
 HEATING
  TODAY           24                        34    -10       33
  MONTH TO DATE  619                       502    117      280
  SINCE SEP 1   1410                      1279    131      908
  SINCE JUL 1   1414                      1313    101      922

 COOLING
  TODAY            0                         0      0        0
  MONTH TO DATE    0                         0      0        0
  SINCE SEP 1     91                        58     33       62
  SINCE JAN 1    985                       730    255      873
..................................................................


WIND (MPH)
  HIGHEST WIND SPEED    15   HIGHEST WIND DIRECTION     W (280)
  HIGHEST GUST SPEED    19   HIGHEST GUST DIRECTION     W (280)
  AVERAGE WIND SPEED     6.4


SKY COVER
  POSSIBLE SUNSHINE  MM
  AVERAGE SKY COVER 0.3


WEATHER CONDITIONS
 THE FOLLOWING WEATHER WAS RECORDED TODAY.
  NO SIGNIFICANT WEATHER WAS OBSERVED.


RELATIVE HUMIDITY (PERCENT)
 HIGHEST    92           800 AM
 LOWEST     54           200 PM
 AVERAGE    73

..........................................................


THE MILES CITY MT CLIMATE NORMALS FOR TOMORROW
                         NORMAL    RECORD    YEAR
 MAXIMUM TEMPERATURE (F)   42        72      2008
 MINIMUM TEMPERATURE (F)   20        -5      1955


SUNRISE AND SUNSET
NOVEMBER 17 2017......SUNRISE   708 AM MST   SUNSET   428 PM MST
NOVEMBER 18 2017......SUNRISE   710 AM MST   SUNSET   427 PM MST


-  INDICATES NEGATIVE NUMBERS.
R  INDICATES RECORD WAS SET OR TIED.
MM INDICATES DATA IS MISSING.
T  INDICATES TRACE AMOUNT.




$$
