000
CDUS45 KBYZ 210934
CLIMLS


CLIMATE REPORT
NATIONAL WEATHER SERVICE BILLINGS MT
332 AM MDT MON APR 21 2014


...................................

...THE MILES CITY MT CLIMATE SUMMARY FOR APRIL 20 2014...

CLIMATE NORMAL PERIOD 1981 TO 2010
CLIMATE RECORD PERIOD 1937 TO 2014


WEATHER ITEM   OBSERVED TIME   RECORD YEAR NORMAL DEPARTURE LAST
                VALUE   (LST)  VALUE       VALUE  FROM      YEAR
                                                  NORMAL
..................................................................
TEMPERATURE (F)
 YESTERDAY
  MAXIMUM         68    350 PM  90    1980  61      7       59
  MINIMUM         38   1153 PM  19    1966  35      3       40
  AVERAGE         53                        48      5       50

PRECIPITATION (IN)
  YESTERDAY        0.00          0.75 1973   0.05  -0.05     0.20
  MONTH TO DATE    0.17                      0.80  -0.63     1.17
  SINCE OCT 1      3.41                      3.55  -0.14     3.26
  SINCE JAN 1      1.73                      1.95  -0.22     1.73

SNOWFALL (IN)
  YESTERDAY       MM
  MONTH TO DATE   MM
  SINCE MAR 1     MM
  SINCE JUL 1     MM
  SNOW DEPTH      MM

DEGREE DAYS
 HEATING
  YESTERDAY       12                        17     -5       15
  MONTH TO DATE  456                       414     42      534
  SINCE MAR 1   1511                      1355    156     1510
  SINCE JUL 1   7550                      7089    461     6704

 COOLING
  YESTERDAY        0                         0      0        0
  MONTH TO DATE    0                         0      0        0
  SINCE MAR 1      0                         0      0        0
  SINCE JAN 1      0                         0      0        0
..................................................................


WIND (MPH)
  HIGHEST WIND SPEED    30   HIGHEST WIND DIRECTION    NW (320)
  HIGHEST GUST SPEED    38   HIGHEST GUST DIRECTION    NW (310)
  AVERAGE WIND SPEED    15.1


SKY COVER
  POSSIBLE SUNSHINE  MM
  AVERAGE SKY COVER 0.0


WEATHER CONDITIONS
 THE FOLLOWING WEATHER WAS RECORDED YESTERDAY.
  NO SIGNIFICANT WEATHER WAS OBSERVED.


RELATIVE HUMIDITY (PERCENT)
 HIGHEST    70           500 AM
 LOWEST     11           400 PM
 AVERAGE    41

..........................................................


THE MILES CITY MT CLIMATE NORMALS FOR TODAY
                         NORMAL    RECORD    YEAR
 MAXIMUM TEMPERATURE (F)   61        92      1980
 MINIMUM TEMPERATURE (F)   35        12      2008


SUNRISE AND SUNSET
APRIL 21 2014.........SUNRISE   606 AM MDT   SUNSET   759 PM MDT
APRIL 22 2014.........SUNRISE   604 AM MDT   SUNSET   801 PM MDT


-  INDICATES NEGATIVE NUMBERS.
R  INDICATES RECORD WAS SET OR TIED.
MM INDICATES DATA IS MISSING.
T  INDICATES TRACE AMOUNT.





&&

THIS IS AN AUTOMATED...UNATTENDED WEATHER STATION AND MAY
UNDERESTIMATE WINTER PRECIPITATION.

$$
