000
CDUS45 KBYZ 170723
CLIMLS


CLIMATE REPORT
NATIONAL WEATHER SERVICE BILLINGS MT
1223 AM MST WED JAN 17 2018


...................................

...THE MILES CITY MT CLIMATE SUMMARY FOR JANUARY 16 2018...

CLIMATE NORMAL PERIOD 1981 TO 2010
CLIMATE RECORD PERIOD 1937 TO 2018


WEATHER ITEM   OBSERVED TIME   RECORD YEAR NORMAL DEPARTURE LAST
                VALUE   (LST)  VALUE       VALUE  FROM      YEAR
                                                  NORMAL
..................................................................
TEMPERATURE (F)
 YESTERDAY
  MAXIMUM          7   1023 PM  56    1961  30    -23       17
  MINIMUM        -20    434 AM -27    2005   9    -29       -2
                                      1937
  AVERAGE         -6                        19    -25        8

PRECIPITATION (IN)
  YESTERDAY        0.00          0.25 1990   0.01  -0.01     0.00
  MONTH TO DATE    0.17                      0.19  -0.02     0.04
  SINCE OCT 1      1.36                      1.79  -0.43     1.13
  SINCE JAN 1      0.17                      0.19  -0.02     0.04

DEGREE DAYS
 HEATING
  YESTERDAY       71                        46     25       57
  MONTH TO DATE  896                       737    159     1021
  SINCE DEC 1   2220                      2122     98     2600
  SINCE JUL 1   3963                      3921     42     3915

 COOLING
  YESTERDAY        0                         0      0        0
  MONTH TO DATE    0                         0      0        0
  SINCE DEC 1      0                         0      0        0
  SINCE JAN 1      0                         0      0        0
..................................................................


WIND (MPH)
  HIGHEST WIND SPEED    15   HIGHEST WIND DIRECTION    SE (150)
  HIGHEST GUST SPEED    17   HIGHEST GUST DIRECTION     S (160)
  AVERAGE WIND SPEED     5.8


SKY COVER
  POSSIBLE SUNSHINE  MM
  AVERAGE SKY COVER 0.0


WEATHER CONDITIONS
 THE FOLLOWING WEATHER WAS RECORDED YESTERDAY.
  NO SIGNIFICANT WEATHER WAS OBSERVED.


RELATIVE HUMIDITY (PERCENT)
 HIGHEST    92          1100 AM
 LOWEST     72           200 PM
 AVERAGE    82

..........................................................


THE MILES CITY MT CLIMATE NORMALS FOR TODAY
                         NORMAL    RECORD    YEAR
 MAXIMUM TEMPERATURE (F)   30        56      1946
 MINIMUM TEMPERATURE (F)    9       -28      1943


SUNRISE AND SUNSET
JANUARY 17 2018.......SUNRISE   741 AM MST   SUNSET   446 PM MST
JANUARY 18 2018.......SUNRISE   741 AM MST   SUNSET   448 PM MST


-  INDICATES NEGATIVE NUMBERS.
R  INDICATES RECORD WAS SET OR TIED.
MM INDICATES DATA IS MISSING.
T  INDICATES TRACE AMOUNT.




$$
