000
CDUS45 KBYZ 071035
CLIMLS


CLIMATE REPORT
NATIONAL WEATHER SERVICE BILLINGS MT
335 AM MST SUN FEB 7 2016


...................................

...THE MILES CITY MT CLIMATE SUMMARY FOR FEBRUARY 6 2016...

CLIMATE NORMAL PERIOD 1981 TO 2010
CLIMATE RECORD PERIOD 1937 TO 2016


WEATHER ITEM   OBSERVED TIME   RECORD YEAR NORMAL DEPARTURE LAST
                VALUE   (LST)  VALUE       VALUE  FROM      YEAR
                                                  NORMAL
..................................................................
TEMPERATURE (F)
 YESTERDAY
  MAXIMUM         56   1143 AM  61    1987  33     23       55
  MINIMUM         29    356 AM -26    1971  11     18       29
  AVERAGE         43                        22     21       42

PRECIPITATION (IN)
  YESTERDAY        T             0.10 1967   0.01  -0.01     0.00
  MONTH TO DATE    T                         0.04  -0.04     0.12
  SINCE OCT 1      1.60                      1.96  -0.36     1.35
  SINCE JAN 1      0.34                      0.36  -0.02     0.34

DEGREE DAYS
 HEATING
  YESTERDAY       22                        43    -21       23
  MONTH TO DATE  202                       260    -58      281
  SINCE DEC 1   2675                      3057   -382     2819
  SINCE JUL 1   4103                      4856   -753     4649

 COOLING
  YESTERDAY        0                         0      0        0
  MONTH TO DATE    0                         0      0        0
  SINCE DEC 1      0                         0      0        0
  SINCE JAN 1      0                         0      0        0
..................................................................


WIND (MPH)
  HIGHEST WIND SPEED    49   HIGHEST WIND DIRECTION    NW (300)
  HIGHEST GUST SPEED    63   HIGHEST GUST DIRECTION     W (290)
  AVERAGE WIND SPEED    19.8


SKY COVER
  POSSIBLE SUNSHINE  MM
  AVERAGE SKY COVER 0.1


WEATHER CONDITIONS
 THE FOLLOWING WEATHER WAS RECORDED YESTERDAY.
  LIGHT RAIN


RELATIVE HUMIDITY (PERCENT)
 HIGHEST    75           400 AM
 LOWEST     24           300 PM
 AVERAGE    50

..........................................................


THE MILES CITY MT CLIMATE NORMALS FOR TODAY
                         NORMAL    RECORD    YEAR
 MAXIMUM TEMPERATURE (F)   33        59      1954
 MINIMUM TEMPERATURE (F)   11       -31      1971


SUNRISE AND SUNSET
FEBRUARY  7 2016......SUNRISE   720 AM MST   SUNSET   516 PM MST
FEBRUARY  8 2016......SUNRISE   718 AM MST   SUNSET   518 PM MST


-  INDICATES NEGATIVE NUMBERS.
R  INDICATES RECORD WAS SET OR TIED.
MM INDICATES DATA IS MISSING.
T  INDICATES TRACE AMOUNT.





&&

THIS IS AN AUTOMATED...UNATTENDED WEATHER STATION AND MAY
UNDERESTIMATE WINTER PRECIPITATION.

$$
