000
CDUS45 KBYZ 081044
CLIMLS


CLIMATE REPORT
NATIONAL WEATHER SERVICE BILLINGS MT
343 AM MST THU DEC 8 2016


...................................

...THE MILES CITY MT CLIMATE SUMMARY FOR DECEMBER 7 2016...

CLIMATE NORMAL PERIOD 1981 TO 2010
CLIMATE RECORD PERIOD 1937 TO 2016


WEATHER ITEM   OBSERVED TIME   RECORD YEAR NORMAL DEPARTURE LAST
                VALUE   (LST)  VALUE       VALUE  FROM      YEAR
                                                  NORMAL
..................................................................
TEMPERATURE (F)
 YESTERDAY
  MAXIMUM         10    313 PM  57    2015  33    -23       57
  MINIMUM         -3   1117 PM -36    2013  11    -14       30
  AVERAGE          4                        22    -18       44

PRECIPITATION (IN)
  YESTERDAY        T             0.27 1958   0.01  -0.01      T
  MONTH TO DATE    T                         0.06  -0.06      T
  SINCE OCT 1      0.97                      1.37  -0.40     1.24
  SINCE JAN 1     14.43                     12.21   2.22     8.48

DEGREE DAYS
 HEATING
  YESTERDAY       61                        43     18       21
  MONTH TO DATE  310                       294     16      213
  SINCE DEC 1    310                       294     16      213
  SINCE JUL 1   1625                      2093   -468     1641

 COOLING
  YESTERDAY        0                         0      0        0
  MONTH TO DATE    0                         0      0        0
  SINCE DEC 1      0                         0      0        0
  SINCE JAN 1    873                       730    143      837
..................................................................


WIND (MPH)
  HIGHEST WIND SPEED    25   HIGHEST WIND DIRECTION    NW (300)
  HIGHEST GUST SPEED    31   HIGHEST GUST DIRECTION    NW (310)
  AVERAGE WIND SPEED    14.3


SKY COVER
  POSSIBLE SUNSHINE  MM
  AVERAGE SKY COVER 0.5


WEATHER CONDITIONS
 THE FOLLOWING WEATHER WAS RECORDED YESTERDAY.
  NO SIGNIFICANT WEATHER WAS OBSERVED.


RELATIVE HUMIDITY (PERCENT)
 HIGHEST    79          1000 PM
 LOWEST     50           200 PM
 AVERAGE    65

..........................................................


THE MILES CITY MT CLIMATE NORMALS FOR TODAY
                         NORMAL    RECORD    YEAR
 MAXIMUM TEMPERATURE (F)   32        59      1957
 MINIMUM TEMPERATURE (F)   11       -29      2013


SUNRISE AND SUNSET
DECEMBER  8 2016......SUNRISE   735 AM MST   SUNSET   417 PM MST
DECEMBER  9 2016......SUNRISE   736 AM MST   SUNSET   417 PM MST


-  INDICATES NEGATIVE NUMBERS.
R  INDICATES RECORD WAS SET OR TIED.
MM INDICATES DATA IS MISSING.
T  INDICATES TRACE AMOUNT.





&&

THIS IS AN AUTOMATED...UNATTENDED WEATHER STATION AND MAY
UNDERESTIMATE WINTER PRECIPITATION.

$$
