000
CDUS45 KBYZ 012228
CLIMLS


CLIMATE REPORT
NATIONAL WEATHER SERVICE BILLINGS MT
426 PM MDT FRI AUG 1 2014


...................................

...THE MILES CITY MT CLIMATE SUMMARY FOR AUGUST 1 2014...
VALID TODAY AS OF 0400 PM LOCAL TIME.

CLIMATE NORMAL PERIOD 1981 TO 2010
CLIMATE RECORD PERIOD 1937 TO 2014


WEATHER ITEM   OBSERVED TIME   RECORD YEAR NORMAL DEPARTURE LAST
                VALUE   (LST)  VALUE       VALUE  FROM      YEAR
                                                  NORMAL
..................................................................
TEMPERATURE (F)
 TODAY
  MAXIMUM         96    235 PM 104    2008  90      6       88
  MINIMUM         57    515 AM  46    2002  61     -4       58
  AVERAGE         77                        76      1       73

PRECIPITATION (IN)
  TODAY            0.00          0.91 1937   0.04  -0.04     0.27
  MONTH TO DATE    0.00                      0.04  -0.04     0.27
  SINCE OCT 1     11.45                     10.49   0.96    13.92
  SINCE JAN 1      9.77                      8.89   0.88    12.39

SNOWFALL (IN)
  TODAY           MM
  MONTH TO DATE   MM
  SINCE JUN 1     MM
  SINCE JUL 1     MM
  SNOW DEPTH      MM

DEGREE DAYS
 HEATING
  TODAY            0                         0      0        0
  MONTH TO DATE    0                         0      0        0
  SINCE JUN 1     95                       101     -6       59
  SINCE JUL 1      1                        12    -11        0

 COOLING
  TODAY           12                        11      1        8
  MONTH TO DATE   12                        11      1        8
  SINCE JUN 1    333                       406    -73      420
  SINCE JAN 1    367                       426    -59      433
..................................................................


WIND (MPH)
  HIGHEST WIND SPEED    20   HIGHEST WIND DIRECTION    NW (330)
  HIGHEST GUST SPEED    24   HIGHEST GUST DIRECTION     N (340)
  AVERAGE WIND SPEED     8.1


SKY COVER
  POSSIBLE SUNSHINE  MM
  AVERAGE SKY COVER 0.0


WEATHER CONDITIONS
 THE FOLLOWING WEATHER WAS RECORDED TODAY.
  NO SIGNIFICANT WEATHER WAS OBSERVED.


RELATIVE HUMIDITY (PERCENT)
 HIGHEST    55           400 AM
 LOWEST     13           300 PM
 AVERAGE    34

..........................................................


THE MILES CITY MT CLIMATE NORMALS FOR TOMORROW
                         NORMAL    RECORD    YEAR
 MAXIMUM TEMPERATURE (F)   90       103      1947
 MINIMUM TEMPERATURE (F)   61        48      2006


SUNRISE AND SUNSET
AUGUST  1 2014........SUNRISE   545 AM MDT   SUNSET   834 PM MDT
AUGUST  2 2014........SUNRISE   546 AM MDT   SUNSET   833 PM MDT


-  INDICATES NEGATIVE NUMBERS.
R  INDICATES RECORD WAS SET OR TIED.
MM INDICATES DATA IS MISSING.
T  INDICATES TRACE AMOUNT.





&&

THIS IS AN AUTOMATED...UNATTENDED WEATHER STATION AND MAY
UNDERESTIMATE WINTER PRECIPITATION.

$$
