000
CDUS45 KBYZ 212223
CLIMLS


CLIMATE REPORT
NATIONAL WEATHER SERVICE BILLINGS MT
423 PM MDT MON AUG 21 2017


...................................

...THE MILES CITY MT CLIMATE SUMMARY FOR AUGUST 21 2017...
VALID TODAY AS OF 0400 PM LOCAL TIME.

CLIMATE NORMAL PERIOD 1981 TO 2010
CLIMATE RECORD PERIOD 1937 TO 2017


WEATHER ITEM   OBSERVED TIME   RECORD YEAR NORMAL DEPARTURE LAST
                VALUE   (LST)  VALUE       VALUE  FROM      YEAR
                                                  NORMAL
..................................................................
TEMPERATURE (F)
 TODAY
  MAXIMUM         82    258 PM 102    2010  86     -4       92
                                      1995
  MINIMUM         54    522 AM  41    1966  57     -3       52
  AVERAGE         68                        72     -4       72

PRECIPITATION (IN)
  TODAY            0.00          0.36 2002   0.03  -0.03     0.00
  MONTH TO DATE    0.15                      0.66  -0.51     0.77
  SINCE OCT 1      4.42                     11.11  -6.69    11.92
  SINCE JAN 1      3.33                      9.51  -6.18    10.66

DEGREE DAYS
 HEATING
  TODAY            0                         1     -1        0
  MONTH TO DATE    4                         5     -1        5
  SINCE JUN 1     23                       106    -83       16
  SINCE JUL 1      4                        17    -13        7

 COOLING
  TODAY            3                         7     -4        7
  MONTH TO DATE  111                       198    -87      182
  SINCE JUN 1    754                       593    161      717
  SINCE JAN 1    775                       613    162      741
..................................................................


WIND (MPH)
  HIGHEST WIND SPEED    14   HIGHEST WIND DIRECTION    NW (310)
  HIGHEST GUST SPEED    17   HIGHEST GUST DIRECTION     E (70)
  AVERAGE WIND SPEED     7.2


SKY COVER
  POSSIBLE SUNSHINE  MM
  AVERAGE SKY COVER 0.0


WEATHER CONDITIONS
 THE FOLLOWING WEATHER WAS RECORDED TODAY.
  HAZE


RELATIVE HUMIDITY (PERCENT)
 HIGHEST    51           400 AM
 LOWEST     16           200 PM
 AVERAGE    34

..........................................................


THE MILES CITY MT CLIMATE NORMALS FOR TOMORROW
                         NORMAL    RECORD    YEAR
 MAXIMUM TEMPERATURE (F)   86       103      1971
 MINIMUM TEMPERATURE (F)   57        35      1966


SUNRISE AND SUNSET
AUGUST 21 2017........SUNRISE   610 AM MDT   SUNSET   802 PM MDT
AUGUST 22 2017........SUNRISE   611 AM MDT   SUNSET   800 PM MDT


-  INDICATES NEGATIVE NUMBERS.
R  INDICATES RECORD WAS SET OR TIED.
MM INDICATES DATA IS MISSING.
T  INDICATES TRACE AMOUNT.




$$
