000
CDUS41 KCAR 212148
CLIMLT


CLIMATE REPORT
NATIONAL WEATHER SERVICE CARIBOU, ME
446 PM EST SAT JAN 21 2017


...................................

...THE MILLINOCKET ME CLIMATE SUMMARY FOR JANUARY 21 2017...
VALID TODAY AS OF 0400 PM LOCAL TIME.

CLIMATE NORMAL PERIOD 1981 TO 2010
CLIMATE RECORD PERIOD 1903 TO 2017


WEATHER ITEM   OBSERVED TIME   RECORD YEAR NORMAL DEPARTURE LAST
                VALUE   (LST)  VALUE       VALUE  FROM      YEAR
                                                  NORMAL
..................................................................
TEMPERATURE (F)
 TODAY
  MAXIMUM         35    224 PM  48    2006  23     12       24
  MINIMUM         30    824 AM -35    1994   3     27       14
  AVERAGE         33                        13     20       19

PRECIPITATION (IN)
  TODAY            T             1.20 1903   0.08  -0.08     0.00
  MONTH TO DATE    1.44                      2.09  -0.65     2.04
  SINCE DEC 1      4.75                      5.62  -0.87     6.44
  SINCE JAN 1      1.44                      2.09  -0.65     2.04

SNOWFALL (IN)
  TODAY           MM            MM      MM  MM     MM       MM
  MONTH TO DATE   MM                        MM     MM       MM
  SINCE DEC 1     MM                        MM     MM       MM
  SINCE JUL 1     MM                        MM     MM       MM
  SNOW DEPTH      MM

DEGREE DAYS
 HEATING
  TODAY           32                        52    -20       46
  MONTH TO DATE  914                      1066   -152      906
  SINCE DEC 1   2316                      2388    -72     1865
  SINCE JUL 1   3866                      4231   -365     3406

 COOLING
  TODAY            0                         0      0        0
  MONTH TO DATE    0                         0      0        0
  SINCE DEC 1      0                         0      0        0
  SINCE JAN 1      0                         0      0        0
..................................................................


WIND (MPH)
  HIGHEST WIND SPEED     7   HIGHEST WIND DIRECTION    SW (240)
  HIGHEST GUST SPEED    11   HIGHEST GUST DIRECTION    SW (220)
  AVERAGE WIND SPEED     1.5


SKY COVER
  POSSIBLE SUNSHINE  MM
  AVERAGE SKY COVER 1.0


WEATHER CONDITIONS
 THE FOLLOWING WEATHER WAS RECORDED TODAY.
  LIGHT SNOW
  FOG


RELATIVE HUMIDITY (PERCENT)
 HIGHEST    85          1200 AM
 LOWEST     70           100 PM
 AVERAGE    78

..........................................................


THE MILLINOCKET ME CLIMATE NORMALS FOR TOMORROW
                         NORMAL    RECORD    YEAR
 MAXIMUM TEMPERATURE (F)   23        52      1910
 MINIMUM TEMPERATURE (F)    3       -34      1934


SUNRISE AND SUNSET
JANUARY 21 2017.......SUNRISE   707 AM EST   SUNSET   426 PM EST
JANUARY 22 2017.......SUNRISE   706 AM EST   SUNSET   427 PM EST


-  INDICATES NEGATIVE NUMBERS.
R  INDICATES RECORD WAS SET OR TIED.
MM INDICATES DATA IS MISSING.
T  INDICATES TRACE AMOUNT.




$$
