000
CDUS41 KCAR 250528
CLIMLT


CLIMATE REPORT
NATIONAL WEATHER SERVICE CARIBOU, ME
126 AM EDT MON JUL 25 2016


...................................

...THE MILLINOCKET ME CLIMATE SUMMARY FOR JULY 24 2016...

CLIMATE NORMAL PERIOD 1981 TO 2010
CLIMATE RECORD PERIOD 1903 TO 2016


WEATHER ITEM   OBSERVED TIME   RECORD YEAR NORMAL DEPARTURE LAST
                VALUE   (LST)  VALUE       VALUE  FROM      YEAR
                                                  NORMAL
..................................................................
TEMPERATURE (F)
 YESTERDAY
  MAXIMUM         84    331 PM  94    1952  79      5       71
  MINIMUM         59    452 AM  42    1923  58      1       56
  AVERAGE         72                        68      4       64

PRECIPITATION (IN)
  YESTERDAY        0.00          2.70 2003   0.11  -0.11     1.10
  MONTH TO DATE    2.08                      3.07  -0.99     3.19
  SINCE JUN 1      5.00                      7.14  -2.14     7.71
  SINCE JAN 1     18.61                     22.21  -3.60    19.40

SNOWFALL (IN)
  YESTERDAY       MM            MM      MM  MM     MM       MM
  MONTH TO DATE   MM                        MM     MM       MM
  SINCE JUN 1     MM                        MM     MM       MM
  SINCE JUL 1     MM                        MM     MM       MM
  SNOW DEPTH      MM

DEGREE DAYS
 HEATING
  YESTERDAY        0                         1     -1        1
  MONTH TO DATE   33                        24      9       13
  SINCE JUN 1    149                       140      9      173
  SINCE JUL 1     33                        24      9       13

 COOLING
  YESTERDAY        7                         4      3        0
  MONTH TO DATE  108                        93     15       68
  SINCE JUN 1    134                       142     -8       88
  SINCE JAN 1    140                       148     -8      122
..................................................................


WIND (MPH)
  HIGHEST WIND SPEED    15   HIGHEST WIND DIRECTION    NW (310)
  HIGHEST GUST SPEED    20   HIGHEST GUST DIRECTION    NW (310)
  AVERAGE WIND SPEED     5.0


SKY COVER
  POSSIBLE SUNSHINE  MM
  AVERAGE SKY COVER 0.1


WEATHER CONDITIONS
 THE FOLLOWING WEATHER WAS RECORDED YESTERDAY.
  NO SIGNIFICANT WEATHER WAS OBSERVED.


RELATIVE HUMIDITY (PERCENT)
 HIGHEST    84           300 AM
 LOWEST     40           100 PM
 AVERAGE    62

..........................................................


THE MILLINOCKET ME CLIMATE NORMALS FOR TODAY
                         NORMAL    RECORD    YEAR
 MAXIMUM TEMPERATURE (F)   79        94      1970
 MINIMUM TEMPERATURE (F)   58        44      2002


SUNRISE AND SUNSET
JULY 25 2016..........SUNRISE   511 AM EDT   SUNSET   811 PM EDT
JULY 26 2016..........SUNRISE   512 AM EDT   SUNSET   810 PM EDT


-  INDICATES NEGATIVE NUMBERS.
R  INDICATES RECORD WAS SET OR TIED.
MM INDICATES DATA IS MISSING.
T  INDICATES TRACE AMOUNT.




$$
