000
CDUS41 KCAR 270529
CLIMLT


CLIMATE REPORT
NATIONAL WEATHER SERVICE CARIBOU, ME
127 AM EDT FRI MAY 27 2016


...................................

...THE MILLINOCKET ME CLIMATE SUMMARY FOR MAY 26 2016...

CLIMATE NORMAL PERIOD 1981 TO 2010
CLIMATE RECORD PERIOD 1903 TO 2016


WEATHER ITEM   OBSERVED TIME   RECORD YEAR NORMAL DEPARTURE LAST
                VALUE   (LST)  VALUE       VALUE  FROM      YEAR
                                                  NORMAL
..................................................................
TEMPERATURE (F)
 YESTERDAY
  MAXIMUM         75    240 PM  88    1977  68      7       84
  MINIMUM         54   1124 PM  26    1907  45      9       60
  AVERAGE         65                        56      9       72

PRECIPITATION (IN)
  YESTERDAY        0.00          1.60 1930   0.12  -0.12     0.43
  MONTH TO DATE    2.05                      2.73  -0.68     3.14
  SINCE MAR 1      8.07                      9.35  -1.28     7.06
  SINCE JAN 1     13.38                     14.46  -1.08    10.29

SNOWFALL (IN)
  YESTERDAY       MM            MM      MM  MM     MM       MM
  MONTH TO DATE   MM                        MM     MM       MM
  SINCE MAR 1     MM                        MM     MM       MM
  SINCE JUL 1     MM                        MM     MM       MM
  SNOW DEPTH      MM

DEGREE DAYS
 HEATING
  YESTERDAY        0                         9     -9        0
  MONTH TO DATE  294                       328    -34      231
  SINCE MAR 1   2168                      2197    -29     2238
  SINCE JUL 1   7132                      8249  -1117     8283

 COOLING
  YESTERDAY        0                         0      0        7
  MONTH TO DATE    2                         0      2        8
  SINCE MAR 1      2                         0      2        8
  SINCE JAN 1      2                         0      2        8
..................................................................


WIND (MPH)
  HIGHEST WIND SPEED    15   HIGHEST WIND DIRECTION     E (80)
  HIGHEST GUST SPEED    20   HIGHEST GUST DIRECTION    NW (300)
  AVERAGE WIND SPEED     5.8


SKY COVER
  POSSIBLE SUNSHINE  MM
  AVERAGE SKY COVER 0.4


WEATHER CONDITIONS
 THE FOLLOWING WEATHER WAS RECORDED YESTERDAY.
  NO SIGNIFICANT WEATHER WAS OBSERVED.


RELATIVE HUMIDITY (PERCENT)
 HIGHEST    78           100 AM
 LOWEST     38           200 PM
 AVERAGE    58

..........................................................


THE MILLINOCKET ME CLIMATE NORMALS FOR TODAY
                         NORMAL    RECORD    YEAR
 MAXIMUM TEMPERATURE (F)   68        91      1914
 MINIMUM TEMPERATURE (F)   45        25      1915


SUNRISE AND SUNSET
MAY 27 2016...........SUNRISE   452 AM EDT   SUNSET   813 PM EDT
MAY 28 2016...........SUNRISE   451 AM EDT   SUNSET   814 PM EDT


-  INDICATES NEGATIVE NUMBERS.
R  INDICATES RECORD WAS SET OR TIED.
MM INDICATES DATA IS MISSING.
T  INDICATES TRACE AMOUNT.




$$
