000
CDUS41 KCAR 162128
CLIMLT


CLIMATE REPORT
NATIONAL WEATHER SERVICE CARIBOU, ME
428 PM EST SAT DEC 16 2017


...................................

...THE MILLINOCKET ME CLIMATE SUMMARY FOR DECEMBER 16 2017...
VALID TODAY AS OF 0400 PM LOCAL TIME.

CLIMATE NORMAL PERIOD 1981 TO 2010
CLIMATE RECORD PERIOD 1903 TO 2017


WEATHER ITEM   OBSERVED TIME   RECORD YEAR NORMAL DEPARTURE LAST
                VALUE   (LST)  VALUE       VALUE  FROM      YEAR
                                                  NORMAL
..................................................................
TEMPERATURE (F)
 TODAY
  MAXIMUM         20    124 PM  45    2011  30    -10        1
                                      1947
  MINIMUM          4    817 AM -23    1970  14    -10      -11
  AVERAGE         12                        22    -10       -5

PRECIPITATION (IN)
  TODAY            0.00          2.45 1960   0.11  -0.11      T
  MONTH TO DATE    1.93                      2.21  -0.28     0.96
  SINCE DEC 1      1.93                      2.21  -0.28     0.96
  SINCE JAN 1     39.51                     41.36  -1.85    31.17

SNOWFALL (IN)
  TODAY           MM            MM      MM  MM     MM       MM
  MONTH TO DATE   MM                        MM     MM       MM
  SINCE DEC 1     MM                        MM     MM       MM
  SINCE JUL 1     MM                        MM     MM       MM
  SNOW DEPTH      MM

DEGREE DAYS
 HEATING
  TODAY           53                        43     10       70
  MONTH TO DATE  648                       636     12      727
  SINCE DEC 1    648                       636     12      727
  SINCE JUL 1   2185                      2479   -294     2277

 COOLING
  TODAY            0                         0      0        0
  MONTH TO DATE    0                         0      0        0
  SINCE DEC 1      0                         0      0        0
  SINCE JAN 1    263                       268     -5      350
..................................................................


WIND (MPH)
  HIGHEST WIND SPEED    13   HIGHEST WIND DIRECTION    NW (310)
  HIGHEST GUST SPEED    17   HIGHEST GUST DIRECTION    NW (300)
  AVERAGE WIND SPEED     2.9


SKY COVER
  POSSIBLE SUNSHINE  MM
  AVERAGE SKY COVER 0.8


WEATHER CONDITIONS
 THE FOLLOWING WEATHER WAS RECORDED TODAY.
  FOG
  HAZE


RELATIVE HUMIDITY (PERCENT)
 HIGHEST    96           700 AM
 LOWEST     61          1200 PM
 AVERAGE    79

..........................................................


THE MILLINOCKET ME CLIMATE NORMALS FOR TOMORROW
                         NORMAL    RECORD    YEAR
 MAXIMUM TEMPERATURE (F)   30        57      2000
 MINIMUM TEMPERATURE (F)   14       -28      1919


SUNRISE AND SUNSET
DECEMBER 16 2017......SUNRISE   709 AM EST   SUNSET   352 PM EST
DECEMBER 17 2017......SUNRISE   710 AM EST   SUNSET   352 PM EST


-  INDICATES NEGATIVE NUMBERS.
R  INDICATES RECORD WAS SET OR TIED.
MM INDICATES DATA IS MISSING.
T  INDICATES TRACE AMOUNT.




$$
