000
CDUS41 KCAR 290632
CLIMLT


CLIMATE REPORT
NATIONAL WEATHER SERVICE CARIBOU, ME
131 AM EST MON DEC 29 2014


...................................

...THE MILLINOCKET ME CLIMATE SUMMARY FOR DECEMBER 28 2014...

CLIMATE NORMAL PERIOD 1981 TO 2010
CLIMATE RECORD PERIOD 1903 TO 2014


WEATHER ITEM   OBSERVED TIME   RECORD YEAR NORMAL DEPARTURE LAST
                VALUE   (LST)  VALUE       VALUE  FROM      YEAR
                                                  NORMAL
..................................................................
TEMPERATURE (F)
 YESTERDAY
  MAXIMUM         43    150 PM  52    2011  27     16       33
  MINIMUM         32   1159 PM -34    1933   9     23        9
  AVERAGE         38                        18     20       21

PRECIPITATION (IN)
  YESTERDAY        0.06          1.53 1926   0.07  -0.01     0.00
  MONTH TO DATE    5.52                      3.32   2.20     1.97
  SINCE DEC 1      5.52                      3.32   2.20     1.97
  SINCE JAN 1     38.99                     42.47  -3.48    37.68

SNOWFALL (IN)
  YESTERDAY       MM            MM      MM  MM     MM       MM
  MONTH TO DATE   MM                        MM     MM       MM
  SINCE DEC 1     MM                        MM     MM       MM
  SINCE JUL 1     MM                        MM     MM       MM
  SNOW DEPTH      MM

DEGREE DAYS
 HEATING
  YESTERDAY       27                        47    -20       44
  MONTH TO DATE 1031                      1179   -148     1305
  SINCE DEC 1   1031                      1179   -148     1305
  SINCE JUL 1   2627                      3022   -395     2997

 COOLING
  YESTERDAY        0                         0      0        0
  MONTH TO DATE    0                         0      0        0
  SINCE DEC 1      0                         0      0        0
  SINCE JAN 1    375                       268    107      380
..................................................................


WIND (MPH)
  HIGHEST WIND SPEED    21   HIGHEST WIND DIRECTION     W (290)
  HIGHEST GUST SPEED    29   HIGHEST GUST DIRECTION    NW (300)
  AVERAGE WIND SPEED     7.8


SKY COVER
  POSSIBLE SUNSHINE  MM
  AVERAGE SKY COVER 0.9


WEATHER CONDITIONS
 THE FOLLOWING WEATHER WAS RECORDED YESTERDAY.
  LIGHT RAIN
  FOG


RELATIVE HUMIDITY (PERCENT)
 HIGHEST   100           700 AM
 LOWEST     54           500 PM
 AVERAGE    77

..........................................................


THE MILLINOCKET ME CLIMATE NORMALS FOR TODAY
                         NORMAL    RECORD    YEAR
 MAXIMUM TEMPERATURE (F)   26        53      1982
 MINIMUM TEMPERATURE (F)    8       -28      1933


SUNRISE AND SUNSET
DECEMBER 29 2014......SUNRISE   715 AM EST   SUNSET   359 PM EST
DECEMBER 30 2014......SUNRISE   715 AM EST   SUNSET   359 PM EST


-  INDICATES NEGATIVE NUMBERS.
R  INDICATES RECORD WAS SET OR TIED.
MM INDICATES DATA IS MISSING.
T  INDICATES TRACE AMOUNT.




$$
