000
CDUS41 KCAR 310534
CLIMLT


CLIMATE REPORT
NATIONAL WEATHER SERVICE CARIBOU, ME
130 AM EDT SUN AUG 31 2014


...................................

...THE MILLINOCKET ME CLIMATE SUMMARY FOR AUGUST 30 2014...

CLIMATE NORMAL PERIOD 1981 TO 2010
CLIMATE RECORD PERIOD 1903 TO 2014


WEATHER ITEM   OBSERVED TIME   RECORD YEAR NORMAL DEPARTURE LAST
                VALUE   (LST)  VALUE       VALUE  FROM      YEAR
                                                  NORMAL
..................................................................
TEMPERATURE (F)
 YESTERDAY
  MAXIMUM         76    305 PM  91    1997  74      2       74
  MINIMUM         47    422 AM  36    1986  53     -6       47
  AVERAGE         62                        63     -1       61

PRECIPITATION (IN)
  YESTERDAY        0.00          2.38 2004   0.12  -0.12     0.02
  MONTH TO DATE    2.26                      3.82  -1.56     4.95
  SINCE JUN 1     11.24                     11.74  -0.50    14.25
  SINCE JAN 1     25.14                     26.81  -1.67    25.41

SNOWFALL (IN)
  YESTERDAY       MM            MM      MM  MM     MM       MM
  MONTH TO DATE   MM                        MM     MM       MM
  SINCE JUN 1     MM                        MM     MM       MM
  SINCE JUL 1     MM                        MM     MM       MM
  SNOW DEPTH      MM

DEGREE DAYS
 HEATING
  YESTERDAY        3                         3      0        4
  MONTH TO DATE   19                        50    -31       35
  SINCE JUN 1    104                       190    -86      146
  SINCE JUL 1     28                        74    -46       45

 COOLING
  YESTERDAY        0                         2     -2        0
  MONTH TO DATE   92                        77     15       64
  SINCE JUN 1    324                       243     81      338
  SINCE JAN 1    326                       249     77      346
..................................................................


WIND (MPH)
  HIGHEST WIND SPEED    12   HIGHEST WIND DIRECTION     S (190)
  HIGHEST GUST SPEED    23   HIGHEST GUST DIRECTION    SW (210)
  AVERAGE WIND SPEED     3.6


SKY COVER
  POSSIBLE SUNSHINE  MM
  AVERAGE SKY COVER 0.1


WEATHER CONDITIONS
 THE FOLLOWING WEATHER WAS RECORDED YESTERDAY.
  NO SIGNIFICANT WEATHER WAS OBSERVED.


RELATIVE HUMIDITY (PERCENT)
 HIGHEST    93           100 AM
 LOWEST     53           400 PM
 AVERAGE    73

..........................................................


THE MILLINOCKET ME CLIMATE NORMALS FOR TODAY
                         NORMAL    RECORD    YEAR
 MAXIMUM TEMPERATURE (F)   74        95      2010
 MINIMUM TEMPERATURE (F)   52        32      1952


SUNRISE AND SUNSET
AUGUST 31 2014........SUNRISE   555 AM EDT   SUNSET   715 PM EDT
SEPTEMBER  1 2014.....SUNRISE   556 AM EDT   SUNSET   713 PM EDT


-  INDICATES NEGATIVE NUMBERS.
R  INDICATES RECORD WAS SET OR TIED.
MM INDICATES DATA IS MISSING.
T  INDICATES TRACE AMOUNT.




$$
