000
CDUS44 KSHV 230742
CLIMLU


CLIMATE REPORT
NATIONAL WEATHER SERVICE SHREVEPORT, LA
241 AM CDT THU MAR 23 2017


...................................

...THE MONROE CLIMATE SUMMARY FOR MARCH 22 2017...

CLIMATE NORMAL PERIOD 1981 TO 2010
CLIMATE RECORD PERIOD 1930 TO 2017


WEATHER ITEM   OBSERVED TIME   RECORD YEAR NORMAL DEPARTURE LAST
                VALUE   (LST)  VALUE       VALUE  FROM      YEAR
                                                  NORMAL
..................................................................
TEMPERATURE (F)
 YESTERDAY
  MAXIMUM         79    428 PM  89    1935  72      7       71
  MINIMUM         57    621 AM  27    1986  48      9       41
  AVERAGE         68                        60      8       56

PRECIPITATION (IN)
  YESTERDAY        0.00          1.12 1930   0.14  -0.14     0.00
  MONTH TO DATE    2.57                      3.42  -0.85    22.87
  SINCE DEC 1     16.81                     18.35  -1.54    36.67
  SINCE JAN 1     11.98                     13.06  -1.08    30.28

SNOWFALL (IN)
  YESTERDAY        0.0
  MONTH TO DATE    0.0
  SINCE MAR 1      0.0
  SINCE JUL 1      0.2
  SNOW DEPTH       0

DEGREE DAYS
 HEATING
  YESTERDAY        0                         7     -7        9
  MONTH TO DATE  165                       200    -35       99
  SINCE MAR 1    165                       200    -35       99
  SINCE JUL 1   1361                      2094   -733     1527

 COOLING
  YESTERDAY        3                         1      2        0
  MONTH TO DATE   41                        20     21       25
  SINCE MAR 1     41                        20     21       25
  SINCE JAN 1    100                        31     69       33
..................................................................


WIND (MPH)
  HIGHEST WIND SPEED    14   HIGHEST WIND DIRECTION    NE (50)
  HIGHEST GUST SPEED    20   HIGHEST GUST DIRECTION    NE (50)
  AVERAGE WIND SPEED     6.8


SKY COVER
  POSSIBLE SUNSHINE  MM
  AVERAGE SKY COVER 0.1


WEATHER CONDITIONS
 THE FOLLOWING WEATHER WAS RECORDED YESTERDAY.
  FOG
  HAZE


RELATIVE HUMIDITY (PERCENT)
 HIGHEST    86           500 AM
 LOWEST     48           400 PM
 AVERAGE    67

..........................................................


THE MONROE CLIMATE NORMALS FOR TODAY
                         NORMAL    RECORD    YEAR
 MAXIMUM TEMPERATURE (F)   72        87      1935
 MINIMUM TEMPERATURE (F)   48        29      1963


SUNRISE AND SUNSET
MARCH 23 2017.........SUNRISE   708 AM CDT   SUNSET   722 PM CDT
MARCH 24 2017.........SUNRISE   706 AM CDT   SUNSET   723 PM CDT


-  INDICATES NEGATIVE NUMBERS.
R  INDICATES RECORD WAS SET OR TIED.
MM INDICATES DATA IS MISSING.
T  INDICATES TRACE AMOUNT.




$$
