000
CDUS44 KSHV 202238
CLIMLU


CLIMATE REPORT
NATIONAL WEATHER SERVICE SHREVEPORT, LA
436 PM CST TUE FEB 20 2018


...................................

...THE MONROE CLIMATE SUMMARY FOR FEBRUARY 20 2018...
VALID TODAY AS OF 0400 PM LOCAL TIME.

CLIMATE NORMAL PERIOD 1981 TO 2010
CLIMATE RECORD PERIOD 1893 TO 2018


WEATHER ITEM   OBSERVED TIME   RECORD YEAR NORMAL DEPARTURE LAST
                VALUE   (LST)  VALUE       VALUE  FROM      YEAR
                                                  NORMAL
..................................................................
TEMPERATURE (F)
 TODAY
  MAXIMUM         85R   259 PM  82    1986  63     22       81
  MINIMUM         65   1210 AM  23    1978  41     24       59
  AVERAGE         75                        52     23       70

PRECIPITATION (IN)
  TODAY            0.00          3.18 1961   0.17  -0.17     1.73
  MONTH TO DATE    4.56                      3.27   1.29     2.58
  SINCE DEC 1     10.35                     13.57  -3.22    12.92
  SINCE JAN 1      6.83                      8.28  -1.45     8.09

SNOWFALL (IN)
  TODAY            0.0
  MONTH TO DATE    0.0
  SINCE DEC 1      1.3
  SINCE JUL 1      1.3
  SNOW DEPTH       0

DEGREE DAYS
 HEATING
  TODAY            0                        14    -14        0
  MONTH TO DATE  274                       312    -38      165
  SINCE DEC 1   1447                      1421     26      949
  SINCE JUL 1   1751                      1793    -42     1162

 COOLING
  TODAY           10                         0     10        5
  MONTH TO DATE   25                         0     25       30
  SINCE DEC 1     36                        11     25       67
  SINCE JAN 1     25                         4     21       47
..................................................................


WIND (MPH)
  HIGHEST WIND SPEED    28   HIGHEST WIND DIRECTION     S (200)
  HIGHEST GUST SPEED    39   HIGHEST GUST DIRECTION     S (200)
  AVERAGE WIND SPEED    10.7


SKY COVER
  POSSIBLE SUNSHINE  MM
  AVERAGE SKY COVER 0.6


WEATHER CONDITIONS
 THE FOLLOWING WEATHER WAS RECORDED TODAY.
  NO SIGNIFICANT WEATHER WAS OBSERVED.


RELATIVE HUMIDITY (PERCENT)
 HIGHEST    93           400 AM
 LOWEST     48           300 PM
 AVERAGE    71

..........................................................


THE MONROE CLIMATE NORMALS FOR TOMORROW
                         NORMAL    RECORD    YEAR
 MAXIMUM TEMPERATURE (F)   63        82      1980
 MINIMUM TEMPERATURE (F)   41        24      1978


SUNRISE AND SUNSET
FEBRUARY 20 2018......SUNRISE   646 AM CST   SUNSET   558 PM CST
FEBRUARY 21 2018......SUNRISE   645 AM CST   SUNSET   559 PM CST


-  INDICATES NEGATIVE NUMBERS.
R  INDICATES RECORD WAS SET OR TIED.
MM INDICATES DATA IS MISSING.
T  INDICATES TRACE AMOUNT.




$$
