000
CDUS44 KSHV 210736
CLIMLU


CLIMATE REPORT
NATIONAL WEATHER SERVICE SHREVEPORT, LA
236 AM CDT MON APR 21 2014


...................................

...THE MONROE CLIMATE SUMMARY FOR APRIL 20 2014...

CLIMATE NORMAL PERIOD 1981 TO 2010
CLIMATE RECORD PERIOD 1930 TO 2014


WEATHER ITEM   OBSERVED TIME   RECORD YEAR NORMAL DEPARTURE LAST
                VALUE   (LST)  VALUE       VALUE  FROM      YEAR
                                                  NORMAL
..................................................................
TEMPERATURE (F)
 YESTERDAY
  MAXIMUM         82    400 PM  94    1987  79      3       69
  MINIMUM         52    554 AM  37    1953  55     -3       39
  AVERAGE         67                        67      0       54

PRECIPITATION (IN)
  YESTERDAY        0.00          3.87 1995   0.16  -0.16     0.00
  MONTH TO DATE    7.88                      2.96   4.92     5.09
  SINCE DEC 1     19.91                     22.61  -2.70    26.03
  SINCE JAN 1     16.65                     17.32  -0.67    21.30

SNOWFALL (IN)
  YESTERDAY        0.0
  MONTH TO DATE    0.0
  SINCE MAR 1      0.0
  SINCE JUL 1      0.5
  SNOW DEPTH       0

DEGREE DAYS
 HEATING
  YESTERDAY        0                         2     -2       11
  MONTH TO DATE  106                        69     37      110
  SINCE MAR 1    480                       319    161      475
  SINCE JUL 1   2806                      2213    593     2137

 COOLING
  YESTERDAY        2                         4     -2        0
  MONTH TO DATE   37                        56    -19       55
  SINCE MAR 1     44                        88    -44       63
  SINCE JAN 1     46                        99    -53       76
..................................................................


WIND (MPH)
  HIGHEST WIND SPEED     9   HIGHEST WIND DIRECTION    SW (210)
  HIGHEST GUST SPEED    15   HIGHEST GUST DIRECTION    SW (210)
  AVERAGE WIND SPEED     1.4


SKY COVER
  POSSIBLE SUNSHINE  MM
  AVERAGE SKY COVER 0.0


WEATHER CONDITIONS
 THE FOLLOWING WEATHER WAS RECORDED YESTERDAY.
  FOG
  FOG W/VISIBILITY <= 1/4 MILE


RELATIVE HUMIDITY (PERCENT)
 HIGHEST   100           200 AM
 LOWEST     33           300 PM
 AVERAGE    67

..........................................................


THE MONROE CLIMATE NORMALS FOR TODAY
                         NORMAL    RECORD    YEAR
 MAXIMUM TEMPERATURE (F)   79        95      1987
 MINIMUM TEMPERATURE (F)   55        38      1953


SUNRISE AND SUNSET
APRIL 21 2014.........SUNRISE   632 AM CDT   SUNSET   742 PM CDT
APRIL 22 2014.........SUNRISE   631 AM CDT   SUNSET   743 PM CDT


-  INDICATES NEGATIVE NUMBERS.
R  INDICATES RECORD WAS SET OR TIED.
MM INDICATES DATA IS MISSING.
T  INDICATES TRACE AMOUNT.




$$
