000
CDUS44 KSHV 210852
CLIMLU


CLIMATE REPORT
NATIONAL WEATHER SERVICE SHREVEPORT, LA
251 AM CST TUE FEB 21 2017


...................................

...THE MONROE CLIMATE SUMMARY FOR FEBRUARY 20 2017...

CLIMATE NORMAL PERIOD 1981 TO 2010
CLIMATE RECORD PERIOD 1930 TO 2017


WEATHER ITEM   OBSERVED TIME   RECORD YEAR NORMAL DEPARTURE LAST
                VALUE   (LST)  VALUE       VALUE  FROM      YEAR
                                                  NORMAL
..................................................................
TEMPERATURE (F)
 YESTERDAY
  MAXIMUM         81    251 PM  82    1986  63     18       73
  MINIMUM         59   1159 PM  23    1978  41     18       58
  AVERAGE         70                        52     18       66

PRECIPITATION (IN)
  YESTERDAY        1.73          3.18 1961   0.17   1.56      T
  MONTH TO DATE    2.58                      3.27  -0.69     1.25
  SINCE DEC 1     12.92                     13.57  -0.65    12.36
  SINCE JAN 1      8.09                      8.28  -0.19     5.97

SNOWFALL (IN)
  YESTERDAY        0.0
  MONTH TO DATE    0.0
  SINCE DEC 1      0.2
  SINCE JUL 1      0.2
  SNOW DEPTH       0

DEGREE DAYS
 HEATING
  YESTERDAY        0                        14    -14        0
  MONTH TO DATE  165                       312   -147      246
  SINCE DEC 1    949                      1421   -472     1142
  SINCE JUL 1   1162                      1793   -631     1330

 COOLING
  YESTERDAY        5                         0      5        1
  MONTH TO DATE   30                         0     30        3
  SINCE DEC 1     67                        11     56       59
  SINCE JAN 1     47                         4     43        6
..................................................................


WIND (MPH)
  HIGHEST WIND SPEED    37   HIGHEST WIND DIRECTION     W (280)
  HIGHEST GUST SPEED    47   HIGHEST GUST DIRECTION     W (290)
  AVERAGE WIND SPEED     8.1


SKY COVER
  POSSIBLE SUNSHINE  MM
  AVERAGE SKY COVER 0.8


WEATHER CONDITIONS
 THE FOLLOWING WEATHER WAS RECORDED YESTERDAY.
  HEAVY RAIN
  RAIN
  LIGHT RAIN
  FOG


RELATIVE HUMIDITY (PERCENT)
 HIGHEST    97           700 PM
 LOWEST     54           300 PM
 AVERAGE    76

..........................................................


THE MONROE CLIMATE NORMALS FOR TODAY
                         NORMAL    RECORD    YEAR
 MAXIMUM TEMPERATURE (F)   63        82      1980
 MINIMUM TEMPERATURE (F)   41        24      1978


SUNRISE AND SUNSET
FEBRUARY 21 2017......SUNRISE   644 AM CST   SUNSET   559 PM CST
FEBRUARY 22 2017......SUNRISE   643 AM CST   SUNSET   600 PM CST


-  INDICATES NEGATIVE NUMBERS.
R  INDICATES RECORD WAS SET OR TIED.
MM INDICATES DATA IS MISSING.
T  INDICATES TRACE AMOUNT.




$$
