000
CDUS44 KSHV 230842
CLIMLU


CLIMATE REPORT
NATIONAL WEATHER SERVICE SHREVEPORT, LA
242 AM CST MON JAN 23 2017


...................................

...THE MONROE CLIMATE SUMMARY FOR JANUARY 22 2017...

CLIMATE NORMAL PERIOD 1981 TO 2010
CLIMATE RECORD PERIOD 1930 TO 2017


WEATHER ITEM   OBSERVED TIME   RECORD YEAR NORMAL DEPARTURE LAST
                VALUE   (LST)  VALUE       VALUE  FROM      YEAR
                                                  NORMAL
..................................................................
TEMPERATURE (F)
 YESTERDAY
  MAXIMUM         67    125 PM  80    1938  58      9       43
  MINIMUM         54    619 PM  15    1935  36     18       35
  AVERAGE         61                        47     14       39

PRECIPITATION (IN)
  YESTERDAY        0.03          1.94 1953   0.16  -0.13     0.02
  MONTH TO DATE    5.44                      3.51   1.93     3.43
  SINCE DEC 1     10.27                      8.80   1.47     9.82
  SINCE JAN 1      5.44                      3.51   1.93     3.43

SNOWFALL (IN)
  YESTERDAY        0.0
  MONTH TO DATE    0.2
  SINCE DEC 1      0.2
  SINCE JUL 1      0.2
  SNOW DEPTH       0

DEGREE DAYS
 HEATING
  YESTERDAY        4                        19    -15       26
  MONTH TO DATE  224                       418   -194      450
  SINCE DEC 1    672                       948   -276      758
  SINCE JUL 1    885                      1320   -435      946

 COOLING
  YESTERDAY        0                         0      0        0
  MONTH TO DATE   17                         0     17        0
  SINCE DEC 1     37                         7     30       53
  SINCE JAN 1     17                         0     17        0
..................................................................


WIND (MPH)
  HIGHEST WIND SPEED    29   HIGHEST WIND DIRECTION     W (280)
  HIGHEST GUST SPEED    35   HIGHEST GUST DIRECTION    NW (310)
  AVERAGE WIND SPEED    14.1


SKY COVER
  POSSIBLE SUNSHINE  MM
  AVERAGE SKY COVER 0.7


WEATHER CONDITIONS
 THE FOLLOWING WEATHER WAS RECORDED YESTERDAY.
  LIGHT RAIN
  FOG


RELATIVE HUMIDITY (PERCENT)
 HIGHEST    97          1200 AM
 LOWEST     44           100 PM
 AVERAGE    71

..........................................................


THE MONROE CLIMATE NORMALS FOR TODAY
                         NORMAL    RECORD    YEAR
 MAXIMUM TEMPERATURE (F)   58        79      2002
                                             1933
 MINIMUM TEMPERATURE (F)   36        13      1963


SUNRISE AND SUNSET
JANUARY 23 2017.......SUNRISE   707 AM CST   SUNSET   533 PM CST
JANUARY 24 2017.......SUNRISE   707 AM CST   SUNSET   534 PM CST


-  INDICATES NEGATIVE NUMBERS.
R  INDICATES RECORD WAS SET OR TIED.
MM INDICATES DATA IS MISSING.
T  INDICATES TRACE AMOUNT.




$$
