000
CDUS44 KSHV 291245
CLIMLU


CLIMATE REPORT
NATIONAL WEATHER SERVICE SHREVEPORT, LA
745 AM CDT SUN MAR 29 2015


...................................

...THE MONROE CLIMATE SUMMARY FOR MARCH 28 2015...

CLIMATE NORMAL PERIOD 1981 TO 2010
CLIMATE RECORD PERIOD 1930 TO 2015


WEATHER ITEM   OBSERVED TIME   RECORD YEAR NORMAL DEPARTURE LAST
                VALUE   (LST)  VALUE       VALUE  FROM      YEAR
                                                  NORMAL
..................................................................
TEMPERATURE (F)
 YESTERDAY
  MAXIMUM         66    436 PM  87    1963  73     -7       82
  MINIMUM         39    354 AM  32    2013  49    -10       59
                                      1937
  AVERAGE         53                        61     -8       71

PRECIPITATION (IN)
  YESTERDAY        0.00          1.14 2014   0.14  -0.14     1.14
  MONTH TO DATE    3.97                      4.27  -0.30     4.33
  SINCE DEC 1     18.21                     19.20  -0.99    12.02
  SINCE JAN 1     13.73                     13.91  -0.18     8.76

SNOWFALL (IN)
  YESTERDAY        0.0
  MONTH TO DATE    0.4
  SINCE MAR 1      0.4
  SINCE JUL 1      3.9
  SNOW DEPTH       0

DEGREE DAYS
 HEATING
  YESTERDAY       12                         6      6        0
  MONTH TO DATE  264                       236     28      356
  SINCE MAR 1    264                       236     28      356
  SINCE JUL 1   2468                      2130    338     2682

 COOLING
  YESTERDAY        0                         2     -2        6
  MONTH TO DATE    6                        27    -21        7
  SINCE MAR 1      6                        27    -21        7
  SINCE JAN 1      6                        38    -32        9
..................................................................


WIND (MPH)
  HIGHEST WIND SPEED    14   HIGHEST WIND DIRECTION    NE (60)
  HIGHEST GUST SPEED    20   HIGHEST GUST DIRECTION    NE (60)
  AVERAGE WIND SPEED     6.1


SKY COVER
  POSSIBLE SUNSHINE  MM
  AVERAGE SKY COVER 0.1


WEATHER CONDITIONS
 THE FOLLOWING WEATHER WAS RECORDED YESTERDAY.
  NO SIGNIFICANT WEATHER WAS OBSERVED.


RELATIVE HUMIDITY (PERCENT)
 HIGHEST   100           300 AM
 LOWEST     44           200 PM
 AVERAGE    72

..........................................................


THE MONROE CLIMATE NORMALS FOR TODAY
                         NORMAL    RECORD    YEAR
 MAXIMUM TEMPERATURE (F)   74        89      1963
 MINIMUM TEMPERATURE (F)   49        30      1955


SUNRISE AND SUNSET
MARCH 29 2015.........SUNRISE   700 AM CDT   SUNSET   726 PM CDT
MARCH 30 2015.........SUNRISE   659 AM CDT   SUNSET   727 PM CDT


-  INDICATES NEGATIVE NUMBERS.
R  INDICATES RECORD WAS SET OR TIED.
MM INDICATES DATA IS MISSING.
T  INDICATES TRACE AMOUNT.




$$
