000
CDUS46 KPQR 201141
CLIMMV


CLIMATE REPORT
NATIONAL WEATHER SERVICE PORTLAND OREGON
340 AM PST SAT DEC 20 2014


...................................

...THE MCMINNVILLE OR CLIMATE SUMMARY FOR DECEMBER 19 2014...

CLIMATE NORMAL PERIOD 1981 TO 2010
CLIMATE RECORD PERIOD 1894 TO 2014


WEATHER ITEM   OBSERVED TIME   RECORD YEAR NORMAL DEPARTURE LAST
                VALUE   (LST)  VALUE       VALUE  FROM      YEAR
                                                  NORMAL
..................................................................
TEMPERATURE (F)
 YESTERDAY
  MAXIMUM         52    313 PM  60    2005  45      7       39
  MINIMUM         42    853 AM  11    1924  33      9       25
  AVERAGE         47                        39      8       32

PRECIPITATION (IN)
  YESTERDAY        0.09          2.77 1895   0.21  -0.12     0.00
  MONTH TO DATE    3.35                      3.75  -0.40     1.15
  SINCE OCT 1     13.55                     13.69  -0.14     4.79
  SINCE JAN 1     37.33                     37.40  -0.07    22.04

DEGREE DAYS
 HEATING
  YESTERDAY       18                        26     -8       33
  MONTH TO DATE  351                       472   -121      610
  SINCE JUL 1   1138                      1694   -556     1738

 COOLING
  YESTERDAY        0                         0      0        0
  MONTH TO DATE    0                         0      0        0
  SINCE JAN 1    529                       215    314      405
..................................................................


WIND (MPH)
  HIGHEST WIND SPEED    15   HIGHEST WIND DIRECTION     S (190)
  HIGHEST GUST SPEED    18   HIGHEST GUST DIRECTION     S (160)
  AVERAGE WIND SPEED     7.5


SKY COVER
  POSSIBLE SUNSHINE  MM
  AVERAGE SKY COVER 0.7


WEATHER CONDITIONS
 THE FOLLOWING WEATHER WAS RECORDED YESTERDAY.
  LIGHT RAIN
  FOG


RELATIVE HUMIDITY (PERCENT)
 HIGHEST    92           600 PM
 LOWEST     77           100 PM
 AVERAGE    85

..........................................................


THE MCMINNVILLE OR CLIMATE NORMALS FOR TODAY
                         NORMAL    RECORD    YEAR
 MAXIMUM TEMPERATURE (F)   45        64      1918
 MINIMUM TEMPERATURE (F)   33        14      1924


SUNRISE AND SUNSET
DECEMBER 20 2014......SUNRISE   748 AM PST   SUNSET   433 PM PST
DECEMBER 21 2014......SUNRISE   748 AM PST   SUNSET   433 PM PST


-  INDICATES NEGATIVE NUMBERS.
R  INDICATES RECORD WAS SET OR TIED.
MM INDICATES DATA IS MISSING.
T  INDICATES TRACE AMOUNT.




$$
