000
CDUS46 KPQR 081145
CLIMMV


CLIMATE REPORT
NATIONAL WEATHER SERVICE PORTLAND OREGON
344 AM PST THU DEC 8 2016


...................................

...THE MCMINNVILLE OR CLIMATE SUMMARY FOR DECEMBER 7 2016...

CLIMATE NORMAL PERIOD 1981 TO 2010
CLIMATE RECORD PERIOD 1894 TO 2016


WEATHER ITEM   OBSERVED TIME   RECORD YEAR NORMAL DEPARTURE LAST
                VALUE   (LST)  VALUE       VALUE  FROM      YEAR
                                                  NORMAL
..................................................................
TEMPERATURE (F)
 YESTERDAY
  MAXIMUM         40    108 PM  63    2015  46     -6       63
                                      1925
  MINIMUM         25    323 AM   9    1972  35    -10       50
  AVERAGE         33                        40     -7       57

PRECIPITATION (IN)
  YESTERDAY        0.00          2.16 1896   0.20  -0.20     1.69
  MONTH TO DATE    1.19                      1.35  -0.16     4.89
  SINCE OCT 1     19.50                     11.29   8.21    14.61
  SINCE JAN 1     44.77                     35.00   9.77    32.71

DEGREE DAYS
 HEATING
  YESTERDAY       32                        24      8        8
  MONTH TO DATE  181                       166     15      128
  SINCE JUL 1   1083                      1388   -305     1094

 COOLING
  YESTERDAY        0                         0      0        0
  MONTH TO DATE    0                         0      0        0
  SINCE JAN 1    363                       215    148      530
..................................................................


WIND (MPH)
  HIGHEST WIND SPEED    16   HIGHEST WIND DIRECTION    NE (30)
  HIGHEST GUST SPEED    23   HIGHEST GUST DIRECTION    NE (40)
  AVERAGE WIND SPEED     8.8


SKY COVER
  POSSIBLE SUNSHINE  MM
  AVERAGE SKY COVER 0.0


WEATHER CONDITIONS
 THE FOLLOWING WEATHER WAS RECORDED YESTERDAY.
  FOG
  FOG W/VISIBILITY <= 1/4 MILE


RELATIVE HUMIDITY (PERCENT)
 HIGHEST   100           200 AM
 LOWEST     56           700 PM
 AVERAGE    78

..........................................................


THE MCMINNVILLE OR CLIMATE NORMALS FOR TODAY
                         NORMAL    RECORD    YEAR
 MAXIMUM TEMPERATURE (F)   46        65      1957
 MINIMUM TEMPERATURE (F)   35         4      1972


SUNRISE AND SUNSET
DECEMBER  8 2016......SUNRISE   739 AM PST   SUNSET   430 PM PST
DECEMBER  9 2016......SUNRISE   740 AM PST   SUNSET   430 PM PST


-  INDICATES NEGATIVE NUMBERS.
R  INDICATES RECORD WAS SET OR TIED.
MM INDICATES DATA IS MISSING.
T  INDICATES TRACE AMOUNT.




$$
