000
CDUS46 KPQR 180230
CLIMMV


CLIMATE REPORT
NATIONAL WEATHER SERVICE PORTLAND OREGON
630 PM PST FRI NOV 17 2017


...................................

...THE MCMINNVILLE OR CLIMATE SUMMARY FOR NOVEMBER 17 2017...
VALID TODAY AS OF 0600 PM LOCAL TIME.

CLIMATE NORMAL PERIOD 1981 TO 2010
CLIMATE RECORD PERIOD 1894 TO 2017


WEATHER ITEM   OBSERVED TIME   RECORD YEAR NORMAL DEPARTURE LAST
                VALUE   (LST)  VALUE       VALUE  FROM      YEAR
                                                  NORMAL
..................................................................
TEMPERATURE (F)
 TODAY
  MAXIMUM         52   1250 PM  64    1920  52      0       52
  MINIMUM         38    356 AM  20    1916  38      0       37
  AVERAGE         45                        45      0       45

PRECIPITATION (IN)
  TODAY            0.11                      0.22  -0.11     0.00
  MONTH TO DATE    5.09                      3.47   1.62     2.74
  SINCE OCT 1      9.22                      6.62   2.60    12.86
  SINCE JAN 1     40.96                     30.33  10.63    38.13

DEGREE DAYS
 HEATING
  TODAY           20                                        20
  MONTH TO DATE  293                                       211
  SINCE SEP 1    726                                       634
  SINCE JUL 1    735                                       670

 COOLING
  TODAY            0                                         0
  MONTH TO DATE    0                                         0
  SINCE SEP 1    111                                        14
  SINCE JAN 1    507                                       363
..................................................................


WIND (MPH)
  HIGHEST WIND SPEED    15   HIGHEST WIND DIRECTION     S (200)
  HIGHEST GUST SPEED    26   HIGHEST GUST DIRECTION     E (100)
  AVERAGE WIND SPEED     4.5


SKY COVER
  POSSIBLE SUNSHINE  MM
  AVERAGE SKY COVER 0.4


WEATHER CONDITIONS
 THE FOLLOWING WEATHER WAS RECORDED TODAY.
  LIGHT RAIN
  FOG


RELATIVE HUMIDITY (PERCENT)
 HIGHEST   100           200 AM
 LOWEST     71           100 PM
 AVERAGE    86

..........................................................


THE MCMINNVILLE OR CLIMATE NORMALS FOR TOMORROW
                         NORMAL    RECORD    YEAR
 MAXIMUM TEMPERATURE (F)   51        68      1925
 MINIMUM TEMPERATURE (F)   38        23      1955


SUNRISE AND SUNSET
NOVEMBER 17 2017......SUNRISE   714 AM PST   SUNSET   441 PM PST
NOVEMBER 18 2017......SUNRISE   715 AM PST   SUNSET   440 PM PST


-  INDICATES NEGATIVE NUMBERS.
R  INDICATES RECORD WAS SET OR TIED.
MM INDICATES DATA IS MISSING.
T  INDICATES TRACE AMOUNT.




$$
