050
CDUS46 KPQR 051142
CLIMMV


CLIMATE REPORT
NATIONAL WEATHER SERVICE PORTLAND OREGON
341 AM PST FRI FEB 5 2016


...................................

...THE MCMINNVILLE OR CLIMATE SUMMARY FOR FEBRUARY 4 2016...

CLIMATE NORMAL PERIOD 1981 TO 2010
CLIMATE RECORD PERIOD 1894 TO 2016


WEATHER ITEM   OBSERVED TIME   RECORD YEAR NORMAL DEPARTURE LAST
                VALUE   (LST)  VALUE       VALUE  FROM      YEAR
                                                  NORMAL
..................................................................
TEMPERATURE (F)
 YESTERDAY
  MAXIMUM         56    304 PM  62    1984  49      7       53
  MINIMUM         42   1159 PM  -2    1899  35      7       46
  AVERAGE         49                        42      7       50

PRECIPITATION (IN)
  YESTERDAY        0.38          1.47 1918   0.21   0.17     0.14
  MONTH TO DATE    0.88                      0.83   0.05     0.91
  SINCE OCT 1     34.46                     22.96  11.50    20.46
  SINCE JAN 1      9.39                      6.93   2.46     4.22

DEGREE DAYS
 HEATING
  YESTERDAY       16                        23     -7       15
  MONTH TO DATE   85                        92     -7       73
  SINCE JUL 1   2363                      2847   -484     2106

 COOLING
  YESTERDAY        0                         0      0        0
  MONTH TO DATE    0                         0      0        0
  SINCE JAN 1      0                         0      0        0
..................................................................


WIND (MPH)
  HIGHEST WIND SPEED    21   HIGHEST WIND DIRECTION     S (190)
  HIGHEST GUST SPEED    25   HIGHEST GUST DIRECTION     S (180)
  AVERAGE WIND SPEED     7.8


SKY COVER
  POSSIBLE SUNSHINE  MM
  AVERAGE SKY COVER 0.6


WEATHER CONDITIONS
 THE FOLLOWING WEATHER WAS RECORDED YESTERDAY.
  RAIN
  LIGHT RAIN
  FOG


RELATIVE HUMIDITY (PERCENT)
 HIGHEST   100           700 AM
 LOWEST     72           300 PM
 AVERAGE    86

..........................................................


THE MCMINNVILLE OR CLIMATE NORMALS FOR TODAY
                         NORMAL    RECORD    YEAR
 MAXIMUM TEMPERATURE (F)   49        62      1961
 MINIMUM TEMPERATURE (F)   35         9      1989


SUNRISE AND SUNSET
FEBRUARY  5 2016......SUNRISE   728 AM PST   SUNSET   525 PM PST
FEBRUARY  6 2016......SUNRISE   727 AM PST   SUNSET   527 PM PST


-  INDICATES NEGATIVE NUMBERS.
R  INDICATES RECORD WAS SET OR TIED.
MM INDICATES DATA IS MISSING.
T  INDICATES TRACE AMOUNT.




$$
