000
CDUS46 KPQR 231142
CLIMMV


CLIMATE REPORT
NATIONAL WEATHER SERVICE PORTLAND OREGON
441 AM PDT SAT AUG 23 2014


...................................

...THE MCMINNVILLE OR CLIMATE SUMMARY FOR AUGUST 22 2014...

CLIMATE NORMAL PERIOD 1981 TO 2010
CLIMATE RECORD PERIOD 1894 TO 2014


WEATHER ITEM   OBSERVED TIME   RECORD YEAR NORMAL DEPARTURE LAST
                VALUE   (LST)  VALUE       VALUE  FROM      YEAR
                                                  NORMAL
..................................................................
TEMPERATURE (F)
 YESTERDAY
  MAXIMUM         84    328 PM 100    1915  82      2       84
  MINIMUM         55    419 AM  32    1955  50      5       54
  AVERAGE         70                        66      4       69

PRECIPITATION (IN)
  YESTERDAY        0.00          0.45 2001   0.02  -0.02     0.00
  MONTH TO DATE    0.01                      0.35  -0.34     0.17
  SINCE OCT 1     27.47                     38.13 -10.66    31.71
  SINCE JAN 1     22.51                     22.10   0.41    10.57

DEGREE DAYS
 HEATING
  YESTERDAY        0                         1     -1        0
  MONTH TO DATE    1                        22    -21        3
  SINCE JUL 1      5                        66    -61       14

 COOLING
  YESTERDAY        5                         2      3        4
  MONTH TO DATE  159                        63     96      114
  SINCE JAN 1    399                       163    236      300
..................................................................


WIND (MPH)
  HIGHEST WIND SPEED    14   HIGHEST WIND DIRECTION     N (340)
  HIGHEST GUST SPEED    18   HIGHEST GUST DIRECTION     N (10)
  AVERAGE WIND SPEED     4.6


SKY COVER
  POSSIBLE SUNSHINE  MM
  AVERAGE SKY COVER 0.3


WEATHER CONDITIONS
 THE FOLLOWING WEATHER WAS RECORDED YESTERDAY.
  NO SIGNIFICANT WEATHER WAS OBSERVED.


RELATIVE HUMIDITY (PERCENT)
 HIGHEST    83           300 AM
 LOWEST     31           400 PM
 AVERAGE    57

..........................................................


THE MCMINNVILLE OR CLIMATE NORMALS FOR TODAY
                         NORMAL    RECORD    YEAR
 MAXIMUM TEMPERATURE (F)   82       103      1988
 MINIMUM TEMPERATURE (F)   50        37      1951


SUNRISE AND SUNSET
AUGUST 23 2014........SUNRISE   524 AM PST   SUNSET   706 PM PST
AUGUST 24 2014........SUNRISE   525 AM PST   SUNSET   704 PM PST


-  INDICATES NEGATIVE NUMBERS.
R  INDICATES RECORD WAS SET OR TIED.
MM INDICATES DATA IS MISSING.
T  INDICATES TRACE AMOUNT.




$$
