000
CDUS46 KPQR 251146
CLIMMV


CLIMATE REPORT
NATIONAL WEATHER SERVICE PORTLAND OREGON
446 AM PDT SUN SEP 25 2016


...................................

...THE MCMINNVILLE OR CLIMATE SUMMARY FOR SEPTEMBER 24 2016...

CLIMATE NORMAL PERIOD 1981 TO 2010
CLIMATE RECORD PERIOD 1894 TO 2016


WEATHER ITEM   OBSERVED TIME   RECORD YEAR NORMAL DEPARTURE LAST
                VALUE   (LST)  VALUE       VALUE  FROM      YEAR
                                                  NORMAL
..................................................................
TEMPERATURE (F)
 YESTERDAY
  MAXIMUM         72    454 PM  96    1974  73     -1       76
  MINIMUM         40    623 AM  25    1908  46     -6       47
  AVERAGE         56                        59     -3       62

PRECIPITATION (IN)
  YESTERDAY        0.00          0.75 1923   0.05  -0.05     0.00
  MONTH TO DATE    0.46                      0.98  -0.52     0.85
  SINCE OCT 1     50.33                     39.34  10.99    33.99
  SINCE JAN 1     25.26                     23.31   1.95    17.75

DEGREE DAYS
 HEATING
  YESTERDAY        9                         6      3        3
  MONTH TO DATE   97                        87     10       90
  SINCE JUL 1    133                       172    -39       95

 COOLING
  YESTERDAY        0                         0      0        0
  MONTH TO DATE    8                        31    -23       31
  SINCE JAN 1    357                       215    142      525
..................................................................


WIND (MPH)
  HIGHEST WIND SPEED    18   HIGHEST WIND DIRECTION     E (110)
  HIGHEST GUST SPEED    29   HIGHEST GUST DIRECTION     E (90)
  AVERAGE WIND SPEED     3.1


SKY COVER
  POSSIBLE SUNSHINE  MM
  AVERAGE SKY COVER 0.4


WEATHER CONDITIONS
 THE FOLLOWING WEATHER WAS RECORDED YESTERDAY.
  FOG
  FOG W/VISIBILITY <= 1/4 MILE


RELATIVE HUMIDITY (PERCENT)
 HIGHEST   100           200 AM
 LOWEST     31           400 PM
 AVERAGE    66

..........................................................


THE MCMINNVILLE OR CLIMATE NORMALS FOR TODAY
                         NORMAL    RECORD    YEAR
 MAXIMUM TEMPERATURE (F)   73        95      1974
 MINIMUM TEMPERATURE (F)   45        27      1908


SUNRISE AND SUNSET
SEPTEMBER 25 2016.....SUNRISE   604 AM PST   SUNSET   603 PM PST
SEPTEMBER 26 2016.....SUNRISE   605 AM PST   SUNSET   601 PM PST


-  INDICATES NEGATIVE NUMBERS.
R  INDICATES RECORD WAS SET OR TIED.
MM INDICATES DATA IS MISSING.
T  INDICATES TRACE AMOUNT.




$$
