000
CDUS46 KPQR 241142
CLIMMV


CLIMATE REPORT
NATIONAL WEATHER SERVICE PORTLAND OREGON
441 AM PDT SUN MAY 24 2015


...................................

...THE MCMINNVILLE OR CLIMATE SUMMARY FOR MAY 23 2015...

CLIMATE NORMAL PERIOD 1981 TO 2010
CLIMATE RECORD PERIOD 1894 TO 2015


WEATHER ITEM   OBSERVED TIME   RECORD YEAR NORMAL DEPARTURE LAST
                VALUE   (LST)  VALUE       VALUE  FROM      YEAR
                                                  NORMAL
..................................................................
TEMPERATURE (F)
 YESTERDAY
  MAXIMUM         65    403 PM  91    1938  69     -4       69
  MINIMUM         53    542 AM  31    1955  44      9       54
  AVERAGE         59                        57      2       62

PRECIPITATION (IN)
  YESTERDAY        0.00          0.57 2006   0.08  -0.08     0.05
  MONTH TO DATE    0.89                      1.66  -0.77     1.77
  SINCE OCT 1     31.77                     35.17  -3.40    25.76
  SINCE JAN 1     15.53                     19.14  -3.61    20.80

DEGREE DAYS
 HEATING
  YESTERDAY        6                         9     -3        3
  MONTH TO DATE  172                       239    -67      145
  SINCE JUL 1   3518                      4637  -1119     4464

 COOLING
  YESTERDAY        0                         0      0        0
  MONTH TO DATE    0                         0      0       16
  SINCE JAN 1      0                         0      0       20
..................................................................


WIND (MPH)
  HIGHEST WIND SPEED    12   HIGHEST WIND DIRECTION     W (250)
  HIGHEST GUST SPEED    13   HIGHEST GUST DIRECTION    SW (220)
  AVERAGE WIND SPEED     4.7


SKY COVER
  POSSIBLE SUNSHINE  MM
  AVERAGE SKY COVER 1.0


WEATHER CONDITIONS
 THE FOLLOWING WEATHER WAS RECORDED YESTERDAY.
  NO SIGNIFICANT WEATHER WAS OBSERVED.


RELATIVE HUMIDITY (PERCENT)
 HIGHEST    89           200 AM
 LOWEST     63           300 PM
 AVERAGE    76

..........................................................


THE MCMINNVILLE OR CLIMATE NORMALS FOR TODAY
                         NORMAL    RECORD    YEAR
 MAXIMUM TEMPERATURE (F)   69        92      1992
 MINIMUM TEMPERATURE (F)   45        31      1955


SUNRISE AND SUNSET
MAY 24 2015...........SUNRISE   434 AM PST   SUNSET   745 PM PST
MAY 25 2015...........SUNRISE   433 AM PST   SUNSET   746 PM PST


-  INDICATES NEGATIVE NUMBERS.
R  INDICATES RECORD WAS SET OR TIED.
MM INDICATES DATA IS MISSING.
T  INDICATES TRACE AMOUNT.




$$
