632
CDUS46 KPQR 240223
CLIMMV


CLIMATE REPORT
NATIONAL WEATHER SERVICE PORTLAND OREGON
623 PM PST TUE JAN 23 2018


...................................

...THE MCMINNVILLE OR CLIMATE SUMMARY FOR JANUARY 23 2018...
VALID TODAY AS OF 0600 PM LOCAL TIME.

CLIMATE NORMAL PERIOD 1981 TO 2010
CLIMATE RECORD PERIOD 1894 TO 2018


WEATHER ITEM   OBSERVED TIME   RECORD YEAR NORMAL DEPARTURE LAST
                VALUE   (LST)  VALUE       VALUE  FROM      YEAR
                                                  NORMAL
..................................................................
TEMPERATURE (F)
 TODAY
  MAXIMUM         50    546 PM  61    1970  49      1       54
  MINIMUM         40    355 AM   5    1943  34      6       32
  AVERAGE         45                        42      3       43

PRECIPITATION (IN)
  TODAY            0.44                      0.18   0.26     0.00
  MONTH TO DATE    4.02                      4.73  -0.71     3.68
  SINCE OCT 1     19.56                     20.76  -1.20    27.49
  SINCE JAN 1      4.02                      4.73  -0.71     3.68

DEGREE DAYS
 HEATING
  TODAY           20                                        22
  MONTH TO DATE  434                                       712
  SINCE DEC 1   1207                                      1579
  SINCE JUL 1   2180                                      2481

 COOLING
  TODAY            0                                         0
  MONTH TO DATE    0                                         0
  SINCE DEC 1      0                                         0
  SINCE JAN 1      0                                         0
..................................................................


WIND (MPH)
  HIGHEST WIND SPEED    23   HIGHEST WIND DIRECTION     S (180)
  HIGHEST GUST SPEED    30   HIGHEST GUST DIRECTION     S (180)
  AVERAGE WIND SPEED     6.7


SKY COVER
  POSSIBLE SUNSHINE  MM
  AVERAGE SKY COVER 0.9


WEATHER CONDITIONS
 THE FOLLOWING WEATHER WAS RECORDED TODAY.
  RAIN
  LIGHT RAIN
  FOG


RELATIVE HUMIDITY (PERCENT)
 HIGHEST   100          1200 AM
 LOWEST     80           300 PM
 AVERAGE    90

..........................................................


THE MCMINNVILLE OR CLIMATE NORMALS FOR TOMORROW
                         NORMAL    RECORD    YEAR
 MAXIMUM TEMPERATURE (F)   49        64      1958
 MINIMUM TEMPERATURE (F)   34        -2      1943


SUNRISE AND SUNSET
JANUARY 23 2018.......SUNRISE   742 AM PST   SUNSET   507 PM PST
JANUARY 24 2018.......SUNRISE   741 AM PST   SUNSET   509 PM PST


-  INDICATES NEGATIVE NUMBERS.
R  INDICATES RECORD WAS SET OR TIED.
MM INDICATES DATA IS MISSING.
T  INDICATES TRACE AMOUNT.




$$
