220
CDUS46 KPQR 201141
CLIMMV


CLIMATE REPORT
NATIONAL WEATHER SERVICE PORTLAND OREGON
440 AM PDT THU JUL 20 2017


...................................

...THE MCMINNVILLE OR CLIMATE SUMMARY FOR JULY 19 2017...

CLIMATE NORMAL PERIOD 1981 TO 2010
CLIMATE RECORD PERIOD 1894 TO 2017


WEATHER ITEM   OBSERVED TIME   RECORD YEAR NORMAL DEPARTURE LAST
                VALUE   (LST)  VALUE       VALUE  FROM      YEAR
                                                  NORMAL
..................................................................
TEMPERATURE (F)
 YESTERDAY
  MAXIMUM         82    343 PM 106    1956  83     -1       76
  MINIMUM         49    501 AM  38    1962  51     -2       57
  AVERAGE         66                        67     -1       67

PRECIPITATION (IN)
  YESTERDAY        0.00          0.89 1983   0.01  -0.01     0.00
  MONTH TO DATE    0.00                      0.40  -0.40     0.35
  SINCE OCT 1     53.31                     37.68  15.63    49.54
  SINCE JAN 1     29.50                     21.65   7.85    24.47

DEGREE DAYS
 HEATING
  YESTERDAY        0                         1     -1        0
  MONTH TO DATE    4                        33    -29       17
  SINCE JUL 1      4                        33    -29       17

 COOLING
  YESTERDAY        1                         3     -2        2
  MONTH TO DATE   48                        41      7       20
  SINCE JAN 1    128                        63     65      111
..................................................................


WIND (MPH)
  HIGHEST WIND SPEED    21   HIGHEST WIND DIRECTION    SW (230)
  HIGHEST GUST SPEED    27   HIGHEST GUST DIRECTION    SW (210)
  AVERAGE WIND SPEED     6.3


SKY COVER
  POSSIBLE SUNSHINE  MM
  AVERAGE SKY COVER 0.0


WEATHER CONDITIONS
 THE FOLLOWING WEATHER WAS RECORDED YESTERDAY.
  NO SIGNIFICANT WEATHER WAS OBSERVED.


RELATIVE HUMIDITY (PERCENT)
 HIGHEST    93           500 AM
 LOWEST     30           200 PM
 AVERAGE    62

..........................................................


THE MCMINNVILLE OR CLIMATE NORMALS FOR TODAY
                         NORMAL    RECORD    YEAR
 MAXIMUM TEMPERATURE (F)   83       105      1946
 MINIMUM TEMPERATURE (F)   51        36      1953


SUNRISE AND SUNSET
JULY 20 2017..........SUNRISE   445 AM PST   SUNSET   753 PM PST
JULY 21 2017..........SUNRISE   446 AM PST   SUNSET   752 PM PST


-  INDICATES NEGATIVE NUMBERS.
R  INDICATES RECORD WAS SET OR TIED.
MM INDICATES DATA IS MISSING.
T  INDICATES TRACE AMOUNT.




$$
