000
CDUS44 KMOB 210645
CLIMOB


CLIMATE REPORT
NATIONAL WEATHER SERVICE MOBILE AL
1245 AM CST SAT JAN 21 2017


...................................

...THE MOBILE CLIMATE SUMMARY FOR JANUARY 20 2017...

CLIMATE NORMAL PERIOD 1981 TO 2010
CLIMATE RECORD PERIOD 1842 TO 2017


WEATHER ITEM   OBSERVED TIME   RECORD YEAR NORMAL DEPARTURE LAST
                VALUE   (LST)  VALUE       VALUE  FROM      YEAR
                                                  NORMAL
..................................................................
TEMPERATURE (F)
 YESTERDAY
  MAXIMUM         77    148 PM  78    1974  61     16       67
  MINIMUM         61    650 AM   9    1985  40     21       41
  AVERAGE         69                        50     19       54

PRECIPITATION (IN)
  YESTERDAY        0.00          5.71 2010   0.19  -0.19     0.02
  MONTH TO DATE    9.31                      3.60   5.71     2.55
  SINCE MAR 1     62.45                     58.98   3.47    77.87
  SINCE JAN 1      9.31                      3.60   5.71     2.55

SNOWFALL (IN)
  YESTERDAY        0.0          MM      MM   0.0    0.0      0.0
  MONTH TO DATE    0.0                       0.0    0.0      0.0
  SINCE MAR 1      0.0                       0.1   -0.1      0.0
  SINCE JUL 1      0.0                       T      0.0      0.0
  SNOW DEPTH       0

DEGREE DAYS
 HEATING
  YESTERDAY        0                        15    -15       11
  MONTH TO DATE  144                       300   -156      340
  SINCE DEC 1    419                       704   -285      518
  SINCE JUL 1    553                       962   -409      644

 COOLING
  YESTERDAY        4                         0      4        0
  MONTH TO DATE   42                         0     42        0
  SINCE DEC 1     83                        15     68       71
  SINCE JAN 1     42                         0     42        0
..................................................................


WIND (MPH)
  HIGHEST WIND SPEED    15   HIGHEST WIND DIRECTION     S (180)
  HIGHEST GUST SPEED    18   HIGHEST GUST DIRECTION     S (190)
  AVERAGE WIND SPEED     6.8


SKY COVER
  POSSIBLE SUNSHINE  MM
  AVERAGE SKY COVER 0.8


WEATHER CONDITIONS
 THE FOLLOWING WEATHER WAS RECORDED YESTERDAY.
  FOG


RELATIVE HUMIDITY (PERCENT)
 HIGHEST    93          1200 AM
 LOWEST     74           100 PM
 AVERAGE    84

..........................................................


THE MOBILE CLIMATE NORMALS FOR TODAY
                         NORMAL    RECORD    YEAR
 MAXIMUM TEMPERATURE (F)   61        78      2012
 MINIMUM TEMPERATURE (F)   40         3      1985


SUNRISE AND SUNSET
JANUARY 21 2017.......SUNRISE   649 AM CST   SUNSET   520 PM CST
JANUARY 22 2017.......SUNRISE   649 AM CST   SUNSET   521 PM CST


-  INDICATES NEGATIVE NUMBERS.
R  INDICATES RECORD WAS SET OR TIED.
MM INDICATES DATA IS MISSING.
T  INDICATES TRACE AMOUNT.




$$
