000
CDUS44 KMOB 280636
CLIMOB


CLIMATE REPORT
NATIONAL WEATHER SERVICE MOBILE AL
125 AM CDT THU JUL 28 2016


...................................

...THE MOBILE CLIMATE SUMMARY FOR JULY 27 2016...

CLIMATE NORMAL PERIOD 1981 TO 2010
CLIMATE RECORD PERIOD 1842 TO 2016


WEATHER ITEM   OBSERVED TIME   RECORD YEAR NORMAL DEPARTURE LAST
                VALUE   (LST)  VALUE       VALUE  FROM      YEAR
                                                  NORMAL
..................................................................
TEMPERATURE (F)
 YESTERDAY
  MAXIMUM         90   1223 PM  99    1968  91     -1       94
                                      1875
  MINIMUM         74   1159 PM  67    1911  73      1       71
  AVERAGE         82                        82      0       83

PRECIPITATION (IN)
  YESTERDAY        0.01          2.63 1897   0.23  -0.22     0.00
  MONTH TO DATE    6.36                      6.29   0.07     6.09
  SINCE MAR 1     32.54                     28.47   4.07    37.06
  SINCE JAN 1     41.99                     39.24   2.75    43.11

DEGREE DAYS
 COOLING
  YESTERDAY       17                        17      0       18
  MONTH TO DATE  490                       457     33      496
  SINCE JUN 1    970                       901     69      974
  SINCE JAN 1   1429                      1346     83     1574
..................................................................


WIND (MPH)
  HIGHEST WIND SPEED    20   HIGHEST WIND DIRECTION     S (200)
  HIGHEST GUST SPEED    24   HIGHEST GUST DIRECTION    SW (210)
  AVERAGE WIND SPEED     6.3


SKY COVER
  POSSIBLE SUNSHINE  MM
  AVERAGE SKY COVER 0.4


WEATHER CONDITIONS
 THE FOLLOWING WEATHER WAS RECORDED YESTERDAY.
  LIGHT RAIN


RELATIVE HUMIDITY (PERCENT)
 HIGHEST    94          1200 AM
 LOWEST     63           300 PM
 AVERAGE    79

..........................................................


THE MOBILE CLIMATE NORMALS FOR TODAY
                         NORMAL    RECORD    YEAR
 MAXIMUM TEMPERATURE (F)   91       100      1968
 MINIMUM TEMPERATURE (F)   73        67      1994


SUNRISE AND SUNSET
JULY 28 2016..........SUNRISE   609 AM CDT   SUNSET   750 PM CDT
JULY 29 2016..........SUNRISE   609 AM CDT   SUNSET   749 PM CDT


-  INDICATES NEGATIVE NUMBERS.
R  INDICATES RECORD WAS SET OR TIED.
MM INDICATES DATA IS MISSING.
T  INDICATES TRACE AMOUNT.




$$
