000
CDUS44 KMOB 260645
CLIMOB


CLIMATE REPORT
NATIONAL WEATHER SERVICE MOBILE AL
145 AM CDT SUN MAR 26 2017


...................................

...THE MOBILE CLIMATE SUMMARY FOR MARCH 25 2017...

CLIMATE NORMAL PERIOD 1981 TO 2010
CLIMATE RECORD PERIOD 1842 TO 2017


WEATHER ITEM   OBSERVED TIME   RECORD YEAR NORMAL DEPARTURE LAST
                VALUE   (LST)  VALUE       VALUE  FROM      YEAR
                                                  NORMAL
..................................................................
TEMPERATURE (F)
 YESTERDAY
  MAXIMUM         76    218 PM  86    1907  73      3       76
  MINIMUM         60   1139 PM  31    1983  51      9       54
  AVERAGE         68                        62      6       65

PRECIPITATION (IN)
  YESTERDAY        0.92          4.38 1872   0.21   0.71     0.03
  MONTH TO DATE    2.60                      4.97  -2.37     9.29
  SINCE MAR 1      2.60                      4.97  -2.37     9.29
  SINCE JAN 1     14.81                     15.74  -0.93    18.74

SNOWFALL (IN)
  YESTERDAY        0.0          MM      MM   0.0    0.0      0.0
  MONTH TO DATE    0.0                       0.1   -0.1      0.0
  SINCE MAR 1      0.0                       0.1   -0.1      0.0
  SINCE JUL 1      0.0                       0.2   -0.2      0.0
  SNOW DEPTH       0

DEGREE DAYS
 HEATING
  YESTERDAY        0                         5     -5        0
  MONTH TO DATE  119                       164    -45       96
  SINCE MAR 1    119                       164    -45       96
  SINCE JUL 1    890                      1606   -716     1194

 COOLING
  YESTERDAY        3                         1      2        0
  MONTH TO DATE   54                        25     29       51
  SINCE MAR 1     54                        25     29       51
  SINCE JAN 1    129                        41     88       65
..................................................................


WIND (MPH)
  HIGHEST WIND SPEED    26   HIGHEST WIND DIRECTION    SE (140)
  HIGHEST GUST SPEED    36   HIGHEST GUST DIRECTION     W (280)
  AVERAGE WIND SPEED    11.6


SKY COVER
  POSSIBLE SUNSHINE  MM
  AVERAGE SKY COVER 0.6


WEATHER CONDITIONS
 THE FOLLOWING WEATHER WAS RECORDED YESTERDAY.
  THUNDERSTORM
  HEAVY RAIN
  RAIN
  LIGHT RAIN
  FOG


RELATIVE HUMIDITY (PERCENT)
 HIGHEST    97          1100 PM
 LOWEST     64           900 AM
 AVERAGE    81

..........................................................


THE MOBILE CLIMATE NORMALS FOR TODAY
                         NORMAL    RECORD    YEAR
 MAXIMUM TEMPERATURE (F)   73        86      1935
 MINIMUM TEMPERATURE (F)   51        30      1894


SUNRISE AND SUNSET
MARCH 26 2017.........SUNRISE   649 AM CDT   SUNSET   708 PM CDT
MARCH 27 2017.........SUNRISE   648 AM CDT   SUNSET   709 PM CDT


-  INDICATES NEGATIVE NUMBERS.
R  INDICATES RECORD WAS SET OR TIED.
MM INDICATES DATA IS MISSING.
T  INDICATES TRACE AMOUNT.




$$
