000
CDUS44 KMOB 252226
CLIMOB


CLIMATE REPORT
NATIONAL WEATHER SERVICE MOBILE AL
525 PM CDT SAT OCT 25 2014


...................................

...THE MOBILE CLIMATE SUMMARY FOR OCTOBER 25 2014...
VALID TODAY AS OF 0500 PM LOCAL TIME.

CLIMATE NORMAL PERIOD 1981 TO 2010
CLIMATE RECORD PERIOD 1842 TO 2014


WEATHER ITEM   OBSERVED TIME   RECORD YEAR NORMAL DEPARTURE LAST
                VALUE   (LST)  VALUE       VALUE  FROM      YEAR
                                                  NORMAL
..................................................................
TEMPERATURE (F)
 TODAY
  MAXIMUM         79    335 PM  88    1927  77      2       67
  MINIMUM         44    617 AM  38    1999  55    -11       47
                                      1903
  AVERAGE         62                        66     -4       57

PRECIPITATION (IN)
  TODAY            0.00          2.42 1942   0.12  -0.12     0.00
  MONTH TO DATE    3.02                      2.92   0.10     2.08
  SINCE MAR 1     58.83                     44.42  14.41    44.19
  SINCE JAN 1     65.95                     55.19  10.76    58.37

DEGREE DAYS
 HEATING
  TODAY            3                         3      0        8
  MONTH TO DATE   26                        32     -6       17
  SINCE SEP 1     26                        34     -8       17
  SINCE JUL 1     26                        34     -8       17

 COOLING
  TODAY            0                         3     -3        0
  MONTH TO DATE  115                       140    -25      177
  SINCE SEP 1    529                       517     12      627
  SINCE JAN 1   2277                      2444   -167     2457
..................................................................


WIND (MPH)
  HIGHEST WIND SPEED    16   HIGHEST WIND DIRECTION     N (20)
  HIGHEST GUST SPEED    20   HIGHEST GUST DIRECTION     N (360)
  AVERAGE WIND SPEED     6.4


SKY COVER
  POSSIBLE SUNSHINE  MM
  AVERAGE SKY COVER 0.0


WEATHER CONDITIONS
 THE FOLLOWING WEATHER WAS RECORDED TODAY.
  NO SIGNIFICANT WEATHER WAS OBSERVED.


RELATIVE HUMIDITY (PERCENT)
 HIGHEST    93           500 AM
 LOWEST     40           100 PM
 AVERAGE    67

..........................................................


THE MOBILE CLIMATE NORMALS FOR TOMORROW
                         NORMAL    RECORD    YEAR
 MAXIMUM TEMPERATURE (F)   77        87      1936
 MINIMUM TEMPERATURE (F)   54        37      2005
                                             1990


SUNRISE AND SUNSET
OCTOBER 25 2014.......SUNRISE   702 AM CDT   SUNSET   611 PM CDT
OCTOBER 26 2014.......SUNRISE   703 AM CDT   SUNSET   610 PM CDT


-  INDICATES NEGATIVE NUMBERS.
R  INDICATES RECORD WAS SET OR TIED.
MM INDICATES DATA IS MISSING.
T  INDICATES TRACE AMOUNT.




$$
