000
CDUS44 KMOB 282343
CLIMOB


CLIMATE REPORT
NATIONAL WEATHER SERVICE MOBILE AL
543 PM CST SUN DEC 28 2014


...................................

...THE MOBILE CLIMATE SUMMARY FOR DECEMBER 28 2014...
VALID TODAY AS OF 0500 PM LOCAL TIME.

CLIMATE NORMAL PERIOD 1981 TO 2010
CLIMATE RECORD PERIOD 1842 TO 2014


WEATHER ITEM   OBSERVED TIME   RECORD YEAR NORMAL DEPARTURE LAST
                VALUE   (LST)  VALUE       VALUE  FROM      YEAR
                                                  NORMAL
..................................................................
TEMPERATURE (F)
 TODAY
  MAXIMUM         73    107 PM  81    1974  61     12       52
  MINIMUM         50    537 AM  18    1925  41      9       43
  AVERAGE         62                        51     11       48

PRECIPITATION (IN)
  TODAY            0.31          5.10 1901   0.17   0.14     2.76
  MONTH TO DATE    5.23                      4.56   0.67     7.33
  SINCE MAR 1     65.55                     54.88  10.67    55.06
  SINCE JAN 1     72.67                     65.65   7.02    69.24

DEGREE DAYS
 HEATING
  TODAY            3                        15    -12       17
  MONTH TO DATE  274                       360    -86      338
  SINCE DEC 1    274                       360    -86      338
  SINCE JUL 1    667                       618     49      622

 COOLING
  TODAY            0                         0      0        0
  MONTH TO DATE    3                         8     -5       27
  SINCE DEC 1      3                         8     -5       27
  SINCE JAN 1   2307                      2511   -204     2522
..................................................................


WIND (MPH)
  HIGHEST WIND SPEED    10   HIGHEST WIND DIRECTION    SW (210)
  HIGHEST GUST SPEED    14   HIGHEST GUST DIRECTION    SW (210)
  AVERAGE WIND SPEED     5.6


SKY COVER
  POSSIBLE SUNSHINE  MM
  AVERAGE SKY COVER 1.0


WEATHER CONDITIONS
 THE FOLLOWING WEATHER WAS RECORDED TODAY.
  HEAVY RAIN
  RAIN
  LIGHT RAIN
  FOG
  HAZE


RELATIVE HUMIDITY (PERCENT)
 HIGHEST   100          1200 AM
 LOWEST     78           400 PM
 AVERAGE    89

..........................................................


THE MOBILE CLIMATE NORMALS FOR TOMORROW
                         NORMAL    RECORD    YEAR
 MAXIMUM TEMPERATURE (F)   61        78      1974
                                             1971
 MINIMUM TEMPERATURE (F)   41        16      1894
                                             1880


SUNRISE AND SUNSET
DECEMBER 28 2014......SUNRISE   649 AM CST   SUNSET   500 PM CST
DECEMBER 29 2014......SUNRISE   650 AM CST   SUNSET   501 PM CST


-  INDICATES NEGATIVE NUMBERS.
R  INDICATES RECORD WAS SET OR TIED.
MM INDICATES DATA IS MISSING.
T  INDICATES TRACE AMOUNT.




$$
