000
CDUS46 KSTO 170845
CLIMOD


CLIMATE REPORT
NATIONAL WEATHER SERVICE SACRAMENTO, CA
1245 AM PST FRI NOV 17 2017


...................................

...THE MODESTO CA CLIMATE SUMMARY FOR NOVEMBER 16 2017...

CLIMATE NORMAL PERIOD 1981 TO 2010
CLIMATE RECORD PERIOD 1931 TO 2017


WEATHER ITEM   OBSERVED TIME   RECORD YEAR NORMAL DEPARTURE LAST
                VALUE   (LST)  VALUE       VALUE  FROM      YEAR
                                                  NORMAL
..................................................................
TEMPERATURE (F)
 YESTERDAY
  MAXIMUM         65    335 AM  79    2008  65      0       64
  MINIMUM         56   1158 PM  27    1964  45     11       49
  AVERAGE         61

PRECIPITATION (IN)
  YESTERDAY        0.46          0.93 1965   0.04   0.42     0.00
  MONTH TO DATE    0.60                      0.65  -0.05     0.01
  SINCE OCT 1      0.72                      1.33  -0.61     2.06
  SINCE JAN 1     12.62                     10.36   2.26    13.26

SNOWFALL (IN)
  YESTERDAY        0.0          MM      MM
  MONTH TO DATE    0.0
  SINCE SEP 1      0.0
  SINCE JUL 1      0.0
  SNOW DEPTH       0

DEGREE DAYS
 HEATING
  YESTERDAY        4                        10     -6        8
  MONTH TO DATE  109                       121    -12       29
  SINCE SEP 1    156                       184    -28       53
  SINCE JUL 1    156                       184    -28       53

 COOLING
  YESTERDAY        0                         0      0        0
  MONTH TO DATE    0                         0      0        7
  SINCE SEP 1    383                       360     23      365
  SINCE JAN 1   2118                      1696    422     1982
..................................................................


WIND (MPH)
  RESULTANT WIND SPEED   1   RESULTANT WIND DIRECTION  SE (140)
  HIGHEST WIND SPEED    13   HIGHEST WIND DIRECTION     N (340)
  HIGHEST GUST SPEED    18   HIGHEST GUST DIRECTION     S (180)


SKY COVER
  POSSIBLE SUNSHINE  MM
  AVERAGE SKY COVER 0.9


WEATHER CONDITIONS
 THE FOLLOWING WEATHER WAS RECORDED YESTERDAY.
  RAIN
  LIGHT RAIN
  FOG


RELATIVE HUMIDITY (PERCENT)
 HIGHEST    93           300 PM
 LOWEST     63           100 AM
 AVERAGE    78

..........................................................


THE MODESTO CA CLIMATE NORMALS FOR TODAY
                         NORMAL    RECORD    YEAR
 MAXIMUM TEMPERATURE (F)   65        80      1995
 MINIMUM TEMPERATURE (F)   44        25      1961


SUNRISE AND SUNSET
NOVEMBER 17 2017......SUNRISE   646 AM PST   SUNSET   451 PM PST
NOVEMBER 18 2017......SUNRISE   647 AM PST   SUNSET   451 PM PST


-  INDICATES NEGATIVE NUMBERS.
R  INDICATES RECORD WAS SET OR TIED.
MM INDICATES DATA IS MISSING.
T  INDICATES TRACE AMOUNT.




$$
