000
CDUS46 KSTO 130834
CLIMOD


CLIMATE REPORT
NATIONAL WEATHER SERVICE SACRAMENTO, CA
1234 AM PST SAT FEB 13 2016


...................................

...THE MODESTO CA CLIMATE SUMMARY FOR FEBRUARY 12 2016...

CLIMATE NORMAL PERIOD 1981 TO 2010
CLIMATE RECORD PERIOD 1931 TO 2016


WEATHER ITEM   OBSERVED TIME   RECORD YEAR NORMAL DEPARTURE LAST
                VALUE   (LST)  VALUE       VALUE  FROM      YEAR
                                                  NORMAL
..................................................................
TEMPERATURE (F)
 YESTERDAY
  MAXIMUM         72    325 PM  74    1996  62     10       73
  MINIMUM         43    715 AM  24    1949  43      0       45
  AVERAGE         58

PRECIPITATION (IN)
  YESTERDAY        0.00          1.13 1992   0.08  -0.08     0.00
  MONTH TO DATE    T                         1.05  -1.05     1.39
  SINCE OCT 1      9.44                      7.74   1.70     8.79
  SINCE JAN 1      5.03                      3.66   1.37     1.39

SNOWFALL (IN)
  YESTERDAY        0.0           0.0  2002
  MONTH TO DATE    0.0
  SINCE DEC 1      0.0
  SINCE JUL 1      0.0
  SNOW DEPTH       0

DEGREE DAYS
 HEATING
  YESTERDAY        7                        12     -5        6
  MONTH TO DATE  145                       164    -19       83
  SINCE DEC 1   1104                      1235   -131      962
  SINCE JUL 1   1475                      1596   -121     1260

 COOLING
  YESTERDAY        0                         0      0        0
  MONTH TO DATE    0                         0      0        0
  SINCE DEC 1      0                         0      0        0
  SINCE JAN 1      0                         0      0        0
..................................................................


WIND (MPH)
  RESULTANT WIND SPEED   4   RESULTANT WIND DIRECTION  NW (320)
  HIGHEST WIND SPEED    13   HIGHEST WIND DIRECTION    NW (330)
  HIGHEST GUST SPEED    17   HIGHEST GUST DIRECTION    NW (300)


SKY COVER
  POSSIBLE SUNSHINE  MM
  AVERAGE SKY COVER 0.1


WEATHER CONDITIONS
 THE FOLLOWING WEATHER WAS RECORDED YESTERDAY.
  FOG
  FOG W/VISIBILITY <= 1/4 MILE
  HAZE


RELATIVE HUMIDITY (PERCENT)
 HIGHEST   100           700 AM
 LOWEST     53           400 PM
 AVERAGE    77

..........................................................


THE MODESTO CA CLIMATE NORMALS FOR TODAY
                         NORMAL    RECORD    YEAR
 MAXIMUM TEMPERATURE (F)   63        76      2015
 MINIMUM TEMPERATURE (F)   43        24      1949


SUNRISE AND SUNSET
FEBRUARY 13 2016......SUNRISE   656 AM PST   SUNSET   541 PM PST
FEBRUARY 14 2016......SUNRISE   655 AM PST   SUNSET   542 PM PST


-  INDICATES NEGATIVE NUMBERS.
R  INDICATES RECORD WAS SET OR TIED.
MM INDICATES DATA IS MISSING.
T  INDICATES TRACE AMOUNT.




$$
