000
CDUS46 KSTO 280836
CLIMOD


CLIMATE REPORT
NATIONAL WEATHER SERVICE SACRAMENTO, CA
135 AM PDT SAT MAR 28 2015


...................................

...THE MODESTO CA CLIMATE SUMMARY FOR MARCH 27 2015...

CLIMATE NORMAL PERIOD 1981 TO 2010
CLIMATE RECORD PERIOD 1931 TO 2015


WEATHER ITEM   OBSERVED TIME   RECORD YEAR NORMAL DEPARTURE LAST
                VALUE   (LST)  VALUE       VALUE  FROM      YEAR
                                                  NORMAL
..................................................................
TEMPERATURE (F)
 YESTERDAY
  MAXIMUM         87R   247 PM  85    1986  70     17       65
  MINIMUM         55    613 AM  35    1936  47      8       46
  AVERAGE         71

PRECIPITATION (IN)
  YESTERDAY        0.00          1.16 1963   0.05  -0.05      T
  MONTH TO DATE    0.19                      1.85  -1.66     1.07
  SINCE OCT 1      9.35                     10.92  -1.57     5.35
  SINCE JAN 1      1.95                      6.84  -4.89     3.99

SNOWFALL (IN)
  YESTERDAY        0.0          MM      MM
  MONTH TO DATE    0.0
  SINCE MAR 1      0.0
  SINCE JUL 1      0.0
  SNOW DEPTH       0

DEGREE DAYS
 HEATING
  YESTERDAY        0                         7     -7        9
  MONTH TO DATE   94                       212   -118      127
  SINCE MAR 1     94                       212   -118      127
  SINCE JUL 1   1506                      1980   -474     1825

 COOLING
  YESTERDAY        6                         0      6        0
  MONTH TO DATE   23                         0     23        0
  SINCE MAR 1     23                         0     23        0
  SINCE JAN 1     23                         0     23        0
..................................................................


WIND (MPH)
  RESULTANT WIND SPEED   5   RESULTANT WIND DIRECTION  NW (330)
  HIGHEST WIND SPEED    20   HIGHEST WIND DIRECTION     W (290)
  HIGHEST GUST SPEED    24   HIGHEST GUST DIRECTION     W (290)


SKY COVER
  POSSIBLE SUNSHINE  MM
  AVERAGE SKY COVER 0.0


WEATHER CONDITIONS
 THE FOLLOWING WEATHER WAS RECORDED YESTERDAY.
  HAZE


RELATIVE HUMIDITY (PERCENT)
 HIGHEST    86           500 AM
 LOWEST     27           300 PM
 AVERAGE    57

..........................................................


THE MODESTO CA CLIMATE NORMALS FOR TODAY
                         NORMAL    RECORD    YEAR
 MAXIMUM TEMPERATURE (F)   70        85      1969
 MINIMUM TEMPERATURE (F)   47        31      1975


SUNRISE AND SUNSET
MARCH 28 2015.........SUNRISE   655 AM PDT   SUNSET   723 PM PDT
MARCH 29 2015.........SUNRISE   654 AM PDT   SUNSET   724 PM PDT


-  INDICATES NEGATIVE NUMBERS.
R  INDICATES RECORD WAS SET OR TIED.
MM INDICATES DATA IS MISSING.
T  INDICATES TRACE AMOUNT.




$$
