153
CDUS46 KSTO 080033
CLIMOD


CLIMATE REPORT
NATIONAL WEATHER SERVICE SACRAMENTO, CA
433 PM PST WED DEC 7 2016


...................................

...THE MODESTO CA CLIMATE SUMMARY FOR DECEMBER 7 2016...
VALID TODAY AS OF 0400 PM LOCAL TIME.

CLIMATE NORMAL PERIOD 1981 TO 2010
CLIMATE RECORD PERIOD 1931 TO 2016


WEATHER ITEM   OBSERVED TIME   RECORD YEAR NORMAL DEPARTURE LAST
                VALUE   (LST)  VALUE       VALUE  FROM      YEAR
                                                  NORMAL
..................................................................
TEMPERATURE (F)
 TODAY
  MAXIMUM         51    255 PM  68    1988  57     -6       65
  MINIMUM         37    709 AM  27    1959  40     -3       45
  AVERAGE         44

PRECIPITATION (IN)
  TODAY            0.00          0.59 1950   0.06  -0.06     0.00
  MONTH TO DATE    0.00                      0.38  -0.38     0.29
  SINCE OCT 1      2.99                      2.42   0.57     2.71
  SINCE JAN 1     14.19                     11.45   2.74     5.56

SNOWFALL (IN)
  TODAY            0.0           0.0  2001
  MONTH TO DATE    0.0
  SINCE DEC 1      0.0
  SINCE JUL 1      0.0

DEGREE DAYS
 HEATING
  TODAY           21                        16      5       10
  MONTH TO DATE  116                       109      7       99
  SINCE DEC 1    116                       109      7       99
  SINCE JUL 1    329                       470   -141      470

 COOLING
  TODAY            0                         0      0        0
  MONTH TO DATE    0                         0      0        0
  SINCE DEC 1      0                         0      0        0
  SINCE JAN 1   1982                      1699    283     2087
..................................................................


WIND (MPH)
  RESULTANT WIND SPEED   3   RESULTANT WIND DIRECTION  NW (300)
  HIGHEST WIND SPEED    10   HIGHEST WIND DIRECTION    NW (300)
  HIGHEST GUST SPEED    17   HIGHEST GUST DIRECTION     N (20)


SKY COVER
  POSSIBLE SUNSHINE  MM
  AVERAGE SKY COVER 0.2


WEATHER CONDITIONS
 THE FOLLOWING WEATHER WAS RECORDED TODAY.
  FOG
  HAZE


RELATIVE HUMIDITY (PERCENT)
 HIGHEST    85           400 AM
 LOWEST     56           100 PM
 AVERAGE    71

..........................................................


THE MODESTO CA CLIMATE NORMALS FOR TOMORROW
                         NORMAL    RECORD    YEAR
 MAXIMUM TEMPERATURE (F)   57        70      2006
 MINIMUM TEMPERATURE (F)   40        25      2009
                                             1978


SUNRISE AND SUNSET
DECEMBER  7 2016......SUNRISE   706 AM PST   SUNSET   445 PM PST
DECEMBER  8 2016......SUNRISE   707 AM PST   SUNSET   445 PM PST


-  INDICATES NEGATIVE NUMBERS.
R  INDICATES RECORD WAS SET OR TIED.
MM INDICATES DATA IS MISSING.
T  INDICATES TRACE AMOUNT.




$$
