000
CDUS46 KSTO 230840
CLIMOD


CLIMATE REPORT
NATIONAL WEATHER SERVICE SACRAMENTO, CA
139 AM PDT TUE MAY 23 2017


...................................

...THE MODESTO CA CLIMATE SUMMARY FOR MAY 22 2017...

CLIMATE NORMAL PERIOD 1981 TO 2010
CLIMATE RECORD PERIOD 1931 TO 2017


WEATHER ITEM   OBSERVED TIME   RECORD YEAR NORMAL DEPARTURE LAST
                VALUE   (LST)  VALUE       VALUE  FROM      YEAR
                                                  NORMAL
..................................................................
TEMPERATURE (F)
 YESTERDAY
  MAXIMUM        100R   419 PM 100    1967  84     16       75
  MINIMUM         64    538 AM  41    1960  56      8       49
  AVERAGE         82

PRECIPITATION (IN)
  YESTERDAY        0.00          0.82 1958   0.02  -0.02     0.00
  MONTH TO DATE    0.01                      0.49  -0.48     0.25
  SINCE OCT 1     16.79                     12.57   4.22    15.61
  SINCE JAN 1     11.76                      8.49   3.27    11.20

SNOWFALL (IN)
  YESTERDAY        0.0          MM      MM
  MONTH TO DATE    0.0
  SINCE MAR 1      0.0
  SINCE JUL 1      0.0
  SNOW DEPTH       0

DEGREE DAYS
 HEATING
  YESTERDAY        0                         1     -1        3
  MONTH TO DATE   22                        29     -7       16
  SINCE MAR 1    292                       395   -103      242
  SINCE JUL 1   1808                      2163   -355     1834

 COOLING
  YESTERDAY       17                         6     11        0
  MONTH TO DATE  141                        96     45      116
  SINCE MAR 1    158                       140     18      170
  SINCE JAN 1    158                       140     18      170
..................................................................


WIND (MPH)
  RESULTANT WIND SPEED   4   RESULTANT WIND DIRECTION  NW (330)
  HIGHEST WIND SPEED    16   HIGHEST WIND DIRECTION    NW (310)
  HIGHEST GUST SPEED    19   HIGHEST GUST DIRECTION    NW (310)


SKY COVER
  POSSIBLE SUNSHINE  MM
  AVERAGE SKY COVER 0.0


WEATHER CONDITIONS
 THE FOLLOWING WEATHER WAS RECORDED YESTERDAY.
  NO SIGNIFICANT WEATHER WAS OBSERVED.


RELATIVE HUMIDITY (PERCENT)
 HIGHEST    63           600 AM
 LOWEST     13           400 PM
 AVERAGE    38

..........................................................


THE MODESTO CA CLIMATE NORMALS FOR TODAY
                         NORMAL    RECORD    YEAR
 MAXIMUM TEMPERATURE (F)   85        99      2001
 MINIMUM TEMPERATURE (F)   56        43      1960


SUNRISE AND SUNSET
MAY 23 2017...........SUNRISE   548 AM PDT   SUNSET   813 PM PDT
MAY 24 2017...........SUNRISE   548 AM PDT   SUNSET   814 PM PDT


-  INDICATES NEGATIVE NUMBERS.
R  INDICATES RECORD WAS SET OR TIED.
MM INDICATES DATA IS MISSING.
T  INDICATES TRACE AMOUNT.




$$
