000
CDUS46 KSTO 210055
CLIMOD


CLIMATE REPORT
NATIONAL WEATHER SERVICE SACRAMENTO, CA
455 PM PST MON FEB 20 2017


...................................

...THE MODESTO CA CLIMATE SUMMARY FOR FEBRUARY 20 2017...
VALID TODAY AS OF 0400 PM LOCAL TIME.

CLIMATE NORMAL PERIOD 1981 TO 2010
CLIMATE RECORD PERIOD 1931 TO 2017


WEATHER ITEM   OBSERVED TIME   RECORD YEAR NORMAL DEPARTURE LAST
                VALUE   (LST)  VALUE       VALUE  FROM      YEAR
                                                  NORMAL
..................................................................
TEMPERATURE (F)
 TODAY
  MAXIMUM         64    359 PM  73    1995  64      0       62
  MINIMUM         53    430 AM  28    1955  44      9       47
  AVERAGE         59

PRECIPITATION (IN)
  TODAY            0.87          1.10 1934   0.09   0.78     0.00
  MONTH TO DATE    3.36                      1.72   1.64     0.55
  SINCE OCT 1     13.91                      8.41   5.50     9.99
  SINCE JAN 1      8.88                      4.33   4.55     5.58

SNOWFALL (IN)
  TODAY            0.0          MM      MM
  MONTH TO DATE    0.0
  SINCE DEC 1      0.0
  SINCE JUL 1      0.0

DEGREE DAYS
 HEATING
  TODAY            6                        11     -5       10
  MONTH TO DATE  164                       256    -92      201
  SINCE DEC 1   1182                      1327   -145     1160
  SINCE JUL 1   1395                      1688   -293     1531

 COOLING
  TODAY            0                         0      0        0
  MONTH TO DATE    0                         0      0        0
  SINCE DEC 1      0                         0      0        0
  SINCE JAN 1      0                         0      0        0
..................................................................


WIND (MPH)
  RESULTANT WIND SPEED  11   RESULTANT WIND DIRECTION  SE (150)
  HIGHEST WIND SPEED    20   HIGHEST WIND DIRECTION    SE (140)
  HIGHEST GUST SPEED    28   HIGHEST GUST DIRECTION    SE (150)


SKY COVER
  POSSIBLE SUNSHINE  MM
  AVERAGE SKY COVER 1.0


WEATHER CONDITIONS
 THE FOLLOWING WEATHER WAS RECORDED TODAY.
  RAIN
  LIGHT RAIN
  FOG


RELATIVE HUMIDITY (PERCENT)
 HIGHEST   100           800 AM
 LOWEST     83          1200 AM
 AVERAGE    92

..........................................................


THE MODESTO CA CLIMATE NORMALS FOR TOMORROW
                         NORMAL    RECORD    YEAR
 MAXIMUM TEMPERATURE (F)   65        75      1991
 MINIMUM TEMPERATURE (F)   44        29      1955


SUNRISE AND SUNSET
FEBRUARY 20 2017......SUNRISE   647 AM PST   SUNSET   549 PM PST
FEBRUARY 21 2017......SUNRISE   645 AM PST   SUNSET   550 PM PST


-  INDICATES NEGATIVE NUMBERS.
R  INDICATES RECORD WAS SET OR TIED.
MM INDICATES DATA IS MISSING.
T  INDICATES TRACE AMOUNT.




$$
