000
CDUS46 KSTO 300849
CLIMOD


CLIMATE REPORT
NATIONAL WEATHER SERVICE SACRAMENTO, CA
148 AM PDT THU MAR 30 2017


...................................

...THE MODESTO CA CLIMATE SUMMARY FOR MARCH 29 2017...

CLIMATE NORMAL PERIOD 1981 TO 2010
CLIMATE RECORD PERIOD 1931 TO 2017


WEATHER ITEM   OBSERVED TIME   RECORD YEAR NORMAL DEPARTURE LAST
                VALUE   (LST)  VALUE       VALUE  FROM      YEAR
                                                  NORMAL
..................................................................
TEMPERATURE (F)
 YESTERDAY
  MAXIMUM         78    347 PM  85    2015  71      7       67
                                      2004
                                      1968
  MINIMUM         48    614 AM  35    1967  47      1       39
  AVERAGE         63

PRECIPITATION (IN)
  YESTERDAY        0.00          0.51 2014   0.05  -0.05     0.00
  MONTH TO DATE    1.27                      1.95  -0.68     3.80
  SINCE OCT 1     15.30                     11.02   4.28    13.79
  SINCE JAN 1     10.27                      6.94   3.33     9.38

SNOWFALL (IN)
  YESTERDAY        0.0          MM      MM
  MONTH TO DATE    0.0
  SINCE MAR 1      0.0
  SINCE JUL 1      0.0
  SNOW DEPTH       0

DEGREE DAYS
 HEATING
  YESTERDAY        2                         6     -4       12
  MONTH TO DATE  173                       225    -52      163
  SINCE MAR 1    173                       225    -52      163
  SINCE JUL 1   1689                      1993   -304     1755

 COOLING
  YESTERDAY        0                         0      0        0
  MONTH TO DATE    6                         0      6        0
  SINCE MAR 1      6                         0      6        0
  SINCE JAN 1      6                         0      6        0
..................................................................


WIND (MPH)
  RESULTANT WIND SPEED   1   RESULTANT WIND DIRECTION  NE (30)
  HIGHEST WIND SPEED    12   HIGHEST WIND DIRECTION     N (340)
  HIGHEST GUST SPEED    20   HIGHEST GUST DIRECTION    NW (330)


SKY COVER
  POSSIBLE SUNSHINE  MM
  AVERAGE SKY COVER 0.0


WEATHER CONDITIONS
 THE FOLLOWING WEATHER WAS RECORDED YESTERDAY.
  NO SIGNIFICANT WEATHER WAS OBSERVED.


RELATIVE HUMIDITY (PERCENT)
 HIGHEST   100           300 AM
 LOWEST     39           500 PM
 AVERAGE    70

..........................................................


THE MODESTO CA CLIMATE NORMALS FOR TODAY
                         NORMAL    RECORD    YEAR
 MAXIMUM TEMPERATURE (F)   71        87      2015
 MINIMUM TEMPERATURE (F)   47        32      1938


SUNRISE AND SUNSET
MARCH 30 2017.........SUNRISE   652 AM PDT   SUNSET   725 PM PDT
MARCH 31 2017.........SUNRISE   650 AM PDT   SUNSET   726 PM PDT


-  INDICATES NEGATIVE NUMBERS.
R  INDICATES RECORD WAS SET OR TIED.
MM INDICATES DATA IS MISSING.
T  INDICATES TRACE AMOUNT.




$$
