000
CDUS46 KSTO 240838
CLIMOD


CLIMATE REPORT
NATIONAL WEATHER SERVICE SACRAMENTO, CA
1237 AM PST MON NOV 24 2014


...................................

...THE MODESTO CA CLIMATE SUMMARY FOR NOVEMBER 23 2014...

CLIMATE NORMAL PERIOD 1981 TO 2010
CLIMATE RECORD PERIOD 1931 TO 2014


WEATHER ITEM   OBSERVED TIME   RECORD YEAR NORMAL DEPARTURE LAST
                VALUE   (LST)  VALUE       VALUE  FROM      YEAR
                                                  NORMAL
..................................................................
TEMPERATURE (F)
 YESTERDAY
  MAXIMUM         63    308 PM  76    1939  62      1       62
  MINIMUM         43   1106 PM  26    1947  43      0       38
  AVERAGE         53

PRECIPITATION (IN)
  YESTERDAY        0.00          0.52 1963   0.05  -0.05     0.00
  MONTH TO DATE    0.43                      1.00  -0.57     1.11
  SINCE JUL 1      1.41                      1.96  -0.55     1.24
  SINCE JAN 1      6.92                     10.71  -3.79     4.45

SNOWFALL (IN)
  YESTERDAY        0.0           0.0  2001
  MONTH TO DATE    0.0
  SINCE SEP 1      0.0
  SINCE JUL 1      0.0
  SNOW DEPTH       0

DEGREE DAYS
 HEATING
  YESTERDAY       12                        12      0       15
  MONTH TO DATE  185                       202    -17      209
  SINCE SEP 1    213                       265    -52      285
  SINCE JUL 1    213                       265    -52      285

 COOLING
  YESTERDAY        0                         0      0        0
  MONTH TO DATE    0                         0      0        0
  SINCE SEP 1    426                       360     66      246
  SINCE JAN 1   1855                      1696    159     1718
..................................................................


WIND (MPH)
  RESULTANT WIND SPEED   7   RESULTANT WIND DIRECTION  NW (320)
  HIGHEST WIND SPEED    21   HIGHEST WIND DIRECTION    NW (320)
  HIGHEST GUST SPEED    26   HIGHEST GUST DIRECTION     W (290)


SKY COVER
  POSSIBLE SUNSHINE  MM
  AVERAGE SKY COVER 0.3


WEATHER CONDITIONS
 THE FOLLOWING WEATHER WAS RECORDED YESTERDAY.
  FOG
  FOG W/VISIBILITY <= 1/4 MILE


RELATIVE HUMIDITY (PERCENT)
 HIGHEST   100           300 AM
 LOWEST     43           200 PM
 AVERAGE    72

..........................................................


THE MODESTO CA CLIMATE NORMALS FOR TODAY
                         NORMAL    RECORD    YEAR
 MAXIMUM TEMPERATURE (F)   62        77      1939
 MINIMUM TEMPERATURE (F)   43        26      1931


SUNRISE AND SUNSET
NOVEMBER 24 2014......SUNRISE   653 AM PST   SUNSET   448 PM PST
NOVEMBER 25 2014......SUNRISE   654 AM PST   SUNSET   447 PM PST


-  INDICATES NEGATIVE NUMBERS.
R  INDICATES RECORD WAS SET OR TIED.
MM INDICATES DATA IS MISSING.
T  INDICATES TRACE AMOUNT.




$$
