750
CDUS43 KBIS 280731
CLIMOT


CLIMATE REPORT
NATIONAL WEATHER SERVICE BISMARCK ND
230 AM CDT TUE MAR 28 2017


...................................

...THE MINOT ND CLIMATE SUMMARY FOR MARCH 27 2017...

CLIMATE NORMAL PERIOD 1981 TO 2010
CLIMATE RECORD PERIOD 1897 TO 2017


WEATHER ITEM   OBSERVED TIME   RECORD YEAR NORMAL DEPARTURE LAST
                VALUE   (LST)  VALUE       VALUE  FROM      YEAR
                                                  NORMAL
..................................................................
TEMPERATURE (F)
 YESTERDAY
  MAXIMUM         48    124 PM  78    1946  43      5       58
  MINIMUM         31    641 AM -11    1921  24      7       30
  AVERAGE         40                        34      6       44

PRECIPITATION (IN)
  YESTERDAY        0.00          1.07 1950   0.03  -0.03     0.00
  MONTH TO DATE    0.29                      0.69  -0.40     0.10
  SINCE MAR 1      0.29                      0.69  -0.40     0.10
  SINCE JAN 1      0.42                      1.60  -1.18     0.68

DEGREE DAYS
 HEATING
  YESTERDAY       25                        31     -6       21
  MONTH TO DATE 1083                      1015     68      711
  SINCE MAR 1   1083                      1015     68      711
  SINCE JUL 1   7019                      7591   -572     6143

 COOLING
  YESTERDAY        0                         0      0        0
  MONTH TO DATE    0                         0      0        0
  SINCE MAR 1      0                         0      0        0
  SINCE JAN 1      0                         0      0        0
..................................................................


WIND (MPH)
  HIGHEST WIND SPEED    17   HIGHEST WIND DIRECTION     N (360)
  HIGHEST GUST SPEED    19   HIGHEST GUST DIRECTION     N (360)
  AVERAGE WIND SPEED     6.7


SKY COVER
  POSSIBLE SUNSHINE  MM
  AVERAGE SKY COVER 0.6


WEATHER CONDITIONS
 THE FOLLOWING WEATHER WAS RECORDED YESTERDAY.
  FOG
  FOG W/VISIBILITY <= 1/4 MILE


RELATIVE HUMIDITY (PERCENT)
 HIGHEST   100           700 PM
 LOWEST     76          1200 AM
 AVERAGE    88

..........................................................


THE MINOT ND CLIMATE NORMALS FOR TODAY
                         NORMAL    RECORD    YEAR
 MAXIMUM TEMPERATURE (F)   44        73      1929
 MINIMUM TEMPERATURE (F)   24       -19      1922


SUNRISE AND SUNSET
MARCH 28 2017.........SUNRISE   731 AM CDT   SUNSET   810 PM CDT
MARCH 29 2017.........SUNRISE   729 AM CDT   SUNSET   812 PM CDT


-  INDICATES NEGATIVE NUMBERS.
R  INDICATES RECORD WAS SET OR TIED.
MM INDICATES DATA IS MISSING.
T  INDICATES TRACE AMOUNT.




$$
