000
CDUS43 KBIS 050019
CLIMOT


CLIMATE REPORT
NATIONAL WEATHER SERVICE BISMARCK ND
619 PM CST SUN DEC 4 2016


...................................

...THE MINOT ND CLIMATE SUMMARY FOR DECEMBER 4 2016...
VALID TODAY AS OF 0600 PM LOCAL TIME.

CLIMATE NORMAL PERIOD 1981 TO 2010
CLIMATE RECORD PERIOD 1897 TO 2016


WEATHER ITEM   OBSERVED TIME   RECORD YEAR NORMAL DEPARTURE LAST
                VALUE   (LST)  VALUE       VALUE  FROM      YEAR
                                                  NORMAL
..................................................................
TEMPERATURE (F)
 TODAY
  MAXIMUM         35    128 AM  58    1979  27      8       49
  MINIMUM         19    559 PM -22    1905  11      8       33
  AVERAGE         27                        19      8       41

PRECIPITATION (IN)
  TODAY            0.00          0.20 1922   0.01  -0.01     0.00
  MONTH TO DATE    0.02                      0.05  -0.03     0.00
  SINCE DEC 1      0.02                      0.05  -0.03     0.00
  SINCE JAN 1     18.13                     16.86   1.27    14.35

DEGREE DAYS
 HEATING
  TODAY           38                        46     -8       24
  MONTH TO DATE  150                       182    -32      118
  SINCE DEC 1    150                       182    -32      118
  SINCE JUL 1   1665                      2240   -575     1819

 COOLING
  TODAY            0                         0      0        0
  MONTH TO DATE    0                         0      0        0
  SINCE DEC 1      0                         0      0        0
  SINCE JAN 1    682                       445    237      508
..................................................................


WIND (MPH)
  RESULTANT WIND SPEED  12   RESULTANT WIND DIRECTION   W (270)
  HIGHEST WIND SPEED    25   HIGHEST WIND DIRECTION     W (290)
  HIGHEST GUST SPEED    32   HIGHEST GUST DIRECTION     W (290)
  AVERAGE WIND SPEED    12.9


SKY COVER
  POSSIBLE SUNSHINE  MM
  AVERAGE SKY COVER 0.6


WEATHER CONDITIONS
 THE FOLLOWING WEATHER WAS RECORDED TODAY.
  NO SIGNIFICANT WEATHER WAS OBSERVED.


RELATIVE HUMIDITY (PERCENT)
 HIGHEST    92           400 AM
 LOWEST     69           400 PM
 AVERAGE    81

..........................................................


THE MINOT ND CLIMATE NORMALS FOR TOMORROW
                         NORMAL    RECORD    YEAR
 MAXIMUM TEMPERATURE (F)   27        60      1913
 MINIMUM TEMPERATURE (F)   11       -20      1922


SUNRISE AND SUNSET
DECEMBER  4 2016......SUNRISE   819 AM CST   SUNSET   452 PM CST
DECEMBER  5 2016......SUNRISE   820 AM CST   SUNSET   452 PM CST


-  INDICATES NEGATIVE NUMBERS.
R  INDICATES RECORD WAS SET OR TIED.
MM INDICATES DATA IS MISSING.
T  INDICATES TRACE AMOUNT.




$$
