000
CDUS43 KBIS 180722
CLIMOT


CLIMATE REPORT
NATIONAL WEATHER SERVICE BISMARCK ND
221 AM CDT THU SEP 18 2014


...................................

...THE MINOT ND CLIMATE SUMMARY FOR SEPTEMBER 17 2014...

CLIMATE NORMAL PERIOD 1981 TO 2010
CLIMATE RECORD PERIOD 1905 TO 2014


WEATHER ITEM   OBSERVED TIME   RECORD YEAR NORMAL DEPARTURE LAST
                VALUE   (LST)  VALUE       VALUE  FROM      YEAR
                                                  NORMAL
..................................................................
TEMPERATURE (F)
 YESTERDAY
  MAXIMUM         70    156 PM  94    1989  69      1       81
  MINIMUM         42    650 AM  22    1959  45     -3       55
  AVERAGE         56                        57     -1       68

PRECIPITATION (IN)
  YESTERDAY        0.00          0.44 2006   0.05  -0.05     0.00
  MONTH TO DATE    0.29                      0.84  -0.55     1.07
  SINCE SEP 1      0.29                      0.84  -0.55     1.07
  SINCE JAN 1     14.93                     14.28   0.65    21.25

DEGREE DAYS
 HEATING
  YESTERDAY        9                         9      0        0
  MONTH TO DATE  152                       103     49       32
  SINCE SEP 1    152                       103     49       32
  SINCE JUL 1    220                       174     46      101

 COOLING
  YESTERDAY        0                         1     -1        3
  MONTH TO DATE    0                        26    -26       49
  SINCE SEP 1      0                        26    -26       49
  SINCE JAN 1    305                       437   -132      420
..................................................................


WIND (MPH)
  HIGHEST WIND SPEED    14   HIGHEST WIND DIRECTION    NE (60)
  HIGHEST GUST SPEED    19   HIGHEST GUST DIRECTION    SW (220)
  AVERAGE WIND SPEED     8.1


SKY COVER
  POSSIBLE SUNSHINE  MM
  AVERAGE SKY COVER 0.0


WEATHER CONDITIONS
 THE FOLLOWING WEATHER WAS RECORDED YESTERDAY.
  NO SIGNIFICANT WEATHER WAS OBSERVED.


RELATIVE HUMIDITY (PERCENT)
 HIGHEST    93          1100 PM
 LOWEST     45           100 PM
 AVERAGE    69

..........................................................


THE MINOT ND CLIMATE NORMALS FOR TODAY
                         NORMAL    RECORD    YEAR
 MAXIMUM TEMPERATURE (F)   69        96      1933
 MINIMUM TEMPERATURE (F)   45        22      1923


SUNRISE AND SUNSET
SEPTEMBER 18 2014.....SUNRISE   726 AM CDT   SUNSET   751 PM CDT
SEPTEMBER 19 2014.....SUNRISE   728 AM CDT   SUNSET   749 PM CDT


-  INDICATES NEGATIVE NUMBERS.
R  INDICATES RECORD WAS SET OR TIED.
MM INDICATES DATA IS MISSING.
T  INDICATES TRACE AMOUNT.




$$
