000
CDUS43 KBIS 200726
CLIMOT


CLIMATE REPORT
NATIONAL WEATHER SERVICE BISMARCK ND
225 AM CDT WED AUG 20 2014


...................................

...THE MINOT ND CLIMATE SUMMARY FOR AUGUST 19 2014...

CLIMATE NORMAL PERIOD 1981 TO 2010
CLIMATE RECORD PERIOD 1905 TO 2014


WEATHER ITEM   OBSERVED TIME   RECORD YEAR NORMAL DEPARTURE LAST
                VALUE   (LST)  VALUE       VALUE  FROM      YEAR
                                                  NORMAL
..................................................................
TEMPERATURE (F)
 YESTERDAY
  MAXIMUM         87    429 PM  97    1933  81      6       96
  MINIMUM         60    625 AM  38    1950  55      5       66
  AVERAGE         74                        68      6       81

PRECIPITATION (IN)
  YESTERDAY        0.00          0.47 1951   0.07  -0.07     0.00
  MONTH TO DATE    0.22                      1.27  -1.05     1.34
  SINCE JUN 1      7.28                      7.28   0.00    10.38
  SINCE JAN 1     11.09                     12.67  -1.58    18.75

DEGREE DAYS
 COOLING
  YESTERDAY        9                         5      4       16
  MONTH TO DATE  110                       108      2       61
  SINCE JUN 1    241                       350   -109      248
  SINCE JAN 1    282                       366    -84      258
..................................................................


WIND (MPH)
  HIGHEST WIND SPEED    10   HIGHEST WIND DIRECTION     S (160)
  HIGHEST GUST SPEED    14   HIGHEST GUST DIRECTION     E (90)
  AVERAGE WIND SPEED     4.8


SKY COVER
  POSSIBLE SUNSHINE  MM
  AVERAGE SKY COVER 0.0


WEATHER CONDITIONS
 THE FOLLOWING WEATHER WAS RECORDED YESTERDAY.
  NO SIGNIFICANT WEATHER WAS OBSERVED.


RELATIVE HUMIDITY (PERCENT)
 HIGHEST    90           100 AM
 LOWEST     34           200 PM
 AVERAGE    62

..........................................................


THE MINOT ND CLIMATE NORMALS FOR TODAY
                         NORMAL    RECORD    YEAR
 MAXIMUM TEMPERATURE (F)   81       100      1942
 MINIMUM TEMPERATURE (F)   55        31      1921


SUNRISE AND SUNSET
AUGUST 20 2014........SUNRISE   646 AM CDT   SUNSET   850 PM CDT
AUGUST 21 2014........SUNRISE   648 AM CDT   SUNSET   848 PM CDT


-  INDICATES NEGATIVE NUMBERS.
R  INDICATES RECORD WAS SET OR TIED.
MM INDICATES DATA IS MISSING.
T  INDICATES TRACE AMOUNT.




$$
