000
CDUS43 KBIS 250804
CLIMOT


CLIMATE REPORT
NATIONAL WEATHER SERVICE BISMARCK ND
259 AM CDT MON MAY 25 2015


...................................

...THE MINOT ND CLIMATE SUMMARY FOR MAY 24 2015...

CLIMATE NORMAL PERIOD 1981 TO 2010
CLIMATE RECORD PERIOD 1897 TO 2015


WEATHER ITEM   OBSERVED TIME   RECORD YEAR NORMAL DEPARTURE LAST
                VALUE   (LST)  VALUE       VALUE  FROM      YEAR
                                                  NORMAL
..................................................................
TEMPERATURE (F)
 YESTERDAY
  MAXIMUM         75    233 PM  91    1977  69      6       87
  MINIMUM         45    501 AM  24    1924  46     -1       64
  AVERAGE         60                        57      3       76

PRECIPITATION (IN)
  YESTERDAY        0.00          0.72 2010   0.09  -0.09      T
  MONTH TO DATE    2.51                      1.84   0.67     1.57
  SINCE MAR 1      3.47                      3.82  -0.35     3.42
  SINCE JAN 1      3.94                      4.73  -0.79     3.78

DEGREE DAYS
 COOLING
  YESTERDAY        0                         1     -1       11
  MONTH TO DATE    0                         2     -2       18
  SINCE MAR 1      0                         3     -3       18
  SINCE JAN 1      0                         3     -3       18
..................................................................


WIND (MPH)
  HIGHEST WIND SPEED    18   HIGHEST WIND DIRECTION     E (80)
  HIGHEST GUST SPEED    22   HIGHEST GUST DIRECTION     E (80)
  AVERAGE WIND SPEED     6.0


SKY COVER
  POSSIBLE SUNSHINE  MM
  AVERAGE SKY COVER 0.1


WEATHER CONDITIONS
 THE FOLLOWING WEATHER WAS RECORDED YESTERDAY.
  NO SIGNIFICANT WEATHER WAS OBSERVED.


RELATIVE HUMIDITY (PERCENT)
 HIGHEST    93           500 AM
 LOWEST     33           100 PM
 AVERAGE    63

..........................................................


THE MINOT ND CLIMATE NORMALS FOR TODAY
                         NORMAL    RECORD    YEAR
 MAXIMUM TEMPERATURE (F)   69        92      1931
 MINIMUM TEMPERATURE (F)   46        20      1924


SUNRISE AND SUNSET
MAY 25 2015...........SUNRISE   555 AM CDT   SUNSET   930 PM CDT
MAY 26 2015...........SUNRISE   554 AM CDT   SUNSET   931 PM CDT


-  INDICATES NEGATIVE NUMBERS.
R  INDICATES RECORD WAS SET OR TIED.
MM INDICATES DATA IS MISSING.
T  INDICATES TRACE AMOUNT.




$$
