276
CDUS43 KBIS 230925
CLIMOT


CLIMATE REPORT
NATIONAL WEATHER SERVICE BISMARCK ND
325 AM CST THU NOV 23 2017


...................................

...THE MINOT ND CLIMATE SUMMARY FOR NOVEMBER 22 2017...

CLIMATE NORMAL PERIOD 1981 TO 2010
CLIMATE RECORD PERIOD 1897 TO 2017


WEATHER ITEM   OBSERVED TIME   RECORD YEAR NORMAL DEPARTURE LAST
                VALUE   (LST)  VALUE       VALUE  FROM      YEAR
                                                  NORMAL
..................................................................
TEMPERATURE (F)
 YESTERDAY
  MAXIMUM         43    222 PM  61    1939  33     10       38
  MINIMUM          8    111 AM -16    1921  17     -9       26
  AVERAGE         26                        25      1       32

PRECIPITATION (IN)
  YESTERDAY        T             0.26 1981   0.03  -0.03     0.00
  MONTH TO DATE    0.16                      0.61  -0.45     0.01
  SINCE SEP 1      2.17                      3.23  -1.06     4.35
  SINCE JAN 1      7.50                     16.67  -9.17    16.21

DEGREE DAYS
 HEATING
  YESTERDAY       39                        40     -1       33
  MONTH TO DATE  927                       757    170      476
  SINCE SEP 1   1668                      1646     22     1247
  SINCE JUL 1   1678                      1717    -39     1258
..................................................................


WIND (MPH)
  HIGHEST WIND SPEED    21   HIGHEST WIND DIRECTION    NW (320)
  HIGHEST GUST SPEED    25   HIGHEST GUST DIRECTION    NW (310)
  AVERAGE WIND SPEED     7.3


SKY COVER
  POSSIBLE SUNSHINE  MM
  AVERAGE SKY COVER 0.3


WEATHER CONDITIONS
 THE FOLLOWING WEATHER WAS RECORDED YESTERDAY.
  NO SIGNIFICANT WEATHER WAS OBSERVED.


RELATIVE HUMIDITY (PERCENT)
 HIGHEST    88           900 PM
 LOWEST     46           200 PM
 AVERAGE    67

..........................................................


THE MINOT ND CLIMATE NORMALS FOR TODAY
                         NORMAL    RECORD    YEAR
 MAXIMUM TEMPERATURE (F)   32        55      1942
                                             1939
 MINIMUM TEMPERATURE (F)   16       -17      2013


SUNRISE AND SUNSET
NOVEMBER 23 2017......SUNRISE   804 AM CST   SUNSET   458 PM CST
NOVEMBER 24 2017......SUNRISE   806 AM CST   SUNSET   458 PM CST


-  INDICATES NEGATIVE NUMBERS.
R  INDICATES RECORD WAS SET OR TIED.
MM INDICATES DATA IS MISSING.
T  INDICATES TRACE AMOUNT.




$$
