000
CDUS43 KBIS 010236
CLIMOT


CLIMATE REPORT
NATIONAL WEATHER SERVICE BISMARCK ND
936 PM CDT MON AUG 31 2015


...................................

...THE MINOT ND CLIMATE SUMMARY FOR AUGUST 31 2015...
VALID TODAY AS OF 0900 PM LOCAL TIME.

CLIMATE NORMAL PERIOD 1981 TO 2010
CLIMATE RECORD PERIOD 1897 TO 2015


WEATHER ITEM   OBSERVED TIME   RECORD YEAR NORMAL DEPARTURE LAST
                VALUE   (LST)  VALUE       VALUE  FROM      YEAR
                                                  NORMAL
..................................................................
TEMPERATURE (F)
 TODAY
  MAXIMUM         78        MM 103    1921  77      1       75
  MINIMUM         61        MM  32    1935  52      9       55
  AVERAGE         70                        64      6       65

PRECIPITATION (IN)
  TODAY            0.04          1.30 1943   0.06  -0.02     0.79
  MONTH TO DATE    1.30                      2.04  -0.74     3.77
  SINCE JUN 1      7.37                      8.05  -0.68    10.83
  SINCE JAN 1     11.50                     13.44  -1.94    14.64

DEGREE DAYS
 HEATING
  TODAY            0                         3     -3        0
  MONTH TO DATE   39                        48     -9       38
  SINCE JUN 1    112                       177    -65      159
  SINCE JUL 1     50                        71    -21       68

 COOLING
  TODAY            5                         3      2        0
  MONTH TO DATE  170                       153     17      133
  SINCE JUN 1    439                       395     44      264
  SINCE JAN 1    446                       411     35      305
..................................................................


WIND (MPH)
  RESULTANT WIND SPEED  12   RESULTANT WIND DIRECTION   W (260)
  HIGHEST WIND SPEED    24   HIGHEST WIND DIRECTION     W (270)
  HIGHEST GUST SPEED    33   HIGHEST GUST DIRECTION     W (270)
  AVERAGE WIND SPEED    12.4


SKY COVER
  POSSIBLE SUNSHINE  MM
  AVERAGE SKY COVER 0.0


WEATHER CONDITIONS
 THE FOLLOWING WEATHER WAS RECORDED TODAY.
  THUNDERSTORM
  LIGHT RAIN


RELATIVE HUMIDITY (PERCENT)
 HIGHEST    72           800 AM
 LOWEST     23           300 PM
 AVERAGE    48

..........................................................


THE MINOT ND CLIMATE NORMALS FOR TOMORROW
                         NORMAL    RECORD    YEAR
 MAXIMUM TEMPERATURE (F)   76       104      1915
 MINIMUM TEMPERATURE (F)   52        31      1924


SUNRISE AND SUNSET
AUGUST 31 2015........SUNRISE   701 AM CDT   SUNSET   829 PM CDT
SEPTEMBER  1 2015.....SUNRISE   702 AM CDT   SUNSET   827 PM CDT


-  INDICATES NEGATIVE NUMBERS.
R  INDICATES RECORD WAS SET OR TIED.
MM INDICATES DATA IS MISSING.
T  INDICATES TRACE AMOUNT.




$$
