000
CDUS43 KBIS 200734
CLIMOT


CLIMATE REPORT
NATIONAL WEATHER SERVICE BISMARCK ND
233 AM CDT THU JUL 20 2017


...................................

...THE MINOT ND CLIMATE SUMMARY FOR JULY 19 2017...

CLIMATE NORMAL PERIOD 1981 TO 2010
CLIMATE RECORD PERIOD 1897 TO 2017


WEATHER ITEM   OBSERVED TIME   RECORD YEAR NORMAL DEPARTURE LAST
                VALUE   (LST)  VALUE       VALUE  FROM      YEAR
                                                  NORMAL
..................................................................
TEMPERATURE (F)
 YESTERDAY
  MAXIMUM         93    349 PM 101    2012  82     11       94
  MINIMUM         62    323 AM  38    1912  58      4       66
  AVERAGE         78                        70      8       80

PRECIPITATION (IN)
  YESTERDAY        T             0.86 1935   0.08  -0.08     0.00
  MONTH TO DATE    0.17                      1.65  -1.48     1.90
  SINCE JUN 1      1.49                      5.23  -3.74     4.64
  SINCE JAN 1      2.85                     10.62  -7.77     9.79

DEGREE DAYS
 COOLING
  YESTERDAY       13                         6      7       15
  MONTH TO DATE  171                        96     75      120
  SINCE JUN 1    266                       169     97      251
  SINCE JAN 1    269                       185     84      291
..................................................................


WIND (MPH)
  HIGHEST WIND SPEED    22   HIGHEST WIND DIRECTION     W (270)
  HIGHEST GUST SPEED    28   HIGHEST GUST DIRECTION     W (260)
  AVERAGE WIND SPEED     9.8


SKY COVER
  POSSIBLE SUNSHINE  MM
  AVERAGE SKY COVER 0.1


WEATHER CONDITIONS
 THE FOLLOWING WEATHER WAS RECORDED YESTERDAY.
  THUNDERSTORM
  LIGHT RAIN


RELATIVE HUMIDITY (PERCENT)
 HIGHEST    90           400 AM
 LOWEST     26           300 PM
 AVERAGE    58

..........................................................


THE MINOT ND CLIMATE NORMALS FOR TODAY
                         NORMAL    RECORD    YEAR
 MAXIMUM TEMPERATURE (F)   82       103      1960
 MINIMUM TEMPERATURE (F)   58        36      1915


SUNRISE AND SUNSET
JULY 20 2017..........SUNRISE   606 AM CDT   SUNSET   936 PM CDT
JULY 21 2017..........SUNRISE   607 AM CDT   SUNSET   935 PM CDT


-  INDICATES NEGATIVE NUMBERS.
R  INDICATES RECORD WAS SET OR TIED.
MM INDICATES DATA IS MISSING.
T  INDICATES TRACE AMOUNT.




$$
