000
CDUS43 KBIS 240741
CLIMOT


CLIMATE REPORT
NATIONAL WEATHER SERVICE BISMARCK ND
241 AM CDT SUN JUL 24 2016


...................................

...THE MINOT ND CLIMATE SUMMARY FOR JULY 23 2016...

CLIMATE NORMAL PERIOD 1981 TO 2010
CLIMATE RECORD PERIOD 1897 TO 2016


WEATHER ITEM   OBSERVED TIME   RECORD YEAR NORMAL DEPARTURE LAST
                VALUE   (LST)  VALUE       VALUE  FROM      YEAR
                                                  NORMAL
..................................................................
TEMPERATURE (F)
 YESTERDAY
  MAXIMUM         86    348 PM 103    2007  83      3       91
  MINIMUM         66    757 AM  42    1918  58      8       65
                                      1915
  AVERAGE         76                        70      6       78

PRECIPITATION (IN)
  YESTERDAY        0.82          2.86 1970   0.07   0.75     0.03
  MONTH TO DATE    2.72                      1.94   0.78     1.96
  SINCE JUN 1      5.46                      5.52  -0.06     5.99
  SINCE JAN 1     10.61                     10.91  -0.30    10.12

DEGREE DAYS
 COOLING
  YESTERDAY       11                         6      5       13
  MONTH TO DATE  177                       120     57      138
  SINCE JUN 1    308                       193    115      212
  SINCE JAN 1    348                       209    139      219
..................................................................


WIND (MPH)
  HIGHEST WIND SPEED    25   HIGHEST WIND DIRECTION     W (270)
  HIGHEST GUST SPEED    32   HIGHEST GUST DIRECTION     W (260)
  AVERAGE WIND SPEED    12.7


SKY COVER
  POSSIBLE SUNSHINE  MM
  AVERAGE SKY COVER 0.3


WEATHER CONDITIONS
 THE FOLLOWING WEATHER WAS RECORDED YESTERDAY.
  THUNDERSTORM
  HEAVY RAIN
  RAIN
  LIGHT RAIN
  FOG


RELATIVE HUMIDITY (PERCENT)
 HIGHEST    84           300 AM
 LOWEST     29           400 PM
 AVERAGE    57

..........................................................


THE MINOT ND CLIMATE NORMALS FOR TODAY
                         NORMAL    RECORD    YEAR
 MAXIMUM TEMPERATURE (F)   83       106      1931
 MINIMUM TEMPERATURE (F)   58        41      1916


SUNRISE AND SUNSET
JULY 24 2016..........SUNRISE   611 AM CDT   SUNSET   931 PM CDT
JULY 25 2016..........SUNRISE   612 AM CDT   SUNSET   930 PM CDT


-  INDICATES NEGATIVE NUMBERS.
R  INDICATES RECORD WAS SET OR TIED.
MM INDICATES DATA IS MISSING.
T  INDICATES TRACE AMOUNT.




$$
