000
CDUS43 KBIS 040727
CLIMOT


CLIMATE REPORT
NATIONAL WEATHER SERVICE BISMARCK ND
227 AM CDT SAT JUL 4 2015


...................................

...THE MINOT ND CLIMATE SUMMARY FOR JULY 3 2015...

CLIMATE NORMAL PERIOD 1981 TO 2010
CLIMATE RECORD PERIOD 1897 TO 2015


WEATHER ITEM   OBSERVED TIME   RECORD YEAR NORMAL DEPARTURE LAST
                VALUE   (LST)  VALUE       VALUE  FROM      YEAR
                                                  NORMAL
..................................................................
TEMPERATURE (F)
 YESTERDAY
  MAXIMUM         82    428 PM  94    1933  79      3       75
  MINIMUM         60    555 AM  38    1917  57      3       46
  AVERAGE         71                        68      3       61

PRECIPITATION (IN)
  YESTERDAY        0.00          2.45 1958   0.09  -0.09     0.00
  MONTH TO DATE    0.00                      0.27  -0.27      T
  SINCE JUN 1      4.03                      3.85   0.18     5.34
  SINCE JAN 1      8.16                      9.24  -1.08     9.15

DEGREE DAYS
 COOLING
  YESTERDAY        6                         4      2        0
  MONTH TO DATE   13                        12      1        0
  SINCE JUN 1     87                        85      2       22
  SINCE JAN 1     94                       101     -7       63
..................................................................


WIND (MPH)
  HIGHEST WIND SPEED    12   HIGHEST WIND DIRECTION    SE (130)
  HIGHEST GUST SPEED    15   HIGHEST GUST DIRECTION    SE (150)
  AVERAGE WIND SPEED     4.1


SKY COVER
  POSSIBLE SUNSHINE  MM
  AVERAGE SKY COVER 0.9


WEATHER CONDITIONS
 THE FOLLOWING WEATHER WAS RECORDED YESTERDAY.
  FOG
  HAZE


RELATIVE HUMIDITY (PERCENT)
 HIGHEST    97           300 AM
 LOWEST     47           400 PM
 AVERAGE    72

..........................................................


THE MINOT ND CLIMATE NORMALS FOR TODAY
                         NORMAL    RECORD    YEAR
 MAXIMUM TEMPERATURE (F)   80        99      1989
 MINIMUM TEMPERATURE (F)   57        36      1915


SUNRISE AND SUNSET
JULY  4 2015..........SUNRISE   550 AM CDT   SUNSET   948 PM CDT
JULY  5 2015..........SUNRISE   551 AM CDT   SUNSET   948 PM CDT


-  INDICATES NEGATIVE NUMBERS.
R  INDICATES RECORD WAS SET OR TIED.
MM INDICATES DATA IS MISSING.
T  INDICATES TRACE AMOUNT.




$$
