000
CDUS41 KPHI 250631
CLIMPO


CLIMATE REPORT
NATIONAL WEATHER SERVICE MOUNT HOLLY NJ
230 AM EDT SUN SEP 25 2016


...................................

...THE MOUNT POCONO PA CLIMATE SUMMARY FOR SEPTEMBER 24 2016...

CLIMATE NORMAL PERIOD 1981 TO 2010
CLIMATE RECORD PERIOD 1901 TO 2016


WEATHER ITEM   OBSERVED TIME   RECORD YEAR NORMAL DEPARTURE LAST
                VALUE   (LST)  VALUE       VALUE  FROM      YEAR
                                                  NORMAL
..................................................................
TEMPERATURE (F)
 YESTERDAY
  MAXIMUM         64    242 PM  85    2010  64      0       74
  MINIMUM         45   1144 PM  22    1963  47     -2       47
  AVERAGE         55                        56     -1       61

PRECIPITATION (IN)
  YESTERDAY        0.01          2.15 1946   0.20  -0.19     0.00
  MONTH TO DATE    1.24                      4.12  -2.88     3.05
  SINCE SEP 1      1.24                      4.12  -2.88     3.05
  SINCE JAN 1     30.83                     35.10  -4.27    31.07

SNOWFALL (IN)
  YESTERDAY       MM            MM      MM  MM     MM       MM
  MONTH TO DATE   MM                        MM     MM       MM
  SINCE SEP 1     MM                        MM     MM       MM
  SINCE JUL 1     MM                        MM     MM       MM
  SNOW DEPTH      MM

DEGREE DAYS
 HEATING
  YESTERDAY       10                        10      0        4
  MONTH TO DATE   67                       139    -72       64
  SINCE SEP 1     67                       139    -72       64
  SINCE JUL 1     99                       202   -103      105

 COOLING
  YESTERDAY        0                         0      0        0
  MONTH TO DATE   51                        13     38       59
  SINCE SEP 1     51                        13     38       59
  SINCE JAN 1    397                       309     88      399
..................................................................


WIND (MPH)
  HIGHEST WIND SPEED    14   HIGHEST WIND DIRECTION    NW (330)
  HIGHEST GUST SPEED    22   HIGHEST GUST DIRECTION     N (20)
  AVERAGE WIND SPEED     7.0


SKY COVER
  POSSIBLE SUNSHINE  MM
  AVERAGE SKY COVER 0.4


WEATHER CONDITIONS
 THE FOLLOWING WEATHER WAS RECORDED YESTERDAY.
  LIGHT RAIN
  FOG


RELATIVE HUMIDITY (PERCENT)
 HIGHEST   100           500 AM
 LOWEST     46           300 PM
 AVERAGE    73

..........................................................


THE MOUNT POCONO PA CLIMATE NORMALS FOR TODAY
                         NORMAL    RECORD    YEAR
 MAXIMUM TEMPERATURE (F)   64        85      1970
 MINIMUM TEMPERATURE (F)   46        26      1963


SUNRISE AND SUNSET
SEPTEMBER 25 2016.....SUNRISE   653 AM EDT   SUNSET   653 PM EDT
SEPTEMBER 26 2016.....SUNRISE   654 AM EDT   SUNSET   651 PM EDT


-  INDICATES NEGATIVE NUMBERS.
R  INDICATES RECORD WAS SET OR TIED.
MM INDICATES DATA IS MISSING.
T  INDICATES TRACE AMOUNT.




$$
