000
CDUS41 KPHI 290627
CLIMPO


CLIMATE REPORT
NATIONAL WEATHER SERVICE MOUNT HOLLY NJ
227 AM EDT FRI AUG 29 2014


...................................

...THE MOUNT POCONO PA CLIMATE SUMMARY FOR AUGUST 28 2014...

CLIMATE NORMAL PERIOD 1981 TO 2010
CLIMATE RECORD PERIOD 1901 TO 2014


WEATHER ITEM   OBSERVED TIME   RECORD YEAR NORMAL DEPARTURE LAST
                VALUE   (LST)  VALUE       VALUE  FROM      YEAR
                                                  NORMAL
..................................................................
TEMPERATURE (F)
 YESTERDAY
  MAXIMUM         70    337 PM  90    1953  74     -4       73
  MINIMUM         49   1131 PM  33    1941  56     -7       62
  AVERAGE         60                        65     -5       68

PRECIPITATION (IN)
  YESTERDAY        0.00          4.13 2011   0.09  -0.09     0.79
  MONTH TO DATE    2.52                      4.15  -1.63     5.47
  SINCE JUN 1      9.66                     13.17  -3.51    21.47
  SINCE JAN 1     28.42                     30.67  -2.25    35.48

SNOWFALL (IN)
  YESTERDAY       MM            MM      MM  MM     MM       MM
  MONTH TO DATE   MM                        MM     MM       MM
  SINCE JUN 1     MM                        MM     MM       MM
  SINCE JUL 1     MM                        MM     MM       MM
  SNOW DEPTH      MM

DEGREE DAYS
 HEATING
  YESTERDAY        5                         2      3        0
  MONTH TO DATE   44                        33     11       53
  SINCE JUN 1    123                       155    -32      140
  SINCE JUL 1     68                        55     13       64

 COOLING
  YESTERDAY        0                         2     -2        3
  MONTH TO DATE   35                        92    -57       57
  SINCE JUN 1    203                       275    -72      364
  SINCE JAN 1    210                       294    -84      396
..................................................................


WIND (MPH)
  HIGHEST WIND SPEED    21   HIGHEST WIND DIRECTION    NW (330)
  HIGHEST GUST SPEED    29   HIGHEST GUST DIRECTION     N (350)
  AVERAGE WIND SPEED    11.1


SKY COVER
  POSSIBLE SUNSHINE  MM
  AVERAGE SKY COVER 0.3


WEATHER CONDITIONS
 THE FOLLOWING WEATHER WAS RECORDED YESTERDAY.
  NO SIGNIFICANT WEATHER WAS OBSERVED.


RELATIVE HUMIDITY (PERCENT)
 HIGHEST    86          1100 PM
 LOWEST     49           200 PM
 AVERAGE    68

..........................................................


THE MOUNT POCONO PA CLIMATE NORMALS FOR TODAY
                         NORMAL    RECORD    YEAR
 MAXIMUM TEMPERATURE (F)   74        90      1953
 MINIMUM TEMPERATURE (F)   55        35      1907


SUNRISE AND SUNSET
AUGUST 29 2014........SUNRISE   625 AM EDT   SUNSET   739 PM EDT
AUGUST 30 2014........SUNRISE   626 AM EDT   SUNSET   737 PM EDT


-  INDICATES NEGATIVE NUMBERS.
R  INDICATES RECORD WAS SET OR TIED.
MM INDICATES DATA IS MISSING.
T  INDICATES TRACE AMOUNT.




$$
