000
CDUS41 KPHI 270629
CLIMPO


CLIMATE REPORT
NATIONAL WEATHER SERVICE MOUNT HOLLY NJ
228 AM EDT SAT AUG 27 2016


...................................

...THE MOUNT POCONO PA CLIMATE SUMMARY FOR AUGUST 26 2016...

CLIMATE NORMAL PERIOD 1981 TO 2010
CLIMATE RECORD PERIOD 1901 TO 2016


WEATHER ITEM   OBSERVED TIME   RECORD YEAR NORMAL DEPARTURE LAST
                VALUE   (LST)  VALUE       VALUE  FROM      YEAR
                                                  NORMAL
..................................................................
TEMPERATURE (F)
 YESTERDAY
  MAXIMUM         81    253 PM  93    1948  75      6       71
  MINIMUM         60   1011 PM  39    1977  56      4       50
  AVERAGE         71                        65      6       61

PRECIPITATION (IN)
  YESTERDAY        0.01          2.30 1928   0.14  -0.13     0.00
  MONTH TO DATE    3.93                      3.96  -0.03     5.14
  SINCE JUN 1     12.16                     12.98  -0.82    16.97
  SINCE JAN 1     29.59                     30.48  -0.89    27.97

SNOWFALL (IN)
  YESTERDAY       MM            MM      MM  MM     MM       MM
  MONTH TO DATE   MM                        MM     MM       MM
  SINCE JUN 1     MM                        MM     MM       MM
  SINCE JUL 1     MM                        MM     MM       MM
  SNOW DEPTH      MM

DEGREE DAYS
 HEATING
  YESTERDAY        0                         2     -2        4
  MONTH TO DATE   15                        29    -14       16
  SINCE JUN 1    123                       151    -28      113
  SINCE JUL 1     31                        51    -20       29

 COOLING
  YESTERDAY        6                         2      4        0
  MONTH TO DATE  116                        88     28       77
  SINCE JUN 1    303                       271     32      271
  SINCE JAN 1    332                       290     42      328
..................................................................


WIND (MPH)
  HIGHEST WIND SPEED    18   HIGHEST WIND DIRECTION     N (340)
  HIGHEST GUST SPEED    26   HIGHEST GUST DIRECTION    NW (310)
  AVERAGE WIND SPEED     8.3


SKY COVER
  POSSIBLE SUNSHINE  MM
  AVERAGE SKY COVER 0.3


WEATHER CONDITIONS
 THE FOLLOWING WEATHER WAS RECORDED YESTERDAY.
  LIGHT RAIN
  FOG


RELATIVE HUMIDITY (PERCENT)
 HIGHEST   100          1200 AM
 LOWEST     51           200 PM
 AVERAGE    76

..........................................................


THE MOUNT POCONO PA CLIMATE NORMALS FOR TODAY
                         NORMAL    RECORD    YEAR
 MAXIMUM TEMPERATURE (F)   75        92      1948
 MINIMUM TEMPERATURE (F)   56        34      1910


SUNRISE AND SUNSET
AUGUST 27 2016........SUNRISE   624 AM EDT   SUNSET   741 PM EDT
AUGUST 28 2016........SUNRISE   625 AM EDT   SUNSET   740 PM EDT


-  INDICATES NEGATIVE NUMBERS.
R  INDICATES RECORD WAS SET OR TIED.
MM INDICATES DATA IS MISSING.
T  INDICATES TRACE AMOUNT.




$$
