000
CDUS41 KPHI 260637
CLIMPO


CLIMATE REPORT
NATIONAL WEATHER SERVICE MOUNT HOLLY NJ
236 AM EDT TUE MAY 26 2015


...................................

...THE MOUNT POCONO PA CLIMATE SUMMARY FOR MAY 25 2015...

CLIMATE NORMAL PERIOD 1981 TO 2010
CLIMATE RECORD PERIOD 1901 TO 2015


WEATHER ITEM   OBSERVED TIME   RECORD YEAR NORMAL DEPARTURE LAST
                VALUE   (LST)  VALUE       VALUE  FROM      YEAR
                                                  NORMAL
..................................................................
TEMPERATURE (F)
 YESTERDAY
  MAXIMUM         82    349 PM  85    2007  67     15       75
  MINIMUM         61    533 AM  25    1956  48     13       45
  AVERAGE         72                        58     14       60

PRECIPITATION (IN)
  YESTERDAY        0.00          2.18 1910   0.18  -0.18     0.00
  MONTH TO DATE    0.55                      3.38  -2.83     4.29
  SINCE MAR 1      5.78                     11.23  -5.45    12.35
  SINCE JAN 1      9.13                     16.49  -7.36    18.74

SNOWFALL (IN)
  YESTERDAY       MM            MM      MM  MM     MM       MM
  MONTH TO DATE   MM                        MM     MM       MM
  SINCE MAR 1     MM                        MM     MM       MM
  SINCE JUL 1     MM                        MM     MM       MM
  SNOW DEPTH      MM

DEGREE DAYS
 HEATING
  YESTERDAY        0                         8     -8        5
  MONTH TO DATE  168                       277   -109      223
  SINCE MAR 1   1859                      1848     11     1997
  SINCE JUL 1   7294                      6971    323     7424

 COOLING
  YESTERDAY        7                         1      6        0
  MONTH TO DATE   30                         7     23        3
  SINCE MAR 1     30                        11     19        3
  SINCE JAN 1     30                        11     19        3
..................................................................


WIND (MPH)
  HIGHEST WIND SPEED    22   HIGHEST WIND DIRECTION    SW (230)
  HIGHEST GUST SPEED    27   HIGHEST GUST DIRECTION    SW (210)
  AVERAGE WIND SPEED    10.0


SKY COVER
  POSSIBLE SUNSHINE  MM
  AVERAGE SKY COVER 0.2


WEATHER CONDITIONS
 THE FOLLOWING WEATHER WAS RECORDED YESTERDAY.
  HAZE


RELATIVE HUMIDITY (PERCENT)
 HIGHEST    72           600 AM
 LOWEST     30           400 PM
 AVERAGE    51

..........................................................


THE MOUNT POCONO PA CLIMATE NORMALS FOR TODAY
                         NORMAL    RECORD    YEAR
 MAXIMUM TEMPERATURE (F)   68        87      2010
 MINIMUM TEMPERATURE (F)   48        30      1925


SUNRISE AND SUNSET
MAY 26 2015...........SUNRISE   535 AM EDT   SUNSET   823 PM EDT
MAY 27 2015...........SUNRISE   534 AM EDT   SUNSET   824 PM EDT


-  INDICATES NEGATIVE NUMBERS.
R  INDICATES RECORD WAS SET OR TIED.
MM INDICATES DATA IS MISSING.
T  INDICATES TRACE AMOUNT.




$$
