000
CDUS41 KPHI 262135
CLIMPO


CLIMATE REPORT
NATIONAL WEATHER SERVICE MOUNT HOLLY NJ
534 PM EDT THU MAY 26 2016


...................................

...THE MOUNT POCONO PA CLIMATE SUMMARY FOR MAY 26 2016...
VALID TODAY AS OF 0500 PM LOCAL TIME.

CLIMATE NORMAL PERIOD 1981 TO 2010
CLIMATE RECORD PERIOD 1901 TO 2016


WEATHER ITEM   OBSERVED TIME   RECORD YEAR NORMAL DEPARTURE LAST
                VALUE   (LST)  VALUE       VALUE  FROM      YEAR
                                                  NORMAL
..................................................................
TEMPERATURE (F)
 TODAY
  MAXIMUM         84    300 PM  87    2010  68     16       83
  MINIMUM         47    429 AM  30    1925  48     -1       61
  AVERAGE         66                        58      8       72

PRECIPITATION (IN)
  TODAY            0.00          0.53 2012   0.18  -0.18     0.00
  MONTH TO DATE    3.42                      3.56  -0.14     0.55
  SINCE MAR 1      6.96                     11.41  -4.45     5.78
  SINCE JAN 1     14.94                     16.67  -1.73     9.13

SNOWFALL (IN)
  TODAY           MM            MM      MM  MM     MM       MM
  MONTH TO DATE   MM                        MM     MM       MM
  SINCE MAR 1     MM                        MM     MM       MM
  SINCE JUL 1     MM                        MM     MM       MM
  SNOW DEPTH      MM

DEGREE DAYS
 HEATING
  TODAY            0                         8     -8        0
  MONTH TO DATE  394                       285    109      168
  SINCE MAR 1   1767                      1856    -89     1859
  SINCE JUL 1   6052                      6979   -927     7294

 COOLING
  TODAY            1                         1      0        7
  MONTH TO DATE    1                         8     -7       37
  SINCE MAR 1      1                        12    -11       37
  SINCE JAN 1      1                        12    -11       37
..................................................................


WIND (MPH)
  HIGHEST WIND SPEED    21   HIGHEST WIND DIRECTION    SW (220)
  HIGHEST GUST SPEED    26   HIGHEST GUST DIRECTION     S (200)
  AVERAGE WIND SPEED     7.3


SKY COVER
  POSSIBLE SUNSHINE  MM
  AVERAGE SKY COVER 0.2


WEATHER CONDITIONS
 THE FOLLOWING WEATHER WAS RECORDED TODAY.
  NO SIGNIFICANT WEATHER WAS OBSERVED.


RELATIVE HUMIDITY (PERCENT)
 HIGHEST   100           500 AM
 LOWEST     39           200 PM
 AVERAGE    70

..........................................................


THE MOUNT POCONO PA CLIMATE NORMALS FOR TOMORROW
                         NORMAL    RECORD    YEAR
 MAXIMUM TEMPERATURE (F)   68        88      1914
 MINIMUM TEMPERATURE (F)   48        29      1969


SUNRISE AND SUNSET
MAY 26 2016...........SUNRISE   534 AM EDT   SUNSET   824 PM EDT
MAY 27 2016...........SUNRISE   534 AM EDT   SUNSET   824 PM EDT


-  INDICATES NEGATIVE NUMBERS.
R  INDICATES RECORD WAS SET OR TIED.
MM INDICATES DATA IS MISSING.
T  INDICATES TRACE AMOUNT.




$$
