000
CDUS41 KBTV 230527
CLIMPV


CLIMATE REPORT
NATIONAL WEATHER SERVICE BURLINGTON VT
125 AM EDT TUE MAY 23 2017


...................................

...THE MONTPELIER VT CLIMATE SUMMARY FOR MAY 22 2017...

CLIMATE NORMAL PERIOD 1981 TO 2010
CLIMATE RECORD PERIOD 1948 TO 2017


WEATHER ITEM   OBSERVED TIME   RECORD YEAR NORMAL DEPARTURE LAST
                VALUE   (LST)  VALUE       VALUE  FROM      YEAR
                                                  NORMAL
..................................................................
TEMPERATURE (F)
 YESTERDAY
  MAXIMUM         54   1210 AM  90    1994  68    -14       70
  MINIMUM         47    109 PM  29    2002  44      3       48
  AVERAGE         51                        56     -5       59

PRECIPITATION (IN)
  YESTERDAY        0.60          1.26        0.12   0.48     0.07
  MONTH TO DATE    3.96                      2.32   1.64     2.14
  SINCE MAR 1      9.77                      7.37   2.40     6.91
  SINCE JAN 1     13.69                     11.86   1.83    12.08

DEGREE DAYS
 HEATING
  YESTERDAY       14                        10      4        6
  MONTH TO DATE  320                       281     39      336
  SINCE MAR 1   2155                      2077     78     2097
  SINCE JUL 1   7376                      7985   -609     7251

 COOLING
  YESTERDAY        0                         0      0        0
  MONTH TO DATE   14                         0     14        0
  SINCE MAR 1     17                         1     16        0
  SINCE JAN 1     17                         1     16        0
..................................................................


WIND (MPH)
  HIGHEST WIND SPEED    17   HIGHEST WIND DIRECTION     S (160)
  HIGHEST GUST SPEED    23   HIGHEST GUST DIRECTION     S (160)
  AVERAGE WIND SPEED     8.1


SKY COVER
  AVERAGE SKY COVER 1.0


WEATHER CONDITIONS
 THE FOLLOWING WEATHER WAS RECORDED YESTERDAY.
  RAIN
  LIGHT RAIN
  FOG


RELATIVE HUMIDITY (PERCENT)
 HIGHEST   100           600 AM
 LOWEST     86           300 AM
 AVERAGE    93

..........................................................


THE MONTPELIER VT CLIMATE NORMALS FOR TODAY
                         NORMAL    RECORD    YEAR
 MAXIMUM TEMPERATURE (F)   68        88      1975
 MINIMUM TEMPERATURE (F)   44        28      1990


SUNRISE AND SUNSET
MAY 23 2017...........SUNRISE   516 AM EDT   SUNSET   819 PM EDT
MAY 24 2017...........SUNRISE   515 AM EDT   SUNSET   820 PM EDT


-  INDICATES NEGATIVE NUMBERS.
R  INDICATES RECORD WAS SET OR TIED.
MM INDICATES DATA IS MISSING.
T  INDICATES TRACE AMOUNT.




$$
