000
CDUS41 KBTV 230520
CLIMPV


CLIMATE REPORT
NATIONAL WEATHER SERVICE BURLINGTON VT
118 AM EDT SUN APR 23 2017


...................................

...THE MONTPELIER VT CLIMATE SUMMARY FOR APRIL 22 2017...

CLIMATE NORMAL PERIOD 1981 TO 2010
CLIMATE RECORD PERIOD 1948 TO 2017


WEATHER ITEM   OBSERVED TIME   RECORD YEAR NORMAL DEPARTURE LAST
                VALUE   (LST)  VALUE       VALUE  FROM      YEAR
                                                  NORMAL
..................................................................
TEMPERATURE (F)
 YESTERDAY
  MAXIMUM         44    447 PM  83    1954  57    -13       71
  MINIMUM         38   1159 PM  20    1981  34      4       46
  AVERAGE         41                        45     -4       59

PRECIPITATION (IN)
  YESTERDAY        0.02          0.79        0.09  -0.07     0.16
  MONTH TO DATE    2.91                      1.92   0.99     1.69
  SINCE MAR 1      5.51                      4.31   1.20     4.19
  SINCE JAN 1      9.43                      8.80   0.63     9.36

DEGREE DAYS
 HEATING
  YESTERDAY       24                        20      4        6
  MONTH TO DATE  449                       535    -86      587
  SINCE MAR 1   1730                      1652     78     1550
  SINCE JUL 1   6951                      7560   -609     6704

 COOLING
  YESTERDAY        0                         0      0        0
  MONTH TO DATE    1                         0      1        0
  SINCE MAR 1      1                         0      1        0
  SINCE JAN 1      1                         0      1        0
..................................................................


WIND (MPH)
  HIGHEST WIND SPEED    13   HIGHEST WIND DIRECTION     S (170)
  HIGHEST GUST SPEED    17   HIGHEST GUST DIRECTION     S (180)
  AVERAGE WIND SPEED     5.3


SKY COVER
  AVERAGE SKY COVER 1.0


WEATHER CONDITIONS
 THE FOLLOWING WEATHER WAS RECORDED YESTERDAY.
  LIGHT RAIN
  FOG


RELATIVE HUMIDITY (PERCENT)
 HIGHEST   100           800 AM
 LOWEST     86           800 PM
 AVERAGE    93

..........................................................


THE MONTPELIER VT CLIMATE NORMALS FOR TODAY
                         NORMAL    RECORD    YEAR
 MAXIMUM TEMPERATURE (F)   57        80      2007
 MINIMUM TEMPERATURE (F)   34        21      1988


SUNRISE AND SUNSET
APRIL 23 2017.........SUNRISE   553 AM EDT   SUNSET   745 PM EDT
APRIL 24 2017.........SUNRISE   552 AM EDT   SUNSET   746 PM EDT


-  INDICATES NEGATIVE NUMBERS.
R  INDICATES RECORD WAS SET OR TIED.
MM INDICATES DATA IS MISSING.
T  INDICATES TRACE AMOUNT.




$$
