000
CDUS41 KBTV 180530
CLIMPV


CLIMATE REPORT
NATIONAL WEATHER SERVICE BURLINGTON VT
1227 AM EST WED JAN 18 2017


...................................

...THE MONTPELIER VT CLIMATE SUMMARY FOR JANUARY 17 2017...

CLIMATE NORMAL PERIOD 1981 TO 2010
CLIMATE RECORD PERIOD 1948 TO 2017


WEATHER ITEM   OBSERVED TIME   RECORD YEAR NORMAL DEPARTURE LAST
                VALUE   (LST)  VALUE       VALUE  FROM      YEAR
                                                  NORMAL
..................................................................
TEMPERATURE (F)
 YESTERDAY
  MAXIMUM         35    714 PM  61    1999  26      9       29
  MINIMUM         13    747 AM -22    1968   7      6       19
  AVERAGE         24                        16      8       24

PRECIPITATION (IN)
  YESTERDAY        0.08          0.59        0.07   0.01     0.01
  MONTH TO DATE    0.75                      1.25  -0.50     1.04
  SINCE DEC 1      3.34                      3.99  -0.65     4.73
  SINCE JAN 1      0.75                      1.25  -0.50     1.04

DEGREE DAYS
 HEATING
  YESTERDAY       41                        49     -8       41
  MONTH TO DATE  744                       821    -77      746
  SINCE DEC 1   2039                      2123    -84     1674
  SINCE JUL 1   3628                      3969   -341     3317

 COOLING
  YESTERDAY        0                         0      0        0
  MONTH TO DATE    0                         0      0        0
  SINCE DEC 1      0                         0      0        0
  SINCE JAN 1      0                         0      0        0
..................................................................


WIND (MPH)
  HIGHEST WIND SPEED    21   HIGHEST WIND DIRECTION     S (180)
  HIGHEST GUST SPEED    27   HIGHEST GUST DIRECTION    SE (150)
  AVERAGE WIND SPEED     2.6


SKY COVER
  AVERAGE SKY COVER 0.3


WEATHER CONDITIONS
 THE FOLLOWING WEATHER WAS RECORDED YESTERDAY.
  LIGHT SNOW
  FOG


RELATIVE HUMIDITY (PERCENT)
 HIGHEST    96           800 AM
 LOWEST     52           700 PM
 AVERAGE    74

..........................................................


THE MONTPELIER VT CLIMATE NORMALS FOR TODAY
                         NORMAL    RECORD    YEAR
 MAXIMUM TEMPERATURE (F)   26        53      1990
 MINIMUM TEMPERATURE (F)    7       -24      1954


SUNRISE AND SUNSET
JANUARY 18 2017.......SUNRISE   720 AM EST   SUNSET   442 PM EST
JANUARY 19 2017.......SUNRISE   720 AM EST   SUNSET   443 PM EST


-  INDICATES NEGATIVE NUMBERS.
R  INDICATES RECORD WAS SET OR TIED.
MM INDICATES DATA IS MISSING.
T  INDICATES TRACE AMOUNT.




$$
