000
CDUS41 KBTV 220953
CLIMPV


CLIMATE REPORT
NATIONAL WEATHER SERVICE BURLINGTON VT
551 AM EDT TUE JUL 22 2014


...................................

...THE MONTPELIER VT CLIMATE SUMMARY FOR JULY 21 2014...

CLIMATE NORMAL PERIOD 1981 TO 2010
CLIMATE RECORD PERIOD 1948 TO 2014


WEATHER ITEM   OBSERVED TIME   RECORD YEAR NORMAL DEPARTURE LAST
                VALUE   (LST)  VALUE       VALUE  FROM      YEAR
                                                  NORMAL
..................................................................
TEMPERATURE (F)
 YESTERDAY
  MAXIMUM         82    434 PM  93    1994  79      3       75
  MINIMUM         51    419 AM  39    1950  56     -5       55
  AVERAGE         67                        67      0       65

PRECIPITATION (IN)
  YESTERDAY        0.00          1.31        0.13  -0.13     0.00
  MONTH TO DATE    1.58                      2.62  -1.04     3.66
  SINCE JUN 1      5.60                      6.42  -0.82    12.01
  SINCE JAN 1     18.20                     19.33  -1.13    21.28

DEGREE DAYS
 HEATING
  YESTERDAY        0                         1     -1        0
  MONTH TO DATE   18                        27     -9        0
  SINCE JUN 1    118                       148    -30      148
  SINCE JUL 1     18                        27     -9        0

 COOLING
  YESTERDAY        2                         3     -1        0
  MONTH TO DATE   81                        67     14      149
  SINCE JUN 1    111                       120     -9      217
  SINCE JAN 1    112                       130    -18      228
..................................................................


WIND (MPH)
  HIGHEST WIND SPEED    10   HIGHEST WIND DIRECTION    SE (150)
  HIGHEST GUST SPEED    14   HIGHEST GUST DIRECTION    SE (150)
  AVERAGE WIND SPEED     3.2


SKY COVER
  AVERAGE SKY COVER 0.2


WEATHER CONDITIONS
 THE FOLLOWING WEATHER WAS RECORDED YESTERDAY.
  FOG


RELATIVE HUMIDITY (PERCENT)
 HIGHEST   100           400 AM
 LOWEST     40           300 PM
 AVERAGE    70

..........................................................


THE MONTPELIER VT CLIMATE NORMALS FOR TODAY
                         NORMAL    RECORD    YEAR
 MAXIMUM TEMPERATURE (F)   79        95      1955
 MINIMUM TEMPERATURE (F)   56        42      1992


SUNRISE AND SUNSET
JULY 22 2014..........SUNRISE   527 AM EDT   SUNSET   826 PM EDT
JULY 23 2014..........SUNRISE   528 AM EDT   SUNSET   825 PM EDT


-  INDICATES NEGATIVE NUMBERS.
R  INDICATES RECORD WAS SET OR TIED.
MM INDICATES DATA IS MISSING.
T  INDICATES TRACE AMOUNT.




$$
