000
CDUS41 KBTV 310551
CLIMPV


CLIMATE REPORT
NATIONAL WEATHER SERVICE BURLINGTON VT
148 AM EDT SUN AUG 31 2014


...................................

...THE MONTPELIER VT CLIMATE SUMMARY FOR AUGUST 30 2014...

CLIMATE NORMAL PERIOD 1981 TO 2010
CLIMATE RECORD PERIOD 1948 TO 2014


WEATHER ITEM   OBSERVED TIME   RECORD YEAR NORMAL DEPARTURE LAST
                VALUE   (LST)  VALUE       VALUE  FROM      YEAR
                                                  NORMAL
..................................................................
TEMPERATURE (F)
 YESTERDAY
  MAXIMUM         77    306 PM  90    1973  75      2       82
  MINIMUM         50    146 AM  34    1965  52     -2       61
  AVERAGE         64                        63      1       72

PRECIPITATION (IN)
  YESTERDAY        0.00          1.47        0.10  -0.10     0.00
  MONTH TO DATE    2.73                      3.91  -1.18     2.14
  SINCE JUN 1     12.43                     11.79   0.64    15.83
  SINCE JAN 1     25.03                     24.70   0.33    25.10

DEGREE DAYS
 HEATING
  YESTERDAY        1                         4     -3        0
  MONTH TO DATE   70                        65      5       78
  SINCE JUN 1    213                       226    -13      241
  SINCE JUL 1    113                       105      8       93

 COOLING
  YESTERDAY        0                         2     -2        7
  MONTH TO DATE   31                        76    -45       49
  SINCE JUN 1    162                       234    -72      278
  SINCE JAN 1    163                       244    -81      289
..................................................................


WIND (MPH)
  HIGHEST WIND SPEED    18   HIGHEST WIND DIRECTION     S (180)
  HIGHEST GUST SPEED    23   HIGHEST GUST DIRECTION     S (170)
  AVERAGE WIND SPEED     7.3


SKY COVER
  AVERAGE SKY COVER 0.0


WEATHER CONDITIONS
 THE FOLLOWING WEATHER WAS RECORDED YESTERDAY.
  FOG


RELATIVE HUMIDITY (PERCENT)
 HIGHEST   100          1200 AM
 LOWEST     46           100 PM
 AVERAGE    73

..........................................................


THE MONTPELIER VT CLIMATE NORMALS FOR TODAY
                         NORMAL    RECORD    YEAR
 MAXIMUM TEMPERATURE (F)   74        89      1993
 MINIMUM TEMPERATURE (F)   51        31      1965


SUNRISE AND SUNSET
AUGUST 31 2014........SUNRISE   612 AM EDT   SUNSET   728 PM EDT
SEPTEMBER  1 2014.....SUNRISE   613 AM EDT   SUNSET   726 PM EDT


-  INDICATES NEGATIVE NUMBERS.
R  INDICATES RECORD WAS SET OR TIED.
MM INDICATES DATA IS MISSING.
T  INDICATES TRACE AMOUNT.




$$
