000
CDUS41 KBTV 260548
CLIMPV


CLIMATE REPORT
NATIONAL WEATHER SERVICE BURLINGTON VT
144 AM EDT TUE JUL 26 2016


...................................

...THE MONTPELIER VT CLIMATE SUMMARY FOR JULY 25 2016...

CLIMATE NORMAL PERIOD 1981 TO 2010
CLIMATE RECORD PERIOD 1948 TO 2016


WEATHER ITEM   OBSERVED TIME   RECORD YEAR NORMAL DEPARTURE LAST
                VALUE   (LST)  VALUE       VALUE  FROM      YEAR
                                                  NORMAL
..................................................................
TEMPERATURE (F)
 YESTERDAY
  MAXIMUM         83   1237 PM  90    1989  79      4       79
  MINIMUM         55    501 AM  41    1953  56     -1       52
  AVERAGE         69                        67      2       66

PRECIPITATION (IN)
  YESTERDAY        T             1.36        0.14  -0.14      T
  MONTH TO DATE    4.04                      3.20   0.84     3.32
  SINCE JUN 1      6.72                      7.00  -0.28    12.37
  SINCE JAN 1     19.00                     19.91  -0.91    23.07

DEGREE DAYS
 HEATING
  YESTERDAY        0                         1     -1        0
  MONTH TO DATE   29                        31     -2       51
  SINCE JUN 1    161                       152      9      213
  SINCE JUL 1     29                        31     -2       51

 COOLING
  YESTERDAY        4                         3      1        1
  MONTH TO DATE   82                        79      3       58
  SINCE JUN 1    114                       132    -18       70
  SINCE JAN 1    143                       142      1      104
..................................................................


WIND (MPH)
  HIGHEST WIND SPEED    12   HIGHEST WIND DIRECTION     S (160)
  HIGHEST GUST SPEED    15   HIGHEST GUST DIRECTION    SW (230)
  AVERAGE WIND SPEED     2.7


SKY COVER
  AVERAGE SKY COVER 0.3


WEATHER CONDITIONS
 THE FOLLOWING WEATHER WAS RECORDED YESTERDAY.
  NO SIGNIFICANT WEATHER WAS OBSERVED.


RELATIVE HUMIDITY (PERCENT)
 HIGHEST   100           400 AM
 LOWEST     58          1100 AM
 AVERAGE    79

..........................................................


THE MONTPELIER VT CLIMATE NORMALS FOR TODAY
                         NORMAL    RECORD    YEAR
 MAXIMUM TEMPERATURE (F)   79        90      1989
 MINIMUM TEMPERATURE (F)   56        44      1976


SUNRISE AND SUNSET
JULY 26 2016..........SUNRISE   532 AM EDT   SUNSET   821 PM EDT
JULY 27 2016..........SUNRISE   533 AM EDT   SUNSET   820 PM EDT


-  INDICATES NEGATIVE NUMBERS.
R  INDICATES RECORD WAS SET OR TIED.
MM INDICATES DATA IS MISSING.
T  INDICATES TRACE AMOUNT.




$$
