000
CDUS41 KBTV 230524
CLIMPV


CLIMATE REPORT
NATIONAL WEATHER SERVICE BURLINGTON VT
121 AM EDT WED AUG 23 2017


...................................

...THE MONTPELIER VT CLIMATE SUMMARY FOR AUGUST 22 2017...

CLIMATE NORMAL PERIOD 1981 TO 2010
CLIMATE RECORD PERIOD 1948 TO 2017


WEATHER ITEM   OBSERVED TIME   RECORD YEAR NORMAL DEPARTURE LAST
                VALUE   (LST)  VALUE       VALUE  FROM      YEAR
                                                  NORMAL
..................................................................
TEMPERATURE (F)
 YESTERDAY
  MAXIMUM         84    234 PM  91    1955  76      8       64
  MINIMUM         57    528 AM  39    1957  53      4       49
  AVERAGE         71                        65      6       57

PRECIPITATION (IN)
  YESTERDAY        0.49          1.13        0.11   0.38     0.02
  MONTH TO DATE    3.07                      3.08  -0.01     5.28
  SINCE JUN 1     16.39                     10.96   5.43    12.06
  SINCE JAN 1     31.59                     23.87   7.72    24.34

DEGREE DAYS
 HEATING
  YESTERDAY        0                         2     -2        8
  MONTH TO DATE   28                        40    -12       13
  SINCE JUN 1    220                       201     19      177
  SINCE JUL 1     74                        80     -6       45

 COOLING
  YESTERDAY        6                         2      4        0
  MONTH TO DATE   46                        60    -14       86
  SINCE JUN 1    179                       218    -39      221
  SINCE JAN 1    196                       228    -32      250
..................................................................


WIND (MPH)
  HIGHEST WIND SPEED    22   HIGHEST WIND DIRECTION    SW (230)
  HIGHEST GUST SPEED    32   HIGHEST GUST DIRECTION    SW (210)
  AVERAGE WIND SPEED     7.4


SKY COVER
  AVERAGE SKY COVER 0.3


WEATHER CONDITIONS
 THE FOLLOWING WEATHER WAS RECORDED YESTERDAY.
  THUNDERSTORM
  HEAVY RAIN
  RAIN
  LIGHT RAIN
  FOG
  FOG W/VISIBILITY <= 1/4 MILE


RELATIVE HUMIDITY (PERCENT)
 HIGHEST   100           100 AM
 LOWEST     58           300 PM
 AVERAGE    79

..........................................................


THE MONTPELIER VT CLIMATE NORMALS FOR TODAY
                         NORMAL    RECORD    YEAR
 MAXIMUM TEMPERATURE (F)   76        84      1972
 MINIMUM TEMPERATURE (F)   53        37      1988


SUNRISE AND SUNSET
AUGUST 23 2017........SUNRISE   603 AM EDT   SUNSET   742 PM EDT
AUGUST 24 2017........SUNRISE   604 AM EDT   SUNSET   740 PM EDT


-  INDICATES NEGATIVE NUMBERS.
R  INDICATES RECORD WAS SET OR TIED.
MM INDICATES DATA IS MISSING.
T  INDICATES TRACE AMOUNT.




$$
