000
CDUS41 KBTV 050642
CLIMPV


CLIMATE REPORT
NATIONAL WEATHER SERVICE BURLINGTON VT
241 AM EDT WED AUG 5 2015


...................................

...THE MONTPELIER VT CLIMATE SUMMARY FOR AUGUST 4 2015...

CLIMATE NORMAL PERIOD 1981 TO 2010
CLIMATE RECORD PERIOD 1948 TO 2015


WEATHER ITEM   OBSERVED TIME   RECORD YEAR NORMAL DEPARTURE LAST
                VALUE   (LST)  VALUE       VALUE  FROM      YEAR
                                                  NORMAL
..................................................................
TEMPERATURE (F)
 YESTERDAY
  MAXIMUM         77   1007 AM  93    1988  78     -1       78
  MINIMUM         56   1159 PM  40    1964  55      1       60
  AVERAGE         67                        67      0       69

PRECIPITATION (IN)
  YESTERDAY        0.16          2.94        0.15   0.01     0.02
  MONTH TO DATE    0.31                      0.62  -0.31     0.02
  SINCE JUN 1     13.73                      8.50   5.23     9.72
  SINCE JAN 1     24.43                     21.41   3.02    22.32

DEGREE DAYS
 HEATING
  YESTERDAY        0                         1     -1        0
  MONTH TO DATE    0                         4     -4        0
  SINCE JUN 1    213                       165     48      143
  SINCE JUL 1     51                        44      7       43

 COOLING
  YESTERDAY        2                         3     -1        4
  MONTH TO DATE    3                        12     -9       12
  SINCE JUN 1    114                       170    -56      143
  SINCE JAN 1    148                       180    -32      144
..................................................................


WIND (MPH)
  HIGHEST WIND SPEED    22   HIGHEST WIND DIRECTION    NW (320)
  HIGHEST GUST SPEED    34   HIGHEST GUST DIRECTION    NW (300)
  AVERAGE WIND SPEED     2.1


SKY COVER
  AVERAGE SKY COVER 0.2


WEATHER CONDITIONS
 THE FOLLOWING WEATHER WAS RECORDED YESTERDAY.
  THUNDERSTORM
  HEAVY RAIN
  RAIN
  LIGHT RAIN
  FOG


RELATIVE HUMIDITY (PERCENT)
 HIGHEST    97           200 AM
 LOWEST     50          1000 AM
 AVERAGE    74

..........................................................


THE MONTPELIER VT CLIMATE NORMALS FOR TODAY
                         NORMAL    RECORD    YEAR
 MAXIMUM TEMPERATURE (F)   78        92      1988
 MINIMUM TEMPERATURE (F)   55        37      1972


SUNRISE AND SUNSET
AUGUST  5 2015........SUNRISE   542 AM EDT   SUNSET   810 PM EDT
AUGUST  6 2015........SUNRISE   543 AM EDT   SUNSET   808 PM EDT


-  INDICATES NEGATIVE NUMBERS.
R  INDICATES RECORD WAS SET OR TIED.
MM INDICATES DATA IS MISSING.
T  INDICATES TRACE AMOUNT.




$$
