000
CDUS41 KBTV 200534
CLIMPV


CLIMATE REPORT
NATIONAL WEATHER SERVICE BURLINGTON VT
132 AM EDT FRI OCT 20 2017


...................................

...THE MONTPELIER VT CLIMATE SUMMARY FOR OCTOBER 19 2017...

CLIMATE NORMAL PERIOD 1981 TO 2010
CLIMATE RECORD PERIOD 1948 TO 2017


WEATHER ITEM   OBSERVED TIME   RECORD YEAR NORMAL DEPARTURE LAST
                VALUE   (LST)  VALUE       VALUE  FROM      YEAR
                                                  NORMAL
..................................................................
TEMPERATURE (F)
 YESTERDAY
  MAXIMUM         71    132 PM  78    1950  55     16       72
  MINIMUM         37    544 AM  17    2015  34      3       39
  AVERAGE         54                        44     10       56

PRECIPITATION (IN)
  YESTERDAY        0.00          0.63        0.11  -0.11     0.01
  MONTH TO DATE    1.02                      2.20  -1.18     0.18
  SINCE SEP 1      3.51                      5.32  -1.81     1.96
  SINCE JAN 1     35.13                     30.12   5.01    26.52

DEGREE DAYS
 HEATING
  YESTERDAY       11                        21    -10        9
  MONTH TO DATE  202                       331   -129      240
  SINCE SEP 1    360                       578   -218      402
  SINCE JUL 1    506                       686   -180      456

 COOLING
  YESTERDAY        0                         0      0        0
  MONTH TO DATE    0                         0      0        0
  SINCE SEP 1     47                        19     28       28
  SINCE JAN 1    243                       263    -20      300
..................................................................


WIND (MPH)
  HIGHEST WIND SPEED    18   HIGHEST WIND DIRECTION     S (200)
  HIGHEST GUST SPEED    27   HIGHEST GUST DIRECTION     S (180)
  AVERAGE WIND SPEED     6.5


SKY COVER
  AVERAGE SKY COVER 0.1


WEATHER CONDITIONS
 THE FOLLOWING WEATHER WAS RECORDED YESTERDAY.
  NO SIGNIFICANT WEATHER WAS OBSERVED.


RELATIVE HUMIDITY (PERCENT)
 HIGHEST   100           200 AM
 LOWEST     26           200 PM
 AVERAGE    63

..........................................................


THE MONTPELIER VT CLIMATE NORMALS FOR TODAY
                         NORMAL    RECORD    YEAR
 MAXIMUM TEMPERATURE (F)   54        76      1965
 MINIMUM TEMPERATURE (F)   34        14      1972


SUNRISE AND SUNSET
OCTOBER 20 2017.......SUNRISE   712 AM EDT   SUNSET   558 PM EDT
OCTOBER 21 2017.......SUNRISE   713 AM EDT   SUNSET   556 PM EDT


-  INDICATES NEGATIVE NUMBERS.
R  INDICATES RECORD WAS SET OR TIED.
MM INDICATES DATA IS MISSING.
T  INDICATES TRACE AMOUNT.




$$
