000
CDUS41 KBTV 190535
CLIMPV


CLIMATE REPORT
NATIONAL WEATHER SERVICE BURLINGTON VT
1234 AM EST MON FEB 19 2018


...................................

...THE MONTPELIER VT CLIMATE SUMMARY FOR FEBRUARY 18 2018...

CLIMATE NORMAL PERIOD 1981 TO 2010
CLIMATE RECORD PERIOD 1948 TO 2018


WEATHER ITEM   OBSERVED TIME   RECORD YEAR NORMAL DEPARTURE LAST
                VALUE   (LST)  VALUE       VALUE  FROM      YEAR
                                                  NORMAL
..................................................................
TEMPERATURE (F)
 YESTERDAY
  MAXIMUM         32    506 PM  56    2011  31      1       53
                                      2008
  MINIMUM         20   1133 PM -26    1958  10     10        8
  AVERAGE         26                        20      6       31

PRECIPITATION (IN)
  YESTERDAY        0.09          0.67        0.07   0.02     0.00
  MONTH TO DATE    1.43                      1.34   0.09     1.47
  SINCE DEC 1      6.23                      6.53  -0.30     5.83
  SINCE JAN 1      3.96                      3.79   0.17     3.24

DEGREE DAYS
 HEATING
  YESTERDAY       39                        44     -5       34
  MONTH TO DATE  783                       832    -49      807
  SINCE DEC 1   3731                      3631    100     3354
  SINCE JUL 1   5365                      5477   -112     4943

 COOLING
  YESTERDAY        0                         0      0        0
  MONTH TO DATE    0                         0      0        0
  SINCE DEC 1      0                         0      0        0
  SINCE JAN 1      0                         0      0        0
..................................................................


WIND (MPH)
  HIGHEST WIND SPEED    20   HIGHEST WIND DIRECTION    NW (320)
  HIGHEST GUST SPEED    29   HIGHEST GUST DIRECTION    NW (310)
  AVERAGE WIND SPEED     4.8


SKY COVER
  AVERAGE SKY COVER 0.9


WEATHER CONDITIONS
 THE FOLLOWING WEATHER WAS RECORDED YESTERDAY.
  LIGHT SNOW
  FOG
  HAZE


RELATIVE HUMIDITY (PERCENT)
 HIGHEST   100           100 AM
 LOWEST     63           400 PM
 AVERAGE    82

..........................................................


THE MONTPELIER VT CLIMATE NORMALS FOR TODAY
                         NORMAL    RECORD    YEAR
 MAXIMUM TEMPERATURE (F)   31        61      1981
 MINIMUM TEMPERATURE (F)   10       -16      1979


SUNRISE AND SUNSET
FEBRUARY 19 2018......SUNRISE   644 AM EST   SUNSET   525 PM EST
FEBRUARY 20 2018......SUNRISE   642 AM EST   SUNSET   526 PM EST


-  INDICATES NEGATIVE NUMBERS.
R  INDICATES RECORD WAS SET OR TIED.
MM INDICATES DATA IS MISSING.
T  INDICATES TRACE AMOUNT.




$$
