000
CDUS43 KMPX 240758
CLIMPX


CLIMATE REPORT
NATIONAL WEATHER SERVICE CHANHASSEN MN
157 AM CST SAT FEB 24 2018


...................................

...THE CHANHASSEN MN CLIMATE SUMMARY FOR FEBRUARY 23 2018...

CLIMATE NORMAL PERIOD 1981 TO 2010
CLIMATE RECORD PERIOD 1995 TO 2018


WEATHER ITEM   OBSERVED TIME   RECORD YEAR NORMAL DEPARTURE LAST
                VALUE   (LST)  VALUE       VALUE  FROM      YEAR
                                                  NORMAL
..................................................................
TEMPERATURE (F)
 YESTERDAY
  MAXIMUM         29        MM  54    2002  30     -1       37
  MINIMUM         13        MM -14    2015  13      0       27
  AVERAGE         21                        22     -1       32

PRECIPITATION (IN)
  YESTERDAY        0.15R         0.04 2001   0.04   0.11     0.00
  MONTH TO DATE    0.72                      0.74  -0.02     0.72
  SINCE DEC 1      2.79                      2.86  -0.07     3.85
  SINCE JAN 1      2.14                      1.61   0.53     1.60

SNOWFALL (IN)
  YESTERDAY        1.5 R         0.8  2001   0.4    1.1      0.0
  MONTH TO DATE    8.7                       8.0    0.7       T
  SINCE DEC 1     34.2                      32.2    2.0     27.3
  SINCE JUL 1     36.0                      38.0   -2.0     32.4
  SNOW DEPTH       8

DEGREE DAYS
 HEATING
  YESTERDAY       44                        43      1       33
  MONTH TO DATE 1251                      1074    177      811
  SINCE DEC 1   4291                      4098    193     3666
  SINCE JUL 1   5904                      5805     99     4889

 COOLING
  YESTERDAY        0                         0      0        0
  MONTH TO DATE    0                         0      0        0
  SINCE DEC 1      0                         0      0        0
  SINCE JAN 1      0                         0      0        0
..................................................................


WIND (MPH)
  HIGHEST WIND SPEED    MM   HIGHEST WIND DIRECTION    MM
  HIGHEST GUST SPEED    MM   HIGHEST GUST DIRECTION    MM
  AVERAGE WIND SPEED    MM


SKY COVER
  POSSIBLE SUNSHINE  MM
  AVERAGE SKY COVER  MM


WEATHER CONDITIONS
 THE FOLLOWING WEATHER WAS RECORDED YESTERDAY.
  NO SIGNIFICANT WEATHER WAS OBSERVED.


RELATIVE HUMIDITY (PERCENT)
 HIGHEST    MM
 LOWEST     MM
 AVERAGE    MM

..........................................................


THE CHANHASSEN MN CLIMATE NORMALS FOR TODAY
                         NORMAL    RECORD    YEAR
 MAXIMUM TEMPERATURE (F)   31        42      2006
 MINIMUM TEMPERATURE (F)   14        -6      2003


SUNRISE AND SUNSET
FEBRUARY 24 2018......SUNRISE   700 AM CST   SUNSET   555 PM CST
FEBRUARY 25 2018......SUNRISE   659 AM CST   SUNSET   557 PM CST


-  INDICATES NEGATIVE NUMBERS.
R  INDICATES RECORD WAS SET OR TIED.
MM INDICATES DATA IS MISSING.
T  INDICATES TRACE AMOUNT.




$$
