000
CDUS43 KMPX 120651
CLIMPX


CLIMATE REPORT
NATIONAL WEATHER SERVICE CHANHASSEN MN
1250 AM CST TUE DEC 12 2017


...................................

...THE CHANHASSEN MN CLIMATE SUMMARY FOR DECEMBER 11 2017...

CLIMATE NORMAL PERIOD 1981 TO 2010
CLIMATE RECORD PERIOD 1995 TO 2017


WEATHER ITEM   OBSERVED TIME   RECORD YEAR NORMAL DEPARTURE LAST
                VALUE   (LST)  VALUE       VALUE  FROM      YEAR
                                                  NORMAL
..................................................................
TEMPERATURE (F)
 YESTERDAY
  MAXIMUM         35        MM  47    2001  27      8       20
  MINIMUM         13        MM -10    2013  12      1        8
  AVERAGE         24                        19      5       14

PRECIPITATION (IN)
  YESTERDAY        0.10          0.97 2010   0.04   0.06     0.43
  MONTH TO DATE    0.48                      0.47   0.01     0.77
  SINCE DEC 1      0.48                      0.47   0.01     0.77
  SINCE JAN 1     37.70                     30.38   7.32    39.05

SNOWFALL (IN)
  YESTERDAY        0.6          14.1  2010   0.4    0.2      6.8
  MONTH TO DATE    3.8                       4.7   -0.9     12.5
  SINCE DEC 1      3.8                       4.7   -0.9     12.5
  SINCE JUL 1      5.6                      10.5   -4.9     17.6
  SNOW DEPTH       3

DEGREE DAYS
 HEATING
  YESTERDAY       41                        46     -5       51
  MONTH TO DATE  423                       480    -57      464
  SINCE DEC 1    423                       480    -57      464
  SINCE JUL 1   2036                      2187   -151     1687

 COOLING
  YESTERDAY        0                         0      0        0
  MONTH TO DATE    0                         0      0        0
  SINCE DEC 1      0                         0      0        0
  SINCE JAN 1    478                       605   -127      631
..................................................................


WIND (MPH)
  HIGHEST WIND SPEED    MM   HIGHEST WIND DIRECTION    MM
  HIGHEST GUST SPEED    MM   HIGHEST GUST DIRECTION    MM
  AVERAGE WIND SPEED    MM


SKY COVER
  POSSIBLE SUNSHINE  MM
  AVERAGE SKY COVER  MM


WEATHER CONDITIONS
 THE FOLLOWING WEATHER WAS RECORDED YESTERDAY.
  NO SIGNIFICANT WEATHER WAS OBSERVED.


RELATIVE HUMIDITY (PERCENT)
 HIGHEST    MM
 LOWEST     MM
 AVERAGE    MM

..........................................................


THE CHANHASSEN MN CLIMATE NORMALS FOR TODAY
                         NORMAL    RECORD    YEAR
 MAXIMUM TEMPERATURE (F)   26        47      1999
 MINIMUM TEMPERATURE (F)   11       -15      2000


SUNRISE AND SUNSET
DECEMBER 12 2017......SUNRISE   743 AM CST   SUNSET   433 PM CST
DECEMBER 13 2017......SUNRISE   744 AM CST   SUNSET   433 PM CST


-  INDICATES NEGATIVE NUMBERS.
R  INDICATES RECORD WAS SET OR TIED.
MM INDICATES DATA IS MISSING.
T  INDICATES TRACE AMOUNT.




$$
