000
CDUS43 KMPX 260738
CLIMPX


CLIMATE REPORT
NATIONAL WEATHER SERVICE CHANHASSEN MN
237 AM CDT THU MAY 26 2016


...................................

...THE CHANHASSEN MN CLIMATE SUMMARY FOR MAY 25 2016...

CLIMATE NORMAL PERIOD 1981 TO 2010
CLIMATE RECORD PERIOD 1995 TO 2016


WEATHER ITEM   OBSERVED TIME   RECORD YEAR NORMAL DEPARTURE LAST
                VALUE   (LST)  VALUE       VALUE  FROM      YEAR
                                                  NORMAL
..................................................................
TEMPERATURE (F)
 YESTERDAY
  MAXIMUM         75        MM  MM      MM  71      4       71
  MINIMUM         62        MM  MM      MM  50     12       56
  AVERAGE         69                        61      8       64

PRECIPITATION (IN)
  YESTERDAY        0.12         MM      MM   0.12   0.00     0.15
  MONTH TO DATE    1.35                      2.94  -1.59     3.66
  SINCE MAR 1      6.08                      7.72  -1.64     6.66
  SINCE JAN 1      7.57                      9.53  -1.96     7.42

SNOWFALL (IN)
  YESTERDAY        0.0          MM      MM   0.0    0.0      0.0
  MONTH TO DATE    0.0                       0.3   -0.3       T
  SINCE MAR 1      5.6                      14.5   -8.9      9.3
  SINCE JUL 1     35.5                      54.2  -18.7     33.4
  SNOW DEPTH       0

DEGREE DAYS
 HEATING
  YESTERDAY        0                         6     -6        1
  MONTH TO DATE  237                       217     20      218
  SINCE MAR 1   1578                      1821   -243     1694
  SINCE JUL 1   6793                      7836  -1043     7952

 COOLING
  YESTERDAY        4                         1      3        0
  MONTH TO DATE   28                        19      9        1
  SINCE MAR 1     35                        22     13        1
  SINCE JAN 1     35                        22     13        1
..................................................................


WIND (MPH)
  HIGHEST WIND SPEED    MM   HIGHEST WIND DIRECTION    MM
  HIGHEST GUST SPEED    MM   HIGHEST GUST DIRECTION    MM
  AVERAGE WIND SPEED    MM


SKY COVER
  POSSIBLE SUNSHINE  MM
  AVERAGE SKY COVER  MM


WEATHER CONDITIONS
 THE FOLLOWING WEATHER WAS RECORDED YESTERDAY.
  NO SIGNIFICANT WEATHER WAS OBSERVED.


RELATIVE HUMIDITY (PERCENT)
 HIGHEST    MM
 LOWEST     MM
 AVERAGE    MM

..........................................................


THE CHANHASSEN MN CLIMATE NORMALS FOR TODAY
                         NORMAL    RECORD    YEAR
 MAXIMUM TEMPERATURE (F)   71        MM        MM
 MINIMUM TEMPERATURE (F)   51        MM        MM


SUNRISE AND SUNSET
MAY 26 2016...........SUNRISE   535 AM CDT   SUNSET   848 PM CDT
MAY 27 2016...........SUNRISE   534 AM CDT   SUNSET   849 PM CDT


-  INDICATES NEGATIVE NUMBERS.
R  INDICATES RECORD WAS SET OR TIED.
MM INDICATES DATA IS MISSING.
T  INDICATES TRACE AMOUNT.




$$
