000
CDUS43 KMPX 250630
CLIMPX


CLIMATE REPORT
NATIONAL WEATHER SERVICE CHANHASSEN MN
1229 AM CST SUN JAN 25 2015


...................................

...THE CHANHASSEN MN CLIMATE SUMMARY FOR JANUARY 24 2015...

CLIMATE NORMAL PERIOD 1981 TO 2010
CLIMATE RECORD PERIOD 1995 TO 2015


WEATHER ITEM   OBSERVED TIME   RECORD YEAR NORMAL DEPARTURE LAST
                VALUE   (LST)  VALUE       VALUE  FROM      YEAR
                                                  NORMAL
..................................................................
TEMPERATURE (F)
 YESTERDAY
  MAXIMUM         40        MM  MM      MM  23     17       33
  MINIMUM         26        MM  MM      MM   6     20        0
  AVERAGE         33                        14     19       17

PRECIPITATION (IN)
  YESTERDAY        T            MM      MM   0.03  -0.03     0.07
  MONTH TO DATE    0.32                      0.69  -0.37     0.84
  SINCE DEC 1      1.29                      1.94  -0.65     2.10
  SINCE JAN 1      0.32                      0.69  -0.37     0.84

SNOWFALL (IN)
  YESTERDAY        T            MM      MM   0.4   -0.4      1.5
  MONTH TO DATE    4.2                       7.9   -3.7     11.9
  SINCE DEC 1     10.9                      21.8  -10.9     28.7
  SINCE JUL 1     19.0                      27.6   -8.6     30.5
  SNOW DEPTH       T

DEGREE DAYS
 HEATING
  YESTERDAY       32                        51    -19       48
  MONTH TO DATE 1211                      1222    -11     1379
  SINCE DEC 1   2510                      2676   -166     3086
  SINCE JUL 1   4447                      4383     64     4808

 COOLING
  YESTERDAY        0                         0      0        0
  MONTH TO DATE    0                         0      0        0
  SINCE DEC 1      0                         0      0        0
  SINCE JAN 1      0                         0      0        0
..................................................................


WIND (MPH)
  HIGHEST WIND SPEED    MM   HIGHEST WIND DIRECTION    MM
  HIGHEST GUST SPEED    MM   HIGHEST GUST DIRECTION    MM
  AVERAGE WIND SPEED    MM


SKY COVER
  POSSIBLE SUNSHINE  MM
  AVERAGE SKY COVER  MM


WEATHER CONDITIONS
 THE FOLLOWING WEATHER WAS RECORDED YESTERDAY.
  NO SIGNIFICANT WEATHER WAS OBSERVED.


RELATIVE HUMIDITY (PERCENT)
 HIGHEST    MM
 LOWEST     MM
 AVERAGE    MM

..........................................................


THE CHANHASSEN MN CLIMATE NORMALS FOR TODAY
                         NORMAL    RECORD    YEAR
 MAXIMUM TEMPERATURE (F)   24        MM        MM
 MINIMUM TEMPERATURE (F)    6        MM        MM


SUNRISE AND SUNSET
JANUARY 25 2015.......SUNRISE   741 AM CST   SUNSET   512 PM CST
JANUARY 26 2015.......SUNRISE   740 AM CST   SUNSET   514 PM CST


-  INDICATES NEGATIVE NUMBERS.
R  INDICATES RECORD WAS SET OR TIED.
MM INDICATES DATA IS MISSING.
T  INDICATES TRACE AMOUNT.




$$
