000
CDUS43 KMQT 050547
CLIMQT


CLIMATE REPORT
NATIONAL WEATHER SERVICE MARQUETTE MI
141 AM EDT THU MAY 5 2016


...................................

...THE MARQUETTE MI CLIMATE SUMMARY FOR MAY 4 2016...

CLIMATE NORMAL PERIOD 1981 TO 2010
CLIMATE RECORD PERIOD 1961 TO 2016


WEATHER ITEM   OBSERVED RECORD YEAR NORMAL DEPARTURE LAST
                VALUE   VALUE       VALUE  FROM      YEAR
                                           NORMAL
...........................................................
TEMPERATURE (F)
 YESTERDAY
  MAXIMUM         39     85    1980  57    -18       58
  MINIMUM         33     21    1976  36     -3       38
                               1966
  AVERAGE         36                 47    -11       48

PRECIPITATION (IN)
  YESTERDAY        0.03   0.82 1981   0.09  -0.06     0.00
  MONTH TO DATE    0.21               0.36  -0.15     0.71
  SINCE MAR 1      7.38               6.40   0.98     4.47
  SINCE JAN 1     12.00              10.95   1.05     7.39

SNOWFALL (IN)
  YESTERDAY        T   R  T    2014   0.1   -0.1      0.0
                               1983
  MONTH TO DATE    T                  0.4   -0.4       T
  SINCE MAR 1     59.7               49.8    9.9     24.4
  SINCE JUL 1    159.8              202.2  -42.4    178.4
  SNOW DEPTH       0

DEGREE DAYS
 HEATING
  YESTERDAY       29                 19     10       17
  MONTH TO DATE   88                 77     11       42
  SINCE MAR 1   2111               2155    -44     2104
  SINCE JUL 1   7878               8779   -901     9415

 COOLING
  YESTERDAY        0                  0      0        0
  MONTH TO DATE    0                  0      0        0
  SINCE MAR 1      0                  1     -1        0
  SINCE JAN 1      0                  1     -1        0
...........................................................


WIND (MPH)
  RESULTANT WIND SPEED  MM   RESULTANT WIND DIRECTION  MM
  HIGHEST WIND SPEED    MM   HIGHEST WIND DIRECTION    MM
  HIGHEST GUST SPEED    28   HIGHEST GUST DIRECTION    NW (315)
  AVERAGE WIND SPEED    MM


SKY COVER
  POSSIBLE SUNSHINE  MM
  AVERAGE SKY COVER  MM


WEATHER CONDITIONS
 THE FOLLOWING WEATHER WAS RECORDED YESTERDAY.
  LIGHT RAIN
  LIGHT SNOW


RELATIVE HUMIDITY (PERCENT)
 HIGHEST    MM
 LOWEST     MM
 AVERAGE    MM

..........................................................


THE MARQUETTE MI CLIMATE NORMALS FOR TODAY
                         NORMAL    RECORD    YEAR
 MAXIMUM TEMPERATURE (F)   58        88      2000
 MINIMUM TEMPERATURE (F)   36        21      1983


SUNRISE AND SUNSET
MAY  5 2016...........SUNRISE   629 AM EDT   SUNSET   905 PM EDT
MAY  6 2016...........SUNRISE   628 AM EDT   SUNSET   907 PM EDT


-  INDICATES NEGATIVE NUMBERS.
R  INDICATES RECORD WAS SET OR TIED.
MM INDICATES DATA IS MISSING.
T  INDICATES TRACE AMOUNT.




$$
