000
CDUS41 KLWX 260546
CLIMRB


CLIMATE REPORT
NATIONAL WEATHER SERVICE BALTIMORE MD/WASHINGTON DC
1245 AM EST FRI DEC 26 2014


...................................

...THE MARTINSBURG WV CLIMATE SUMMARY FOR DECEMBER 25 2014...

CLIMATE NORMAL PERIOD 1981 TO 2010
CLIMATE RECORD PERIOD 1926 TO 2014


WEATHER ITEM   OBSERVED TIME   RECORD YEAR NORMAL DEPARTURE LAST
                VALUE   (LST)  VALUE       VALUE  FROM      YEAR
                                                  NORMAL
..................................................................
TEMPERATURE (F)
 YESTERDAY
  MAXIMUM         55   1249 AM  67    1964  41     14       30
  MINIMUM         32   1104 PM -12    1983  23      9       16
  AVERAGE         44                        32     12       23

PRECIPITATION (IN)
  YESTERDAY        0.03          0.71 1945   0.08  -0.05     0.00
  MONTH TO DATE    2.77                      2.29   0.48     3.73
  SINCE DEC 1      2.77                      2.29   0.48     3.73
  SINCE JAN 1     35.16                     38.28  -3.12    34.89

DEGREE DAYS
 HEATING
  YESTERDAY       21                        33    -12       42
  MONTH TO DATE  650                       755   -105      691
  SINCE DEC 1    650                       755   -105      691
  SINCE JUL 1   1609                      1825   -216     1782

 COOLING
  YESTERDAY        0                         0      0        0
  MONTH TO DATE    0                         0      0        0
  SINCE DEC 1      0                         0      0        0
  SINCE JAN 1    958                       895     63     1057
..................................................................


WIND (MPH)
  HIGHEST WIND SPEED    28   HIGHEST WIND DIRECTION     W (270)
  HIGHEST GUST SPEED    37   HIGHEST GUST DIRECTION     W (270)
  AVERAGE WIND SPEED    12.8


SKY COVER
  POSSIBLE SUNSHINE  MM
  AVERAGE SKY COVER 0.7


WEATHER CONDITIONS
 THE FOLLOWING WEATHER WAS RECORDED YESTERDAY.
  LIGHT RAIN


RELATIVE HUMIDITY (PERCENT)
 HIGHEST    70          1100 PM
 LOWEST     41           100 PM
 AVERAGE    56

..........................................................


THE MARTINSBURG WV CLIMATE NORMALS FOR TODAY
                         NORMAL    RECORD    YEAR
 MAXIMUM TEMPERATURE (F)   40        66      1971
 MINIMUM TEMPERATURE (F)   23        -2      1983


SUNRISE AND SUNSET
DECEMBER 26 2014......SUNRISE   730 AM EST   SUNSET   455 PM EST
DECEMBER 27 2014......SUNRISE   731 AM EST   SUNSET   455 PM EST


-  INDICATES NEGATIVE NUMBERS.
R  INDICATES RECORD WAS SET OR TIED.
MM INDICATES DATA IS MISSING.
T  INDICATES TRACE AMOUNT.




$$
