000
CDUS41 KLWX 180519
CLIMRB


CLIMATE REPORT
NATIONAL WEATHER SERVICE BALTIMORE MD/WASHINGTON DC
119 AM EDT THU SEP 18 2014


...................................

...THE MARTINSBURG WV CLIMATE SUMMARY FOR SEPTEMBER 17 2014...

CLIMATE NORMAL PERIOD 1981 TO 2010
CLIMATE RECORD PERIOD 1926 TO 2014


WEATHER ITEM   OBSERVED TIME   RECORD YEAR NORMAL DEPARTURE LAST
                VALUE   (LST)  VALUE       VALUE  FROM      YEAR
                                                  NORMAL
..................................................................
TEMPERATURE (F)
 YESTERDAY
  MAXIMUM         74    405 PM  96    1991  76     -2       68
  MINIMUM         45    620 AM  35    1984  54     -9       44
  AVERAGE         60                        65     -5       56

PRECIPITATION (IN)
  YESTERDAY        0.00          3.02 1945   0.13  -0.13     0.00
  MONTH TO DATE    1.83                      2.01  -0.18     0.58
  SINCE SEP 1      1.83                      2.01  -0.18     0.58
  SINCE JAN 1     26.30                     28.25  -1.95    22.96

DEGREE DAYS
 HEATING
  YESTERDAY        5                         3      2        9
  MONTH TO DATE   21                        25     -4       27
  SINCE SEP 1     21                        25     -4       27
  SINCE JUL 1     24                        32     -8       31

 COOLING
  YESTERDAY        0                         3     -3        0
  MONTH TO DATE  112                        72     40       98
  SINCE SEP 1    112                        72     40       98
  SINCE JAN 1    940                       864     76     1016
..................................................................


WIND (MPH)
  HIGHEST WIND SPEED     8   HIGHEST WIND DIRECTION    SE (150)
  HIGHEST GUST SPEED    11   HIGHEST GUST DIRECTION     S (160)
  AVERAGE WIND SPEED     1.4


SKY COVER
  POSSIBLE SUNSHINE  MM
  AVERAGE SKY COVER 0.2


WEATHER CONDITIONS
 THE FOLLOWING WEATHER WAS RECORDED YESTERDAY.
  FOG
  HAZE


RELATIVE HUMIDITY (PERCENT)
 HIGHEST    92           600 AM
 LOWEST     38           100 PM
 AVERAGE    65

..........................................................


THE MARTINSBURG WV CLIMATE NORMALS FOR TODAY
                         NORMAL    RECORD    YEAR
 MAXIMUM TEMPERATURE (F)   76        95      1931
 MINIMUM TEMPERATURE (F)   53        34      1959


SUNRISE AND SUNSET
SEPTEMBER 18 2014.....SUNRISE   656 AM EDT   SUNSET   715 PM EDT
SEPTEMBER 19 2014.....SUNRISE   657 AM EDT   SUNSET   714 PM EDT


-  INDICATES NEGATIVE NUMBERS.
R  INDICATES RECORD WAS SET OR TIED.
MM INDICATES DATA IS MISSING.
T  INDICATES TRACE AMOUNT.




$$
