000
CDUS41 KLWX 022127
CLIMRB


CLIMATE REPORT
NATIONAL WEATHER SERVICE BALTIMORE MD/WASHINGTON DC
527 PM EDT TUE SEP 2 2014


...................................

...THE MARTINSBURG WV CLIMATE SUMMARY FOR SEPTEMBER 2 2014...
VALID TODAY AS OF 0500 PM LOCAL TIME.

CLIMATE NORMAL PERIOD 1981 TO 2010
CLIMATE RECORD PERIOD 1926 TO 2014


WEATHER ITEM   OBSERVED TIME   RECORD YEAR NORMAL DEPARTURE LAST
                VALUE   (LST)  VALUE       VALUE  FROM      YEAR
                                                  NORMAL
..................................................................
TEMPERATURE (F)
 TODAY
  MAXIMUM         92   1218 PM 103    1932  81     11       89
  MINIMUM         70    558 AM  43    1967  59     11       69
  AVERAGE         81                        70     11       79

PRECIPITATION (IN)
  TODAY            0.23          2.29 2000   0.12   0.11     0.00
  MONTH TO DATE    0.24                      0.23   0.01     0.38
  SINCE SEP 1      0.24                      0.23   0.01     0.38
  SINCE JAN 1     24.71                     26.47  -1.76    22.76

DEGREE DAYS
 HEATING
  TODAY            0                         1     -1        0
  MONTH TO DATE    0                         2     -2        0
  SINCE SEP 1      0                         2     -2        0
  SINCE JUL 1      3                         9     -6        4

 COOLING
  TODAY           16                         6     10       14
  MONTH TO DATE   32                        12     20       27
  SINCE SEP 1     32                        12     20       27
  SINCE JAN 1    860                       804     56      945
..................................................................


WIND (MPH)
  HIGHEST WIND SPEED    38   HIGHEST WIND DIRECTION     W (270)
  HIGHEST GUST SPEED    51   HIGHEST GUST DIRECTION     W (280)
  AVERAGE WIND SPEED     6.6


SKY COVER
  POSSIBLE SUNSHINE  MM
  AVERAGE SKY COVER 0.3


WEATHER CONDITIONS
 THE FOLLOWING WEATHER WAS RECORDED TODAY.
  THUNDERSTORM
  HEAVY RAIN
  RAIN
  LIGHT RAIN


RELATIVE HUMIDITY (PERCENT)
 HIGHEST    84           300 AM
 LOWEST     46          1100 AM
 AVERAGE    65

..........................................................


THE MARTINSBURG WV CLIMATE NORMALS FOR TOMORROW
                         NORMAL    RECORD    YEAR
 MAXIMUM TEMPERATURE (F)   81       102      1953
 MINIMUM TEMPERATURE (F)   58        42      1967


SUNRISE AND SUNSET
SEPTEMBER  2 2014.....SUNRISE   641 AM EDT   SUNSET   741 PM EDT
SEPTEMBER  3 2014.....SUNRISE   642 AM EDT   SUNSET   740 PM EDT


-  INDICATES NEGATIVE NUMBERS.
R  INDICATES RECORD WAS SET OR TIED.
MM INDICATES DATA IS MISSING.
T  INDICATES TRACE AMOUNT.




$$
