000
CDUS41 KLWX 020533
CLIMRB


CLIMATE REPORT
NATIONAL WEATHER SERVICE BALTIMORE MD/WASHINGTON DC
131 AM EDT TUE JUN 2 2015


...................................

...THE MARTINSBURG WV CLIMATE SUMMARY FOR JUNE 1 2015...

CLIMATE NORMAL PERIOD 1981 TO 2010
CLIMATE RECORD PERIOD 1926 TO 2015


WEATHER ITEM   OBSERVED TIME   RECORD YEAR NORMAL DEPARTURE LAST
                VALUE   (LST)  VALUE       VALUE  FROM      YEAR
                                                  NORMAL
..................................................................
TEMPERATURE (F)
 YESTERDAY
  MAXIMUM         83   1141 AM 100    1939  77      6       77
  MINIMUM         63   1159 PM  36    1966  55      8       48
  AVERAGE         73                        66      7       63

PRECIPITATION (IN)
  YESTERDAY        0.58          1.12 1982   0.13   0.45     0.00
  MONTH TO DATE    0.58                      0.13   0.45     0.00
  SINCE JUN 1      0.58                      0.13   0.45     0.00
  SINCE JAN 1     11.52                     15.86  -4.34    14.87

DEGREE DAYS
 HEATING
  YESTERDAY        0                         2     -2        2
  MONTH TO DATE    0                         2     -2        2
  SINCE JUN 1      0                         2     -2        2
  SINCE JUL 1   5015                      5227   -212     5388

 COOLING
  YESTERDAY        8                         3      5        0
  MONTH TO DATE    8                         3      5        0
  SINCE JUN 1      8                         3      5        0
  SINCE JAN 1    156                        60     96       81
..................................................................


WIND (MPH)
  HIGHEST WIND SPEED    14   HIGHEST WIND DIRECTION    NW (330)
  HIGHEST GUST SPEED    19   HIGHEST GUST DIRECTION    NW (330)
  AVERAGE WIND SPEED     3.5


SKY COVER
  POSSIBLE SUNSHINE  MM
  AVERAGE SKY COVER 0.6


WEATHER CONDITIONS
 THE FOLLOWING WEATHER WAS RECORDED YESTERDAY.
  HEAVY RAIN
  RAIN
  LIGHT RAIN
  FOG
  FOG W/VISIBILITY <= 1/4 MILE
  HAZE


RELATIVE HUMIDITY (PERCENT)
 HIGHEST    93           100 AM
 LOWEST     55          1200 PM
 AVERAGE    74

..........................................................


THE MARTINSBURG WV CLIMATE NORMALS FOR TODAY
                         NORMAL    RECORD    YEAR
 MAXIMUM TEMPERATURE (F)   78       101      1937
 MINIMUM TEMPERATURE (F)   55        39      1993


SUNRISE AND SUNSET
JUNE  2 2015..........SUNRISE   547 AM EDT   SUNSET   833 PM EDT
JUNE  3 2015..........SUNRISE   546 AM EDT   SUNSET   834 PM EDT


-  INDICATES NEGATIVE NUMBERS.
R  INDICATES RECORD WAS SET OR TIED.
MM INDICATES DATA IS MISSING.
T  INDICATES TRACE AMOUNT.




$$
