684
CDUS41 KLWX 250525
CLIMRB


CLIMATE REPORT
NATIONAL WEATHER SERVICE BALTIMORE MD/WASHINGTON DC
124 AM EDT TUE APR 25 2017


...................................

...THE MARTINSBURG WV CLIMATE SUMMARY FOR APRIL 24 2017...

CLIMATE NORMAL PERIOD 1981 TO 2010
CLIMATE RECORD PERIOD 1926 TO 2017


WEATHER ITEM   OBSERVED TIME   RECORD YEAR NORMAL DEPARTURE LAST
                VALUE   (LST)  VALUE       VALUE  FROM      YEAR
                                                  NORMAL
..................................................................
TEMPERATURE (F)
 YESTERDAY
  MAXIMUM         60    150 PM  92    1960  67     -7       67
  MINIMUM         50   1159 PM  29    2002  43      7       43
  AVERAGE         55                        55      0       55

PRECIPITATION (IN)
  YESTERDAY        0.26          2.09 1983   0.11   0.15     0.00
  MONTH TO DATE    2.13                      2.65  -0.52     0.68
  SINCE MAR 1      4.91                      6.17  -1.26     2.43
  SINCE JAN 1      9.29                     10.95  -1.66     6.52

DEGREE DAYS
 HEATING
  YESTERDAY       10                        10      0       10
  MONTH TO DATE  189                       329   -140      326
  SINCE MAR 1    871                      1043   -172      819
  SINCE JUL 1   3949                      4999  -1050     4234

 COOLING
  YESTERDAY        0                         0      0        0
  MONTH TO DATE   25                         0     25        5
  SINCE MAR 1     28                         1     27        7
  SINCE JAN 1     28                         1     27        7
..................................................................


WIND (MPH)
  HIGHEST WIND SPEED    12   HIGHEST WIND DIRECTION    NE (60)
  HIGHEST GUST SPEED    16   HIGHEST GUST DIRECTION     E (80)
  AVERAGE WIND SPEED     4.9


SKY COVER
  POSSIBLE SUNSHINE  MM
  AVERAGE SKY COVER 1.0


WEATHER CONDITIONS
 THE FOLLOWING WEATHER WAS RECORDED YESTERDAY.
  LIGHT RAIN
  FOG


RELATIVE HUMIDITY (PERCENT)
 HIGHEST    93           800 PM
 LOWEST     53           100 PM
 AVERAGE    73

..........................................................


THE MARTINSBURG WV CLIMATE NORMALS FOR TODAY
                         NORMAL    RECORD    YEAR
 MAXIMUM TEMPERATURE (F)   67        92      2009
 MINIMUM TEMPERATURE (F)   44        25      1956


SUNRISE AND SUNSET
APRIL 25 2017.........SUNRISE   620 AM EDT   SUNSET   800 PM EDT
APRIL 26 2017.........SUNRISE   619 AM EDT   SUNSET   801 PM EDT


-  INDICATES NEGATIVE NUMBERS.
R  INDICATES RECORD WAS SET OR TIED.
MM INDICATES DATA IS MISSING.
T  INDICATES TRACE AMOUNT.




$$
