000
CDUS41 KLWX 170525
CLIMRB


CLIMATE REPORT
NATIONAL WEATHER SERVICE BALTIMORE MD/WASHINGTON DC
1225 AM EST WED JAN 17 2018


...................................

...THE MARTINSBURG WV CLIMATE SUMMARY FOR JANUARY 16 2018...

CLIMATE NORMAL PERIOD 1981 TO 2010
CLIMATE RECORD PERIOD 1926 TO 2018


WEATHER ITEM   OBSERVED TIME   NORMAL DEPARTURE LAST
                VALUE   (LST)  VALUE  FROM      YEAR
                                      NORMAL
......................................................
TEMPERATURE (F)
 YESTERDAY
  MAXIMUM         33    413 PM  39     -6       45
  MINIMUM         23    219 AM  22      1       32
  AVERAGE         28            31     -3       39

PRECIPITATION (IN)
  YESTERDAY        T             0.08  -0.08      T
  MONTH TO DATE    1.58          1.21   0.37     1.73
  SINCE DEC 1      2.54          3.92  -1.38     3.52
  SINCE JAN 1      1.58          1.21   0.37     1.73

DEGREE DAYS
 HEATING
  YESTERDAY       37            34      3       26
  MONTH TO DATE  640           544     96      479
  SINCE DEC 1   1587          1500     87     1359
  SINCE JUL 1   2473          2570    -97     2163

 COOLING
  YESTERDAY        0             0      0        0
  MONTH TO DATE    0             0      0        0
  SINCE DEC 1      0             0      0        0
  SINCE JAN 1      0             0      0        0
......................................................


WIND (MPH)
  HIGHEST WIND SPEED     7   HIGHEST WIND DIRECTION    NW (330)
  HIGHEST GUST SPEED     9   HIGHEST GUST DIRECTION    NW (330)
  AVERAGE WIND SPEED     2.2


SKY COVER
  POSSIBLE SUNSHINE  MM
  AVERAGE SKY COVER 1.0


WEATHER CONDITIONS
 THE FOLLOWING WEATHER WAS RECORDED YESTERDAY.
  LIGHT SNOW
  FOG
  HAZE


RELATIVE HUMIDITY (PERCENT)
 HIGHEST   100           800 PM
 LOWEST     61           300 PM
 AVERAGE    81

..........................................................


THE MARTINSBURG WV CLIMATE NORMALS FOR TODAY
                         NORMAL    RECORD    YEAR
 MAXIMUM TEMPERATURE (F)   39        69      1990
 MINIMUM TEMPERATURE (F)   22       -13      1982


SUNRISE AND SUNSET
JANUARY 17 2018.......SUNRISE   729 AM EST   SUNSET   515 PM EST
JANUARY 18 2018.......SUNRISE   729 AM EST   SUNSET   516 PM EST


-  INDICATES NEGATIVE NUMBERS.
R  INDICATES RECORD WAS SET OR TIED.
MM INDICATES DATA IS MISSING.
T  INDICATES TRACE AMOUNT.




$$
