000
CDUS41 KLWX 262144
CLIMRB


CLIMATE REPORT
NATIONAL WEATHER SERVICE BALTIMORE MD/WASHINGTON DC
529 PM EDT MON JUN 26 2017


...................................

...THE MARTINSBURG WV CLIMATE SUMMARY FOR JUNE 26 2017...
VALID TODAY AS OF 0500 PM LOCAL TIME.

CLIMATE NORMAL PERIOD 1981 TO 2010
CLIMATE RECORD PERIOD 1926 TO 2017


WEATHER ITEM   OBSERVED TIME   RECORD YEAR NORMAL DEPARTURE LAST
                VALUE   (LST)  VALUE       VALUE  FROM      YEAR
                                                  NORMAL
..................................................................
TEMPERATURE (F)
 TODAY
  MAXIMUM         80    304 PM 102    1943  85     -5       83
  MINIMUM         59    535 AM  46    1979  62     -3       59
  AVERAGE         70                        73     -3       71

PRECIPITATION (IN)
  TODAY            0.00          2.37 1970   0.12  -0.12     0.00
  MONTH TO DATE    1.11                      3.29  -2.18     2.08
  SINCE JUN 1      1.11                      3.29  -2.18     2.08
  SINCE JAN 1     18.33                     19.02  -0.69    13.67

DEGREE DAYS
 HEATING
  TODAY            0                         0      0        0
  MONTH TO DATE   10                        22    -12        5
  SINCE JUN 1     10                        22    -12        5
  SINCE JUL 1   4136                      5247  -1111     4478

 COOLING
  TODAY            5                         8     -3        6
  MONTH TO DATE  204                       148     56      189
  SINCE JUN 1    204                       148     56      189
  SINCE JAN 1    311                       205    106      262
..................................................................


WIND (MPH)
  HIGHEST WIND SPEED    18   HIGHEST WIND DIRECTION     W (250)
  HIGHEST GUST SPEED    21   HIGHEST GUST DIRECTION     W (250)
  AVERAGE WIND SPEED     7.2


SKY COVER
  POSSIBLE SUNSHINE  MM
  AVERAGE SKY COVER 0.3


WEATHER CONDITIONS
 THE FOLLOWING WEATHER WAS RECORDED TODAY.
  NO SIGNIFICANT WEATHER WAS OBSERVED.


RELATIVE HUMIDITY (PERCENT)
 HIGHEST    72           500 AM
 LOWEST     31          1100 AM
 AVERAGE    52

..........................................................


THE MARTINSBURG WV CLIMATE NORMALS FOR TOMORROW
                         NORMAL    RECORD    YEAR
 MAXIMUM TEMPERATURE (F)   85       101      1943
 MINIMUM TEMPERATURE (F)   62        47      1985


SUNRISE AND SUNSET
JUNE 26 2017..........SUNRISE   547 AM EDT   SUNSET   843 PM EDT
JUNE 27 2017..........SUNRISE   547 AM EDT   SUNSET   843 PM EDT


-  INDICATES NEGATIVE NUMBERS.
R  INDICATES RECORD WAS SET OR TIED.
MM INDICATES DATA IS MISSING.
T  INDICATES TRACE AMOUNT.




$$
