000
CDUS41 KLWX 200528
CLIMRB


CLIMATE REPORT
NATIONAL WEATHER SERVICE BALTIMORE MD/WASHINGTON DC
1228 AM EST FRI JAN 20 2017


...................................

...THE MARTINSBURG WV CLIMATE SUMMARY FOR JANUARY 19 2017...

CLIMATE NORMAL PERIOD 1981 TO 2010
CLIMATE RECORD PERIOD 1926 TO 2017


WEATHER ITEM   OBSERVED TIME   RECORD YEAR NORMAL DEPARTURE LAST
                VALUE   (LST)  VALUE       VALUE  FROM      YEAR
                                                  NORMAL
..................................................................
TEMPERATURE (F)
 YESTERDAY
  MAXIMUM         51    425 PM  68    1951  39     12       24
  MINIMUM         31   1159 PM -17    1994  22      9       10
  AVERAGE         41                        31     10       17

PRECIPITATION (IN)
  YESTERDAY        0.00          1.47 1987   0.08  -0.08     0.00
  MONTH TO DATE    1.99                      1.45   0.54     1.36
  SINCE DEC 1      3.78                      4.16  -0.38     4.02
  SINCE JAN 1      1.99                      1.45   0.54     1.36

DEGREE DAYS
 HEATING
  YESTERDAY       24                        34    -10       48
  MONTH TO DATE  547                       646    -99      634
  SINCE DEC 1   1427                      1602   -175     1218
  SINCE JUL 1   2231                      2672   -441     2076

 COOLING
  YESTERDAY        0                         0      0        0
  MONTH TO DATE    0                         0      0        0
  SINCE DEC 1      0                         0      0        0
  SINCE JAN 1      0                         0      0        0
..................................................................


WIND (MPH)
  HIGHEST WIND SPEED    10   HIGHEST WIND DIRECTION     W (280)
  HIGHEST GUST SPEED    15   HIGHEST GUST DIRECTION     W (280)
  AVERAGE WIND SPEED     2.9


SKY COVER
  POSSIBLE SUNSHINE  MM
  AVERAGE SKY COVER 0.5


WEATHER CONDITIONS
 THE FOLLOWING WEATHER WAS RECORDED YESTERDAY.
  FOG


RELATIVE HUMIDITY (PERCENT)
 HIGHEST    92          1100 PM
 LOWEST     50           400 PM
 AVERAGE    71

..........................................................


THE MARTINSBURG WV CLIMATE NORMALS FOR TODAY
                         NORMAL    RECORD    YEAR
 MAXIMUM TEMPERATURE (F)   39        70      1951
 MINIMUM TEMPERATURE (F)   22        -9      1985


SUNRISE AND SUNSET
JANUARY 20 2017.......SUNRISE   728 AM EST   SUNSET   519 PM EST
JANUARY 21 2017.......SUNRISE   727 AM EST   SUNSET   520 PM EST


-  INDICATES NEGATIVE NUMBERS.
R  INDICATES RECORD WAS SET OR TIED.
MM INDICATES DATA IS MISSING.
T  INDICATES TRACE AMOUNT.




$$
