210
CDUS41 KLWX 270527
CLIMRB


CLIMATE REPORT
NATIONAL WEATHER SERVICE BALTIMORE MD/WASHINGTON DC
1227 AM EST MON FEB 27 2017


...................................

...THE MARTINSBURG WV CLIMATE SUMMARY FOR FEBRUARY 26 2017...

CLIMATE NORMAL PERIOD 1981 TO 2010
CLIMATE RECORD PERIOD 1926 TO 2017


WEATHER ITEM   OBSERVED TIME   RECORD YEAR NORMAL DEPARTURE LAST
                VALUE   (LST)  VALUE       VALUE  FROM      YEAR
                                                  NORMAL
..................................................................
TEMPERATURE (F)
 YESTERDAY
  MAXIMUM         46    447 PM  71    1951  46      0       37
  MINIMUM         26   1151 PM   6    1970  26      0       28
  AVERAGE         36                        36      0       33

PRECIPITATION (IN)
  YESTERDAY        0.00          1.40 1934   0.09  -0.09     0.00
  MONTH TO DATE    0.66                      2.16  -1.50     2.73
  SINCE DEC 1      5.92                      7.31  -1.39     6.75
  SINCE JAN 1      4.13                      4.60  -0.47     4.09

DEGREE DAYS
 HEATING
  YESTERDAY       29                        29      0       32
  MONTH TO DATE  543                       817   -274      809
  SINCE DEC 1   2234                      2830   -596     2493
  SINCE JUL 1   3038                      3900   -862     3351

 COOLING
  YESTERDAY        0                         0      0        0
  MONTH TO DATE    0                         0      0        0
  SINCE DEC 1      0                         0      0        0
  SINCE JAN 1      0                         0      0        0
..................................................................


WIND (MPH)
  HIGHEST WIND SPEED    26   HIGHEST WIND DIRECTION     W (280)
  HIGHEST GUST SPEED    32   HIGHEST GUST DIRECTION     W (270)
  AVERAGE WIND SPEED    11.6


SKY COVER
  POSSIBLE SUNSHINE  MM
  AVERAGE SKY COVER 0.5


WEATHER CONDITIONS
 THE FOLLOWING WEATHER WAS RECORDED YESTERDAY.
  NO SIGNIFICANT WEATHER WAS OBSERVED.


RELATIVE HUMIDITY (PERCENT)
 HIGHEST    63          1100 PM
 LOWEST     27           500 PM
 AVERAGE    45

..........................................................


THE MARTINSBURG WV CLIMATE NORMALS FOR TODAY
                         NORMAL    RECORD    YEAR
 MAXIMUM TEMPERATURE (F)   47        75      1932
 MINIMUM TEMPERATURE (F)   27         5      1934


SUNRISE AND SUNSET
FEBRUARY 27 2017......SUNRISE   647 AM EST   SUNSET   602 PM EST
FEBRUARY 28 2017......SUNRISE   646 AM EST   SUNSET   603 PM EST


-  INDICATES NEGATIVE NUMBERS.
R  INDICATES RECORD WAS SET OR TIED.
MM INDICATES DATA IS MISSING.
T  INDICATES TRACE AMOUNT.




$$
