084
CDUS41 KLWX 240531
CLIMRB


CLIMATE REPORT
NATIONAL WEATHER SERVICE BALTIMORE MD/WASHINGTON DC
130 AM EDT TUE OCT 24 2017


...................................

...THE MARTINSBURG WV CLIMATE SUMMARY FOR OCTOBER 23 2017...

CLIMATE NORMAL PERIOD 1981 TO 2010
CLIMATE RECORD PERIOD 1926 TO 2017


WEATHER ITEM   OBSERVED TIME   RECORD YEAR NORMAL DEPARTURE LAST
                VALUE   (LST)  VALUE       VALUE  FROM      YEAR
                                                  NORMAL
..................................................................
TEMPERATURE (F)
 YESTERDAY
  MAXIMUM         72    406 PM  88    1947  63      9       69
  MINIMUM         52    543 AM  23    1969  40     12       46
  AVERAGE         62                        52     10       58

PRECIPITATION (IN)
  YESTERDAY        0.33          1.82 1983   0.10   0.23     0.00
  MONTH TO DATE    2.85                      2.27   0.58     0.58
  SINCE SEP 1      4.31                      5.84  -1.53     4.87
  SINCE JAN 1     31.25                     32.08  -0.83    21.72

DEGREE DAYS
 HEATING
  YESTERDAY        3                        14    -11        7
  MONTH TO DATE  106                       236   -130      141
  SINCE SEP 1    166                       320   -154      161
  SINCE JUL 1    168                       327   -159      161

 COOLING
  YESTERDAY        0                         0      0        0
  MONTH TO DATE   53                         8     45       21
  SINCE SEP 1    178                       101     77      220
  SINCE JAN 1   1074                       893    181     1292
..................................................................


WIND (MPH)
  HIGHEST WIND SPEED    18   HIGHEST WIND DIRECTION     S (160)
  HIGHEST GUST SPEED    27   HIGHEST GUST DIRECTION    SE (140)
  AVERAGE WIND SPEED     7.5


SKY COVER
  POSSIBLE SUNSHINE  MM
  AVERAGE SKY COVER 0.6


WEATHER CONDITIONS
 THE FOLLOWING WEATHER WAS RECORDED YESTERDAY.
  RAIN
  LIGHT RAIN
  FOG


RELATIVE HUMIDITY (PERCENT)
 HIGHEST    93          1200 AM
 LOWEST     66           100 PM
 AVERAGE    80

..........................................................


THE MARTINSBURG WV CLIMATE NORMALS FOR TODAY
                         NORMAL    RECORD    YEAR
 MAXIMUM TEMPERATURE (F)   63        85      2001
                                             1927
 MINIMUM TEMPERATURE (F)   40        17      1969


SUNRISE AND SUNSET
OCTOBER 24 2017.......SUNRISE   731 AM EDT   SUNSET   620 PM EDT
OCTOBER 25 2017.......SUNRISE   733 AM EDT   SUNSET   619 PM EDT


-  INDICATES NEGATIVE NUMBERS.
R  INDICATES RECORD WAS SET OR TIED.
MM INDICATES DATA IS MISSING.
T  INDICATES TRACE AMOUNT.




$$
