000
CDUS44 KHUN 032123
CLIMSL


CLIMATE REPORT
NATIONAL WEATHER SERVICE HUNTSVILLE AL
422 PM CDT TUE MAY 3 2016


...................................

...THE MUSCLE SHOALS CLIMATE SUMMARY FOR MAY 3 2016...
VALID TODAY AS OF 0400 PM LOCAL TIME.

CLIMATE NORMAL PERIOD 1981 TO 2010
CLIMATE RECORD PERIOD 1893 TO 2016


WEATHER ITEM   OBSERVED TIME   RECORD YEAR NORMAL DEPARTURE LAST
                VALUE   (LST)  VALUE       VALUE  FROM      YEAR
                                                  NORMAL
..................................................................
TEMPERATURE (F)
 TODAY
  MAXIMUM         72    156 PM  91    1902  78     -6       80
  MINIMUM         58    430 AM  36    1918  55      3       48
  AVERAGE         65                        66     -1       64

PRECIPITATION (IN)
  TODAY            0.00          2.21 2002   0.15  -0.15     0.00
  MONTH TO DATE    0.03                      0.46  -0.43     0.00
  SINCE MAR 1      8.21                      9.57  -1.36    11.60
  SINCE JAN 1     15.34                     18.84  -3.50    18.88

SNOWFALL (IN)
  TODAY            0.0
  MONTH TO DATE    0.0
  SINCE MAR 1      0.0
  SINCE JUL 1      T
  SNOW DEPTH       0

DEGREE DAYS
 HEATING
  TODAY            0                         2     -2        1
  MONTH TO DATE    0                         6     -6       10
  SINCE MAR 1    333                       544   -211      453
  SINCE JUL 1   2334                      3079   -745     3224

 COOLING
  TODAY            0                         3     -3        0
  MONTH TO DATE    8                         9     -1        0
  SINCE MAR 1     92                        73     19       56
  SINCE JAN 1     92                        74     18       56
..................................................................


WIND (MPH)
  HIGHEST WIND SPEED    17   HIGHEST WIND DIRECTION    NW (300)
  HIGHEST GUST SPEED    20   HIGHEST GUST DIRECTION    NW (300)
  AVERAGE WIND SPEED     5.8


SKY COVER
  POSSIBLE SUNSHINE  MM
  AVERAGE SKY COVER 0.7


WEATHER CONDITIONS
 THE FOLLOWING WEATHER WAS RECORDED TODAY.
  NO SIGNIFICANT WEATHER WAS OBSERVED.


RELATIVE HUMIDITY (PERCENT)
 HIGHEST    90           200 AM
 LOWEST     44           200 PM
 AVERAGE    67

..........................................................


THE MUSCLE SHOALS CLIMATE NORMALS FOR TOMORROW
                         NORMAL    RECORD    YEAR
 MAXIMUM TEMPERATURE (F)   78        91      1902
 MINIMUM TEMPERATURE (F)   55        34      1940


SUNRISE AND SUNSET
MAY  3 2016...........SUNRISE   558 AM CDT   SUNSET   738 PM CDT
MAY  4 2016...........SUNRISE   557 AM CDT   SUNSET   738 PM CDT


-  INDICATES NEGATIVE NUMBERS.
R  INDICATES RECORD WAS SET OR TIED.
MM INDICATES DATA IS MISSING.
T  INDICATES TRACE AMOUNT.




$$
