000
CDUS44 KHUN 300703
CLIMSL


CLIMATE REPORT
NATIONAL WEATHER SERVICE HUNTSVILLE AL
202 AM CDT THU JUL 30 2015


...................................

...THE MUSCLE SHOALS CLIMATE SUMMARY FOR JULY 29 2015...

CLIMATE NORMAL PERIOD 1981 TO 2010
CLIMATE RECORD PERIOD 1893 TO 2015


WEATHER ITEM   OBSERVED TIME   RECORD YEAR NORMAL DEPARTURE LAST
                VALUE   (LST)  VALUE       VALUE  FROM      YEAR
                                                  NORMAL
..................................................................
TEMPERATURE (F)
 YESTERDAY
  MAXIMUM         95   1140 AM 108    1930  91      4       80
  MINIMUM         76   1059 PM  55    1937  70      6       60
  AVERAGE         86                        81      5       70

PRECIPITATION (IN)
  YESTERDAY        0.54          2.17 1898   0.11   0.43     0.00
  MONTH TO DATE    4.73                      4.07   0.66     5.02
  SINCE JUN 1      7.09                      8.83  -1.74    12.49
  SINCE JAN 1     30.98                     32.33  -1.35    29.28

SNOWFALL (IN)
  YESTERDAY        0.0
  MONTH TO DATE    0.0
  SINCE JUN 1      0.0
  SINCE JUL 1      0.0
  SNOW DEPTH       0

DEGREE DAYS
 HEATING
  YESTERDAY        0                         0      0        0
  MONTH TO DATE    0                         0      0        0
  SINCE JUN 1      0                         1     -1        0
  SINCE JUL 1      0                         0      0        0

 COOLING
  YESTERDAY       21                        16      5        5
  MONTH TO DATE  508                       450     58      352
  SINCE JUN 1    966                       812    154      753
  SINCE JAN 1   1220                      1056    164     1010
..................................................................


WIND (MPH)
  HIGHEST WIND SPEED    18   HIGHEST WIND DIRECTION     E (80)
  HIGHEST GUST SPEED    25   HIGHEST GUST DIRECTION     E (70)
  AVERAGE WIND SPEED     2.1


SKY COVER
  POSSIBLE SUNSHINE  MM
  AVERAGE SKY COVER 0.1


WEATHER CONDITIONS
 THE FOLLOWING WEATHER WAS RECORDED YESTERDAY.
  THUNDERSTORM
  LIGHT RAIN


RELATIVE HUMIDITY (PERCENT)
 HIGHEST    94           900 PM
 LOWEST     52          1000 AM
 AVERAGE    73

..........................................................


THE MUSCLE SHOALS CLIMATE NORMALS FOR TODAY
                         NORMAL    RECORD    YEAR
 MAXIMUM TEMPERATURE (F)   91       103      1986
 MINIMUM TEMPERATURE (F)   70        55      2014


SUNRISE AND SUNSET
JULY 30 2015..........SUNRISE   559 AM CDT   SUNSET   755 PM CDT
JULY 31 2015..........SUNRISE   559 AM CDT   SUNSET   754 PM CDT


-  INDICATES NEGATIVE NUMBERS.
R  INDICATES RECORD WAS SET OR TIED.
MM INDICATES DATA IS MISSING.
T  INDICATES TRACE AMOUNT.




$$
