000
CDUS44 KHUN 290720
CLIMSL


CLIMATE REPORT
NATIONAL WEATHER SERVICE HUNTSVILLE AL
220 AM CDT WED MAR 29 2017


...................................

...THE MUSCLE SHOALS CLIMATE SUMMARY FOR MARCH 28 2017...

CLIMATE NORMAL PERIOD 1981 TO 2010
CLIMATE RECORD PERIOD 1893 TO 2017


WEATHER ITEM   OBSERVED TIME   RECORD YEAR NORMAL DEPARTURE LAST
                VALUE   (LST)  VALUE       VALUE  FROM      YEAR
                                                  NORMAL
..................................................................
TEMPERATURE (F)
 YESTERDAY
  MAXIMUM         76    407 PM  87    1910  68      8       69
  MINIMUM         58    312 AM  25    1913  45     13       49
  AVERAGE         67                        56     11       59

PRECIPITATION (IN)
  YESTERDAY        0.00          3.88 1951   0.15  -0.15      T
  MONTH TO DATE    4.84                      4.30   0.54     2.67
  SINCE MAR 1      4.84                      4.30   0.54     2.67
  SINCE JAN 1     12.08                     13.57  -1.49     9.80

SNOWFALL (IN)
  YESTERDAY        0.0
  MONTH TO DATE    T
  SINCE MAR 1      T
  SINCE JUL 1      T
  SNOW DEPTH       0

DEGREE DAYS
 HEATING
  YESTERDAY        0                         9     -9        6
  MONTH TO DATE  315                       351    -36      221
  SINCE MAR 1    315                       351    -36      221
  SINCE JUL 1   1995                      2886   -891     2222

 COOLING
  YESTERDAY        2                         1      1        0
  MONTH TO DATE   18                         5     13       21
  SINCE MAR 1     18                         5     13       21
  SINCE JAN 1     26                         6     20       21
..................................................................


WIND (MPH)
  HIGHEST WIND SPEED    13   HIGHEST WIND DIRECTION     W (290)
  HIGHEST GUST SPEED    16   HIGHEST GUST DIRECTION     W (270)
  AVERAGE WIND SPEED     2.7


SKY COVER
  POSSIBLE SUNSHINE  MM
  AVERAGE SKY COVER 0.5


WEATHER CONDITIONS
 THE FOLLOWING WEATHER WAS RECORDED YESTERDAY.
  FOG


RELATIVE HUMIDITY (PERCENT)
 HIGHEST    97           500 AM
 LOWEST     50           400 PM
 AVERAGE    74

..........................................................


THE MUSCLE SHOALS CLIMATE NORMALS FOR TODAY
                         NORMAL    RECORD    YEAR
 MAXIMUM TEMPERATURE (F)   69        86      2007
 MINIMUM TEMPERATURE (F)   45        26      1937


SUNRISE AND SUNSET
MARCH 29 2017.........SUNRISE   641 AM CDT   SUNSET   710 PM CDT
MARCH 30 2017.........SUNRISE   640 AM CDT   SUNSET   710 PM CDT


-  INDICATES NEGATIVE NUMBERS.
R  INDICATES RECORD WAS SET OR TIED.
MM INDICATES DATA IS MISSING.
T  INDICATES TRACE AMOUNT.




$$
