000
CDUS44 KHUN 010701
CLIMSL


CLIMATE REPORT
NATIONAL WEATHER SERVICE HUNTSVILLE AL
200 AM CDT WED OCT 1 2014


...................................

...THE MUSCLE SHOALS CLIMATE SUMMARY FOR SEPTEMBER 30 2014...

CLIMATE NORMAL PERIOD 1981 TO 2010
CLIMATE RECORD PERIOD 1893 TO 2014


WEATHER ITEM   OBSERVED TIME   RECORD YEAR NORMAL DEPARTURE LAST
                VALUE   (LST)  VALUE       VALUE  FROM      YEAR
                                                  NORMAL
..................................................................
TEMPERATURE (F)
 YESTERDAY
  MAXIMUM         89    156 PM  94    1933  80      9       74
                                      1904
  MINIMUM         57    608 AM  35    1901  56      1       60
  AVERAGE         73                        68      5       67

PRECIPITATION (IN)
  YESTERDAY        0.00          2.22 1936   0.13  -0.13     0.06
  MONTH TO DATE    2.72                      3.72  -1.00     2.46
  SINCE SEP 1      2.72                      3.72  -1.00     2.46
  SINCE JAN 1     35.92                     39.43  -3.51    45.35

SNOWFALL (IN)
  YESTERDAY        0.0
  MONTH TO DATE    0.0
  SINCE SEP 1      0.0
  SINCE JUL 1      0.0
  SNOW DEPTH       0

DEGREE DAYS
 HEATING
  YESTERDAY        0                         2     -2        0
  MONTH TO DATE    0                        14    -14        0
  SINCE SEP 1      0                        15    -15        0
  SINCE JUL 1      0                        15    -15        0

 COOLING
  YESTERDAY        8                         4      4        2
  MONTH TO DATE  307                       259     48      309
  SINCE SEP 1    307                       259     48      309
  SINCE JAN 1   1760                      1802    -42     1790
..................................................................


WIND (MPH)
  HIGHEST WIND SPEED     7   HIGHEST WIND DIRECTION     E (90)
  HIGHEST GUST SPEED    10   HIGHEST GUST DIRECTION    SW (240)
  AVERAGE WIND SPEED     0.8


SKY COVER
  POSSIBLE SUNSHINE  MM
  AVERAGE SKY COVER 0.1


WEATHER CONDITIONS
 THE FOLLOWING WEATHER WAS RECORDED YESTERDAY.
  FOG


RELATIVE HUMIDITY (PERCENT)
 HIGHEST    93           400 AM
 LOWEST     32           400 PM
 AVERAGE    63

..........................................................


THE MUSCLE SHOALS CLIMATE NORMALS FOR TODAY
                         NORMAL    RECORD    YEAR
 MAXIMUM TEMPERATURE (F)   79        99      1925
 MINIMUM TEMPERATURE (F)   55        35      1920
                                             1916


SUNRISE AND SUNSET
OCTOBER  1 2014.......SUNRISE   645 AM CDT   SUNSET   634 PM CDT
OCTOBER  2 2014.......SUNRISE   646 AM CDT   SUNSET   633 PM CDT


-  INDICATES NEGATIVE NUMBERS.
R  INDICATES RECORD WAS SET OR TIED.
MM INDICATES DATA IS MISSING.
T  INDICATES TRACE AMOUNT.




$$
