000
CDUS44 KHUN 180809
CLIMSL


CLIMATE REPORT
NATIONAL WEATHER SERVICE HUNTSVILLE AL
207 AM CST MON DEC 18 2017


...................................

...THE MUSCLE SHOALS CLIMATE SUMMARY FOR DECEMBER 17 2017...

CLIMATE NORMAL PERIOD 1981 TO 2010
CLIMATE RECORD PERIOD 1893 TO 2017


WEATHER ITEM   OBSERVED TIME   RECORD YEAR NORMAL DEPARTURE LAST
                VALUE   (LST)  VALUE       VALUE  FROM      YEAR
                                                  NORMAL
..................................................................
TEMPERATURE (F)
 YESTERDAY
  MAXIMUM         50    349 PM  75    1933  52     -2       74
  MINIMUM         35   1230 AM   1    1914  33      2       54
  AVERAGE         43                        43      0       64

PRECIPITATION (IN)
  YESTERDAY        0.44          2.53 1961   0.18   0.26     0.04
  MONTH TO DATE    2.51                      3.41  -0.90     3.65
  SINCE DEC 1      2.51                      3.41  -0.90     3.65
  SINCE JAN 1     46.02                     50.93  -4.91    39.11

SNOWFALL (IN)
  YESTERDAY        0.0
  MONTH TO DATE    0.0
  SINCE DEC 1      0.0
  SINCE JUL 1      0.0
  SNOW DEPTH       0

DEGREE DAYS
 HEATING
  YESTERDAY       22                        22      0        1
  MONTH TO DATE  366                       347     19      354
  SINCE DEC 1    366                       347     19      354
  SINCE JUL 1    873                       909    -36      682

 COOLING
  YESTERDAY        0                         0      0        0
  MONTH TO DATE    0                         0      0        0
  SINCE DEC 1      0                         0      0        0
  SINCE JAN 1   1973                      1871    102     2366
..................................................................


WIND (MPH)
  HIGHEST WIND SPEED    21   HIGHEST WIND DIRECTION    SE (140)
  HIGHEST GUST SPEED    28   HIGHEST GUST DIRECTION    SE (150)
  AVERAGE WIND SPEED     3.6


SKY COVER
  POSSIBLE SUNSHINE  MM
  AVERAGE SKY COVER 0.9


WEATHER CONDITIONS
 THE FOLLOWING WEATHER WAS RECORDED YESTERDAY.
  RAIN
  LIGHT RAIN


RELATIVE HUMIDITY (PERCENT)
 HIGHEST    93           600 PM
 LOWEST     62           400 AM
 AVERAGE    78

..........................................................


THE MUSCLE SHOALS CLIMATE NORMALS FOR TODAY
                         NORMAL    RECORD    YEAR
 MAXIMUM TEMPERATURE (F)   52        74      2016
                                             1924
 MINIMUM TEMPERATURE (F)   33         5      1901


SUNRISE AND SUNSET
DECEMBER 18 2017......SUNRISE   652 AM CST   SUNSET   442 PM CST
DECEMBER 19 2017......SUNRISE   653 AM CST   SUNSET   443 PM CST


-  INDICATES NEGATIVE NUMBERS.
R  INDICATES RECORD WAS SET OR TIED.
MM INDICATES DATA IS MISSING.
T  INDICATES TRACE AMOUNT.




$$
