000
CDUS44 KHUN 200829
CLIMSL


CLIMATE REPORT
NATIONAL WEATHER SERVICE HUNTSVILLE AL
228 AM CST MON FEB 20 2017


...................................

...THE MUSCLE SHOALS CLIMATE SUMMARY FOR FEBRUARY 19 2017...

CLIMATE NORMAL PERIOD 1981 TO 2010
CLIMATE RECORD PERIOD 1893 TO 2017


WEATHER ITEM   OBSERVED TIME   RECORD YEAR NORMAL DEPARTURE LAST
                VALUE   (LST)  VALUE       VALUE  FROM      YEAR
                                                  NORMAL
..................................................................
TEMPERATURE (F)
 YESTERDAY
  MAXIMUM         73    417 PM  76    1986  56     17       72
                                      1917
  MINIMUM         41    552 AM   5    1958  36      5       50
  AVERAGE         57                        46     11       61

PRECIPITATION (IN)
  YESTERDAY        0.00          3.38 1991   0.18  -0.18     0.00
  MONTH TO DATE    1.47                      3.14  -1.67     2.16
  SINCE DEC 1     11.53                     13.43  -1.90    12.75
  SINCE JAN 1      6.19                      7.75  -1.56     5.81

SNOWFALL (IN)
  YESTERDAY        0.0
  MONTH TO DATE    0.0
  SINCE DEC 1      T
  SINCE JUL 1      T
  SNOW DEPTH       0

DEGREE DAYS
 HEATING
  YESTERDAY        8                        19    -11        4
  MONTH TO DATE  264                       398   -134      409
  SINCE DEC 1   1292                      1816   -524     1523
  SINCE JUL 1   1620                      2378   -758     1888

 COOLING
  YESTERDAY        0                         0      0        0
  MONTH TO DATE    0                         0      0        0
  SINCE DEC 1      6                         1      5       22
  SINCE JAN 1      4                         0      4        0
..................................................................


WIND (MPH)
  HIGHEST WIND SPEED     8   HIGHEST WIND DIRECTION     E (80)
  HIGHEST GUST SPEED    10   HIGHEST GUST DIRECTION    NE (60)
  AVERAGE WIND SPEED     2.5


SKY COVER
  POSSIBLE SUNSHINE  MM
  AVERAGE SKY COVER 0.3


WEATHER CONDITIONS
 THE FOLLOWING WEATHER WAS RECORDED YESTERDAY.
  FOG
  FOG W/VISIBILITY <= 1/4 MILE


RELATIVE HUMIDITY (PERCENT)
 HIGHEST   100           800 AM
 LOWEST     44           200 PM
 AVERAGE    72

..........................................................


THE MUSCLE SHOALS CLIMATE NORMALS FOR TODAY
                         NORMAL    RECORD    YEAR
 MAXIMUM TEMPERATURE (F)   57        79      1917
 MINIMUM TEMPERATURE (F)   36        15      1958
                                             1934


SUNRISE AND SUNSET
FEBRUARY 20 2017......SUNRISE   630 AM CST   SUNSET   538 PM CST
FEBRUARY 21 2017......SUNRISE   629 AM CST   SUNSET   539 PM CST


-  INDICATES NEGATIVE NUMBERS.
R  INDICATES RECORD WAS SET OR TIED.
MM INDICATES DATA IS MISSING.
T  INDICATES TRACE AMOUNT.




$$
