000
CDUS44 KHUN 230737
CLIMSL


CLIMATE REPORT
NATIONAL WEATHER SERVICE HUNTSVILLE AL
236 AM CDT THU OCT 23 2014


...................................

...THE MUSCLE SHOALS CLIMATE SUMMARY FOR OCTOBER 22 2014...

CLIMATE NORMAL PERIOD 1981 TO 2010
CLIMATE RECORD PERIOD 1893 TO 2014


WEATHER ITEM   OBSERVED TIME   RECORD YEAR NORMAL DEPARTURE LAST
                VALUE   (LST)  VALUE       VALUE  FROM      YEAR
                                                  NORMAL
..................................................................
TEMPERATURE (F)
 YESTERDAY
  MAXIMUM         69    228 PM  90    1963  72     -3       68
  MINIMUM         43   1136 PM  26    1916  48     -5       45
  AVERAGE         56                        60     -4       57

PRECIPITATION (IN)
  YESTERDAY        0.00          2.85 2007   0.11  -0.11     0.00
  MONTH TO DATE    6.54                      2.34   4.20     1.38
  SINCE SEP 1      9.25                      6.06   3.19     3.84
  SINCE JAN 1     42.45                     41.77   0.68    46.73

SNOWFALL (IN)
  YESTERDAY        0.0
  MONTH TO DATE    0.0
  SINCE SEP 1      0.0
  SINCE JUL 1      0.0
  SNOW DEPTH       0

DEGREE DAYS
 HEATING
  YESTERDAY        9                         6      3        8
  MONTH TO DATE   59                        87    -28       60
  SINCE SEP 1     59                       102    -43       60
  SINCE JUL 1     59                       102    -43       60

 COOLING
  YESTERDAY        0                         1     -1        0
  MONTH TO DATE   84                        52     32       96
  SINCE SEP 1    391                       311     80      405
  SINCE JAN 1   1844                      1854    -10     1886
..................................................................


WIND (MPH)
  HIGHEST WIND SPEED    14   HIGHEST WIND DIRECTION    NE (30)
  HIGHEST GUST SPEED    20   HIGHEST GUST DIRECTION    NE (60)
  AVERAGE WIND SPEED     5.6


SKY COVER
  POSSIBLE SUNSHINE  MM
  AVERAGE SKY COVER 0.0


WEATHER CONDITIONS
 THE FOLLOWING WEATHER WAS RECORDED YESTERDAY.
  HAZE


RELATIVE HUMIDITY (PERCENT)
 HIGHEST    80           500 AM
 LOWEST     32           300 PM
 AVERAGE    56

..........................................................


THE MUSCLE SHOALS CLIMATE NORMALS FOR TODAY
                         NORMAL    RECORD    YEAR
 MAXIMUM TEMPERATURE (F)   72        89      1939
                                             1903
 MINIMUM TEMPERATURE (F)   47        28      1916


SUNRISE AND SUNSET
OCTOBER 23 2014.......SUNRISE   703 AM CDT   SUNSET   606 PM CDT
OCTOBER 24 2014.......SUNRISE   704 AM CDT   SUNSET   605 PM CDT


-  INDICATES NEGATIVE NUMBERS.
R  INDICATES RECORD WAS SET OR TIED.
MM INDICATES DATA IS MISSING.
T  INDICATES TRACE AMOUNT.




$$
