000
CDUS43 KMKX 080041
CLIMSN


CLIMATE REPORT
NATIONAL WEATHER SERVICE IN MILWAUKEE
741 PM CDT TUE JUL 7 2015


...................................

...THE MADISON WI CLIMATE SUMMARY FOR JULY 7 2015...
VALID TODAY AS OF 0700 PM LOCAL TIME.

CLIMATE NORMAL PERIOD 1981 TO 2010
CLIMATE RECORD PERIOD 1871 TO 2015


WEATHER ITEM   OBSERVED TIME   RECORD YEAR NORMAL DEPARTURE LAST
                VALUE   (LST)  VALUE       VALUE  FROM      YEAR
                                                  NORMAL
..................................................................
TEMPERATURE (F)
 TODAY
  MAXIMUM         71    236 PM 102    1936  82    -11       84
  MINIMUM         59    602 AM  45    1997  61     -2       66
  AVERAGE         65                        72     -7       75

PRECIPITATION (IN)
  TODAY            0.00          2.51 1879   0.14  -0.14     0.30
  MONTH TO DATE    0.77                      0.97  -0.20     0.31
  SINCE JUN 1      3.92                      5.51  -1.59     9.86
  SINCE JAN 1     14.44                     17.34  -2.90    21.61

SNOWFALL (IN)
  TODAY            0.0           0.0    MM   0.0    0.0      0.0
  MONTH TO DATE    0.0                       0.0    0.0      0.0
  SINCE JUN 1      0.0                       0.0    0.0      0.0
  SINCE JUL 1      0.0                       0.0    0.0      0.0
  SNOW DEPTH       0

DEGREE DAYS
 HEATING
  TODAY            0                         0      0        0
  MONTH TO DATE   11                         0     11        3
  SINCE JUN 1     48                        60    -12       12
  SINCE JUL 1     11                         0     11        3

 COOLING
  TODAY            0                         7     -7       10
  MONTH TO DATE   17                        47    -30       32
  SINCE JUN 1    128                       167    -39      214
  SINCE JAN 1    178                       197    -19      265
..................................................................


WIND (MPH)
  HIGHEST WIND SPEED    15   HIGHEST WIND DIRECTION     N (360)
  HIGHEST GUST SPEED    26   HIGHEST GUST DIRECTION    NE (60)
  AVERAGE WIND SPEED     9.9


SKY COVER
  POSSIBLE SUNSHINE  MM
  AVERAGE SKY COVER 0.9


WEATHER CONDITIONS
 THE FOLLOWING WEATHER WAS RECORDED TODAY.
  FOG
  HAZE


RELATIVE HUMIDITY (PERCENT)
 HIGHEST    90           400 AM
 LOWEST     51           400 PM
 AVERAGE    71

..........................................................


THE MADISON WI CLIMATE NORMALS FOR TOMORROW
                         NORMAL    RECORD    YEAR
 MAXIMUM TEMPERATURE (F)   82       100      1936
 MINIMUM TEMPERATURE (F)   61        43      1972


SUNRISE AND SUNSET
JULY  7 2015..........SUNRISE   525 AM CDT   SUNSET   839 PM CDT
JULY  8 2015..........SUNRISE   526 AM CDT   SUNSET   839 PM CDT


-  INDICATES NEGATIVE NUMBERS.
R  INDICATES RECORD WAS SET OR TIED.
MM INDICATES DATA IS MISSING.
T  INDICATES TRACE AMOUNT.




$$
