000
CDUS43 KMKX 270701
CLIMSN


CLIMATE REPORT
NATIONAL WEATHER SERVICE IN MILWAUKEE
200 AM CDT FRI MAY 27 2016


...................................

...THE MADISON WI CLIMATE SUMMARY FOR MAY 26 2016...

CLIMATE NORMAL PERIOD 1981 TO 2010
CLIMATE RECORD PERIOD 1871 TO 2016


WEATHER ITEM   OBSERVED TIME   RECORD YEAR NORMAL DEPARTURE LAST
                VALUE   (LST)  VALUE       VALUE  FROM      YEAR
                                                  NORMAL
..................................................................
TEMPERATURE (F)
 YESTERDAY
  MAXIMUM         84    459 PM  91    1978  72     12       76
  MINIMUM         62   1024 PM  30    1983  49     13       62
  AVERAGE         73                        60     13       69

PRECIPITATION (IN)
  YESTERDAY        0.08          2.19 1903   0.12  -0.04     0.38
  MONTH TO DATE    1.63                      2.91  -1.28     3.78
  SINCE MAR 1      7.70                      8.51  -0.81     8.92
  SINCE JAN 1      9.20                     11.19  -1.99    10.12

SNOWFALL (IN)
  YESTERDAY        0.0           0.0    MM   0.0    0.0      0.0
  MONTH TO DATE    0.0                       0.2   -0.2      0.0
  SINCE MAR 1      8.2                       9.8   -1.6      4.2
  SINCE JUL 1     32.7                      50.9  -18.2     33.7
  SNOW DEPTH       0

DEGREE DAYS
 HEATING
  YESTERDAY        0                         6     -6        0
  MONTH TO DATE  246                       240      6      167
  SINCE MAR 1   1584                      1761   -177     1596
  SINCE JUL 1   6184                      7247  -1063     7307

 COOLING
  YESTERDAY        8                         1      7        4
  MONTH TO DATE   23                        16      7       36
  SINCE MAR 1     23                        20      3       36
  SINCE JAN 1     23                        20      3       36
..................................................................


WIND (MPH)
  HIGHEST WIND SPEED    17   HIGHEST WIND DIRECTION     S (180)
  HIGHEST GUST SPEED    22   HIGHEST GUST DIRECTION     S (170)
  AVERAGE WIND SPEED     5.5


SKY COVER
  POSSIBLE SUNSHINE  MM
  AVERAGE SKY COVER 0.5


WEATHER CONDITIONS
 THE FOLLOWING WEATHER WAS RECORDED YESTERDAY.
  THUNDERSTORM
  LIGHT RAIN
  FOG
  HAZE


RELATIVE HUMIDITY (PERCENT)
 HIGHEST    93           300 AM
 LOWEST     37           300 PM
 AVERAGE    65

..........................................................


THE MADISON WI CLIMATE NORMALS FOR TODAY
                         NORMAL    RECORD    YEAR
 MAXIMUM TEMPERATURE (F)   72        94      2012
 MINIMUM TEMPERATURE (F)   50        31      1971


SUNRISE AND SUNSET
MAY 27 2016...........SUNRISE   523 AM CDT   SUNSET   826 PM CDT
MAY 28 2016...........SUNRISE   522 AM CDT   SUNSET   827 PM CDT


-  INDICATES NEGATIVE NUMBERS.
R  INDICATES RECORD WAS SET OR TIED.
MM INDICATES DATA IS MISSING.
T  INDICATES TRACE AMOUNT.




$$
