000
CDUS43 KMKX 290641
CLIMSN


CLIMATE REPORT
NATIONAL WEATHER SERVICE IN MILWAUKEE
141 AM CDT MON MAY 29 2017


...................................

...THE MADISON WI CLIMATE SUMMARY FOR MAY 28 2017...

CLIMATE NORMAL PERIOD 1981 TO 2010
CLIMATE RECORD PERIOD 1871 TO 2017


WEATHER ITEM   OBSERVED TIME   RECORD YEAR NORMAL DEPARTURE LAST
                VALUE   (LST)  VALUE       VALUE  FROM      YEAR
                                                  NORMAL
..................................................................
TEMPERATURE (F)
 YESTERDAY
  MAXIMUM         75    401 PM  92    1991  72      3       83
  MINIMUM         55    506 AM  34    1965  50      5       64
                                      1949
  AVERAGE         65                        61      4       74

PRECIPITATION (IN)
  YESTERDAY        0.37          1.86 1927   0.12   0.25     0.30
  MONTH TO DATE    2.77                      3.16  -0.39     1.94
  SINCE MAR 1     10.90                      8.76   2.14     8.01
  SINCE JAN 1     15.60                     11.44   4.16     9.51

SNOWFALL (IN)
  YESTERDAY        0.0           T    1947   0.0    0.0      0.0
  MONTH TO DATE    0.0                       0.2   -0.2      0.0
  SINCE MAR 1      8.3                       9.8   -1.5      8.2
  SINCE JUL 1     44.0                      50.9   -6.9     32.7
  SNOW DEPTH       0

DEGREE DAYS
 HEATING
  YESTERDAY        0                         5     -5        0
  MONTH TO DATE  269                       251     18      246
  SINCE MAR 1   1661                      1772   -111     1584
  SINCE JUL 1   6173                      7258  -1085     6184

 COOLING
  YESTERDAY        0                         1     -1        9
  MONTH TO DATE   15                        18     -3       37
  SINCE MAR 1     15                        22     -7       37
  SINCE JAN 1     15                        22     -7       37
..................................................................


WIND (MPH)
  HIGHEST WIND SPEED    16   HIGHEST WIND DIRECTION     W (280)
  HIGHEST GUST SPEED    24   HIGHEST GUST DIRECTION     W (280)
  AVERAGE WIND SPEED     4.6


SKY COVER
  POSSIBLE SUNSHINE  MM
  AVERAGE SKY COVER 0.6


WEATHER CONDITIONS
 THE FOLLOWING WEATHER WAS RECORDED YESTERDAY.
  THUNDERSTORM
  HEAVY RAIN
  RAIN
  LIGHT RAIN
  FOG


RELATIVE HUMIDITY (PERCENT)
 HIGHEST   100           600 AM
 LOWEST     33           400 PM
 AVERAGE    67

..........................................................


THE MADISON WI CLIMATE NORMALS FOR TODAY
                         NORMAL    RECORD    YEAR
 MAXIMUM TEMPERATURE (F)   73        91      1991
 MINIMUM TEMPERATURE (F)   50        30      1965


SUNRISE AND SUNSET
MAY 29 2017...........SUNRISE   522 AM CDT   SUNSET   828 PM CDT
MAY 30 2017...........SUNRISE   521 AM CDT   SUNSET   829 PM CDT


-  INDICATES NEGATIVE NUMBERS.
R  INDICATES RECORD WAS SET OR TIED.
MM INDICATES DATA IS MISSING.
T  INDICATES TRACE AMOUNT.




$$
