000
CDUS43 KMKX 300651
CLIMSN


CLIMATE REPORT
NATIONAL WEATHER SERVICE IN MILWAUKEE
150 AM CDT THU MAR 30 2017


...................................

...THE MADISON WI CLIMATE SUMMARY FOR MARCH 29 2017...

CLIMATE NORMAL PERIOD 1981 TO 2010
CLIMATE RECORD PERIOD 1871 TO 2017


WEATHER ITEM   OBSERVED TIME   RECORD YEAR NORMAL DEPARTURE LAST
                VALUE   (LST)  VALUE       VALUE  FROM      YEAR
                                                  NORMAL
..................................................................
TEMPERATURE (F)
 YESTERDAY
  MAXIMUM         48    226 PM  82    1986  49     -1       61
                                      1910
  MINIMUM         30    325 AM   1    1887  29      1       30
  AVERAGE         39                        39      0       46

PRECIPITATION (IN)
  YESTERDAY        0.20          1.07 1960   0.09   0.11     0.00
  MONTH TO DATE    2.30                      2.01   0.29     3.07
  SINCE MAR 1      2.30                      2.01   0.29     3.07
  SINCE JAN 1      7.00                      4.69   2.31     4.57

SNOWFALL (IN)
  YESTERDAY        0.0          10.9  1972   0.2   -0.2      0.0
  MONTH TO DATE    8.3                       6.7    1.6      4.0
  SINCE MAR 1      8.3                       6.7    1.6      4.0
  SINCE JUL 1     44.0                      47.8   -3.8     28.5
  SNOW DEPTH       0

DEGREE DAYS
 HEATING
  YESTERDAY       26                        26      0       19
  MONTH TO DATE  896                       912    -16      732
  SINCE MAR 1    896                       912    -16      732
  SINCE JUL 1   5408                      6398   -990     5332

 COOLING
  YESTERDAY        0                         0      0        0
  MONTH TO DATE    0                         0      0        0
  SINCE MAR 1      0                         0      0        0
  SINCE JAN 1      0                         0      0        0
..................................................................


WIND (MPH)
  HIGHEST WIND SPEED    22   HIGHEST WIND DIRECTION     E (70)
  HIGHEST GUST SPEED    33   HIGHEST GUST DIRECTION    NE (50)
  AVERAGE WIND SPEED     9.1


SKY COVER
  POSSIBLE SUNSHINE  MM
  AVERAGE SKY COVER 0.8


WEATHER CONDITIONS
 THE FOLLOWING WEATHER WAS RECORDED YESTERDAY.
  RAIN
  LIGHT RAIN
  FOG
  FOG W/VISIBILITY <= 1/4 MILE


RELATIVE HUMIDITY (PERCENT)
 HIGHEST   100           400 AM
 LOWEST     53           300 PM
 AVERAGE    77

..........................................................


THE MADISON WI CLIMATE NORMALS FOR TODAY
                         NORMAL    RECORD    YEAR
 MAXIMUM TEMPERATURE (F)   50        78      1967
 MINIMUM TEMPERATURE (F)   30         2      1969


SUNRISE AND SUNSET
MARCH 30 2017.........SUNRISE   642 AM CDT   SUNSET   722 PM CDT
MARCH 31 2017.........SUNRISE   641 AM CDT   SUNSET   723 PM CDT


-  INDICATES NEGATIVE NUMBERS.
R  INDICATES RECORD WAS SET OR TIED.
MM INDICATES DATA IS MISSING.
T  INDICATES TRACE AMOUNT.




$$
