000
CDUS43 KMKX 210700
CLIMSN


CLIMATE REPORT
NATIONAL WEATHER SERVICE IN MILWAUKEE
200 AM CDT THU SEP 21 2017


...................................

...THE MADISON WI CLIMATE SUMMARY FOR SEPTEMBER 20 2017...

CLIMATE NORMAL PERIOD 1981 TO 2010
CLIMATE RECORD PERIOD 1871 TO 2017


WEATHER ITEM   OBSERVED TIME   RECORD YEAR NORMAL DEPARTURE LAST
                VALUE   (LST)  VALUE       VALUE  FROM      YEAR
                                                  NORMAL
..................................................................
TEMPERATURE (F)
 YESTERDAY
  MAXIMUM         91R   327 PM  89    1908  70     21       84
                                      1895
                                      1891
  MINIMUM         61    330 AM  28    1956  48     13       55
  AVERAGE         76                        59     17       70

PRECIPITATION (IN)
  YESTERDAY        0.39          3.34 1878   0.11   0.28     0.00
  MONTH TO DATE    0.55                      2.16  -1.61     5.32
  SINCE SEP 1      0.55                      2.16  -1.61     5.32
  SINCE JAN 1     33.31                     26.98   6.33    33.56

SNOWFALL (IN)
  YESTERDAY        0.0           0.0    MM   0.0    0.0      0.0
  MONTH TO DATE    0.0                       0.0    0.0      0.0
  SINCE SEP 1      0.0                       0.0    0.0      0.0
  SINCE JUL 1      0.0                       0.0    0.0      0.0
  SNOW DEPTH       0

DEGREE DAYS
 HEATING
  YESTERDAY        0                         7     -7        0
  MONTH TO DATE   76                        83     -7        9
  SINCE SEP 1     76                        83     -7        9
  SINCE JUL 1    101                       120    -19       16

 COOLING
  YESTERDAY       11                         1     10        5
  MONTH TO DATE   41                        44     -3       63
  SINCE SEP 1     41                        44     -3       63
  SINCE JAN 1    501                       557    -56      758
..................................................................


WIND (MPH)
  HIGHEST WIND SPEED    24   HIGHEST WIND DIRECTION     S (170)
  HIGHEST GUST SPEED    31   HIGHEST GUST DIRECTION     S (160)
  AVERAGE WIND SPEED    10.8


SKY COVER
  POSSIBLE SUNSHINE  MM
  AVERAGE SKY COVER 0.5


WEATHER CONDITIONS
 THE FOLLOWING WEATHER WAS RECORDED YESTERDAY.
  THUNDERSTORM
  LIGHT RAIN
  FOG
  HAZE


RELATIVE HUMIDITY (PERCENT)
 HIGHEST   100          1100 PM
 LOWEST     52           200 PM
 AVERAGE    76

..........................................................


THE MADISON WI CLIMATE NORMALS FOR TODAY
                         NORMAL    RECORD    YEAR
 MAXIMUM TEMPERATURE (F)   70        90      1908
                                             1891
 MINIMUM TEMPERATURE (F)   48        33      1991
                                             1982
                                             1974


SUNRISE AND SUNSET
SEPTEMBER 21 2017.....SUNRISE   644 AM CDT   SUNSET   656 PM CDT
SEPTEMBER 22 2017.....SUNRISE   645 AM CDT   SUNSET   654 PM CDT


-  INDICATES NEGATIVE NUMBERS.
R  INDICATES RECORD WAS SET OR TIED.
MM INDICATES DATA IS MISSING.
T  INDICATES TRACE AMOUNT.




$$
