000
CDUS45 KMSO 312246
CLIMSO


CLIMATE REPORT
NATIONAL WEATHER SERVICE MISSOULA, MT
445 PM MDT WED AUG 31 2016


...................................

...THE MISSOULA MT CLIMATE SUMMARY FOR AUGUST 31 2016...
VALID TODAY AS OF 0400 PM LOCAL TIME.

CLIMATE NORMAL PERIOD 1981 TO 2010
CLIMATE RECORD PERIOD 1893 TO 2016


WEATHER ITEM   OBSERVED TIME   RECORD YEAR NORMAL DEPARTURE LAST
                VALUE   (LST)  VALUE       VALUE  FROM      YEAR
                                                  NORMAL
..................................................................
TEMPERATURE (F)
 TODAY
  MAXIMUM         76    250 PM  94    1991  80     -4       73
                                      1940
                                      1929
  MINIMUM         53    550 AM  36    1993  47      6       41
                                      1924
  AVERAGE         65                        63      2       57

PRECIPITATION (IN)
  TODAY            0.00          1.11 1896   0.04  -0.04     0.00
  MONTH TO DATE    0.28                      1.19  -0.91     0.20
  SINCE OCT 1     11.59                     12.96  -1.37    11.46
  SINCE JAN 1      8.20                     10.03  -1.83     6.15

SNOWFALL (IN)
  TODAY            0.0
  MONTH TO DATE    0.0
  SINCE JAN 1     13.1
  SINCE JUL 1      0.0
  SNOW DEPTH       0

DEGREE DAYS
 HEATING
  TODAY            0                         3     -3        8
  MONTH TO DATE   41                        47     -6       39
  SINCE JUN 1    217                       244    -27      107
  SINCE JUL 1     98                        84     14       60

 COOLING
  TODAY            0                         2     -2        0
  MONTH TO DATE   91                       123    -32      117
  SINCE JUN 1    279                       311    -32      400
  SINCE JAN 1    279                       317    -38      400
..................................................................


WIND (MPH)
  HIGHEST WIND SPEED    16   HIGHEST WIND DIRECTION     S (170)
  HIGHEST GUST SPEED    19   HIGHEST GUST DIRECTION     S (170)
  AVERAGE WIND SPEED     3.7


SKY COVER
  POSSIBLE SUNSHINE  MM
  AVERAGE SKY COVER 0.1


WEATHER CONDITIONS
 THE FOLLOWING WEATHER WAS RECORDED TODAY.
  HAZE


RELATIVE HUMIDITY (PERCENT)
 HIGHEST    55           600 AM
 LOWEST     35           200 PM
 AVERAGE    45

..........................................................


THE MISSOULA MT CLIMATE NORMALS FOR TOMORROW
                         NORMAL    RECORD    YEAR
 MAXIMUM TEMPERATURE (F)   80        99      1967
 MINIMUM TEMPERATURE (F)   47        33      2006


SUNRISE AND SUNSET
AUGUST 31 2016........SUNRISE   655 AM MDT   SUNSET   817 PM MDT
SEPTEMBER  1 2016.....SUNRISE   657 AM MDT   SUNSET   815 PM MDT


-  INDICATES NEGATIVE NUMBERS.
R  INDICATES RECORD WAS SET OR TIED.
MM INDICATES DATA IS MISSING.
T  INDICATES TRACE AMOUNT.




$$
