000
CDUS45 KMSO 230740
CLIMSO


CLIMATE REPORT
NATIONAL WEATHER SERVICE MISSOULA, MT
140 AM MDT SAT AUG 23 2014


...................................

...THE MISSOULA MT CLIMATE SUMMARY FOR AUGUST 22 2014...

CLIMATE NORMAL PERIOD 1981 TO 2010
CLIMATE RECORD PERIOD 1893 TO 2014


WEATHER ITEM   OBSERVED TIME   RECORD YEAR NORMAL DEPARTURE LAST
                VALUE   (LST)  VALUE       VALUE  FROM      YEAR
                                                  NORMAL
..................................................................
TEMPERATURE (F)
 YESTERDAY
  MAXIMUM         67    309 PM 100    1969  83    -16       89
  MINIMUM         53    640 AM  35    1906  49      4       52
  AVERAGE         60                        66     -6       71

PRECIPITATION (IN)
  YESTERDAY        0.18          1.43 1947   0.04   0.14     0.00
  MONTH TO DATE    0.91                      0.82   0.09     0.32
  SINCE OCT 1     11.70                     12.59  -0.89    11.01
  SINCE JAN 1      9.99                      9.66   0.33     6.22

SNOWFALL (IN)
  YESTERDAY        0.0
  MONTH TO DATE    0.0
  SINCE JAN 1     51.9
  SINCE JUL 1      0.0
  SNOW DEPTH       0

DEGREE DAYS
 HEATING
  YESTERDAY        5                         2      3        0
  MONTH TO DATE    8                        25    -17        8
  SINCE JUN 1    191                       223    -32      149
  SINCE JUL 1     14                        63    -49        8

 COOLING
  YESTERDAY        0                         3     -3        6
  MONTH TO DATE  127                       104     23      139
  SINCE JUN 1    367                       292     75      436
  SINCE JAN 1    367                       298     69      440
..................................................................


WIND (MPH)
  HIGHEST WIND SPEED    21   HIGHEST WIND DIRECTION     N (10)
  HIGHEST GUST SPEED    26   HIGHEST GUST DIRECTION     N (10)
  AVERAGE WIND SPEED     8.1


SKY COVER
  POSSIBLE SUNSHINE  MM
  AVERAGE SKY COVER 0.9


WEATHER CONDITIONS
 THE FOLLOWING WEATHER WAS RECORDED YESTERDAY.
  RAIN
  LIGHT RAIN
  FOG


RELATIVE HUMIDITY (PERCENT)
 HIGHEST    93           600 AM
 LOWEST     58           200 PM
 AVERAGE    76

..........................................................


THE MISSOULA MT CLIMATE NORMALS FOR TODAY
                         NORMAL    RECORD    YEAR
 MAXIMUM TEMPERATURE (F)   83       103      1969
 MINIMUM TEMPERATURE (F)   49        37      1992
                                             1962


SUNRISE AND SUNSET
AUGUST 23 2014........SUNRISE   644 AM MDT   SUNSET   833 PM MDT
AUGUST 24 2014........SUNRISE   646 AM MDT   SUNSET   831 PM MDT


-  INDICATES NEGATIVE NUMBERS.
R  INDICATES RECORD WAS SET OR TIED.
MM INDICATES DATA IS MISSING.
T  INDICATES TRACE AMOUNT.




$$
