000
CDUS45 KMSO 220738
CLIMSO


CLIMATE REPORT
NATIONAL WEATHER SERVICE MISSOULA, MT
138 AM MDT FRI MAY 22 2015


...................................

...THE MISSOULA MT CLIMATE SUMMARY FOR MAY 21 2015...

CLIMATE NORMAL PERIOD 1981 TO 2010
CLIMATE RECORD PERIOD 1893 TO 2015


WEATHER ITEM   OBSERVED TIME   RECORD YEAR NORMAL DEPARTURE LAST
                VALUE   (LST)  VALUE       VALUE  FROM      YEAR
                                                  NORMAL
..................................................................
TEMPERATURE (F)
 YESTERDAY
  MAXIMUM         78    302 PM  90    1928  69      9       78
                                      1919
  MINIMUM         42    524 AM  28    2009  41      1       38
                                      1960
                                      1953
  AVERAGE         60                        55      5       58

PRECIPITATION (IN)
  YESTERDAY        T             1.54 1981   0.07  -0.07     0.00
  MONTH TO DATE    0.35                      1.19  -0.84     0.92
  SINCE OCT 1      8.82                      7.89   0.93     8.47
  SINCE JAN 1      3.51                      4.96  -1.45     6.76

SNOWFALL (IN)
  YESTERDAY        0.0
  MONTH TO DATE    0.0
  SINCE JAN 1     13.3
  SINCE JUL 1     33.9
  SNOW DEPTH       0

DEGREE DAYS
 HEATING
  YESTERDAY        5                        10     -5        7
  MONTH TO DATE  257                       270    -13      265
  SINCE MAR 1   1598                      1664    -66     1747
  SINCE JUL 1   6590                      7033   -443     7257

 COOLING
  YESTERDAY        0                         0      0        0
  MONTH TO DATE    0                         0      0        0
  SINCE MAR 1      0                         0      0        0
  SINCE JAN 1      0                         0      0        0
..................................................................


WIND (MPH)
  HIGHEST WIND SPEED    33   HIGHEST WIND DIRECTION     S (170)
  HIGHEST GUST SPEED    39   HIGHEST GUST DIRECTION     S (170)
  AVERAGE WIND SPEED     7.0


SKY COVER
  POSSIBLE SUNSHINE  MM
  AVERAGE SKY COVER 0.3


WEATHER CONDITIONS
 THE FOLLOWING WEATHER WAS RECORDED YESTERDAY.
  LIGHT RAIN


RELATIVE HUMIDITY (PERCENT)
 HIGHEST    67           800 PM
 LOWEST     21           300 PM
 AVERAGE    44

..........................................................


THE MISSOULA MT CLIMATE NORMALS FOR TODAY
                         NORMAL    RECORD    YEAR
 MAXIMUM TEMPERATURE (F)   69        90      1919
 MINIMUM TEMPERATURE (F)   42        22      1960


SUNRISE AND SUNSET
MAY 22 2015...........SUNRISE   554 AM MDT   SUNSET   913 PM MDT
MAY 23 2015...........SUNRISE   553 AM MDT   SUNSET   914 PM MDT


-  INDICATES NEGATIVE NUMBERS.
R  INDICATES RECORD WAS SET OR TIED.
MM INDICATES DATA IS MISSING.
T  INDICATES TRACE AMOUNT.




$$
