000
CDUS45 KMSO 042233
CLIMSO


CLIMATE REPORT
NATIONAL WEATHER SERVICE MISSOULA, MT
431 PM MDT TUE AUG 4 2015


...................................

...THE MISSOULA MT CLIMATE SUMMARY FOR AUGUST 4 2015...
VALID TODAY AS OF 0400 PM LOCAL TIME.

CLIMATE NORMAL PERIOD 1981 TO 2010
CLIMATE RECORD PERIOD 1893 TO 2015


WEATHER ITEM   OBSERVED TIME   RECORD YEAR NORMAL DEPARTURE LAST
                VALUE   (LST)  VALUE       VALUE  FROM      YEAR
                                                  NORMAL
..................................................................
TEMPERATURE (F)
 TODAY
  MAXIMUM         87    250 PM 105    1961  88     -1       90
  MINIMUM         63    650 AM  37    1980  52     11       57
  AVERAGE         75                        70      5       74

PRECIPITATION (IN)
  TODAY            0.00          0.25 1919   0.03  -0.03     0.00
  MONTH TO DATE    0.00                      0.13  -0.13     0.03
  SINCE OCT 1     11.26                     11.90  -0.64    10.82
  SINCE JAN 1      5.95                      8.97  -3.02     9.11

SNOWFALL (IN)
  TODAY            0.0
  MONTH TO DATE    0.0
  SINCE JAN 1     13.3
  SINCE JUL 1      0.0
  SNOW DEPTH       0

DEGREE DAYS
 HEATING
  TODAY            0                         1     -1        0
  MONTH TO DATE    0                         4     -4        0
  SINCE JUN 1     68                       202   -134      183
  SINCE JUL 1     21                        42    -21        6

 COOLING
  TODAY           10                         6      4        9
  MONTH TO DATE   36                        24     12       38
  SINCE JUN 1    319                       212    107      278
  SINCE JAN 1    319                       218    101      278
..................................................................


WIND (MPH)
  HIGHEST WIND SPEED    13   HIGHEST WIND DIRECTION    SW (220)
  HIGHEST GUST SPEED    19   HIGHEST GUST DIRECTION    SW (220)
  AVERAGE WIND SPEED     2.7


SKY COVER
  POSSIBLE SUNSHINE  MM
  AVERAGE SKY COVER 0.5


WEATHER CONDITIONS
 THE FOLLOWING WEATHER WAS RECORDED TODAY.
  NO SIGNIFICANT WEATHER WAS OBSERVED.


RELATIVE HUMIDITY (PERCENT)
 HIGHEST    48           700 AM
 LOWEST     19           300 PM
 AVERAGE    34

..........................................................


THE MISSOULA MT CLIMATE NORMALS FOR TOMORROW
                         NORMAL    RECORD    YEAR
 MAXIMUM TEMPERATURE (F)   88       103      1961
 MINIMUM TEMPERATURE (F)   52        40      1896


SUNRISE AND SUNSET
AUGUST  4 2015........SUNRISE   619 AM MDT   SUNSET   905 PM MDT
AUGUST  5 2015........SUNRISE   621 AM MDT   SUNSET   903 PM MDT


-  INDICATES NEGATIVE NUMBERS.
R  INDICATES RECORD WAS SET OR TIED.
MM INDICATES DATA IS MISSING.
T  INDICATES TRACE AMOUNT.




$$
