000
CDUS45 KMSO 230738
CLIMSO


CLIMATE REPORT
NATIONAL WEATHER SERVICE MISSOULA, MT
137 AM MDT FRI JUN 23 2017


...................................

...THE MISSOULA MT CLIMATE SUMMARY FOR JUNE 22 2017...

CLIMATE NORMAL PERIOD 1981 TO 2010
CLIMATE RECORD PERIOD 1893 TO 2017


WEATHER ITEM   OBSERVED TIME   RECORD YEAR NORMAL DEPARTURE LAST
                VALUE   (LST)  VALUE       VALUE  FROM      YEAR
                                                  NORMAL
..................................................................
TEMPERATURE (F)
 YESTERDAY
  MAXIMUM         72    456 PM  99    1941  77     -5       85
  MINIMUM         43    513 AM  34    1901  48     -5       40
  AVERAGE         58                        62     -4       63

PRECIPITATION (IN)
  YESTERDAY        0.00          0.70 1907   0.06  -0.06     0.00
  MONTH TO DATE    1.99                      1.65   0.34     0.58
  SINCE OCT 1     14.68                     10.36   4.32     9.07
  SINCE JAN 1     10.02                      7.43   2.59     5.68

SNOWFALL (IN)
  YESTERDAY        0.0
  MONTH TO DATE    T
  SINCE JAN 1     38.2
  SINCE JUL 1     67.3
  SNOW DEPTH       0

DEGREE DAYS
 HEATING
  YESTERDAY        7                         4      3        2
  MONTH TO DATE  109                       133    -24      102
  SINCE JUN 1    109                       133    -24      102
  SINCE JUL 1   7587                      7257    330     6831

 COOLING
  YESTERDAY        0                         2     -2        0
  MONTH TO DATE   21                        24     -3       34
  SINCE JUN 1     21                        24     -3       34
  SINCE JAN 1     30                        30      0       34
..................................................................


WIND (MPH)
  HIGHEST WIND SPEED    23   HIGHEST WIND DIRECTION     N (20)
  HIGHEST GUST SPEED    32   HIGHEST GUST DIRECTION    NE (30)
  AVERAGE WIND SPEED     8.3


SKY COVER
  POSSIBLE SUNSHINE  MM
  AVERAGE SKY COVER 0.0


WEATHER CONDITIONS
 THE FOLLOWING WEATHER WAS RECORDED YESTERDAY.
  NO SIGNIFICANT WEATHER WAS OBSERVED.


RELATIVE HUMIDITY (PERCENT)
 HIGHEST    70           500 AM
 LOWEST     21          1100 AM
 AVERAGE    46

..........................................................


THE MISSOULA MT CLIMATE NORMALS FOR TODAY
                         NORMAL    RECORD    YEAR
 MAXIMUM TEMPERATURE (F)   78        96      1970
 MINIMUM TEMPERATURE (F)   48        32      1963


SUNRISE AND SUNSET
JUNE 23 2017..........SUNRISE   542 AM MDT   SUNSET   935 PM MDT
JUNE 24 2017..........SUNRISE   543 AM MDT   SUNSET   935 PM MDT


-  INDICATES NEGATIVE NUMBERS.
R  INDICATES RECORD WAS SET OR TIED.
MM INDICATES DATA IS MISSING.
T  INDICATES TRACE AMOUNT.




$$
