204
CDUS43 KMPX 190631
CLIMSP


CLIMATE REPORT
NATIONAL WEATHER SERVICE CHANHASSEN MN
131 AM CDT TUE SEP 19 2017


...................................

...THE TWIN CITIES MN CLIMATE SUMMARY FOR SEPTEMBER 18 2017...

CLIMATE NORMAL PERIOD 1981 TO 2010
CLIMATE RECORD PERIOD 1871 TO 2017


WEATHER ITEM   OBSERVED TIME   RECORD YEAR NORMAL DEPARTURE LAST
                VALUE   (LST)  VALUE       VALUE  FROM      YEAR
                                                  NORMAL
..................................................................
TEMPERATURE (F)
 YESTERDAY
  MAXIMUM         59   1159 PM  93    1891  71    -12       84
  MINIMUM         55    155 PM  32    1929  51      4       54
  AVERAGE         57                        61     -4       69

PRECIPITATION (IN)
  YESTERDAY        0.37          3.75 1905   0.10   0.27     0.00
  MONTH TO DATE    0.48                      1.89  -1.41     2.57
  SINCE SEP 1      0.48                      1.89  -1.41     2.57
  SINCE JAN 1     26.13                     24.06   2.07    28.89

SNOWFALL (IN)
  YESTERDAY        0.0           0.0    MM   0.0    0.0      0.0
  MONTH TO DATE    0.0                       0.0    0.0      0.0
  SINCE SEP 1      0.0                       0.0    0.0      0.0
  SINCE JUL 1      0.0                       0.0    0.0      0.0
  SNOW DEPTH       0

DEGREE DAYS
 HEATING
  YESTERDAY        8                         6      2        0
  MONTH TO DATE   35                        60    -25       10
  SINCE SEP 1     35                        60    -25       10
  SINCE JUL 1     42                        79    -37       13

 COOLING
  YESTERDAY        0                         2     -2        4
  MONTH TO DATE   79                        54     25       73
  SINCE SEP 1     79                        54     25       73
  SINCE JAN 1    767                       735     32      944
..................................................................


WIND (MPH)
  HIGHEST WIND SPEED    18   HIGHEST WIND DIRECTION    SE (130)
  HIGHEST GUST SPEED    22   HIGHEST GUST DIRECTION    SE (130)
  AVERAGE WIND SPEED     9.2


SKY COVER
  POSSIBLE SUNSHINE  MM
  AVERAGE SKY COVER 1.0


WEATHER CONDITIONS
 THE FOLLOWING WEATHER WAS RECORDED YESTERDAY.
  RAIN
  LIGHT RAIN
  FOG


RELATIVE HUMIDITY (PERCENT)
 HIGHEST    93          1000 AM
 LOWEST     77           200 AM
 AVERAGE    85

..........................................................


THE TWIN CITIES MN CLIMATE NORMALS FOR TODAY
                         NORMAL    RECORD    YEAR
 MAXIMUM TEMPERATURE (F)   70        94      1895
 MINIMUM TEMPERATURE (F)   51        33      1991
                                             1873


SUNRISE AND SUNSET
SEPTEMBER 19 2017.....SUNRISE   657 AM CDT   SUNSET   715 PM CDT
SEPTEMBER 20 2017.....SUNRISE   658 AM CDT   SUNSET   714 PM CDT


-  INDICATES NEGATIVE NUMBERS.
R  INDICATES RECORD WAS SET OR TIED.
MM INDICATES DATA IS MISSING.
T  INDICATES TRACE AMOUNT.




$$
