000
CDUS43 KMPX 170644
CLIMSP


CLIMATE REPORT
NATIONAL WEATHER SERVICE CHANHASSEN MN
143 AM CDT THU APR 17 2014


...................................

...THE TWIN CITIES MN CLIMATE SUMMARY FOR APRIL 16 2014...

CLIMATE NORMAL PERIOD 1981 TO 2010
CLIMATE RECORD PERIOD 1871 TO 2014


WEATHER ITEM   OBSERVED TIME   RECORD YEAR NORMAL DEPARTURE LAST
                VALUE   (LST)  VALUE       VALUE  FROM      YEAR
                                                  NORMAL
..................................................................
TEMPERATURE (F)
 YESTERDAY
  MAXIMUM         37    220 PM  88    1964  58    -21       47
  MINIMUM         28   1159 PM  10    1875  38    -10       33
  AVERAGE         33                        48    -15       40

PRECIPITATION (IN)
  YESTERDAY        0.68          1.04 2003   0.08   0.60     0.00
  MONTH TO DATE    1.63                      1.28   0.35     2.73
  SINCE MAR 1      2.45                      3.17  -0.72     4.77
  SINCE JAN 1      5.28                      4.84   0.44     6.96

SNOWFALL (IN)
  YESTERDAY        0.3           5.0  1961   0.0    0.3      0.0
  MONTH TO DATE    7.0                       1.6    5.4      6.8
  SINCE MAR 1     11.7                      11.9   -0.2     20.6
  SINCE JUL 1     69.8                      53.6   16.2     56.1
  SNOW DEPTH       0

DEGREE DAYS
 HEATING
  YESTERDAY       32                        17     15       25
  MONTH TO DATE  392                       336     56      453
  SINCE MAR 1   1609                      1334    275     1619
  SINCE JUL 1   8062                      7124    938     7153

 COOLING
  YESTERDAY        0                         0      0        0
  MONTH TO DATE    0                         0      0        0
  SINCE MAR 1      0                         0      0        0
  SINCE JAN 1      0                         0      0        0
..................................................................


WIND (MPH)
  HIGHEST WIND SPEED    25   HIGHEST WIND DIRECTION     E (110)
  HIGHEST GUST SPEED    32   HIGHEST GUST DIRECTION     E (100)
  AVERAGE WIND SPEED    17.1


SKY COVER
  POSSIBLE SUNSHINE  MM
  AVERAGE SKY COVER 1.0


WEATHER CONDITIONS
 THE FOLLOWING WEATHER WAS RECORDED YESTERDAY.
  LIGHT RAIN
  LT FREEZING RAIN
  SNOW
  LIGHT SNOW
  FOG
  HAZE


RELATIVE HUMIDITY (PERCENT)
 HIGHEST   100           400 PM
 LOWEST     47          1200 AM
 AVERAGE    74

..........................................................


THE TWIN CITIES MN CLIMATE NORMALS FOR TODAY
                         NORMAL    RECORD    YEAR
 MAXIMUM TEMPERATURE (F)   59        85      1985
 MINIMUM TEMPERATURE (F)   38        10      1875


SUNRISE AND SUNSET
APRIL 17 2014.........SUNRISE   625 AM CDT   SUNSET   801 PM CDT
APRIL 18 2014.........SUNRISE   623 AM CDT   SUNSET   802 PM CDT


-  INDICATES NEGATIVE NUMBERS.
R  INDICATES RECORD WAS SET OR TIED.
MM INDICATES DATA IS MISSING.
T  INDICATES TRACE AMOUNT.




$$
