000
CDUS41 KBTV 250544
CLIMSS


CLIMATE REPORT
NATIONAL WEATHER SERVICE BURLINGTON VT
142 AM EDT TUE JUL 25 2017


...................................

...THE MASSENA NY CLIMATE SUMMARY FOR JULY 24 2017...

CLIMATE NORMAL PERIOD 1981 TO 2010
CLIMATE RECORD PERIOD 1948 TO 2017


WEATHER ITEM   OBSERVED TIME   RECORD YEAR NORMAL DEPARTURE LAST
                VALUE   (LST)  VALUE       VALUE  FROM      YEAR
                                                  NORMAL
..................................................................
TEMPERATURE (F)
 YESTERDAY
  MAXIMUM         66    324 AM  92    1989  80    -14       80
  MINIMUM         57   1159 PM  46    2002  58     -1       52
                                      1981
  AVERAGE         62                        69     -7       66

PRECIPITATION (IN)
  YESTERDAY        1.71          1.95        0.12   1.59      T
  MONTH TO DATE    5.00                      2.74   2.26     2.09
  SINCE JUN 1     11.10                      6.26   4.84     6.78
  SINCE JAN 1     25.75                     18.19   7.56    16.12

DEGREE DAYS
 HEATING
  YESTERDAY        3                         1      2        0
  MONTH TO DATE    3                        24    -21        9
  SINCE JUN 1     97                       120    -23       74
  SINCE JUL 1      3                        24    -21        9

 COOLING
  YESTERDAY        0                         5     -5        1
  MONTH TO DATE  110                       117     -7      122
  SINCE JUN 1    188                       192     -4      189
  SINCE JAN 1    204                       206     -2      235
..................................................................


WIND (MPH)
  HIGHEST WIND SPEED    21   HIGHEST WIND DIRECTION    NE (60)
  HIGHEST GUST SPEED    27   HIGHEST GUST DIRECTION    NE (60)
  AVERAGE WIND SPEED    12.3


SKY COVER
  AVERAGE SKY COVER 1.0


WEATHER CONDITIONS
 THE FOLLOWING WEATHER WAS RECORDED YESTERDAY.
  HEAVY RAIN
  RAIN
  LIGHT RAIN
  FOG


RELATIVE HUMIDITY (PERCENT)
 HIGHEST   100           700 AM
 LOWEST     52           200 AM
 AVERAGE    76

..........................................................


THE MASSENA NY CLIMATE NORMALS FOR TODAY
                         NORMAL    RECORD    YEAR
 MAXIMUM TEMPERATURE (F)   80        92      1989
 MINIMUM TEMPERATURE (F)   58        43      1953


SUNRISE AND SUNSET
JULY 25 2017..........SUNRISE   537 AM EDT   SUNSET   834 PM EDT
JULY 26 2017..........SUNRISE   539 AM EDT   SUNSET   833 PM EDT


-  INDICATES NEGATIVE NUMBERS.
R  INDICATES RECORD WAS SET OR TIED.
MM INDICATES DATA IS MISSING.
T  INDICATES TRACE AMOUNT.




$$
