000
CDUS41 KBTV 260537
CLIMSS


CLIMATE REPORT
NATIONAL WEATHER SERVICE BURLINGTON VT
1235 AM EST MON JAN 26 2015


...................................

...THE MASSENA NY CLIMATE SUMMARY FOR JANUARY 25 2015...

CLIMATE NORMAL PERIOD 1981 TO 2010
CLIMATE RECORD PERIOD 1948 TO 2015


WEATHER ITEM   OBSERVED TIME   RECORD YEAR NORMAL DEPARTURE LAST
                VALUE   (LST)  VALUE       VALUE  FROM      YEAR
                                                  NORMAL
..................................................................
TEMPERATURE (F)
 YESTERDAY
  MAXIMUM         31    127 AM  60    1950  24      7       25
  MINIMUM         -6   1159 PM -28    1968   4    -10        1
  AVERAGE         13                        14     -1       13

PRECIPITATION (IN)
  YESTERDAY        T             0.63        0.07  -0.07      T
  MONTH TO DATE    1.16                      1.81  -0.65     1.38
  SINCE DEC 1      2.14                      4.24  -2.10     3.01
  SINCE JAN 1      1.16                      1.81  -0.65     1.38

DEGREE DAYS
 HEATING
  YESTERDAY       52                        51      1       52
  MONTH TO DATE 1328                      1262     66     1261
  SINCE DEC 1   2508                      2592    -84     2721
  SINCE JUL 1   4069                      4361   -292     4472

 COOLING
  YESTERDAY        0                         0      0        0
  MONTH TO DATE    0                         0      0        0
  SINCE DEC 1      0                         0      0        0
  SINCE JAN 1      0                         0      0        0
..................................................................


WIND (MPH)
  HIGHEST WIND SPEED    23   HIGHEST WIND DIRECTION    NW (300)
  HIGHEST GUST SPEED    31   HIGHEST GUST DIRECTION    NW (310)
  AVERAGE WIND SPEED    10.5


SKY COVER
  AVERAGE SKY COVER 0.3


WEATHER CONDITIONS
 THE FOLLOWING WEATHER WAS RECORDED YESTERDAY.
  LIGHT SNOW
  FOG
  HAZE


RELATIVE HUMIDITY (PERCENT)
 HIGHEST   100           100 AM
 LOWEST     55           300 PM
 AVERAGE    78

..........................................................


THE MASSENA NY CLIMATE NORMALS FOR TODAY
                         NORMAL    RECORD    YEAR
 MAXIMUM TEMPERATURE (F)   24        63      1950
 MINIMUM TEMPERATURE (F)    4       -27      1966


SUNRISE AND SUNSET
JANUARY 26 2015.......SUNRISE   726 AM EST   SUNSET   459 PM EST
JANUARY 27 2015.......SUNRISE   725 AM EST   SUNSET   500 PM EST


-  INDICATES NEGATIVE NUMBERS.
R  INDICATES RECORD WAS SET OR TIED.
MM INDICATES DATA IS MISSING.
T  INDICATES TRACE AMOUNT.




$$
