000
CDUS41 KBTV 010538
CLIMSS


CLIMATE REPORT
NATIONAL WEATHER SERVICE BURLINGTON VT
137 AM EDT TUE SEP 1 2015


...................................

...THE MASSENA NY CLIMATE SUMMARY FOR AUGUST 31 2015...

CLIMATE NORMAL PERIOD 1981 TO 2010
CLIMATE RECORD PERIOD 1948 TO 2015


WEATHER ITEM   OBSERVED TIME   RECORD YEAR NORMAL DEPARTURE LAST
                VALUE   (LST)  VALUE       VALUE  FROM      YEAR
                                                  NORMAL
..................................................................
TEMPERATURE (F)
 YESTERDAY
  MAXIMUM         79    257 PM  91    1993  75      4       76
  MINIMUM         57   1121 PM  35    2000  53      4       65
                                      1965
  AVERAGE         68                        64      4       71

PRECIPITATION (IN)
  YESTERDAY        0.00          3.61        0.11  -0.11     1.78
  MONTH TO DATE    3.24                      3.52  -0.28     5.13
  SINCE JUN 1     11.78                     10.61   1.17    15.53
  SINCE JAN 1     17.77                     22.54  -4.77    25.46

DEGREE DAYS
 HEATING
  YESTERDAY        0                         3     -3        0
  MONTH TO DATE   12                        51    -39       38
  SINCE JUN 1    135                       171    -36       98
  SINCE JUL 1     34                        75    -41       60

 COOLING
  YESTERDAY        3                         2      1        6
  MONTH TO DATE  125                       102     23       82
  SINCE JUN 1    328                       322      6      273
  SINCE JAN 1    373                       336     37      288
..................................................................


WIND (MPH)
  HIGHEST WIND SPEED    16   HIGHEST WIND DIRECTION     W (280)
  HIGHEST GUST SPEED    22   HIGHEST GUST DIRECTION     W (260)
  AVERAGE WIND SPEED     6.9


SKY COVER
  AVERAGE SKY COVER 0.4


WEATHER CONDITIONS
 THE FOLLOWING WEATHER WAS RECORDED YESTERDAY.
  FOG
  FOG W/VISIBILITY <= 1/4 MILE


RELATIVE HUMIDITY (PERCENT)
 HIGHEST    97          1200 AM
 LOWEST     62           100 PM
 AVERAGE    80

..........................................................


THE MASSENA NY CLIMATE NORMALS FOR TODAY
                         NORMAL    RECORD    YEAR
 MAXIMUM TEMPERATURE (F)   75        90      2010
                                             1973
 MINIMUM TEMPERATURE (F)   52        38      1985


SUNRISE AND SUNSET
SEPTEMBER  1 2015.....SUNRISE   621 AM EDT   SUNSET   737 PM EDT
SEPTEMBER  2 2015.....SUNRISE   622 AM EDT   SUNSET   735 PM EDT


-  INDICATES NEGATIVE NUMBERS.
R  INDICATES RECORD WAS SET OR TIED.
MM INDICATES DATA IS MISSING.
T  INDICATES TRACE AMOUNT.




$$
