000
CDUS41 KBTV 060550
CLIMSS


CLIMATE REPORT
NATIONAL WEATHER SERVICE BURLINGTON VT
1241 AM EST TUE DEC 6 2016


...................................

...THE MASSENA NY CLIMATE SUMMARY FOR DECEMBER 5 2016...

CLIMATE NORMAL PERIOD 1981 TO 2010
CLIMATE RECORD PERIOD 1948 TO 2016


WEATHER ITEM   OBSERVED TIME   RECORD YEAR NORMAL DEPARTURE LAST
                VALUE   (LST)  VALUE       VALUE  FROM      YEAR
                                                  NORMAL
..................................................................
TEMPERATURE (F)
 YESTERDAY
  MAXIMUM         33    741 PM  61    2001  35     -2       46
  MINIMUM         22   1217 AM -13    1989  19      3       35
  AVERAGE         28                        27      1       41

PRECIPITATION (IN)
  YESTERDAY        0.19          0.77        0.08   0.11     0.00
  MONTH TO DATE    0.61                      0.43   0.18     0.37
  SINCE DEC 1      0.61                      0.43   0.18     0.37
  SINCE JAN 1     28.49                     32.96  -4.47    27.11

DEGREE DAYS
 HEATING
  YESTERDAY       37                        38     -1       24
  MONTH TO DATE  150                       186    -36      141
  SINCE DEC 1    150                       186    -36      141
  SINCE JUL 1   1556                      1955   -399     1615

 COOLING
  YESTERDAY        0                         0      0        0
  MONTH TO DATE    0                         0      0        0
  SINCE DEC 1      0                         0      0        0
  SINCE JAN 1    527                       363    164      453
..................................................................


WIND (MPH)
  HIGHEST WIND SPEED    13   HIGHEST WIND DIRECTION     W (260)
  HIGHEST GUST SPEED    18   HIGHEST GUST DIRECTION     W (270)
  AVERAGE WIND SPEED     5.1


SKY COVER
  AVERAGE SKY COVER 0.8


WEATHER CONDITIONS
 THE FOLLOWING WEATHER WAS RECORDED YESTERDAY.
  SNOW
  LIGHT SNOW
  FOG
  FOG W/VISIBILITY <= 1/4 MILE


RELATIVE HUMIDITY (PERCENT)
 HIGHEST    92           600 AM
 LOWEST     78           500 PM
 AVERAGE    85

..........................................................


THE MASSENA NY CLIMATE NORMALS FOR TODAY
                         NORMAL    RECORD    YEAR
 MAXIMUM TEMPERATURE (F)   34        68      2001
 MINIMUM TEMPERATURE (F)   19        -2      1969


SUNRISE AND SUNSET
DECEMBER  6 2016......SUNRISE   723 AM EST   SUNSET   418 PM EST
DECEMBER  7 2016......SUNRISE   724 AM EST   SUNSET   418 PM EST


-  INDICATES NEGATIVE NUMBERS.
R  INDICATES RECORD WAS SET OR TIED.
MM INDICATES DATA IS MISSING.
T  INDICATES TRACE AMOUNT.




$$
