000
CDUS41 KBTV 270536
CLIMSS


CLIMATE REPORT
NATIONAL WEATHER SERVICE BURLINGTON VT
135 AM EDT WED AUG 27 2014


...................................

...THE MASSENA NY CLIMATE SUMMARY FOR AUGUST 26 2014...

CLIMATE NORMAL PERIOD 1981 TO 2010
CLIMATE RECORD PERIOD 1948 TO 2014


WEATHER ITEM   OBSERVED TIME   RECORD YEAR NORMAL DEPARTURE LAST
                VALUE   (LST)  VALUE       VALUE  FROM      YEAR
                                                  NORMAL
..................................................................
TEMPERATURE (F)
 YESTERDAY
  MAXIMUM         83    320 PM  92    1949  76      7       77
  MINIMUM         58    513 AM  37    1987  54      4       64
  AVERAGE         71                        65      6       71

PRECIPITATION (IN)
  YESTERDAY        T             1.28        0.10  -0.10     0.17
  MONTH TO DATE    3.35                      2.97   0.38     3.22
  SINCE JUN 1     13.75                     10.06   3.69    14.43
  SINCE JAN 1     23.68                     21.99   1.69    22.73

DEGREE DAYS
 HEATING
  YESTERDAY        0                         2     -2        0
  MONTH TO DATE   30                        36     -6       34
  SINCE JUN 1     90                       155    -65      172
  SINCE JUL 1     52                        59     -7       56

 COOLING
  YESTERDAY        6                         2      4        6
  MONTH TO DATE   66                        90    -24       64
  SINCE JUN 1    257                       310    -53      336
  SINCE JAN 1    272                       324    -52      359
..................................................................


WIND (MPH)
  HIGHEST WIND SPEED    22   HIGHEST WIND DIRECTION    SW (220)
  HIGHEST GUST SPEED    28   HIGHEST GUST DIRECTION    SW (220)
  AVERAGE WIND SPEED    10.0


SKY COVER
  AVERAGE SKY COVER 0.1


WEATHER CONDITIONS
 THE FOLLOWING WEATHER WAS RECORDED YESTERDAY.
  LIGHT RAIN


RELATIVE HUMIDITY (PERCENT)
 HIGHEST   100          1200 AM
 LOWEST     55          1200 PM
 AVERAGE    78

..........................................................


THE MASSENA NY CLIMATE NORMALS FOR TODAY
                         NORMAL    RECORD    YEAR
 MAXIMUM TEMPERATURE (F)   76        93      1949
 MINIMUM TEMPERATURE (F)   54        38      1989


SUNRISE AND SUNSET
AUGUST 27 2014........SUNRISE   615 AM EDT   SUNSET   745 PM EDT
AUGUST 28 2014........SUNRISE   617 AM EDT   SUNSET   744 PM EDT


-  INDICATES NEGATIVE NUMBERS.
R  INDICATES RECORD WAS SET OR TIED.
MM INDICATES DATA IS MISSING.
T  INDICATES TRACE AMOUNT.




$$
