000
CDUS41 KBTV 300605
CLIMSS


CLIMATE REPORT
NATIONAL WEATHER SERVICE BURLINGTON VT
203 AM EDT TUE MAY 30 2017


...................................

...THE MASSENA NY CLIMATE SUMMARY FOR MAY 29 2017...

CLIMATE NORMAL PERIOD 1981 TO 2010
CLIMATE RECORD PERIOD 1948 TO 2017


WEATHER ITEM   OBSERVED TIME   RECORD YEAR NORMAL DEPARTURE LAST
                VALUE   (LST)  VALUE       VALUE  FROM      YEAR
                                                  NORMAL
..................................................................
TEMPERATURE (F)
 YESTERDAY
  MAXIMUM         66    700 AM  90    1978  71     -5       88
  MINIMUM         52   1149 PM  33    1977  48      4       62
  AVERAGE         59                        59      0       75

PRECIPITATION (IN)
  YESTERDAY        0.69          0.72        0.10   0.59      T
  MONTH TO DATE    5.12                      2.86   2.26     0.79
  SINCE MAR 1     10.90                      7.77   3.13     4.68
  SINCE JAN 1     14.33                     11.72   2.61     9.34

DEGREE DAYS
 HEATING
  YESTERDAY        6                         7     -1        0
  MONTH TO DATE  316                       306     10      286
  SINCE MAR 1   2087                      2101    -14     2052
  SINCE JUL 1   7013                      8088  -1075     7098

 COOLING
  YESTERDAY        0                         1     -1       10
  MONTH TO DATE   14                        10      4       35
  SINCE MAR 1     16                        11      5       35
  SINCE JAN 1     16                        11      5       35
..................................................................


WIND (MPH)
  HIGHEST WIND SPEED    16   HIGHEST WIND DIRECTION     S (160)
  HIGHEST GUST SPEED    21   HIGHEST GUST DIRECTION    SE (150)
  AVERAGE WIND SPEED     5.8


SKY COVER
  AVERAGE SKY COVER 0.9


WEATHER CONDITIONS
 THE FOLLOWING WEATHER WAS RECORDED YESTERDAY.
  RAIN
  LIGHT RAIN
  FOG


RELATIVE HUMIDITY (PERCENT)
 HIGHEST   100           100 PM
 LOWEST     68           700 AM
 AVERAGE    84

..........................................................


THE MASSENA NY CLIMATE NORMALS FOR TODAY
                         NORMAL    RECORD    YEAR
 MAXIMUM TEMPERATURE (F)   71        91      1987
 MINIMUM TEMPERATURE (F)   48        32      1967


SUNRISE AND SUNSET
MAY 30 2017...........SUNRISE   517 AM EDT   SUNSET   837 PM EDT
MAY 31 2017...........SUNRISE   517 AM EDT   SUNSET   838 PM EDT


-  INDICATES NEGATIVE NUMBERS.
R  INDICATES RECORD WAS SET OR TIED.
MM INDICATES DATA IS MISSING.
T  INDICATES TRACE AMOUNT.




$$
