000
CDUS42 KKEY 190542
CLIMTH

CLIMATE REPORT
NATIONAL WEATHER SERVICE KEY WEST, FL
139 AM EDT FRI SEP 19 2014

...................................

...THE MARATHON CLIMATE SUMMARY FOR SEPTEMBER 18 2014...

CLIMATE NORMAL PERIOD 1981 TO 2010

WEATHER ITEM   OBSERVED TIME   NORMAL DEPARTURE LAST
               VALUE    (LST)  VALUE  FROM      YEAR
                                      NORMAL
......................................................
TEMPERATURE (F)
 YESTERDAY
  MAXIMUM         89   1222 PM  89      0       86
  MINIMUM         75    137 PM  79     -4       80
  AVERAGE         82            84     -2       83

PRECIPITATION (IN)
  YESTERDAY        0.06          0.31  -0.25     0.01
  MONTH TO DATE    3.57          4.98  -1.41     2.06
  SINCE SEP 1      3.57          4.98  -1.41     2.06
  SINCE JAN 1     23.51         33.80 -10.29    41.29

SNOWFALL (IN)
  YESTERDAY        0.0
  MONTH TO DATE    0.0
  SINCE SEP 1      0.0
  SINCE JUL 1      0.0
  SNOW DEPTH       0

DEGREE DAYS
 HEATING
  YESTERDAY        0             0      0        0
  MONTH TO DATE    0             0      0        0
  SINCE SEP 1      0             0      0        0
  SINCE JUL 1      0             0      0        0

 COOLING
  YESTERDAY       17            19     -2       18
  MONTH TO DATE  336           345     -9      346
  SINCE SEP 1    336           345     -9      346
  SINCE JAN 1   4020          3731    289     4067
......................................................

WIND (MPH)
  HIGHEST WIND SPEED    13   HIGHEST WIND DIRECTION     S (200)
  HIGHEST GUST SPEED    22   HIGHEST GUST DIRECTION     S (200)
  AVERAGE WIND SPEED     2.1

SKY COVER
  POSSIBLE SUNSHINE  MM
  AVERAGE SKY COVER 0.1

WEATHER CONDITIONS
 THE FOLLOWING WEATHER WAS RECORDED YESTERDAY.
  THUNDERSTORM
  LIGHT RAIN
  FOG
  HAZE

RELATIVE HUMIDITY (PERCENT)
 HIGHEST   100
 LOWEST     68
 AVERAGE    84

..........................................................

THE MARATHON CLIMATE NORMALS FOR TODAY
                         NORMAL
 MAXIMUM TEMPERATURE (F)   89
 MINIMUM TEMPERATURE (F)   79

SUNRISE AND SUNSET
SEPTEMBER 19 2014.....SUNRISE   712 AM EDT   SUNSET   724 PM EDT
SEPTEMBER 20 2014.....SUNRISE   712 AM EDT   SUNSET   723 PM EDT

-  INDICATES NEGATIVE NUMBERS.
R  INDICATES RECORD WAS SET OR TIED.
MM INDICATES DATA IS MISSING.
T  INDICATES TRACE AMOUNT.

$$
