000
CDUS43 KILX 280628
CLIMTO


CLIMATE REPORT
NATIONAL WEATHER SERVICE LINCOLN IL
127 AM CDT TUE MAR 28 2017


...................................

...THE MATTOON IL AIRPORT CLIMATE SUMMARY FOR MARCH 27 2017...

CLIMATE NORMAL PERIOD 1981 TO 2010
CLIMATE RECORD PERIOD 9999 TO 9999


WEATHER ITEM   OBSERVED TIME   RECORD YEAR NORMAL DEPARTURE LAST
                VALUE   (LST)  VALUE       VALUE  FROM      YEAR
                                                  NORMAL
..................................................................
TEMPERATURE (F)
 YESTERDAY
  MAXIMUM         57    355 PM  MM      MM  57      0       69
  MINIMUM         43    451 AM  MM      MM  36      7       39
  AVERAGE         50                        46      4       54

PRECIPITATION (IN)
  YESTERDAY        0.03         MM      MM   0.11  -0.08     0.24
  MONTH TO DATE    0.90                      2.13  -1.23     2.58
  SINCE MAR 1      0.90                      2.13  -1.23     2.58
  SINCE JAN 1      2.73                      6.11  -3.38     3.31

DEGREE DAYS
 HEATING
  YESTERDAY       15                        19     -4       11
  MONTH TO DATE  593                       628    -35      454
  SINCE MAR 1    593                       628    -35      454
  SINCE JUL 1   3974                      4832   -858     3976

 COOLING
  YESTERDAY        0                         0      0        0
  MONTH TO DATE    0                         0      0        0
  SINCE MAR 1      0                         0      0        0
  SINCE JAN 1      0                         0      0        0
..................................................................


WIND (MPH)
  HIGHEST WIND SPEED    21   HIGHEST WIND DIRECTION     N (360)
  HIGHEST GUST SPEED    25   HIGHEST GUST DIRECTION     N (350)
  AVERAGE WIND SPEED     8.0


SKY COVER
  POSSIBLE SUNSHINE  MM
  AVERAGE SKY COVER 0.7


WEATHER CONDITIONS
 THE FOLLOWING WEATHER WAS RECORDED YESTERDAY.
  RAIN
  LIGHT RAIN
  FOG
  FOG W/VISIBILITY <= 1/4 MILE


RELATIVE HUMIDITY (PERCENT)
 HIGHEST   100           300 AM
 LOWEST     77          1000 AM
 AVERAGE    89

..........................................................


THE MATTOON IL AIRPORT CLIMATE NORMALS FOR TODAY
                         NORMAL    RECORD    YEAR
 MAXIMUM TEMPERATURE (F)   57        MM        MM
 MINIMUM TEMPERATURE (F)   37        MM        MM


SUNRISE AND SUNSET
MARCH 28 2017.........SUNRISE   643 AM CDT   SUNSET   713 PM CDT
MARCH 29 2017.........SUNRISE   642 AM CDT   SUNSET   714 PM CDT


-  INDICATES NEGATIVE NUMBERS.
R  INDICATES RECORD WAS SET OR TIED.
MM INDICATES DATA IS MISSING.
T  INDICATES TRACE AMOUNT.




$$
