000
CDUS43 KILX 020627
CLIMTO


CLIMATE REPORT
NATIONAL WEATHER SERVICE LINCOLN IL
127 AM CDT SUN AUG 2 2015


...................................

...THE MATTOON IL AIRPORT CLIMATE SUMMARY FOR AUGUST 1 2015...

CLIMATE NORMAL PERIOD 1981 TO 2010
CLIMATE RECORD PERIOD 9999 TO 9999


WEATHER ITEM   OBSERVED TIME   RECORD YEAR NORMAL DEPARTURE LAST
                VALUE   (LST)  VALUE       VALUE  FROM      YEAR
                                                  NORMAL
..................................................................
TEMPERATURE (F)
 YESTERDAY
  MAXIMUM         87    337 PM  MM      MM  86      1       83
  MINIMUM         63    430 AM  MM      MM  65     -2       61
  AVERAGE         75                        75      0       72

PRECIPITATION (IN)
  YESTERDAY        0.00         MM      MM   0.09  -0.09     0.14
  MONTH TO DATE    0.00                      0.09  -0.09     0.14
  SINCE JUN 1     12.32                      8.58   3.74     8.68
  SINCE JAN 1     22.87                     22.93  -0.06    18.85

DEGREE DAYS
 HEATING
  YESTERDAY        0                         0      0        0
  MONTH TO DATE    0                         0      0        0
  SINCE JUN 1      8                        18    -10        7
  SINCE JUL 1      0                         1     -1        4

 COOLING
  YESTERDAY       10                        10      0        7
  MONTH TO DATE   10                        10      0        7
  SINCE JUN 1    543                       563    -20      435
  SINCE JAN 1    670                       651     19      565
..................................................................


WIND (MPH)
  HIGHEST WIND SPEED    10   HIGHEST WIND DIRECTION     N (360)
  HIGHEST GUST SPEED    13   HIGHEST GUST DIRECTION     N (340)
  AVERAGE WIND SPEED     5.4


SKY COVER
  POSSIBLE SUNSHINE  MM
  AVERAGE SKY COVER 0.0


WEATHER CONDITIONS
 THE FOLLOWING WEATHER WAS RECORDED YESTERDAY.
  NO SIGNIFICANT WEATHER WAS OBSERVED.


RELATIVE HUMIDITY (PERCENT)
 HIGHEST    73           100 AM
 LOWEST     32          1200 PM
 AVERAGE    53

..........................................................


THE MATTOON IL AIRPORT CLIMATE NORMALS FOR TODAY
                         NORMAL    RECORD    YEAR
 MAXIMUM TEMPERATURE (F)   86        MM        MM
 MINIMUM TEMPERATURE (F)   64        MM        MM


SUNRISE AND SUNSET
AUGUST  2 2015........SUNRISE   553 AM CDT   SUNSET   805 PM CDT
AUGUST  3 2015........SUNRISE   554 AM CDT   SUNSET   804 PM CDT


-  INDICATES NEGATIVE NUMBERS.
R  INDICATES RECORD WAS SET OR TIED.
MM INDICATES DATA IS MISSING.
T  INDICATES TRACE AMOUNT.




$$
