000
CDUS43 KILX 290703
CLIMTO


CLIMATE REPORT
NATIONAL WEATHER SERVICE LINCOLN IL
202 AM CDT SAT AUG 29 2015


...................................

...THE MATTOON IL AIRPORT CLIMATE SUMMARY FOR AUGUST 28 2015...

CLIMATE NORMAL PERIOD 1981 TO 2010
CLIMATE RECORD PERIOD 9999 TO 9999


WEATHER ITEM   OBSERVED TIME   RECORD YEAR NORMAL DEPARTURE LAST
                VALUE   (LST)  VALUE       VALUE  FROM      YEAR
                                                  NORMAL
..................................................................
TEMPERATURE (F)
 YESTERDAY
  MAXIMUM         81    111 PM  MM      MM  84     -3       86
  MINIMUM         56    317 AM  MM      MM  61     -5       66
  AVERAGE         69                        73     -4       76

PRECIPITATION (IN)
  YESTERDAY        0.00         MM      MM   0.10  -0.10      T
  MONTH TO DATE    1.28                      2.76  -1.48     2.73
  SINCE JUN 1     13.60                     11.25   2.35    11.27
  SINCE JAN 1     24.15                     25.60  -1.45    21.44

DEGREE DAYS
 HEATING
  YESTERDAY        0                         0      0        0
  MONTH TO DATE    0                         0      0        1
  SINCE JUN 1      8                        18    -10        8
  SINCE JUL 1      0                         1     -1        5

 COOLING
  YESTERDAY        4                         8     -4       11
  MONTH TO DATE  211                       258    -47      238
  SINCE JUN 1    744                       811    -67      666
  SINCE JAN 1    871                       899    -28      796
..................................................................


WIND (MPH)
  HIGHEST WIND SPEED    14   HIGHEST WIND DIRECTION     S (160)
  HIGHEST GUST SPEED    19   HIGHEST GUST DIRECTION    SE (150)
  AVERAGE WIND SPEED     5.7


SKY COVER
  POSSIBLE SUNSHINE  MM
  AVERAGE SKY COVER 0.0


WEATHER CONDITIONS
 THE FOLLOWING WEATHER WAS RECORDED YESTERDAY.
  HAZE


RELATIVE HUMIDITY (PERCENT)
 HIGHEST    93           300 AM
 LOWEST     42           100 PM
 AVERAGE    68

..........................................................


THE MATTOON IL AIRPORT CLIMATE NORMALS FOR TODAY
                         NORMAL    RECORD    YEAR
 MAXIMUM TEMPERATURE (F)   84        MM        MM
 MINIMUM TEMPERATURE (F)   61        MM        MM


SUNRISE AND SUNSET
AUGUST 29 2015........SUNRISE   618 AM CDT   SUNSET   729 PM CDT
AUGUST 30 2015........SUNRISE   619 AM CDT   SUNSET   728 PM CDT


-  INDICATES NEGATIVE NUMBERS.
R  INDICATES RECORD WAS SET OR TIED.
MM INDICATES DATA IS MISSING.
T  INDICATES TRACE AMOUNT.




$$
