000
CDUS43 KILX 130658
CLIMTO


CLIMATE REPORT
NATIONAL WEATHER SERVICE LINCOLN IL
1246 AM CST SAT FEB 13 2016


...................................

...THE MATTOON IL AIRPORT CLIMATE SUMMARY FOR FEBRUARY 12 2016...

CLIMATE NORMAL PERIOD 1981 TO 2010
CLIMATE RECORD PERIOD 9999 TO 9999


WEATHER ITEM   OBSERVED TIME   RECORD YEAR NORMAL DEPARTURE LAST
                VALUE   (LST)  VALUE       VALUE  FROM      YEAR
                                                  NORMAL
..................................................................
TEMPERATURE (F)
 YESTERDAY
  MAXIMUM         28    306 PM  MM      MM  38    -10       24
  MINIMUM         13   1159 PM  MM      MM  23    -10       11
  AVERAGE         21                        31    -10       18

PRECIPITATION (IN)
  YESTERDAY        T            MM      MM   0.07  -0.07      T
  MONTH TO DATE    0.22                      0.83  -0.61     0.16
  SINCE DEC 1      6.90                      5.81   1.09     1.77
  SINCE JAN 1      0.62                      3.04  -2.42     0.69

DEGREE DAYS
 HEATING
  YESTERDAY       44                        34     10       47
  MONTH TO DATE  417                       428    -11      441
  SINCE DEC 1   2257                      2645   -388     2570
  SINCE JUL 1   3049                      3704   -655     3866

 COOLING
  YESTERDAY        0                         0      0        0
  MONTH TO DATE    0                         0      0        0
  SINCE DEC 1      0                         0      0        0
  SINCE JAN 1      0                         0      0        0
..................................................................


WIND (MPH)
  HIGHEST WIND SPEED    29   HIGHEST WIND DIRECTION    NW (310)
  HIGHEST GUST SPEED    33   HIGHEST GUST DIRECTION    NW (300)
  AVERAGE WIND SPEED    13.0


SKY COVER
  POSSIBLE SUNSHINE  MM
  AVERAGE SKY COVER 0.7


WEATHER CONDITIONS
 THE FOLLOWING WEATHER WAS RECORDED YESTERDAY.
  LIGHT SNOW
  FOG
  HAZE


RELATIVE HUMIDITY (PERCENT)
 HIGHEST    84           700 AM
 LOWEST     54           900 PM
 AVERAGE    69

..........................................................


THE MATTOON IL AIRPORT CLIMATE NORMALS FOR TODAY
                         NORMAL    RECORD    YEAR
 MAXIMUM TEMPERATURE (F)   39        MM        MM
 MINIMUM TEMPERATURE (F)   23        MM        MM


SUNRISE AND SUNSET
FEBRUARY 13 2016......SUNRISE   648 AM CST   SUNSET   527 PM CST
FEBRUARY 14 2016......SUNRISE   647 AM CST   SUNSET   528 PM CST


-  INDICATES NEGATIVE NUMBERS.
R  INDICATES RECORD WAS SET OR TIED.
MM INDICATES DATA IS MISSING.
T  INDICATES TRACE AMOUNT.




$$
