000
CDUS43 KILX 300648
CLIMTO


CLIMATE REPORT
NATIONAL WEATHER SERVICE LINCOLN IL
147 AM CDT WED JUL 30 2014


...................................

...THE MATTOON IL AIRPORT CLIMATE SUMMARY FOR JULY 29 2014...

CLIMATE NORMAL PERIOD 1981 TO 2010
CLIMATE RECORD PERIOD 9999 TO 9999


WEATHER ITEM   OBSERVED TIME   RECORD YEAR NORMAL DEPARTURE LAST
                VALUE   (LST)  VALUE       VALUE  FROM      YEAR
                                                  NORMAL
..................................................................
TEMPERATURE (F)
 YESTERDAY
  MAXIMUM         77    252 PM  MM      MM  86     -9       79
  MINIMUM         53    327 AM  MM      MM  65    -12       53
  AVERAGE         65                        75    -10       66

PRECIPITATION (IN)
  YESTERDAY        0.00         MM      MM   0.10  -0.10     0.00
  MONTH TO DATE    3.10                      4.04  -0.94     6.47
  SINCE JUN 1      8.54                      8.28   0.26    14.84
  SINCE JAN 1     18.71                     22.63  -3.92    37.49

DEGREE DAYS
 HEATING
  YESTERDAY        0                         0      0        0
  MONTH TO DATE    4                         0      4        2
  SINCE JUN 1      7                        17    -10       13
  SINCE JUL 1      4                         0      4        2

 COOLING
  YESTERDAY        0                        10    -10        1
  MONTH TO DATE  154                       312   -158      236
  SINCE JUN 1    418                       535   -117      452
  SINCE JAN 1    548                       623    -75      561
..................................................................


WIND (MPH)
  HIGHEST WIND SPEED    16   HIGHEST WIND DIRECTION    NW (300)
  HIGHEST GUST SPEED    20   HIGHEST GUST DIRECTION    NW (310)
  AVERAGE WIND SPEED     8.6


SKY COVER
  POSSIBLE SUNSHINE  MM
  AVERAGE SKY COVER 0.1


WEATHER CONDITIONS
 THE FOLLOWING WEATHER WAS RECORDED YESTERDAY.
  NO SIGNIFICANT WEATHER WAS OBSERVED.


RELATIVE HUMIDITY (PERCENT)
 HIGHEST    93           500 AM
 LOWEST     50          1200 PM
 AVERAGE    72

..........................................................


THE MATTOON IL AIRPORT CLIMATE NORMALS FOR TODAY
                         NORMAL    RECORD    YEAR
 MAXIMUM TEMPERATURE (F)   86        MM        MM
 MINIMUM TEMPERATURE (F)   65        MM        MM


SUNRISE AND SUNSET
JULY 30 2014..........SUNRISE   551 AM CDT   SUNSET   808 PM CDT
JULY 31 2014..........SUNRISE   552 AM CDT   SUNSET   807 PM CDT


-  INDICATES NEGATIVE NUMBERS.
R  INDICATES RECORD WAS SET OR TIED.
MM INDICATES DATA IS MISSING.
T  INDICATES TRACE AMOUNT.




$$
