000
CDUS43 KILX 202247
CLIMTO


CLIMATE REPORT
NATIONAL WEATHER SERVICE LINCOLN IL
436 PM CST MON NOV 20 2017


...................................

...THE MATTOON IL AIRPORT CLIMATE SUMMARY FOR NOVEMBER 20 2017...
VALID TODAY AS OF 0400 PM LOCAL TIME.

CLIMATE NORMAL PERIOD 1981 TO 2010
CLIMATE RECORD PERIOD 9999 TO 9999


WEATHER ITEM   OBSERVED TIME   RECORD YEAR NORMAL DEPARTURE LAST
                VALUE   (LST)  VALUE       VALUE  FROM      YEAR
                                                  NORMAL
..................................................................
TEMPERATURE (F)
 TODAY
  MAXIMUM         51    308 PM  MM      MM  49      2       38
  MINIMUM         30    318 AM  MM      MM  33     -3       23
  AVERAGE         41                        41      0       31

PRECIPITATION (IN)
  TODAY            0.00         MM      MM   0.12  -0.12     0.00
  MONTH TO DATE    2.49                      2.36   0.13     1.17
  SINCE SEP 1      8.43                      8.26   0.17     6.75
  SINCE JAN 1     35.58                     34.16   1.42    30.22

DEGREE DAYS
 HEATING
  TODAY           24                        24      0       34
  MONTH TO DATE  420                       391     29      288
  SINCE SEP 1    718                       790    -72      475
  SINCE JUL 1    719                       795    -76      480

 COOLING
  TODAY            0                         0      0        0
  MONTH TO DATE    0                         0      0       11
  SINCE SEP 1    236                       137     99      253
  SINCE JAN 1   1161                      1057    104     1316
..................................................................


WIND (MPH)
  HIGHEST WIND SPEED    21   HIGHEST WIND DIRECTION     S (180)
  HIGHEST GUST SPEED    36   HIGHEST GUST DIRECTION     S (170)
  AVERAGE WIND SPEED    12.3


SKY COVER
  POSSIBLE SUNSHINE  MM
  AVERAGE SKY COVER 0.0


WEATHER CONDITIONS
 THE FOLLOWING WEATHER WAS RECORDED TODAY.
  NO SIGNIFICANT WEATHER WAS OBSERVED.


RELATIVE HUMIDITY (PERCENT)
 HIGHEST    72          1200 AM
 LOWEST     44           300 PM
 AVERAGE    58

..........................................................


THE MATTOON IL AIRPORT CLIMATE NORMALS FOR TOMORROW
                         NORMAL    RECORD    YEAR
 MAXIMUM TEMPERATURE (F)   49        MM        MM
 MINIMUM TEMPERATURE (F)   33        MM        MM


SUNRISE AND SUNSET
NOVEMBER 20 2017......SUNRISE   643 AM CST   SUNSET   434 PM CST
NOVEMBER 21 2017......SUNRISE   644 AM CST   SUNSET   434 PM CST


-  INDICATES NEGATIVE NUMBERS.
R  INDICATES RECORD WAS SET OR TIED.
MM INDICATES DATA IS MISSING.
T  INDICATES TRACE AMOUNT.




$$
