000
CDUS43 KILX 232141
CLIMTO


CLIMATE REPORT
NATIONAL WEATHER SERVICE LINCOLN IL
431 PM CDT SAT SEP 23 2017


...................................

...THE MATTOON IL AIRPORT CLIMATE SUMMARY FOR SEPTEMBER 23 2017...
VALID TODAY AS OF 0400 PM LOCAL TIME.

CLIMATE NORMAL PERIOD 1981 TO 2010
CLIMATE RECORD PERIOD 9999 TO 9999


WEATHER ITEM   OBSERVED TIME   RECORD YEAR NORMAL DEPARTURE LAST
                VALUE   (LST)  VALUE       VALUE  FROM      YEAR
                                                  NORMAL
..................................................................
TEMPERATURE (F)
 TODAY
  MAXIMUM         93    228 PM  MM      MM  75     18       88
  MINIMUM         66    530 AM  MM      MM  52     14       62
  AVERAGE         80                        64     16       75

PRECIPITATION (IN)
  TODAY            0.00         MM      MM   0.09  -0.09     0.00
  MONTH TO DATE    0.24                      2.32  -2.08     1.59
  SINCE SEP 1      0.24                      2.32  -2.08     1.59
  SINCE JAN 1     27.39                     28.22  -0.83    25.06

DEGREE DAYS
 HEATING
  TODAY            0                         4     -4        0
  MONTH TO DATE   35                        31      4        0
  SINCE SEP 1     35                        31      4        0
  SINCE JUL 1     36                        36      0        5

 COOLING
  TODAY           15                         2     13       10
  MONTH TO DATE  139                       104     35      169
  SINCE SEP 1    139                       104     35      169
  SINCE JAN 1   1064                      1024     40     1232
..................................................................


WIND (MPH)
  HIGHEST WIND SPEED    13   HIGHEST WIND DIRECTION     S (160)
  HIGHEST GUST SPEED    17   HIGHEST GUST DIRECTION     E (80)
  AVERAGE WIND SPEED     4.2


SKY COVER
  POSSIBLE SUNSHINE  MM
  AVERAGE SKY COVER 0.0


WEATHER CONDITIONS
 THE FOLLOWING WEATHER WAS RECORDED TODAY.
  FOG


RELATIVE HUMIDITY (PERCENT)
 HIGHEST   100           500 AM
 LOWEST     36           300 PM
 AVERAGE    68

..........................................................


THE MATTOON IL AIRPORT CLIMATE NORMALS FOR TOMORROW
                         NORMAL    RECORD    YEAR
 MAXIMUM TEMPERATURE (F)   75        MM        MM
 MINIMUM TEMPERATURE (F)   52        MM        MM


SUNRISE AND SUNSET
SEPTEMBER 23 2017.....SUNRISE   642 AM CDT   SUNSET   648 PM CDT
SEPTEMBER 24 2017.....SUNRISE   643 AM CDT   SUNSET   646 PM CDT


-  INDICATES NEGATIVE NUMBERS.
R  INDICATES RECORD WAS SET OR TIED.
MM INDICATES DATA IS MISSING.
T  INDICATES TRACE AMOUNT.




$$
