000
CDUS43 KILX 140629
CLIMTO


CLIMATE REPORT
NATIONAL WEATHER SERVICE LINCOLN IL
129 AM CDT MON JUL 14 2014


...................................

...THE MATTOON IL AIRPORT CLIMATE SUMMARY FOR JULY 13 2014...

CLIMATE NORMAL PERIOD 1981 TO 2010
CLIMATE RECORD PERIOD 9999 TO 9999


WEATHER ITEM   OBSERVED TIME   RECORD YEAR NORMAL DEPARTURE LAST
                VALUE   (LST)  VALUE       VALUE  FROM      YEAR
                                                  NORMAL
..................................................................
TEMPERATURE (F)
 YESTERDAY
  MAXIMUM         84    332 PM  MM      MM  86     -2       83
  MINIMUM         73    959 PM  MM      MM  66      7       58
  AVERAGE         79                        76      3       71

PRECIPITATION (IN)
  YESTERDAY        0.01         MM      MM   0.17  -0.16     0.00
  MONTH TO DATE    1.69                      1.74  -0.05     2.18
  SINCE JUN 1      7.13                      5.98   1.15    10.55
  SINCE JAN 1     17.30                     20.33  -3.03    33.20

DEGREE DAYS
 HEATING
  YESTERDAY        0                         0      0        0
  MONTH TO DATE    0                         0      0        0
  SINCE JUN 1      3                        17    -14       11
  SINCE JUL 1      0                         0      0        0

 COOLING
  YESTERDAY       14                        11      3        6
  MONTH TO DATE   97                       141    -44       93
  SINCE JUN 1    361                       364     -3      309
  SINCE JAN 1    491                       452     39      418
..................................................................


WIND (MPH)
  HIGHEST WIND SPEED    18   HIGHEST WIND DIRECTION    NW (320)
  HIGHEST GUST SPEED    25   HIGHEST GUST DIRECTION    NW (320)
  AVERAGE WIND SPEED     7.9


SKY COVER
  POSSIBLE SUNSHINE  MM
  AVERAGE SKY COVER 0.4


WEATHER CONDITIONS
 THE FOLLOWING WEATHER WAS RECORDED YESTERDAY.
  FOG


RELATIVE HUMIDITY (PERCENT)
 HIGHEST    93           500 AM
 LOWEST     65           200 PM
 AVERAGE    79

..........................................................


THE MATTOON IL AIRPORT CLIMATE NORMALS FOR TODAY
                         NORMAL    RECORD    YEAR
 MAXIMUM TEMPERATURE (F)   86        MM        MM
 MINIMUM TEMPERATURE (F)   66        MM        MM


SUNRISE AND SUNSET
JULY 14 2014..........SUNRISE   538 AM CDT   SUNSET   820 PM CDT
JULY 15 2014..........SUNRISE   538 AM CDT   SUNSET   819 PM CDT


-  INDICATES NEGATIVE NUMBERS.
R  INDICATES RECORD WAS SET OR TIED.
MM INDICATES DATA IS MISSING.
T  INDICATES TRACE AMOUNT.




$$
