000
CDUS41 KBTV 250611
CLIMVL


CLIMATE REPORT
NATIONAL WEATHER SERVICE BURLINGTON VT
209 AM EDT SUN JUN 25 2017


...................................

...THE MORRISVILLE VT CLIMATE SUMMARY FOR JUNE 24 2017...

CLIMATE NORMAL PERIOD 1981 TO 2010
CLIMATE RECORD PERIOD 9999 TO 9999


WEATHER ITEM   OBSERVED TIME   NORMAL DEPARTURE LAST
                VALUE   (LST)  VALUE  FROM      YEAR
                                      NORMAL
......................................................
TEMPERATURE (F)
 YESTERDAY
  MAXIMUM         78    408 PM  77      1       77
  MINIMUM         57   1159 PM  53      4       41
  AVERAGE         68            65      3       59

PRECIPITATION (IN)
  YESTERDAY        0.92          0.15   0.77     0.00
  MONTH TO DATE    4.86          3.11   1.75     1.50
  SINCE JUN 1      4.86          3.11   1.75     1.50
  SINCE JAN 1     17.61         14.73   2.88     8.55

DEGREE DAYS
 HEATING
  YESTERDAY        0             2     -2        6
  MONTH TO DATE  125           113     12      130
  SINCE JUN 1    125           113     12      130
  SINCE JUL 1   7658          8244   -586     6832

 COOLING
  YESTERDAY        3             2      1        0
  MONTH TO DATE   44            33     11       15
  SINCE JUN 1     44            33     11       15
  SINCE JAN 1     53            41     12       44
......................................................


WIND (MPH)
  HIGHEST WIND SPEED    13   HIGHEST WIND DIRECTION     N (350)
  HIGHEST GUST SPEED    19   HIGHEST GUST DIRECTION    NW (300)
  AVERAGE WIND SPEED     5.0


SKY COVER
  AVERAGE SKY COVER 0.5


WEATHER CONDITIONS
 THE FOLLOWING WEATHER WAS RECORDED YESTERDAY.
  HEAVY RAIN
  RAIN
  LIGHT RAIN
  FOG


RELATIVE HUMIDITY (PERCENT)
 HIGHEST   100           500 AM
 LOWEST     41           700 PM
 AVERAGE    71

..........................................................


THE MORRISVILLE VT CLIMATE NORMALS FOR TODAY
                         NORMAL    RECORD    YEAR
 MAXIMUM TEMPERATURE (F)   77        93      2005
 MINIMUM TEMPERATURE (F)   53        44      2016


SUNRISE AND SUNSET
JUNE 25 2017..........SUNRISE   507 AM EDT   SUNSET   839 PM EDT
JUNE 26 2017..........SUNRISE   507 AM EDT   SUNSET   839 PM EDT


-  INDICATES NEGATIVE NUMBERS.
R  INDICATES RECORD WAS SET OR TIED.
MM INDICATES DATA IS MISSING.
T  INDICATES TRACE AMOUNT.




$$
