000
CDUS41 KBTV 270545
CLIMVL


CLIMATE REPORT
NATIONAL WEATHER SERVICE BURLINGTON VT
1243 AM EST SAT DEC 27 2014


...................................

...THE MORRISVILLE VT CLIMATE SUMMARY FOR DECEMBER 26 2014...

CLIMATE NORMAL PERIOD 1981 TO 2010
CLIMATE RECORD PERIOD 9999 TO 9999


WEATHER ITEM   OBSERVED TIME   NORMAL DEPARTURE LAST
                VALUE   (LST)  VALUE  FROM      YEAR
                                      NORMAL
......................................................
TEMPERATURE (F)
 YESTERDAY
  MAXIMUM         42    124 PM  29     13       23
  MINIMUM         30    709 PM  10     20       11
  AVERAGE         36            19     17       17

PRECIPITATION (IN)
  YESTERDAY        0.00          0.08  -0.08     0.11
  MONTH TO DATE    0.78          2.30  -1.52     2.81
  SINCE DEC 1      0.78          2.30  -1.52     2.81
  SINCE JAN 1     34.27         35.66  -1.39    41.58

DEGREE DAYS
 HEATING
  YESTERDAY       29            46    -17       48
  MONTH TO DATE  902          1077   -175     1142
  SINCE DEC 1    902          1077   -175     1142
  SINCE JUL 1   2245          2905   -660     2925

 COOLING
  YESTERDAY        0             0      0        0
  MONTH TO DATE    0             0      0        0
  SINCE DEC 1      0             0      0        0
  SINCE JAN 1    249           265    -16      401
......................................................


WIND (MPH)
  HIGHEST WIND SPEED    15   HIGHEST WIND DIRECTION    SW (220)
  HIGHEST GUST SPEED    25   HIGHEST GUST DIRECTION     W (260)
  AVERAGE WIND SPEED     5.0


SKY COVER
  AVERAGE SKY COVER 0.8


WEATHER CONDITIONS
 THE FOLLOWING WEATHER WAS RECORDED YESTERDAY.
  NO SIGNIFICANT WEATHER WAS OBSERVED.


RELATIVE HUMIDITY (PERCENT)
 HIGHEST    85           600 PM
 LOWEST     51          1200 AM
 AVERAGE    68

..........................................................


THE MORRISVILLE VT CLIMATE NORMALS FOR TODAY
                         NORMAL    RECORD    YEAR
 MAXIMUM TEMPERATURE (F)   29        MM        MM
 MINIMUM TEMPERATURE (F)    9        MM        MM


SUNRISE AND SUNSET
DECEMBER 27 2014......SUNRISE   726 AM EST   SUNSET   417 PM EST
DECEMBER 28 2014......SUNRISE   726 AM EST   SUNSET   418 PM EST


-  INDICATES NEGATIVE NUMBERS.
R  INDICATES RECORD WAS SET OR TIED.
MM INDICATES DATA IS MISSING.
T  INDICATES TRACE AMOUNT.




$$
