000
CDUS41 KBTV 250615
CLIMVL


CLIMATE REPORT
NATIONAL WEATHER SERVICE BURLINGTON VT
213 AM EDT SAT OCT 25 2014


...................................

...THE MORRISVILLE VT CLIMATE SUMMARY FOR OCTOBER 24 2014...

CLIMATE NORMAL PERIOD 1981 TO 2010
CLIMATE RECORD PERIOD 9999 TO 9999


WEATHER ITEM   OBSERVED TIME   NORMAL DEPARTURE LAST
                VALUE   (LST)  VALUE  FROM      YEAR
                                      NORMAL
......................................................
TEMPERATURE (F)
 YESTERDAY
  MAXIMUM         46    639 PM  53     -7       45
  MINIMUM         34   1151 PM  33      1       28
  AVERAGE         40            43     -3       37

PRECIPITATION (IN)
  YESTERDAY        0.08          0.10  -0.02     0.10
  MONTH TO DATE    3.55          2.42   1.13     1.36
  SINCE SEP 1      6.21          5.79   0.42     4.14
  SINCE JAN 1     32.62         29.55   3.07    34.40

DEGREE DAYS
 HEATING
  YESTERDAY       25            22      3       28
  MONTH TO DATE  318           435   -117      303
  SINCE SEP 1    546           672   -126      548
  SINCE JUL 1    617           767   -150      617

 COOLING
  YESTERDAY        0             0      0        0
  MONTH TO DATE    3             0      3        0
  SINCE SEP 1     35            18     17       38
  SINCE JAN 1    249           265    -16      401
......................................................


WIND (MPH)
  HIGHEST WIND SPEED    15   HIGHEST WIND DIRECTION     N (340)
  HIGHEST GUST SPEED    21   HIGHEST GUST DIRECTION    NW (330)
  AVERAGE WIND SPEED     5.5


SKY COVER
  AVERAGE SKY COVER 1.0


WEATHER CONDITIONS
 THE FOLLOWING WEATHER WAS RECORDED YESTERDAY.
  LIGHT RAIN
  FOG


RELATIVE HUMIDITY (PERCENT)
 HIGHEST    96           200 AM
 LOWEST     76           300 PM
 AVERAGE    86

..........................................................


THE MORRISVILLE VT CLIMATE NORMALS FOR TODAY
                         NORMAL    RECORD    YEAR
 MAXIMUM TEMPERATURE (F)   53        MM        MM
 MINIMUM TEMPERATURE (F)   33        MM        MM


SUNRISE AND SUNSET
OCTOBER 25 2014.......SUNRISE   719 AM EDT   SUNSET   550 PM EDT
OCTOBER 26 2014.......SUNRISE   720 AM EDT   SUNSET   548 PM EDT


-  INDICATES NEGATIVE NUMBERS.
R  INDICATES RECORD WAS SET OR TIED.
MM INDICATES DATA IS MISSING.
T  INDICATES TRACE AMOUNT.




$$
