000
CDUS41 KBTV 230536
CLIMVL


CLIMATE REPORT
NATIONAL WEATHER SERVICE BURLINGTON VT
134 AM EDT SAT MAY 23 2015


...................................

...THE MORRISVILLE VT CLIMATE SUMMARY FOR MAY 22 2015...

CLIMATE NORMAL PERIOD 1981 TO 2010
CLIMATE RECORD PERIOD 9999 TO 9999


WEATHER ITEM   OBSERVED TIME   NORMAL DEPARTURE LAST
                VALUE   (LST)  VALUE  FROM      YEAR
                                      NORMAL
......................................................
TEMPERATURE (F)
 YESTERDAY
  MAXIMUM         59    236 PM  69    -10       64
  MINIMUM         39   1144 PM  43     -4       48
  AVERAGE         49            56     -7       56

PRECIPITATION (IN)
  YESTERDAY        T             0.11  -0.11     0.26
  MONTH TO DATE    1.46          2.13  -0.67     2.43
  SINCE MAR 1      2.96          6.20  -3.24     7.88
  SINCE JAN 1      4.08         10.48  -6.40    12.48

DEGREE DAYS
 HEATING
  YESTERDAY       16             9      7        9
  MONTH TO DATE  153           277   -124      234
  SINCE MAR 1   2169          2097     72     2393
  SINCE JUL 1   7851          8057   -206     8447

 COOLING
  YESTERDAY        0             0      0        0
  MONTH TO DATE   18             0     18        5
  SINCE MAR 1     18             1     17        5
  SINCE JAN 1     18             1     17        5
......................................................


WIND (MPH)
  HIGHEST WIND SPEED    22   HIGHEST WIND DIRECTION    NW (300)
  HIGHEST GUST SPEED    27   HIGHEST GUST DIRECTION    NW (300)
  AVERAGE WIND SPEED     8.1


SKY COVER
  AVERAGE SKY COVER 0.8


WEATHER CONDITIONS
 THE FOLLOWING WEATHER WAS RECORDED YESTERDAY.
  LIGHT RAIN


RELATIVE HUMIDITY (PERCENT)
 HIGHEST    83           500 AM
 LOWEST     32           300 PM
 AVERAGE    58

..........................................................


THE MORRISVILLE VT CLIMATE NORMALS FOR TODAY
                         NORMAL    RECORD    YEAR
 MAXIMUM TEMPERATURE (F)   69        82      2010
 MINIMUM TEMPERATURE (F)   43        34      2002


SUNRISE AND SUNSET
MAY 23 2015...........SUNRISE   515 AM EDT   SUNSET   820 PM EDT
MAY 24 2015...........SUNRISE   514 AM EDT   SUNSET   821 PM EDT


-  INDICATES NEGATIVE NUMBERS.
R  INDICATES RECORD WAS SET OR TIED.
MM INDICATES DATA IS MISSING.
T  INDICATES TRACE AMOUNT.




$$
