000
CDUS41 KBTV 010616
CLIMVL


CLIMATE REPORT
NATIONAL WEATHER SERVICE BURLINGTON VT
114 AM EST WED MAR 1 2017


...................................

...THE MORRISVILLE VT CLIMATE SUMMARY FOR FEBRUARY 28 2017...

CLIMATE NORMAL PERIOD 1981 TO 2010
CLIMATE RECORD PERIOD 9999 TO 9999


WEATHER ITEM   OBSERVED TIME   NORMAL DEPARTURE LAST
                VALUE   (LST)  VALUE  FROM      YEAR
                                      NORMAL
......................................................
TEMPERATURE (F)
 YESTERDAY
  MAXIMUM         50    208 PM  34     16       39
  MINIMUM         23    705 AM  11     12       25
  AVERAGE         37            23     14       32

PRECIPITATION (IN)
  YESTERDAY        T             0.06  -0.06      T
  MONTH TO DATE    1.14          1.74  -0.60     2.34
  SINCE DEC 1      6.28          6.92  -0.64     4.97
  SINCE JAN 1      3.07          4.28  -1.21     3.03

DEGREE DAYS
 HEATING
  YESTERDAY       28            42    -14       33
  MONTH TO DATE 1120          1297   -177      943
  SINCE DEC 1   3632          4132   -500     3133
  SINCE JUL 1   5223          5960   -737     4548

 COOLING
  YESTERDAY        0             0      0        0
  MONTH TO DATE    0             0      0        0
  SINCE DEC 1      0             0      0        0
  SINCE JAN 1      0             0      0        0
......................................................


WIND (MPH)
  HIGHEST WIND SPEED    16   HIGHEST WIND DIRECTION     S (190)
  HIGHEST GUST SPEED    23   HIGHEST GUST DIRECTION     S (190)
  AVERAGE WIND SPEED     5.0


SKY COVER
  AVERAGE SKY COVER 0.4


WEATHER CONDITIONS
 THE FOLLOWING WEATHER WAS RECORDED YESTERDAY.
  NO SIGNIFICANT WEATHER WAS OBSERVED.


RELATIVE HUMIDITY (PERCENT)
 HIGHEST    96           600 AM
 LOWEST     39          1200 PM
 AVERAGE    68

..........................................................


THE MORRISVILLE VT CLIMATE NORMALS FOR TODAY
                         NORMAL    RECORD    YEAR
 MAXIMUM TEMPERATURE (F)   35        51      2004
 MINIMUM TEMPERATURE (F)   12       -13      2015


SUNRISE AND SUNSET
MARCH  1 2017.........SUNRISE   627 AM EST   SUNSET   539 PM EST
MARCH  2 2017.........SUNRISE   626 AM EST   SUNSET   540 PM EST


-  INDICATES NEGATIVE NUMBERS.
R  INDICATES RECORD WAS SET OR TIED.
MM INDICATES DATA IS MISSING.
T  INDICATES TRACE AMOUNT.




$$
