000
CDUS41 KBTV 280553
CLIMVL


CLIMATE REPORT
NATIONAL WEATHER SERVICE BURLINGTON VT
146 AM EDT SAT MAR 28 2015


...................................

...THE MORRISVILLE VT CLIMATE SUMMARY FOR MARCH 27 2015...

CLIMATE NORMAL PERIOD 1981 TO 2010
CLIMATE RECORD PERIOD 9999 TO 9999


WEATHER ITEM   OBSERVED TIME   NORMAL DEPARTURE LAST
                VALUE   (LST)  VALUE  FROM      YEAR
                                      NORMAL
......................................................
TEMPERATURE (F)
 YESTERDAY
  MAXIMUM         39   1128 AM  44     -5       35
  MINIMUM         28   1159 PM  22      6       -3
  AVERAGE         34            33      1       16

PRECIPITATION (IN)
  YESTERDAY        0.01          0.06  -0.05     0.00
  MONTH TO DATE    0.34          1.41  -1.07     1.43
  SINCE MAR 1      0.34          1.41  -1.07     1.43
  SINCE JAN 1      1.46          5.69  -4.23     6.03

DEGREE DAYS
 HEATING
  YESTERDAY       31            32     -1       49
  MONTH TO DATE 1140          1002    138     1336
  SINCE MAR 1   1140          1002    138     1336
  SINCE JUL 1   6822          6962   -140     7390

 COOLING
  YESTERDAY        0             0      0        0
  MONTH TO DATE    0             0      0        0
  SINCE MAR 1      0             0      0        0
  SINCE JAN 1      0             0      0        0
......................................................


WIND (MPH)
  HIGHEST WIND SPEED    14   HIGHEST WIND DIRECTION    NW (330)
  HIGHEST GUST SPEED    20   HIGHEST GUST DIRECTION     N (340)
  AVERAGE WIND SPEED     4.4


SKY COVER
  AVERAGE SKY COVER 1.0


WEATHER CONDITIONS
 THE FOLLOWING WEATHER WAS RECORDED YESTERDAY.
  LIGHT SNOW
  FOG
  HAZE


RELATIVE HUMIDITY (PERCENT)
 HIGHEST    96           200 AM
 LOWEST     69          1000 PM
 AVERAGE    83

..........................................................


THE MORRISVILLE VT CLIMATE NORMALS FOR TODAY
                         NORMAL    RECORD    YEAR
 MAXIMUM TEMPERATURE (F)   44        73      1998
 MINIMUM TEMPERATURE (F)   23        18      2001


SUNRISE AND SUNSET
MARCH 28 2015.........SUNRISE   639 AM EDT   SUNSET   713 PM EDT
MARCH 29 2015.........SUNRISE   638 AM EDT   SUNSET   714 PM EDT


-  INDICATES NEGATIVE NUMBERS.
R  INDICATES RECORD WAS SET OR TIED.
MM INDICATES DATA IS MISSING.
T  INDICATES TRACE AMOUNT.




$$
