000
CDUS41 KBTV 280705
CLIMVL


CLIMATE REPORT
NATIONAL WEATHER SERVICE BURLINGTON VT
303 AM EDT FRI APR 28 2017


...................................

...THE MORRISVILLE VT CLIMATE SUMMARY FOR APRIL 27 2017...

CLIMATE NORMAL PERIOD 1981 TO 2010
CLIMATE RECORD PERIOD 9999 TO 9999


WEATHER ITEM   OBSERVED TIME   NORMAL DEPARTURE LAST
                VALUE   (LST)  VALUE  FROM      YEAR
                                      NORMAL
......................................................
TEMPERATURE (F)
 YESTERDAY
  MAXIMUM         70    420 PM  60     10       49
  MINIMUM         53    428 AM  35     18       21
  AVERAGE         62            47     15       35

PRECIPITATION (IN)
  YESTERDAY        0.00          0.08  -0.08     0.00
  MONTH TO DATE    3.72          2.17   1.55     1.69
  SINCE MAR 1      4.72          3.84   0.88     2.82
  SINCE JAN 1      7.79          8.12  -0.33     5.97

DEGREE DAYS
 HEATING
  YESTERDAY        3            18    -15       30
  MONTH TO DATE  541           642   -101      741
  SINCE MAR 1   1849          1769     80     1697
  SINCE JUL 1   7072          7729   -657     6270

 COOLING
  YESTERDAY        0             0      0        0
  MONTH TO DATE    0             0      0        0
  SINCE MAR 1      0             0      0        0
  SINCE JAN 1      0             0      0        0
......................................................


WIND (MPH)
  HIGHEST WIND SPEED    20   HIGHEST WIND DIRECTION     S (180)
  HIGHEST GUST SPEED    26   HIGHEST GUST DIRECTION     S (170)
  AVERAGE WIND SPEED     7.8


SKY COVER
  AVERAGE SKY COVER 0.9


WEATHER CONDITIONS
 THE FOLLOWING WEATHER WAS RECORDED YESTERDAY.
  NO SIGNIFICANT WEATHER WAS OBSERVED.


RELATIVE HUMIDITY (PERCENT)
 HIGHEST   100           300 AM
 LOWEST     57           400 PM
 AVERAGE    79

..........................................................


THE MORRISVILLE VT CLIMATE NORMALS FOR TODAY
                         NORMAL    RECORD    YEAR
 MAXIMUM TEMPERATURE (F)   61        85      2009
 MINIMUM TEMPERATURE (F)   35        19      2016


SUNRISE AND SUNSET
APRIL 28 2017.........SUNRISE   545 AM EDT   SUNSET   752 PM EDT
APRIL 29 2017.........SUNRISE   544 AM EDT   SUNSET   753 PM EDT


-  INDICATES NEGATIVE NUMBERS.
R  INDICATES RECORD WAS SET OR TIED.
MM INDICATES DATA IS MISSING.
T  INDICATES TRACE AMOUNT.




$$
