000
CDUS41 KBTV 230611
CLIMVL


CLIMATE REPORT
NATIONAL WEATHER SERVICE BURLINGTON VT
209 AM EDT TUE SEP 23 2014


...................................

...THE MORRISVILLE VT CLIMATE SUMMARY FOR SEPTEMBER 22 2014...

CLIMATE NORMAL PERIOD 1981 TO 2010
CLIMATE RECORD PERIOD 9999 TO 9999


WEATHER ITEM   OBSERVED TIME   NORMAL DEPARTURE LAST
                VALUE   (LST)  VALUE  FROM      YEAR
                                      NORMAL
......................................................
TEMPERATURE (F)
 YESTERDAY
  MAXIMUM         62    134 AM  67     -5       64
  MINIMUM         47   1152 PM  43      4       47
  AVERAGE         55            55      0       56

PRECIPITATION (IN)
  YESTERDAY        0.09          0.13  -0.04     0.55
  MONTH TO DATE    2.66          2.42   0.24     2.78
  SINCE SEP 1      2.66          2.42   0.24     2.78
  SINCE JAN 1     29.07         26.18   2.89    33.04

DEGREE DAYS
 HEATING
  YESTERDAY       10            10      0        9
  MONTH TO DATE  184           143     41      161
  SINCE SEP 1    184           143     41      161
  SINCE JUL 1    255           238     17      230

 COOLING
  YESTERDAY        0             0      0        0
  MONTH TO DATE   31            13     18       38
  SINCE SEP 1     31            13     18       38
  SINCE JAN 1    245           260    -15      401
......................................................


WIND (MPH)
  HIGHEST WIND SPEED    23   HIGHEST WIND DIRECTION    NW (300)
  HIGHEST GUST SPEED    31   HIGHEST GUST DIRECTION    NW (310)
  AVERAGE WIND SPEED     7.6


SKY COVER
  AVERAGE SKY COVER 0.8


WEATHER CONDITIONS
 THE FOLLOWING WEATHER WAS RECORDED YESTERDAY.
  LIGHT RAIN
  FOG


RELATIVE HUMIDITY (PERCENT)
 HIGHEST   100           100 AM
 LOWEST     54           300 PM
 AVERAGE    77

..........................................................


THE MORRISVILLE VT CLIMATE NORMALS FOR TODAY
                         NORMAL    RECORD    YEAR
 MAXIMUM TEMPERATURE (F)   67        MM        MM
 MINIMUM TEMPERATURE (F)   43        MM        MM


SUNRISE AND SUNSET
SEPTEMBER 23 2014.....SUNRISE   639 AM EDT   SUNSET   646 PM EDT
SEPTEMBER 24 2014.....SUNRISE   640 AM EDT   SUNSET   644 PM EDT


-  INDICATES NEGATIVE NUMBERS.
R  INDICATES RECORD WAS SET OR TIED.
MM INDICATES DATA IS MISSING.
T  INDICATES TRACE AMOUNT.




$$
