000
CDUS41 KBTV 160536
CLIMVL


CLIMATE REPORT
NATIONAL WEATHER SERVICE BURLINGTON VT
1234 AM EST SAT DEC 16 2017


...................................

...THE MORRISVILLE VT CLIMATE SUMMARY FOR DECEMBER 15 2017...

CLIMATE NORMAL PERIOD 1981 TO 2010
CLIMATE RECORD PERIOD 9999 TO 9999


WEATHER ITEM   OBSERVED TIME   NORMAL DEPARTURE LAST
                VALUE   (LST)  VALUE  FROM      YEAR
                                      NORMAL
......................................................
TEMPERATURE (F)
 YESTERDAY
  MAXIMUM         19    345 PM  32    -13       23
  MINIMUM        -16    752 AM  14    -30       -5
  AVERAGE          2            23    -21        9

PRECIPITATION (IN)
  YESTERDAY        T             0.08  -0.08     0.01
  MONTH TO DATE    0.40          1.41  -1.01     1.35
  SINCE DEC 1      0.40          1.41  -1.01     1.35
  SINCE JAN 1     35.63         34.77   0.86    19.78

DEGREE DAYS
 HEATING
  YESTERDAY       63            42     21       56
  MONTH TO DATE  619           590     29      580
  SINCE DEC 1    619           590     29      580
  SINCE JUL 1   2260          2418   -158     2171

 COOLING
  YESTERDAY        0             0      0        0
  MONTH TO DATE    0             0      0        0
  SINCE DEC 1      0             0      0        0
  SINCE JAN 1    192           265    -73      322
......................................................


WIND (MPH)
  HIGHEST WIND SPEED     6   HIGHEST WIND DIRECTION     N (340)
  HIGHEST GUST SPEED     6   HIGHEST GUST DIRECTION    NW (330)
  AVERAGE WIND SPEED     0.8


SKY COVER
  AVERAGE SKY COVER 0.4


WEATHER CONDITIONS
 THE FOLLOWING WEATHER WAS RECORDED YESTERDAY.
  LIGHT SNOW
  FOG
  HAZE


RELATIVE HUMIDITY (PERCENT)
 HIGHEST   100           900 AM
 LOWEST     51           200 PM
 AVERAGE    76

..........................................................


THE MORRISVILLE VT CLIMATE NORMALS FOR TODAY
                         NORMAL    RECORD    YEAR
 MAXIMUM TEMPERATURE (F)   32        49      2011
 MINIMUM TEMPERATURE (F)   13       -13      2013


SUNRISE AND SUNSET
DECEMBER 16 2017......SUNRISE   721 AM EST   SUNSET   411 PM EST
DECEMBER 17 2017......SUNRISE   722 AM EST   SUNSET   412 PM EST


-  INDICATES NEGATIVE NUMBERS.
R  INDICATES RECORD WAS SET OR TIED.
MM INDICATES DATA IS MISSING.
T  INDICATES TRACE AMOUNT.




$$
