000
CDUS45 KBOI 230933
CLIMYL


CLIMATE REPORT
NATIONAL WEATHER SERVICE BOISE ID
332 AM MDT THU MAR 23 2017


...................................

...THE MCCALL ID CLIMATE SUMMARY FOR MARCH 22 2017...

CLIMATE NORMAL PERIOD 1981 TO 2010
CLIMATE RECORD PERIOD 1930 TO 2017


WEATHER ITEM   OBSERVED TIME   RECORD YEAR NORMAL DEPARTURE LAST
                VALUE   (LST)  VALUE       VALUE  FROM      YEAR
                                                  NORMAL
..................................................................
TEMPERATURE (F)
 YESTERDAY
  MAXIMUM         43    532 PM  60    1972  41      2       37
  MINIMUM         28    643 AM -10    1952  20      8       29
  AVERAGE         36                        31      5       33

PRECIPITATION (IN)
  YESTERDAY        T             0.97 1975   0.08  -0.08     0.32
  MONTH TO DATE    4.14                      1.45   2.69     4.42
  SINCE OCT 1     21.25                     11.10  10.15    19.71
  SINCE JAN 1     12.76                      4.92   7.84     9.14

DEGREE DAYS
 HEATING
  YESTERDAY       29                        34     -5       32
  MONTH TO DATE  687                       816   -129      702
  SINCE MAR 1    687                       816   -129      702
  SINCE JUL 1   6890                      7491   -601     6571

 COOLING
  YESTERDAY        0                         0      0        0
  MONTH TO DATE    0                         0      0        0
  SINCE MAR 1      0                         0      0        0
  SINCE JAN 1      0                         0      0        0
..................................................................


WIND (MPH)
  HIGHEST WIND SPEED    25   HIGHEST WIND DIRECTION     S (180)
  HIGHEST GUST SPEED    30   HIGHEST GUST DIRECTION     S (180)
  AVERAGE WIND SPEED     3.2


SKY COVER
  AVERAGE SKY COVER 0.6


WEATHER CONDITIONS
 THE FOLLOWING WEATHER WAS RECORDED YESTERDAY.
  LIGHT RAIN
  FOG
  FOG W/VISIBILITY <= 1/4 MILE


RELATIVE HUMIDITY (PERCENT)
 HIGHEST    92           100 AM
 LOWEST     62           100 PM
 AVERAGE    77

..........................................................


THE MCCALL ID CLIMATE NORMALS FOR TODAY
                         NORMAL    RECORD    YEAR
 MAXIMUM TEMPERATURE (F)   42        62      2004
 MINIMUM TEMPERATURE (F)   20         0      1955


SUNRISE AND SUNSET
MARCH 23 2017.........SUNRISE   741 AM MDT   SUNSET   801 PM MDT
MARCH 24 2017.........SUNRISE   739 AM MDT   SUNSET   802 PM MDT


-  INDICATES NEGATIVE NUMBERS.
R  INDICATES RECORD WAS SET OR TIED.
MM INDICATES DATA IS MISSING.
T  INDICATES TRACE AMOUNT.




$$
