000
CDUS45 KBOI 260932
CLIMYL


CLIMATE REPORT
NATIONAL WEATHER SERVICE BOISE ID
231 AM MST SUN FEB 26 2017


...................................

...THE MCCALL ID CLIMATE SUMMARY FOR FEBRUARY 25 2017...

CLIMATE NORMAL PERIOD 1981 TO 2010
CLIMATE RECORD PERIOD 1930 TO 2017


WEATHER ITEM   OBSERVED TIME   RECORD YEAR NORMAL DEPARTURE LAST
                VALUE   (LST)  VALUE       VALUE  FROM      YEAR
                                                  NORMAL
..................................................................
TEMPERATURE (F)
 YESTERDAY
  MAXIMUM         25    459 PM  59    1995  36    -11       41
  MINIMUM          4    318 AM -12    2002  12     -8       11
  AVERAGE         15                        24     -9       26

PRECIPITATION (IN)
  YESTERDAY        T             1.50 1957   0.06  -0.06     0.00
  MONTH TO DATE    4.99                      1.56   3.43     1.78
  SINCE OCT 1     16.68                      9.47   7.21    15.23
  SINCE JAN 1      8.19                      3.29   4.90     4.66

DEGREE DAYS
 HEATING
  YESTERDAY       50                        41      9       39
  MONTH TO DATE  895                      1078   -183      958
  SINCE DEC 1   4038                      3914    124     3638
  SINCE JUL 1   6075                      6552   -477     5739

 COOLING
  YESTERDAY        0                         0      0        0
  MONTH TO DATE    0                         0      0        0
  SINCE DEC 1      0                         0      0        0
  SINCE JAN 1      0                         0      0        0
..................................................................


WIND (MPH)
  HIGHEST WIND SPEED    12   HIGHEST WIND DIRECTION     S (180)
  HIGHEST GUST SPEED    14   HIGHEST GUST DIRECTION    SW (220)
  AVERAGE WIND SPEED     2.5


SKY COVER
  AVERAGE SKY COVER 0.8


WEATHER CONDITIONS
 THE FOLLOWING WEATHER WAS RECORDED YESTERDAY.
  NO SIGNIFICANT WEATHER WAS OBSERVED.


RELATIVE HUMIDITY (PERCENT)
 HIGHEST    92          1000 AM
 LOWEST     55           400 PM
 AVERAGE    74

..........................................................


THE MCCALL ID CLIMATE NORMALS FOR TODAY
                         NORMAL    RECORD    YEAR
 MAXIMUM TEMPERATURE (F)   36        56      1995
 MINIMUM TEMPERATURE (F)   13       -16      2011


SUNRISE AND SUNSET
FEBRUARY 26 2017......SUNRISE   727 AM MST   SUNSET   628 PM MST
FEBRUARY 27 2017......SUNRISE   725 AM MST   SUNSET   630 PM MST


-  INDICATES NEGATIVE NUMBERS.
R  INDICATES RECORD WAS SET OR TIED.
MM INDICATES DATA IS MISSING.
T  INDICATES TRACE AMOUNT.




$$
