000
CDUS45 KBOI 250931
CLIMYL


CLIMATE REPORT
NATIONAL WEATHER SERVICE BOISE ID
330 AM MDT TUE JUL 25 2017


...................................

...THE MCCALL ID CLIMATE SUMMARY FOR JULY 24 2017...

CLIMATE NORMAL PERIOD 1981 TO 2010
CLIMATE RECORD PERIOD 1930 TO 2017


WEATHER ITEM   OBSERVED TIME   RECORD YEAR NORMAL DEPARTURE LAST
                VALUE   (LST)  VALUE       VALUE  FROM      YEAR
                                                  NORMAL
..................................................................
TEMPERATURE (F)
 YESTERDAY
  MAXIMUM         89    348 PM  94    1928  80      9       83
  MINIMUM         52    550 AM  31    1924  44      8       45
  AVERAGE         71                        62      9       64

PRECIPITATION (IN)
  YESTERDAY        0.00          0.93 1977   0.02  -0.02     0.00
  MONTH TO DATE    T                         0.59  -0.59     1.40
  SINCE OCT 1     29.77                     18.41  11.36    25.23
  SINCE JAN 1     21.28                     12.23   9.05    14.66

DEGREE DAYS
 HEATING
  YESTERDAY        0                         4     -4        1
  MONTH TO DATE    3                       127   -124      114
  SINCE JUN 1    239                       494   -255      340
  SINCE JUL 1      3                       127   -124      114

 COOLING
  YESTERDAY        6                         1      5        0
  MONTH TO DATE   88                         9     79        8
  SINCE JUN 1     94                        10     84       43
  SINCE JAN 1     94                        10     84       43
..................................................................


WIND (MPH)
  HIGHEST WIND SPEED    15   HIGHEST WIND DIRECTION    SW (240)
  HIGHEST GUST SPEED    22   HIGHEST GUST DIRECTION    SW (230)
  AVERAGE WIND SPEED     3.2


SKY COVER
  AVERAGE SKY COVER 0.0


WEATHER CONDITIONS
 THE FOLLOWING WEATHER WAS RECORDED YESTERDAY.
  NO SIGNIFICANT WEATHER WAS OBSERVED.


RELATIVE HUMIDITY (PERCENT)
 HIGHEST    72           300 AM
 LOWEST     16           300 PM
 AVERAGE    44

..........................................................


THE MCCALL ID CLIMATE NORMALS FOR TODAY
                         NORMAL    RECORD    YEAR
 MAXIMUM TEMPERATURE (F)   80       102      1928
 MINIMUM TEMPERATURE (F)   44        32      1974


SUNRISE AND SUNSET
JULY 25 2017..........SUNRISE   623 AM MDT   SUNSET   918 PM MDT
JULY 26 2017..........SUNRISE   624 AM MDT   SUNSET   917 PM MDT


-  INDICATES NEGATIVE NUMBERS.
R  INDICATES RECORD WAS SET OR TIED.
MM INDICATES DATA IS MISSING.
T  INDICATES TRACE AMOUNT.




$$
