000
CDUS45 KBOI 210948
CLIMYL


CLIMATE REPORT
NATIONAL WEATHER SERVICE BOISE ID
348 AM MDT TUE OCT 21 2014


...................................

...THE MCCALL ID CLIMATE SUMMARY FOR OCTOBER 20 2014...

CLIMATE NORMAL PERIOD 1981 TO 2010
CLIMATE RECORD PERIOD 1930 TO 2014


WEATHER ITEM   OBSERVED TIME   RECORD YEAR NORMAL DEPARTURE LAST
                VALUE   (LST)  VALUE       VALUE  FROM      YEAR
                                                  NORMAL
..................................................................
TEMPERATURE (F)
 YESTERDAY
  MAXIMUM         69    200 PM  72    1974  53     16       59
  MINIMUM         30    628 AM  12    1987  24      6       24
  AVERAGE         50                        39     11       42

PRECIPITATION (IN)
  YESTERDAY        0.00          0.53 1961   0.05  -0.05     0.00
  MONTH TO DATE    0.09                      0.75  -0.66     0.17
  SINCE OCT 1      0.09                      0.75  -0.66     0.17
  SINCE JAN 1     17.50                     14.67   2.83    15.78

DEGREE DAYS
 HEATING
  YESTERDAY       15                        26    -11       23
  MONTH TO DATE  322                       468   -146      498
  SINCE SEP 1    574                       905   -331      800
  SINCE JUL 1    690                      1233   -543      847

 COOLING
  YESTERDAY        0                         0      0        0
  MONTH TO DATE    0                         0      0        0
  SINCE SEP 1      0                         0      0        6
  SINCE JAN 1    185                        25    160      186
..................................................................


WIND (MPH)
  HIGHEST WIND SPEED    18   HIGHEST WIND DIRECTION     S (170)
  HIGHEST GUST SPEED    24   HIGHEST GUST DIRECTION     S (190)
  AVERAGE WIND SPEED     4.4


SKY COVER
  AVERAGE SKY COVER 0.1


WEATHER CONDITIONS
 THE FOLLOWING WEATHER WAS RECORDED YESTERDAY.
  NO SIGNIFICANT WEATHER WAS OBSERVED.


RELATIVE HUMIDITY (PERCENT)
 HIGHEST    89           600 AM
 LOWEST     22           400 PM
 AVERAGE    56

..........................................................


THE MCCALL ID CLIMATE NORMALS FOR TODAY
                         NORMAL    RECORD    YEAR
 MAXIMUM TEMPERATURE (F)   53        70      2003
 MINIMUM TEMPERATURE (F)   24         7      1996


SUNRISE AND SUNSET
OCTOBER 21 2014.......SUNRISE   808 AM MDT   SUNSET   649 PM MDT
OCTOBER 22 2014.......SUNRISE   809 AM MDT   SUNSET   648 PM MDT


-  INDICATES NEGATIVE NUMBERS.
R  INDICATES RECORD WAS SET OR TIED.
MM INDICATES DATA IS MISSING.
T  INDICATES TRACE AMOUNT.




$$
