205
CDUS45 KBOI 180933
CLIMYL


CLIMATE REPORT
NATIONAL WEATHER SERVICE BOISE ID
233 AM MST SUN FEB 18 2018


...................................

...THE MCCALL ID CLIMATE SUMMARY FOR FEBRUARY 17 2018...

CLIMATE NORMAL PERIOD 1981 TO 2010
CLIMATE RECORD PERIOD 1930 TO 2018


WEATHER ITEM   OBSERVED TIME   RECORD YEAR NORMAL DEPARTURE LAST
                VALUE   (LST)  VALUE       VALUE  FROM      YEAR
                                                  NORMAL
..................................................................
TEMPERATURE (F)
 YESTERDAY
  MAXIMUM         38    610 PM  53    1996  34      4       40
  MINIMUM         22    233 AM -20    1942  11     11       27
  AVERAGE         30                        22      8       34

PRECIPITATION (IN)
  YESTERDAY        0.28          0.78 2004   0.06   0.22     0.01
  MONTH TO DATE    1.09                      1.09   0.00     3.05
  SINCE OCT 1     11.31                      9.00   2.31    14.74
  SINCE JAN 1      4.46                      2.82   1.64     6.25

DEGREE DAYS
 HEATING
  YESTERDAY       35                        43     -8       31
  MONTH TO DATE  620                       743   -123      600
  SINCE DEC 1   3146                      3579   -433     3743
  SINCE JUL 1   5272                      6217   -945     5780

 COOLING
  YESTERDAY        0                         0      0        0
  MONTH TO DATE    0                         0      0        0
  SINCE DEC 1      0                         0      0        0
  SINCE JAN 1      0                         0      0        0
..................................................................


WIND (MPH)
  HIGHEST WIND SPEED    29   HIGHEST WIND DIRECTION     S (170)
  HIGHEST GUST SPEED    36   HIGHEST GUST DIRECTION     S (180)
  AVERAGE WIND SPEED     8.3


SKY COVER
  AVERAGE SKY COVER 1.0


WEATHER CONDITIONS
 THE FOLLOWING WEATHER WAS RECORDED YESTERDAY.
  SNOW
  LIGHT SNOW
  FOG
  HAZE


RELATIVE HUMIDITY (PERCENT)
 HIGHEST    96           300 AM
 LOWEST     72           900 AM
 AVERAGE    84

..........................................................


THE MCCALL ID CLIMATE NORMALS FOR TODAY
                         NORMAL    RECORD    YEAR
 MAXIMUM TEMPERATURE (F)   34        52      1958
                                             1930
 MINIMUM TEMPERATURE (F)   11       -25      1942


SUNRISE AND SUNSET
FEBRUARY 18 2018......SUNRISE   740 AM MST   SUNSET   617 PM MST
FEBRUARY 19 2018......SUNRISE   739 AM MST   SUNSET   618 PM MST


-  INDICATES NEGATIVE NUMBERS.
R  INDICATES RECORD WAS SET OR TIED.
MM INDICATES DATA IS MISSING.
T  INDICATES TRACE AMOUNT.




$$
