000
CDUS45 KBOI 260931
CLIMYL


CLIMATE REPORT
NATIONAL WEATHER SERVICE BOISE ID
330 AM MDT MON SEP 26 2016


...................................

...THE MCCALL ID CLIMATE SUMMARY FOR SEPTEMBER 25 2016...

CLIMATE NORMAL PERIOD 1981 TO 2010
CLIMATE RECORD PERIOD 1930 TO 2016


WEATHER ITEM   OBSERVED TIME   RECORD YEAR NORMAL DEPARTURE LAST
                VALUE   (LST)  VALUE       VALUE  FROM      YEAR
                                                  NORMAL
..................................................................
TEMPERATURE (F)
 YESTERDAY
  MAXIMUM         72    412 PM  85    1994  64      8       83
  MINIMUM         32    553 AM  16    1984  30      2       36
  AVERAGE         52                        47      5       60

PRECIPITATION (IN)
  YESTERDAY        0.00          0.38 1950   0.03  -0.03     0.00
  MONTH TO DATE    1.05                      0.71   0.34     2.06
  SINCE OCT 1     26.28                     19.93   6.35    22.96
  SINCE JAN 1     15.71                     13.75   1.96    14.20

DEGREE DAYS
 HEATING
  YESTERDAY       13                        18     -5        5
  MONTH TO DATE  327                       340    -13      288
  SINCE SEP 1    327                       340    -13      288
  SINCE JUL 1    520                       668   -148      438

 COOLING
  YESTERDAY        0                         0      0        0
  MONTH TO DATE    0                         0      0        0
  SINCE SEP 1      0                         0      0        0
  SINCE JAN 1    108                        25     83      169
..................................................................


WIND (MPH)
  HIGHEST WIND SPEED    13   HIGHEST WIND DIRECTION     W (260)
  HIGHEST GUST SPEED    16   HIGHEST GUST DIRECTION    NW (310)
  AVERAGE WIND SPEED     3.7


SKY COVER
  AVERAGE SKY COVER 0.0


WEATHER CONDITIONS
 THE FOLLOWING WEATHER WAS RECORDED YESTERDAY.
  NO SIGNIFICANT WEATHER WAS OBSERVED.


RELATIVE HUMIDITY (PERCENT)
 HIGHEST    92           600 AM
 LOWEST     26           100 PM
 AVERAGE    59

..........................................................


THE MCCALL ID CLIMATE NORMALS FOR TODAY
                         NORMAL    RECORD    YEAR
 MAXIMUM TEMPERATURE (F)   64        83      1963
 MINIMUM TEMPERATURE (F)   30        18      1934


SUNRISE AND SUNSET
SEPTEMBER 26 2016.....SUNRISE   737 AM MDT   SUNSET   733 PM MDT
SEPTEMBER 27 2016.....SUNRISE   738 AM MDT   SUNSET   731 PM MDT


-  INDICATES NEGATIVE NUMBERS.
R  INDICATES RECORD WAS SET OR TIED.
MM INDICATES DATA IS MISSING.
T  INDICATES TRACE AMOUNT.




$$
