000
CDUS45 KBOI 230931
CLIMYL


CLIMATE REPORT
NATIONAL WEATHER SERVICE BOISE ID
331 AM MDT SAT AUG 23 2014


...................................

...THE MCCALL ID CLIMATE SUMMARY FOR AUGUST 22 2014...

CLIMATE NORMAL PERIOD 1981 TO 2010
CLIMATE RECORD PERIOD 1930 TO 2014


WEATHER ITEM   OBSERVED TIME   RECORD YEAR NORMAL DEPARTURE LAST
                VALUE   (LST)  VALUE       VALUE  FROM      YEAR
                                                  NORMAL
..................................................................
TEMPERATURE (F)
 YESTERDAY
  MAXIMUM         67   1125 AM  94    1969  77    -10       82
  MINIMUM         40    620 AM  23    1988  40      0       54
  AVERAGE         54                        58     -4       68

PRECIPITATION (IN)
  YESTERDAY        0.08          0.26 2004   0.02   0.06     0.01
  MONTH TO DATE    1.16                      0.46   0.70     0.05
  SINCE OCT 1     20.65                     19.00   1.65    24.79
  SINCE JAN 1     16.58                     12.82   3.76    11.30

DEGREE DAYS
 HEATING
  YESTERDAY       11                         7      4        0
  MONTH TO DATE   33                       107    -74       22
  SINCE JUN 1    365                       624   -259      302
  SINCE JUL 1     51                       257   -206       39

 COOLING
  YESTERDAY        0                         0      0        3
  MONTH TO DATE   54                         7     47       52
  SINCE JUN 1    185                        23    162      175
  SINCE JAN 1    185                        23    162      175
..................................................................


WIND (MPH)
  HIGHEST WIND SPEED    22   HIGHEST WIND DIRECTION     N (360)
  HIGHEST GUST SPEED    27   HIGHEST GUST DIRECTION     N (360)
  AVERAGE WIND SPEED     3.6


SKY COVER
  AVERAGE SKY COVER 0.2


WEATHER CONDITIONS
 THE FOLLOWING WEATHER WAS RECORDED YESTERDAY.
  THUNDERSTORM
  LIGHT RAIN


RELATIVE HUMIDITY (PERCENT)
 HIGHEST    82           800 AM
 LOWEST     37          1100 AM
 AVERAGE    60

..........................................................


THE MCCALL ID CLIMATE NORMALS FOR TODAY
                         NORMAL    RECORD    YEAR
 MAXIMUM TEMPERATURE (F)   76        95      1969
 MINIMUM TEMPERATURE (F)   40        29      1988


SUNRISE AND SUNSET
AUGUST 23 2014........SUNRISE   656 AM MDT   SUNSET   837 PM MDT
AUGUST 24 2014........SUNRISE   657 AM MDT   SUNSET   835 PM MDT


-  INDICATES NEGATIVE NUMBERS.
R  INDICATES RECORD WAS SET OR TIED.
MM INDICATES DATA IS MISSING.
T  INDICATES TRACE AMOUNT.




$$
