000
CDUS45 KBOI 250931
CLIMYL


CLIMATE REPORT
NATIONAL WEATHER SERVICE BOISE ID
331 AM MDT MON SEP 25 2017


...................................

...THE MCCALL ID CLIMATE SUMMARY FOR SEPTEMBER 24 2017...

CLIMATE NORMAL PERIOD 1981 TO 2010
CLIMATE RECORD PERIOD 1930 TO 2017


WEATHER ITEM   OBSERVED TIME   RECORD YEAR NORMAL DEPARTURE LAST
                VALUE   (LST)  VALUE       VALUE  FROM      YEAR
                                                  NORMAL
..................................................................
TEMPERATURE (F)
 YESTERDAY
  MAXIMUM         57    301 PM  88    1928  64     -7       60
  MINIMUM         26    645 AM  17    1926  30     -4       37
  AVERAGE         42                        47     -5       49

PRECIPITATION (IN)
  YESTERDAY        0.00          0.67 2013   0.03  -0.03      T
  MONTH TO DATE    0.83                      0.68   0.15     1.05
  SINCE OCT 1     30.68                     19.90  10.78    26.28
  SINCE JAN 1     22.19                     13.72   8.47    15.71

DEGREE DAYS
 HEATING
  YESTERDAY       23                        18      5       16
  MONTH TO DATE  230                       322    -92      314
  SINCE SEP 1    230                       322    -92      314
  SINCE JUL 1    260                       650   -390      507

 COOLING
  YESTERDAY        0                         0      0        0
  MONTH TO DATE   31                         0     31        0
  SINCE SEP 1     31                         0     31        0
  SINCE JAN 1    229                        25    204      108
..................................................................


WIND (MPH)
  HIGHEST WIND SPEED    17   HIGHEST WIND DIRECTION    NW (330)
  HIGHEST GUST SPEED    25   HIGHEST GUST DIRECTION     N (340)
  AVERAGE WIND SPEED     6.6


SKY COVER
  AVERAGE SKY COVER 0.3


WEATHER CONDITIONS
 THE FOLLOWING WEATHER WAS RECORDED YESTERDAY.
  FOG


RELATIVE HUMIDITY (PERCENT)
 HIGHEST    92           400 AM
 LOWEST     35          1100 AM
 AVERAGE    64

..........................................................


THE MCCALL ID CLIMATE NORMALS FOR TODAY
                         NORMAL    RECORD    YEAR
 MAXIMUM TEMPERATURE (F)   64        85      1994
 MINIMUM TEMPERATURE (F)   30        15      1926


SUNRISE AND SUNSET
SEPTEMBER 25 2017.....SUNRISE   735 AM MDT   SUNSET   736 PM MDT
SEPTEMBER 26 2017.....SUNRISE   737 AM MDT   SUNSET   734 PM MDT


-  INDICATES NEGATIVE NUMBERS.
R  INDICATES RECORD WAS SET OR TIED.
MM INDICATES DATA IS MISSING.
T  INDICATES TRACE AMOUNT.




$$
