000
CDUS45 KBOI 310934
CLIMYL


CLIMATE REPORT
NATIONAL WEATHER SERVICE BOISE ID
332 AM MDT FRI JUL 31 2015


...................................

...THE MCCALL ID CLIMATE SUMMARY FOR JULY 30 2015...

CLIMATE NORMAL PERIOD 1981 TO 2010
CLIMATE RECORD PERIOD 1930 TO 2015


WEATHER ITEM   OBSERVED TIME   RECORD YEAR NORMAL DEPARTURE LAST
                VALUE   (LST)  VALUE       VALUE  FROM      YEAR
                                                  NORMAL
..................................................................
TEMPERATURE (F)
 YESTERDAY
  MAXIMUM         86    404 PM  94    2000  81      5       89
  MINIMUM         44    554 AM  33    1995  44      0       55
  AVERAGE         65                        62      3       72

PRECIPITATION (IN)
  YESTERDAY        0.00          0.37 1964   0.02  -0.02      T
  MONTH TO DATE    2.25                      0.70   1.55     0.23
  SINCE OCT 1     20.59                     18.52   2.07    19.49
  SINCE JAN 1     11.83                     12.34  -0.51    15.42

DEGREE DAYS
 HEATING
  YESTERDAY        0                         4     -4        0
  MONTH TO DATE   71                       148    -77       18
  SINCE JUN 1    180                       515   -335      332
  SINCE JUL 1     71                       148    -77       18

 COOLING
  YESTERDAY        0                         1     -1        7
  MONTH TO DATE   43                        15     28      129
  SINCE JUN 1    109                        16     93      129
  SINCE JAN 1    109                        16     93      129
..................................................................


WIND (MPH)
  HIGHEST WIND SPEED    12   HIGHEST WIND DIRECTION     S (190)
  HIGHEST GUST SPEED    14   HIGHEST GUST DIRECTION     S (170)
  AVERAGE WIND SPEED     2.7


SKY COVER
  AVERAGE SKY COVER 0.0


WEATHER CONDITIONS
 THE FOLLOWING WEATHER WAS RECORDED YESTERDAY.
  NO SIGNIFICANT WEATHER WAS OBSERVED.


RELATIVE HUMIDITY (PERCENT)
 HIGHEST    76           600 AM
 LOWEST     14           600 PM
 AVERAGE    45

..........................................................


THE MCCALL ID CLIMATE NORMALS FOR TODAY
                         NORMAL    RECORD    YEAR
 MAXIMUM TEMPERATURE (F)   81        99      1988
 MINIMUM TEMPERATURE (F)   44        33      1995


SUNRISE AND SUNSET
JULY 31 2015..........SUNRISE   629 AM MDT   SUNSET   912 PM MDT
AUGUST  1 2015........SUNRISE   630 AM MDT   SUNSET   911 PM MDT


-  INDICATES NEGATIVE NUMBERS.
R  INDICATES RECORD WAS SET OR TIED.
MM INDICATES DATA IS MISSING.
T  INDICATES TRACE AMOUNT.




$$
