000
CDUS44 KLIX 090846
CLINEW


CLIMATE REPORT
NATIONAL WEATHER SERVICE NEW ORLEANS
246 AM CST TUE FEB 9 2016


...................................

...THE NEW ORLEANS CLIMATE SUMMARY FOR FEBRUARY 8 2016...

CLIMATE NORMAL PERIOD 1981 TO 2010
CLIMATE RECORD PERIOD 1946 TO 2016


WEATHER ITEM   OBSERVED TIME   RECORD YEAR NORMAL DEPARTURE LAST
                VALUE   (LST)  VALUE       VALUE  FROM      YEAR
                                                  NORMAL
..................................................................
TEMPERATURE (F)
 YESTERDAY
  MAXIMUM         61    259 PM  81    1999  64     -3       75
  MINIMUM         42   1250 AM  30    1975  47     -5       55
                                      1964
                                      1947
  AVERAGE         52                        55     -3       65

PRECIPITATION (IN)
  YESTERDAY        0.00          1.61 1990   0.20  -0.20     0.00
  MONTH TO DATE    1.05                      1.56  -0.51     1.06
  SINCE DEC 1     11.92                     11.95  -0.03    10.69
  SINCE JAN 1      5.46                      6.71  -1.25     6.73

SNOWFALL (IN)
  YESTERDAY        0.0
  MONTH TO DATE    0.0
  SINCE DEC 1      0.0
  SINCE JUL 1      0.0
  SNOW DEPTH       0

DEGREE DAYS
 HEATING
  YESTERDAY       13                        10      3        0
  MONTH TO DATE   79                        86     -7       93
  SINCE DEC 1    535                       778   -243      709
  SINCE JUL 1    593                       942   -349      939

 COOLING
  YESTERDAY        0                         1     -1        0
  MONTH TO DATE   16                         8      8        2
  SINCE DEC 1    131                        51     80       41
  SINCE JAN 1     20                        24     -4       10
..................................................................


WIND (MPH)
  HIGHEST WIND SPEED    35   HIGHEST WIND DIRECTION    NW (310)
  HIGHEST GUST SPEED    46   HIGHEST GUST DIRECTION    NW (310)
  AVERAGE WIND SPEED    16.2


SKY COVER
  POSSIBLE SUNSHINE  MM
  AVERAGE SKY COVER 0.1


WEATHER CONDITIONS
 THE FOLLOWING WEATHER WAS RECORDED YESTERDAY.
  NO SIGNIFICANT WEATHER WAS OBSERVED.


RELATIVE HUMIDITY (PERCENT)
 HIGHEST    77           600 AM
 LOWEST     15           300 PM
 AVERAGE    46

..........................................................


THE NEW ORLEANS CLIMATE NORMALS FOR TODAY
                         NORMAL    RECORD    YEAR
 MAXIMUM TEMPERATURE (F)   64        82      1957
 MINIMUM TEMPERATURE (F)   47        26      1971


SUNRISE AND SUNSET
FEBRUARY  9 2016......SUNRISE   646 AM CST   SUNSET   545 PM CST
FEBRUARY 10 2016......SUNRISE   645 AM CST   SUNSET   545 PM CST


-  INDICATES NEGATIVE NUMBERS.
R  INDICATES RECORD WAS SET OR TIED.
MM INDICATES DATA IS MISSING.
T  INDICATES TRACE AMOUNT.




$$
