000
CDUS44 KLIX 272216
CLINEW


CLIMATE REPORT
NATIONAL WEATHER SERVICE NEW ORLEANS
416 PM CST FRI FEB 27 2015


...................................

...THE NEW ORLEANS CLIMATE SUMMARY FOR FEBRUARY 27 2015...
VALID TODAY AS OF 0400 PM LOCAL TIME.

CLIMATE NORMAL PERIOD 1981 TO 2010
CLIMATE RECORD PERIOD 1946 TO 2015


WEATHER ITEM   OBSERVED TIME   RECORD YEAR NORMAL DEPARTURE LAST
                VALUE   (LST)  VALUE       VALUE  FROM      YEAR
                                                  NORMAL
..................................................................
TEMPERATURE (F)
 TODAY
  MAXIMUM         52    248 PM  83    1962  68    -16       53
  MINIMUM         37    717 AM  24    1974  50    -13       36
  AVERAGE         45                        59    -14       45

PRECIPITATION (IN)
  TODAY            0.00          1.36 1966   0.17  -0.17     0.00
  MONTH TO DATE    2.03                      5.14  -3.11     6.31
  SINCE DEC 1     11.66                     15.53  -3.87    12.23
  SINCE JAN 1      7.70                     10.29  -2.59     9.03

SNOWFALL (IN)
  TODAY            0.0
  MONTH TO DATE    0.0
  SINCE DEC 1      0.0
  SINCE JUL 1      0.0
  SNOW DEPTH       0

DEGREE DAYS
 HEATING
  TODAY           20                         7     13       20
  MONTH TO DATE  345                       246     99      252
  SINCE DEC 1    961                       938     23     1139
  SINCE JUL 1   1191                      1102     89     1339

 COOLING
  TODAY            0                         1     -1        0
  MONTH TO DATE   10                        27    -17       24
  SINCE DEC 1     49                        70    -21       66
  SINCE JAN 1     18                        43    -25       24
..................................................................


WIND (MPH)
  HIGHEST WIND SPEED    22   HIGHEST WIND DIRECTION    NE (50)
  HIGHEST GUST SPEED    27   HIGHEST GUST DIRECTION    NE (30)
  AVERAGE WIND SPEED    15.2


SKY COVER
  POSSIBLE SUNSHINE  MM
  AVERAGE SKY COVER 0.7


WEATHER CONDITIONS
 THE FOLLOWING WEATHER WAS RECORDED TODAY.
  HAZE


RELATIVE HUMIDITY (PERCENT)
 HIGHEST    76           100 AM
 LOWEST     50           300 PM
 AVERAGE    63

..........................................................


THE NEW ORLEANS CLIMATE NORMALS FOR TOMORROW
                         NORMAL    RECORD    YEAR
 MAXIMUM TEMPERATURE (F)   68        84      2011
                                             1948
 MINIMUM TEMPERATURE (F)   51        32      2002


SUNRISE AND SUNSET
FEBRUARY 27 2015......SUNRISE   629 AM CST   SUNSET   559 PM CST
FEBRUARY 28 2015......SUNRISE   628 AM CST   SUNSET   559 PM CST


-  INDICATES NEGATIVE NUMBERS.
R  INDICATES RECORD WAS SET OR TIED.
MM INDICATES DATA IS MISSING.
T  INDICATES TRACE AMOUNT.




$$
