000
CDUS44 KLIX 250702
CLINEW


CLIMATE REPORT
NATIONAL WEATHER SERVICE NEW ORLEANS
201 AM CDT WED MAY 25 2016


...................................

...THE NEW ORLEANS CLIMATE SUMMARY FOR MAY 24 2016...

CLIMATE NORMAL PERIOD 1981 TO 2010
CLIMATE RECORD PERIOD 1946 TO 2016


WEATHER ITEM   OBSERVED TIME   RECORD YEAR NORMAL DEPARTURE LAST
                VALUE   (LST)  VALUE       VALUE  FROM      YEAR
                                                  NORMAL
..................................................................
TEMPERATURE (F)
 YESTERDAY
  MAXIMUM         89    305 PM  94    2005  87      2       88
  MINIMUM         69    347 AM  56    1967  70     -1       73
  AVERAGE         79                        78      1       81

PRECIPITATION (IN)
  YESTERDAY        0.00          2.04 1973   0.15  -0.15     0.12
  MONTH TO DATE    4.10                      3.39   0.71     5.55
  SINCE MAR 1     20.35                     12.55   7.80    23.88
  SINCE JAN 1     28.48                     23.00   5.48    31.58

SNOWFALL (IN)
  YESTERDAY        0.0
  MONTH TO DATE    0.0
  SINCE MAR 1      0.0
  SINCE JUL 1      0.0
  SNOW DEPTH       0

DEGREE DAYS
 HEATING
  YESTERDAY        0                         0      0        0
  MONTH TO DATE    0                         0      0        0
  SINCE MAR 1     41                       170   -129       70
  SINCE JUL 1    755                      1279   -524     1274

 COOLING
  YESTERDAY       14                        13      1       16
  MONTH TO DATE  279                       261     18      322
  SINCE MAR 1    627                       481    146      714
  SINCE JAN 1    663                       518    145      732
..................................................................


WIND (MPH)
  HIGHEST WIND SPEED    20   HIGHEST WIND DIRECTION    SE (150)
  HIGHEST GUST SPEED    22   HIGHEST GUST DIRECTION    SE (150)
  AVERAGE WIND SPEED     8.8


SKY COVER
  POSSIBLE SUNSHINE  MM
  AVERAGE SKY COVER 0.4


WEATHER CONDITIONS
 THE FOLLOWING WEATHER WAS RECORDED YESTERDAY.
  NO SIGNIFICANT WEATHER WAS OBSERVED.


RELATIVE HUMIDITY (PERCENT)
 HIGHEST    84           400 AM
 LOWEST     55          1100 AM
 AVERAGE    70

..........................................................


THE NEW ORLEANS CLIMATE NORMALS FOR TODAY
                         NORMAL    RECORD    YEAR
 MAXIMUM TEMPERATURE (F)   87        94      2010
                                             1953
 MINIMUM TEMPERATURE (F)   70        58      1985
                                             1967


SUNRISE AND SUNSET
MAY 25 2016...........SUNRISE   602 AM CDT   SUNSET   754 PM CDT
MAY 26 2016...........SUNRISE   602 AM CDT   SUNSET   754 PM CDT


-  INDICATES NEGATIVE NUMBERS.
R  INDICATES RECORD WAS SET OR TIED.
MM INDICATES DATA IS MISSING.
T  INDICATES TRACE AMOUNT.




$$
