000
CDUS44 KLIX 202216
CLINEW


CLIMATE REPORT
NATIONAL WEATHER SERVICE NEW ORLEANS
416 PM CST SAT DEC 20 2014


...................................

...THE NEW ORLEANS CLIMATE SUMMARY FOR DECEMBER 20 2014...
VALID TODAY AS OF 0400 PM LOCAL TIME.

CLIMATE NORMAL PERIOD 1981 TO 2010
CLIMATE RECORD PERIOD 1946 TO 2014


WEATHER ITEM   OBSERVED TIME   RECORD YEAR NORMAL DEPARTURE LAST
                VALUE   (LST)  VALUE       VALUE  FROM      YEAR
                                                  NORMAL
..................................................................
TEMPERATURE (F)
 TODAY
  MAXIMUM         53    254 PM  80    1978  64    -11       78
                                      1967
  MINIMUM         49    449 AM  25    1996  46      3       65
  AVERAGE         51                        55     -4       72

PRECIPITATION (IN)
  TODAY            0.03          2.06 2007   0.16  -0.13     0.00
  MONTH TO DATE    1.28                      3.31  -2.03     0.67
  SINCE DEC 1      1.28                      3.31  -2.03     0.67
  SINCE JAN 1     52.06                     60.52  -8.46    63.84

SNOWFALL (IN)
  TODAY            0.0
  MONTH TO DATE    0.0
  SINCE DEC 1      0.0
  SINCE JUL 1      0.0
  SNOW DEPTH       0

DEGREE DAYS
 HEATING
  TODAY           14                        11      3        0
  MONTH TO DATE  125                       190    -65      191
  SINCE DEC 1    125                       190    -65      191
  SINCE JUL 1    355                       354      1      391

 COOLING
  TODAY            0                         1     -1        7
  MONTH TO DATE   24                        20      4       33
  SINCE DEC 1     24                        20      4       33
  SINCE JAN 1   2990                      2998     -8     2992
..................................................................


WIND (MPH)
  HIGHEST WIND SPEED    20   HIGHEST WIND DIRECTION    NE (30)
  HIGHEST GUST SPEED    25   HIGHEST GUST DIRECTION     N (10)
  AVERAGE WIND SPEED    13.8


SKY COVER
  POSSIBLE SUNSHINE  MM
  AVERAGE SKY COVER 1.0


WEATHER CONDITIONS
 THE FOLLOWING WEATHER WAS RECORDED TODAY.
  LIGHT RAIN
  FOG


RELATIVE HUMIDITY (PERCENT)
 HIGHEST    89          1200 AM
 LOWEST     83           800 AM
 AVERAGE    86

..........................................................


THE NEW ORLEANS CLIMATE NORMALS FOR TOMORROW
                         NORMAL    RECORD    YEAR
 MAXIMUM TEMPERATURE (F)   63        80      1990
                                             1967
 MINIMUM TEMPERATURE (F)   46        27      1973


SUNRISE AND SUNSET
DECEMBER 20 2014......SUNRISE   652 AM CST   SUNSET   505 PM CST
DECEMBER 21 2014......SUNRISE   653 AM CST   SUNSET   506 PM CST


-  INDICATES NEGATIVE NUMBERS.
R  INDICATES RECORD WAS SET OR TIED.
MM INDICATES DATA IS MISSING.
T  INDICATES TRACE AMOUNT.




$$
