000
CDUS44 KLIX 020701
CLINEW


CLIMATE REPORT
NATIONAL WEATHER SERVICE NEW ORLEANS
201 AM CDT SUN AUG 2 2015


...................................

...THE NEW ORLEANS CLIMATE SUMMARY FOR AUGUST 1 2015...

CLIMATE NORMAL PERIOD 1981 TO 2010
CLIMATE RECORD PERIOD 1946 TO 2015


WEATHER ITEM   OBSERVED TIME   RECORD YEAR NORMAL DEPARTURE LAST
                VALUE   (LST)  VALUE       VALUE  FROM      YEAR
                                                  NORMAL
..................................................................
TEMPERATURE (F)
 YESTERDAY
  MAXIMUM         93    404 PM 100    2010  92      1       89
  MINIMUM         80   1159 PM  66    1972  75      5       77
  AVERAGE         87                        83      4       83

PRECIPITATION (IN)
  YESTERDAY        0.00          4.82 1975   0.20  -0.20     0.00
  MONTH TO DATE    0.00                      0.20  -0.20     0.00
  SINCE JUN 1      7.92                     14.19  -6.27    12.52
  SINCE JAN 1     43.09                     38.43   4.66    37.46

SNOWFALL (IN)
  YESTERDAY        0.0
  MONTH TO DATE    0.0
  SINCE JUN 1      0.0
  SINCE JUL 1      0.0
  SNOW DEPTH       0

DEGREE DAYS
 HEATING
  YESTERDAY        0                         0      0        0
  MONTH TO DATE    0                         0      0        0
  SINCE JUN 1      0                         0      0        0
  SINCE JUL 1      0                         0      0        0

 COOLING
  YESTERDAY       22                        18      4       18
  MONTH TO DATE   22                        18      4       18
  SINCE JUN 1   1197                      1079    118     1072
  SINCE JAN 1   2026                      1698    328     1595
..................................................................


WIND (MPH)
  HIGHEST WIND SPEED    17   HIGHEST WIND DIRECTION    NE (40)
  HIGHEST GUST SPEED    21   HIGHEST GUST DIRECTION    NE (30)
  AVERAGE WIND SPEED     8.8


SKY COVER
  POSSIBLE SUNSHINE  MM
  AVERAGE SKY COVER 0.3


WEATHER CONDITIONS
 THE FOLLOWING WEATHER WAS RECORDED YESTERDAY.
  NO SIGNIFICANT WEATHER WAS OBSERVED.


RELATIVE HUMIDITY (PERCENT)
 HIGHEST    62           400 AM
 LOWEST     41           600 PM
 AVERAGE    52

..........................................................


THE NEW ORLEANS CLIMATE NORMALS FOR TODAY
                         NORMAL    RECORD    YEAR
 MAXIMUM TEMPERATURE (F)   92       100      2010
 MINIMUM TEMPERATURE (F)   75        68      1992


SUNRISE AND SUNSET
AUGUST  2 2015........SUNRISE   621 AM CDT   SUNSET   754 PM CDT
AUGUST  3 2015........SUNRISE   621 AM CDT   SUNSET   753 PM CDT


-  INDICATES NEGATIVE NUMBERS.
R  INDICATES RECORD WAS SET OR TIED.
MM INDICATES DATA IS MISSING.
T  INDICATES TRACE AMOUNT.




$$
