000
CDUS44 KLIX 032133
CLINEW


CLIMATE REPORT
NATIONAL WEATHER SERVICE NEW ORLEANS
433 PM CDT WED JUN 3 2015


...................................

...THE NEW ORLEANS CLIMATE SUMMARY FOR JUNE 3 2015...
VALID TODAY AS OF 0400 PM LOCAL TIME.

CLIMATE NORMAL PERIOD 1981 TO 2010
CLIMATE RECORD PERIOD 1946 TO 2015


WEATHER ITEM   OBSERVED TIME   RECORD YEAR NORMAL DEPARTURE LAST
                VALUE   (LST)  VALUE       VALUE  FROM      YEAR
                                                  NORMAL
..................................................................
TEMPERATURE (F)
 TODAY
  MAXIMUM         88    259 PM  95    2011  88      0       83
  MINIMUM         75    522 AM  55    1984  72      3       73
                                      1972
  AVERAGE         82                        80      2       78

PRECIPITATION (IN)
  TODAY            0.00          2.71 2003   0.24  -0.24      T
  MONTH TO DATE    0.35                      0.72  -0.37     0.84
  SINCE JUN 1      0.35                      0.72  -0.37     0.84
  SINCE JAN 1     35.52                     24.96  10.56    25.78

SNOWFALL (IN)
  TODAY            0.0
  MONTH TO DATE    0.0
  SINCE JUN 1      0.0
  SINCE JUL 1      0.0
  SNOW DEPTH       0

DEGREE DAYS
 HEATING
  TODAY            0                         0      0        0
  MONTH TO DATE    0                         0      0        0
  SINCE JUN 1      0                         0      0        0
  SINCE JUL 1   1274                      1280     -6     1581

 COOLING
  TODAY           17                        15      2       13
  MONTH TO DATE   47                        45      2       43
  SINCE JUN 1     47                        45      2       43
  SINCE JAN 1    876                       664    212      566
..................................................................


WIND (MPH)
  HIGHEST WIND SPEED    14   HIGHEST WIND DIRECTION    NE (40)
  HIGHEST GUST SPEED    17   HIGHEST GUST DIRECTION     N (20)
  AVERAGE WIND SPEED     7.4


SKY COVER
  POSSIBLE SUNSHINE  MM
  AVERAGE SKY COVER 0.4


WEATHER CONDITIONS
 THE FOLLOWING WEATHER WAS RECORDED TODAY.
  NO SIGNIFICANT WEATHER WAS OBSERVED.


RELATIVE HUMIDITY (PERCENT)
 HIGHEST    82           400 AM
 LOWEST     43           300 PM
 AVERAGE    63

..........................................................


THE NEW ORLEANS CLIMATE NORMALS FOR TOMORROW
                         NORMAL    RECORD    YEAR
 MAXIMUM TEMPERATURE (F)   88       100      2011
 MINIMUM TEMPERATURE (F)   72        60      1966


SUNRISE AND SUNSET
JUNE  3 2015..........SUNRISE   600 AM CDT   SUNSET   758 PM CDT
JUNE  4 2015..........SUNRISE   600 AM CDT   SUNSET   759 PM CDT


-  INDICATES NEGATIVE NUMBERS.
R  INDICATES RECORD WAS SET OR TIED.
MM INDICATES DATA IS MISSING.
T  INDICATES TRACE AMOUNT.




$$
