776
CDUS44 KLIX 202232
CLINEW


CLIMATE REPORT
NATIONAL WEATHER SERVICE NEW ORLEANS
431 PM CST FRI JAN 20 2017


...................................

...THE NEW ORLEANS CLIMATE SUMMARY FOR JANUARY 20 2017...
VALID TODAY AS OF 0400 PM LOCAL TIME.

CLIMATE NORMAL PERIOD 1981 TO 2010
CLIMATE RECORD PERIOD 1946 TO 2017


WEATHER ITEM   OBSERVED TIME   RECORD YEAR NORMAL DEPARTURE LAST
                VALUE   (LST)  VALUE       VALUE  FROM      YEAR
                                                  NORMAL
..................................................................
TEMPERATURE (F)
 TODAY
  MAXIMUM         80    209 PM  82    1982  62     18       70
  MINIMUM         62   1215 AM  15    1985  45     17       55
  AVERAGE         71                        53     18       63

PRECIPITATION (IN)
  TODAY            0.00          3.17 1958   0.16  -0.16     0.02
  MONTH TO DATE    3.73                      3.28   0.45     2.76
  SINCE DEC 1     11.59                      8.52   3.07     9.22
  SINCE JAN 1      3.73                      3.28   0.45     2.76

SNOWFALL (IN)
  TODAY            0.0
  MONTH TO DATE    0.0
  SINCE DEC 1      0.0
  SINCE JUL 1      0.0
  SNOW DEPTH       0

DEGREE DAYS
 HEATING
  TODAY            0                        12    -12        2
  MONTH TO DATE  119                       240   -121      233
  SINCE DEC 1    338                       557   -219      349
  SINCE JUL 1    409                       721   -312      407

 COOLING
  TODAY            6                         0      6        0
  MONTH TO DATE   48                        12     36        0
  SINCE DEC 1    103                        39     64      111
  SINCE JAN 1     48                        12     36        0
..................................................................


WIND (MPH)
  HIGHEST WIND SPEED    13   HIGHEST WIND DIRECTION     W (250)
  HIGHEST GUST SPEED    17   HIGHEST GUST DIRECTION     W (260)
  AVERAGE WIND SPEED     6.2


SKY COVER
  POSSIBLE SUNSHINE  MM
  AVERAGE SKY COVER 0.6


WEATHER CONDITIONS
 THE FOLLOWING WEATHER WAS RECORDED TODAY.
  FOG


RELATIVE HUMIDITY (PERCENT)
 HIGHEST   100          1200 AM
 LOWEST     62           200 PM
 AVERAGE    81

..........................................................


THE NEW ORLEANS CLIMATE NORMALS FOR TOMORROW
                         NORMAL    RECORD    YEAR
 MAXIMUM TEMPERATURE (F)   62        82      1982
 MINIMUM TEMPERATURE (F)   45        14      1985


SUNRISE AND SUNSET
JANUARY 20 2017.......SUNRISE   656 AM CST   SUNSET   528 PM CST
JANUARY 21 2017.......SUNRISE   656 AM CST   SUNSET   529 PM CST


-  INDICATES NEGATIVE NUMBERS.
R  INDICATES RECORD WAS SET OR TIED.
MM INDICATES DATA IS MISSING.
T  INDICATES TRACE AMOUNT.




$$
