000
CDUS44 KLIX 242120
CLINEW


CLIMATE REPORT
NATIONAL WEATHER SERVICE NEW ORLEANS
419 PM CDT FRI MAR 24 2017


...................................

...THE NEW ORLEANS CLIMATE SUMMARY FOR MARCH 24 2017...
VALID TODAY AS OF 0400 PM LOCAL TIME.

CLIMATE NORMAL PERIOD 1981 TO 2010
CLIMATE RECORD PERIOD 1946 TO 2017


WEATHER ITEM   OBSERVED TIME   RECORD YEAR NORMAL DEPARTURE LAST
                VALUE   (LST)  VALUE       VALUE  FROM      YEAR
                                                  NORMAL
..................................................................
TEMPERATURE (F)
 TODAY
  MAXIMUM         80    212 PM  84    1994  74      6       72
  MINIMUM         67    601 AM  32    1968  55     12       63
  AVERAGE         74                        64     10       68

PRECIPITATION (IN)
  TODAY            0.00          5.10 1973   0.15  -0.15     0.18
  MONTH TO DATE    1.33                      3.48  -2.15     4.33
  SINCE MAR 1      1.33                      3.48  -2.15     4.33
  SINCE JAN 1      8.97                     13.93  -4.96    12.46

SNOWFALL (IN)
  TODAY            0.0
  MONTH TO DATE    0.0
  SINCE MAR 1      0.0
  SINCE JUL 1      0.0
  SNOW DEPTH       0

DEGREE DAYS
 HEATING
  TODAY            0                         3     -3        0
  MONTH TO DATE   59                       116    -57       37
  SINCE MAR 1     59                       116    -57       37
  SINCE JUL 1    620                      1225   -605      751

 COOLING
  TODAY            9                         2      7        3
  MONTH TO DATE   85                        43     42      108
  SINCE MAR 1     85                        43     42      108
  SINCE JAN 1    205                        80    125      144
..................................................................


WIND (MPH)
  HIGHEST WIND SPEED    28   HIGHEST WIND DIRECTION    SE (150)
  HIGHEST GUST SPEED    36   HIGHEST GUST DIRECTION    SE (140)
  AVERAGE WIND SPEED    16.7


SKY COVER
  POSSIBLE SUNSHINE  MM
  AVERAGE SKY COVER 0.6


WEATHER CONDITIONS
 THE FOLLOWING WEATHER WAS RECORDED TODAY.
  FOG


RELATIVE HUMIDITY (PERCENT)
 HIGHEST    93           200 AM
 LOWEST     62           100 PM
 AVERAGE    78

..........................................................


THE NEW ORLEANS CLIMATE NORMALS FOR TOMORROW
                         NORMAL    RECORD    YEAR
 MAXIMUM TEMPERATURE (F)   74        84      2005
 MINIMUM TEMPERATURE (F)   55        30      1968


SUNRISE AND SUNSET
MARCH 24 2017.........SUNRISE   700 AM CDT   SUNSET   715 PM CDT
MARCH 25 2017.........SUNRISE   658 AM CDT   SUNSET   716 PM CDT


-  INDICATES NEGATIVE NUMBERS.
R  INDICATES RECORD WAS SET OR TIED.
MM INDICATES DATA IS MISSING.
T  INDICATES TRACE AMOUNT.




$$
