000
CDUS44 KLIX 170820
CLINEW


CLIMATE REPORT
NATIONAL WEATHER SERVICE NEW ORLEANS
NATIONAL WEATHER SERVICE NEW ORL
220 AM CST SUN DEC 17 2017


...................................

...THE NEW ORLEANS CLIMATE SUMMARY FOR DECEMBER 16 2017...

CLIMATE NORMAL PERIOD 1981 TO 2010
CLIMATE RECORD PERIOD 1946 TO 2017


WEATHER ITEM   OBSERVED TIME   RECORD YEAR NORMAL DEPARTURE LAST
                VALUE   (LST)  VALUE       VALUE  FROM      YEAR
                                                  NORMAL
..................................................................
TEMPERATURE (F)
 YESTERDAY
  MAXIMUM         60   1159 PM  84    1971  64     -4       70
  MINIMUM         45    347 AM  23    1968  47     -2       46
  AVERAGE         53                        55     -2       58

PRECIPITATION (IN)
  YESTERDAY        0.00          2.25 1992   0.16  -0.16     0.00
  MONTH TO DATE    1.78                      2.65  -0.87     3.61
  SINCE DEC 1      1.78                      2.65  -0.87     3.61
  SINCE JAN 1     69.04                     59.86   9.18    66.49

SNOWFALL (IN)
  YESTERDAY        0.0
  MONTH TO DATE    T
  SINCE DEC 1      T
  SINCE JUL 1      T
  SNOW DEPTH       0

DEGREE DAYS
 HEATING
  YESTERDAY       12                        10      2        7
  MONTH TO DATE  187                       146     41      127
  SINCE DEC 1    187                       146     41      127
  SINCE JUL 1    319                       310      9      198

 COOLING
  YESTERDAY        0                         1     -1        0
  MONTH TO DATE    8                        16     -8       13
  SINCE DEC 1      8                        16     -8       13
  SINCE JAN 1   3212                      2994    218     3848
..................................................................


WIND (MPH)
  HIGHEST WIND SPEED    17   HIGHEST WIND DIRECTION     E (100)
  HIGHEST GUST SPEED    21   HIGHEST GUST DIRECTION     E (110)
  AVERAGE WIND SPEED     8.1


SKY COVER
  POSSIBLE SUNSHINE  MM
  AVERAGE SKY COVER 0.8


WEATHER CONDITIONS
 THE FOLLOWING WEATHER WAS RECORDED YESTERDAY.
  NO SIGNIFICANT WEATHER WAS OBSERVED.


RELATIVE HUMIDITY (PERCENT)
 HIGHEST    87          1100 PM
 LOWEST     59           300 PM
 AVERAGE    73

..........................................................


THE NEW ORLEANS CLIMATE NORMALS FOR TODAY
                         NORMAL    RECORD    YEAR
 MAXIMUM TEMPERATURE (F)   64        79      2016
                                             1990
                                             1971
 MINIMUM TEMPERATURE (F)   47        25      1960


SUNRISE AND SUNSET
DECEMBER 17 2017......SUNRISE   651 AM CST   SUNSET   504 PM CST
DECEMBER 18 2017......SUNRISE   651 AM CST   SUNSET   504 PM CST


-  INDICATES NEGATIVE NUMBERS.
R  INDICATES RECORD WAS SET OR TIED.
MM INDICATES DATA IS MISSING.
T  INDICATES TRACE AMOUNT.




$$
