000
CDUS44 KLIX 310702
CLINEW


CLIMATE REPORT
NATIONAL WEATHER SERVICE NEW ORLEANS
201 AM CDT WED AUG 31 2016


...................................

...THE NEW ORLEANS CLIMATE SUMMARY FOR AUGUST 30 2016...

CLIMATE NORMAL PERIOD 1981 TO 2010
CLIMATE RECORD PERIOD 1946 TO 2016


WEATHER ITEM   OBSERVED TIME   RECORD YEAR NORMAL DEPARTURE LAST
                VALUE   (LST)  VALUE       VALUE  FROM      YEAR
                                                  NORMAL
..................................................................
TEMPERATURE (F)
 YESTERDAY
  MAXIMUM         95    308 PM 101    2000  90      5       91
  MINIMUM         82    606 AM  60    1968  75      7       72
  AVERAGE         89                        83      6       82

PRECIPITATION (IN)
  YESTERDAY        0.00          2.14 1981   0.20  -0.20     0.00
  MONTH TO DATE   11.87                      5.78   6.09     3.28
  SINCE JUN 1     26.10                     19.77   6.33    11.20
  SINCE JAN 1     55.43                     44.01  11.42    46.37

SNOWFALL (IN)
  YESTERDAY        0.0
  MONTH TO DATE    0.0
  SINCE JUN 1      0.0
  SINCE JUL 1      0.0
  SNOW DEPTH       0

DEGREE DAYS
 HEATING
  YESTERDAY        0                         0      0        0
  MONTH TO DATE    0                         0      0        0
  SINCE JUN 1      0                         0      0        0
  SINCE JUL 1      0                         0      0        0

 COOLING
  YESTERDAY       24                        18      6       17
  MONTH TO DATE  631                       540     91      606
  SINCE JUN 1   1897                      1601    296     1781
  SINCE JAN 1   2677                      2220    457     2610
..................................................................


WIND (MPH)
  HIGHEST WIND SPEED    18   HIGHEST WIND DIRECTION    NE (40)
  HIGHEST GUST SPEED    22   HIGHEST GUST DIRECTION    NE (40)
  AVERAGE WIND SPEED     8.0


SKY COVER
  POSSIBLE SUNSHINE  MM
  AVERAGE SKY COVER 0.2


WEATHER CONDITIONS
 THE FOLLOWING WEATHER WAS RECORDED YESTERDAY.
  HAZE


RELATIVE HUMIDITY (PERCENT)
 HIGHEST    88           100 AM
 LOWEST     49           300 PM
 AVERAGE    69

..........................................................


THE NEW ORLEANS CLIMATE NORMALS FOR TODAY
                         NORMAL    RECORD    YEAR
 MAXIMUM TEMPERATURE (F)   90        98      1947
 MINIMUM TEMPERATURE (F)   75        62      1968


SUNRISE AND SUNSET
AUGUST 31 2016........SUNRISE   638 AM CDT   SUNSET   724 PM CDT
SEPTEMBER  1 2016.....SUNRISE   638 AM CDT   SUNSET   723 PM CDT


-  INDICATES NEGATIVE NUMBERS.
R  INDICATES RECORD WAS SET OR TIED.
MM INDICATES DATA IS MISSING.
T  INDICATES TRACE AMOUNT.




$$
