000
CDUS46 KMTR 190026
CLINUQ


CLIMATE REPORT
NATIONAL WEATHER SERVICE SAN FRANCISCO BAY AREA
425 PM PST SUN FEB 18 2018


...................................

...THE MOFFETT FIELD CLIMATE SUMMARY FOR FEBRUARY 18 2018...
VALID TODAY AS OF 0400 PM LOCAL TIME.

CLIMATE NORMAL PERIOD 1981 TO 2010
CLIMATE RECORD PERIOD 1945 TO 2018


WEATHER ITEM   OBSERVED TIME   RECORD YEAR NORMAL DEPARTURE LAST
                VALUE   (LST)  VALUE       VALUE  FROM      YEAR
                                                  NORMAL
..................................................................
TEMPERATURE (F)
 TODAY
  MAXIMUM         58    150 PM  78    1981  62     -4       56
  MINIMUM         46    705 AM  32    1956  46      0       48
  AVERAGE         52                        54     -2       52

PRECIPITATION (IN)
  TODAY            T             1.43 1958   0.11  -0.11     0.15
  MONTH TO DATE    T                         1.92  -1.92     2.94
  SINCE OCT 1      4.70                      9.51  -4.81    12.91
  SINCE JAN 1      2.75                      4.67  -1.92     8.34

DEGREE DAYS
 HEATING
  TODAY           13                                        13
  MONTH TO DATE  136                                       148
  SINCE DEC 1    952                                      1085
  SINCE JUL 1   1234                                      1372

 COOLING
  TODAY            0                                         0
  MONTH TO DATE    0                                         0
  SINCE DEC 1      0                                         0
  SINCE JAN 1      0                                         0
..................................................................


WIND (MPH)
  RESULTANT WIND SPEED   5   RESULTANT WIND DIRECTION  NW (300)
  HIGHEST WIND SPEED    21   HIGHEST WIND DIRECTION    NW (310)
  HIGHEST GUST SPEED    29   HIGHEST GUST DIRECTION    NW (310)
  AVERAGE WIND SPEED     5.6


SKY COVER
  POSSIBLE SUNSHINE  MM
  AVERAGE SKY COVER 0.4


WEATHER CONDITIONS
 THE FOLLOWING WEATHER WAS RECORDED TODAY.
  LIGHT RAIN
  FOG
  HAZE


RELATIVE HUMIDITY (PERCENT)
 HIGHEST   100           100 AM
 LOWEST     47           100 PM
 AVERAGE    74

..........................................................


THE MOFFETT FIELD CLIMATE NORMALS FOR TOMORROW
                         NORMAL    RECORD    YEAR
 MAXIMUM TEMPERATURE (F)   62        76      1991
 MINIMUM TEMPERATURE (F)   46        35      1949


SUNRISE AND SUNSET
FEBRUARY 18 2018......SUNRISE   654 AM PST   SUNSET   551 PM PST
FEBRUARY 19 2018......SUNRISE   652 AM PST   SUNSET   552 PM PST


-  INDICATES NEGATIVE NUMBERS.
R  INDICATES RECORD WAS SET OR TIED.
MM INDICATES DATA IS MISSING.
T  INDICATES TRACE AMOUNT.




$$
