015
CDUS46 KMTR 110026
CLINUQ


CLIMATE REPORT
NATIONAL WEATHER SERVICE SAN FRANCISCO BAY AREA
426 PM PST WED FEB 10 2016


...................................

...THE MOFFETT FIELD CLIMATE SUMMARY FOR FEBRUARY 10 2016...
VALID TODAY AS OF 0400 PM LOCAL TIME.

CLIMATE NORMAL PERIOD 1981 TO 2010
CLIMATE RECORD PERIOD 1945 TO 2016


WEATHER ITEM   OBSERVED TIME   RECORD YEAR NORMAL DEPARTURE LAST
                VALUE   (LST)  VALUE       VALUE  FROM      YEAR
                                                  NORMAL
..................................................................
TEMPERATURE (F)
 TODAY
  MAXIMUM         71    227 PM  75    1988  61     10       64
  MINIMUM         47    734 AM  33    1946  45      2       45
  AVERAGE         59                        53      6       55

PRECIPITATION (IN)
  TODAY            0.00          1.01 1992   0.11  -0.11     0.01
  MONTH TO DATE    0.06                      1.04  -0.98     2.40
  SINCE OCT 1      8.04                      8.63  -0.59    12.39
  SINCE JAN 1      3.64                      3.79  -0.15     2.40

DEGREE DAYS
 HEATING
  TODAY            6                                        10
  MONTH TO DATE  103                                        64
  SINCE DEC 1    931                                       744
  SINCE JUL 1   1274                                       971

 COOLING
  TODAY            0                                         0
  MONTH TO DATE    0                                         0
  SINCE DEC 1      0                                         0
  SINCE JAN 1      0                                         0
..................................................................


WIND (MPH)
  RESULTANT WIND SPEED   1   RESULTANT WIND DIRECTION   N (20)
  HIGHEST WIND SPEED    12   HIGHEST WIND DIRECTION     N (340)
  HIGHEST GUST SPEED    13   HIGHEST GUST DIRECTION     N (340)
  AVERAGE WIND SPEED     2.3


SKY COVER
  POSSIBLE SUNSHINE  MM
  AVERAGE SKY COVER 0.0


WEATHER CONDITIONS
 THE FOLLOWING WEATHER WAS RECORDED TODAY.
  NO SIGNIFICANT WEATHER WAS OBSERVED.


RELATIVE HUMIDITY (PERCENT)
 HIGHEST    80           200 AM
 LOWEST     53           200 PM
 AVERAGE    67

..........................................................


THE MOFFETT FIELD CLIMATE NORMALS FOR TOMORROW
                         NORMAL    RECORD    YEAR
 MAXIMUM TEMPERATURE (F)   61        76      1988
 MINIMUM TEMPERATURE (F)   45        33      1946


SUNRISE AND SUNSET
FEBRUARY 10 2016......SUNRISE   703 AM PST   SUNSET   542 PM PST
FEBRUARY 11 2016......SUNRISE   702 AM PST   SUNSET   543 PM PST


-  INDICATES NEGATIVE NUMBERS.
R  INDICATES RECORD WAS SET OR TIED.
MM INDICATES DATA IS MISSING.
T  INDICATES TRACE AMOUNT.




$$
