000
CDUS46 KMTR 070026
CLINUQ


CLIMATE REPORT
NATIONAL WEATHER SERVICE SAN FRANCISCO BAY AREA
526 PM PDT MON JUL 6 2015


...................................

...THE MOFFETT FIELD CLIMATE SUMMARY FOR JULY 6 2015...
VALID TODAY AS OF 0500 PM LOCAL TIME.

CLIMATE NORMAL PERIOD 1981 TO 2010
CLIMATE RECORD PERIOD 1945 TO 2015


WEATHER ITEM   OBSERVED TIME   RECORD YEAR NORMAL DEPARTURE LAST
                VALUE   (LST)  VALUE       VALUE  FROM      YEAR
                                                  NORMAL
..................................................................
TEMPERATURE (F)
 TODAY
  MAXIMUM         77    153 PM  92    1989  78     -1       77
  MINIMUM         63    619 AM  47    1949  59      4       55
  AVERAGE         70                        68      2       66

PRECIPITATION (IN)
  TODAY            0.00          0.00 2009   0.01  -0.01     0.00
  MONTH TO DATE    T                         0.01  -0.01     0.00
  SINCE OCT 1     14.23                     14.48  -0.25     5.95
  SINCE JAN 1      4.24                      9.64  -5.40     5.19

DEGREE DAYS
 HEATING
  TODAY            0                                         0
  MONTH TO DATE    0                                         0
  SINCE JUN 1     16                                         7
  SINCE JUL 1      0                                         0

 COOLING
  TODAY            5                                         1
  MONTH TO DATE   34                                        13
  SINCE JUN 1    112                                        90
  SINCE JAN 1    130                                       177
..................................................................


WIND (MPH)
  RESULTANT WIND SPEED   8   RESULTANT WIND DIRECTION   N (350)
  HIGHEST WIND SPEED    23   HIGHEST WIND DIRECTION     N (360)
  HIGHEST GUST SPEED    26   HIGHEST GUST DIRECTION     N (350)
  AVERAGE WIND SPEED     9.2


SKY COVER
  POSSIBLE SUNSHINE  MM
  AVERAGE SKY COVER 0.4


WEATHER CONDITIONS
 THE FOLLOWING WEATHER WAS RECORDED TODAY.
  NO SIGNIFICANT WEATHER WAS OBSERVED.


RELATIVE HUMIDITY (PERCENT)
 HIGHEST    84          1200 AM
 LOWEST     54           100 PM
 AVERAGE    69

..........................................................


THE MOFFETT FIELD CLIMATE NORMALS FOR TOMORROW
                         NORMAL    RECORD    YEAR
 MAXIMUM TEMPERATURE (F)   78        88      2008
 MINIMUM TEMPERATURE (F)   59        47      1949


SUNRISE AND SUNSET
JULY  6 2015..........SUNRISE   554 AM PDT   SUNSET   832 PM PDT
JULY  7 2015..........SUNRISE   554 AM PDT   SUNSET   832 PM PDT


-  INDICATES NEGATIVE NUMBERS.
R  INDICATES RECORD WAS SET OR TIED.
MM INDICATES DATA IS MISSING.
T  INDICATES TRACE AMOUNT.




$$
