000
CDUS46 KMTR 260845
CLINUQ


CLIMATE REPORT
NATIONAL WEATHER SERVICE SAN FRANCISCO BAY AREA
145 AM PDT TUE JUL 26 2016


...................................

...THE MOFFETT FIELD CLIMATE SUMMARY FOR JULY 25 2016...

CLIMATE NORMAL PERIOD 1981 TO 2010
CLIMATE RECORD PERIOD 1945 TO 2016


WEATHER ITEM   OBSERVED TIME   RECORD YEAR NORMAL DEPARTURE LAST
                VALUE   (LST)  VALUE       VALUE  FROM      YEAR
                                                  NORMAL
..................................................................
TEMPERATURE (F)
 YESTERDAY
  MAXIMUM         79    404 PM  95    2014  77      2       72
  MINIMUM         58    346 AM  48    1955  59     -1       59
  AVERAGE         69                        68      1       66

PRECIPITATION (IN)
  YESTERDAY        0.00          0.09 1946   0.00   0.00     0.00
  MONTH TO DATE    0.00                      0.02  -0.02      T
  SINCE OCT 1     13.15                     14.49  -1.34    14.23
  SINCE JAN 1      8.75                      9.65  -0.90     4.24

DEGREE DAYS
 HEATING
  YESTERDAY        0                                         0
  MONTH TO DATE    5                                         0
  SINCE JUN 1     13                                        16
  SINCE JUL 1      5                                         0

 COOLING
  YESTERDAY        4                                         1
  MONTH TO DATE   52                                       108
  SINCE JUN 1    156                                       186
  SINCE JAN 1    216                                       204
..................................................................


WIND (MPH)
  RESULTANT WIND SPEED   5   RESULTANT WIND DIRECTION   N (350)
  HIGHEST WIND SPEED    15   HIGHEST WIND DIRECTION     N (340)
  HIGHEST GUST SPEED    18   HIGHEST GUST DIRECTION     N (350)
  AVERAGE WIND SPEED     6.3


SKY COVER
  POSSIBLE SUNSHINE  MM
  AVERAGE SKY COVER 0.2


WEATHER CONDITIONS
 THE FOLLOWING WEATHER WAS RECORDED YESTERDAY.
  NO SIGNIFICANT WEATHER WAS OBSERVED.


RELATIVE HUMIDITY (PERCENT)
 HIGHEST    87           400 AM
 LOWEST     48           100 PM
 AVERAGE    68

..........................................................


THE MOFFETT FIELD CLIMATE NORMALS FOR TODAY
                         NORMAL    RECORD    YEAR
 MAXIMUM TEMPERATURE (F)   77        91      1963
 MINIMUM TEMPERATURE (F)   60        49      1955


SUNRISE AND SUNSET
JULY 26 2016..........SUNRISE   608 AM PDT   SUNSET   821 PM PDT
JULY 27 2016..........SUNRISE   609 AM PDT   SUNSET   820 PM PDT


-  INDICATES NEGATIVE NUMBERS.
R  INDICATES RECORD WAS SET OR TIED.
MM INDICATES DATA IS MISSING.
T  INDICATES TRACE AMOUNT.




$$
