000
CDUS46 KMTR 270833
CLINUQ


CLIMATE REPORT
NATIONAL WEATHER SERVICE SAN FRANCISCO BAY AREA
133 AM PDT SAT MAY 27 2017


...................................

...THE MOFFETT FIELD CLIMATE SUMMARY FOR MAY 26 2017...

CLIMATE NORMAL PERIOD 1981 TO 2010
CLIMATE RECORD PERIOD 1945 TO 2017


WEATHER ITEM   OBSERVED TIME   RECORD YEAR NORMAL DEPARTURE LAST
                VALUE   (LST)  VALUE       VALUE  FROM      YEAR
                                                  NORMAL
..................................................................
TEMPERATURE (F)
 YESTERDAY
  MAXIMUM         70    404 PM  89    1974  73     -3       74
  MINIMUM         53   1143 PM  42    1953  54     -1       53
  AVERAGE         62                        64     -2       64

PRECIPITATION (IN)
  YESTERDAY        0.00          0.17 1946   0.01  -0.01     0.00
  MONTH TO DATE    0.00                      0.43  -0.43     0.13
  SINCE OCT 1     18.13                     14.33   3.80    13.15
  SINCE JAN 1     13.56                      9.49   4.07     8.75

DEGREE DAYS
 HEATING
  YESTERDAY        3                                         1
  MONTH TO DATE   64                                        61
  SINCE MAR 1    461                                       395
  SINCE JUL 1   1989                                      1780

 COOLING
  YESTERDAY        0                                         0
  MONTH TO DATE   51                                        18
  SINCE MAR 1     53                                        41
  SINCE JAN 1     53                                        43
..................................................................


WIND (MPH)
  RESULTANT WIND SPEED   1   RESULTANT WIND DIRECTION  SE (140)
  HIGHEST WIND SPEED    13   HIGHEST WIND DIRECTION     N (350)
  HIGHEST GUST SPEED    16   HIGHEST GUST DIRECTION    SE (130)
  AVERAGE WIND SPEED     6.3


SKY COVER
  POSSIBLE SUNSHINE  MM
  AVERAGE SKY COVER 0.6


WEATHER CONDITIONS
 THE FOLLOWING WEATHER WAS RECORDED YESTERDAY.
  NO SIGNIFICANT WEATHER WAS OBSERVED.


RELATIVE HUMIDITY (PERCENT)
 HIGHEST    83          1100 PM
 LOWEST     49           300 PM
 AVERAGE    66

..........................................................


THE MOFFETT FIELD CLIMATE NORMALS FOR TODAY
                         NORMAL    RECORD    YEAR
 MAXIMUM TEMPERATURE (F)   73        97      1984
 MINIMUM TEMPERATURE (F)   55        45      1956


SUNRISE AND SUNSET
MAY 27 2017...........SUNRISE   551 AM PDT   SUNSET   820 PM PDT
MAY 28 2017...........SUNRISE   550 AM PDT   SUNSET   821 PM PDT


-  INDICATES NEGATIVE NUMBERS.
R  INDICATES RECORD WAS SET OR TIED.
MM INDICATES DATA IS MISSING.
T  INDICATES TRACE AMOUNT.




$$
