000
CDUS41 KOKX 312038
CLINYC


CLIMATE REPORT
NATIONAL WEATHER SERVICE NEW YORK NY
437 PM EDT TUE MAY 31 2016


...................................

...THE CENTRAL PARK NY CLIMATE SUMMARY FOR MAY 31 2016...
VALID TODAY AS OF 0400 PM LOCAL TIME.

CLIMATE NORMAL PERIOD 1981 TO 2010
CLIMATE RECORD PERIOD 1869 TO 2016


WEATHER ITEM   OBSERVED TIME   RECORD YEAR NORMAL DEPARTURE LAST
                VALUE   (LST)  VALUE       VALUE  FROM      YEAR
                                                  NORMAL
..................................................................
TEMPERATURE (F)
 TODAY
  MAXIMUM         85   1258 PM  96    1939  75     10       87
                                      1895
  MINIMUM         71    529 AM  46    1938  59     12       57
                                      1930
                                      1924
  AVERAGE         78                        67     11       72

PRECIPITATION (IN)
  TODAY            0.00          3.13 1940   0.15  -0.15     1.46
  MONTH TO DATE    3.75                      4.19  -0.44     1.86
  SINCE MAR 1      6.53                     13.05  -6.52     8.66
  SINCE JAN 1     15.34                     19.79  -4.45    15.93

SNOWFALL (IN)
  TODAY            0.0           0.0  2002   0.0    0.0      0.0
                                      2001
  MONTH TO DATE    0.0                       0.0    0.0      0.0
  SINCE OCT 1     32.8                      25.8    7.0     50.3
  SINCE JUL 1     32.8                      25.8    7.0     50.3
  SNOW DEPTH       0

DEGREE DAYS
 HEATING
  TODAY            0                         2     -2        0
  MONTH TO DATE  161                       138     23       37
  SINCE MAR 1   1014                      1209   -195     1182
  SINCE JUL 1   3761                      4731   -970     4941

 COOLING
  TODAY           13                         4      9        7
  MONTH TO DATE  100                        57     43      154
  SINCE MAR 1    119                        69     50      159
  SINCE JAN 1    119                        69     50      159
..................................................................


WIND (MPH)
  HIGHEST WIND SPEED    12   HIGHEST WIND DIRECTION     E (70)
  HIGHEST GUST SPEED    20   HIGHEST GUST DIRECTION    SW (210)
  AVERAGE WIND SPEED     3.8


SKY COVER
  AVERAGE SKY COVER 0.5


WEATHER CONDITIONS
 THE FOLLOWING WEATHER WAS RECORDED TODAY.
  FOG
  HAZE


RELATIVE HUMIDITY (PERCENT)
 HIGHEST    84          1200 AM
 LOWEST     44           100 PM
 AVERAGE    64

..........................................................


THE CENTRAL PARK NY CLIMATE NORMALS FOR TOMORROW
                         NORMAL    RECORD    YEAR
 MAXIMUM TEMPERATURE (F)   75        96      1895
 MINIMUM TEMPERATURE (F)   59        44      1945


SUNRISE AND SUNSET
MAY 31 2016...........SUNRISE   527 AM EDT   SUNSET   821 PM EDT
JUNE  1 2016..........SUNRISE   527 AM EDT   SUNSET   821 PM EDT


-  INDICATES NEGATIVE NUMBERS.
R  INDICATES RECORD WAS SET OR TIED.
MM INDICATES DATA IS MISSING.
T  INDICATES TRACE AMOUNT.




$$
