997
CDUS41 KOKX 230616
CLINYC


CLIMATE REPORT
NATIONAL WEATHER SERVICE NEW YORK NY
116 AM EST THU FEB 23 2017


...................................

...THE CENTRAL PARK NY CLIMATE SUMMARY FOR FEBRUARY 22 2017...

CLIMATE NORMAL PERIOD 1981 TO 2010
CLIMATE RECORD PERIOD 1869 TO 2017


WEATHER ITEM   OBSERVED TIME   RECORD YEAR NORMAL DEPARTURE LAST
                VALUE   (LST)  VALUE       VALUE  FROM      YEAR
                                                  NORMAL
..................................................................
TEMPERATURE (F)
 YESTERDAY
  MAXIMUM         57    451 PM  69    1997  43     14       52
  MINIMUM         42    241 AM   8    1963  30     12       38
                                      1918
  AVERAGE         50                        36     14       45

PRECIPITATION (IN)
  YESTERDAY        0.00          2.39 1878   0.11  -0.11     0.00
  MONTH TO DATE    1.94                      2.38  -0.44     2.81
  SINCE DEC 1      9.66                     10.03  -0.37    11.94
  SINCE JAN 1      6.77                      6.03   0.74     7.22

SNOWFALL (IN)
  YESTERDAY        0.0           6.0  2008   0.3   -0.3      0.0
  MONTH TO DATE    9.4                       7.4    2.0      4.0
  SINCE OCT 1     20.5                      19.5    1.0     31.9
  SINCE JUL 1     20.5                      19.5    1.0     31.9
  SNOW DEPTH       0

DEGREE DAYS
 HEATING
  YESTERDAY       15                        28    -13       20
  MONTH TO DATE  569                       666    -97      635
  SINCE DEC 1   2217                      2522   -305     2009
  SINCE JUL 1   2904                      3355   -451     2597

 COOLING
  YESTERDAY        0                         0      0        0
  MONTH TO DATE    0                         0      0        0
  SINCE DEC 1      0                         0      0        3
  SINCE JAN 1      0                         0      0        0
..................................................................


WIND (MPH)
  HIGHEST WIND SPEED    12   HIGHEST WIND DIRECTION    SW (240)
  HIGHEST GUST SPEED    17   HIGHEST GUST DIRECTION    SW (210)
  AVERAGE WIND SPEED     2.9


SKY COVER
  AVERAGE SKY COVER 0.3


WEATHER CONDITIONS
 THE FOLLOWING WEATHER WAS RECORDED YESTERDAY.
  NO SIGNIFICANT WEATHER WAS OBSERVED.


RELATIVE HUMIDITY (PERCENT)
 HIGHEST    71           800 PM
 LOWEST     47           400 PM
 AVERAGE    59

..........................................................


THE CENTRAL PARK NY CLIMATE NORMALS FOR TODAY
                         NORMAL    RECORD    YEAR
 MAXIMUM TEMPERATURE (F)   43        70      1985
 MINIMUM TEMPERATURE (F)   30         5      1889
                                             1873


SUNRISE AND SUNSET
FEBRUARY 23 2017......SUNRISE   638 AM EST   SUNSET   540 PM EST
FEBRUARY 24 2017......SUNRISE   637 AM EST   SUNSET   542 PM EST


-  INDICATES NEGATIVE NUMBERS.
R  INDICATES RECORD WAS SET OR TIED.
MM INDICATES DATA IS MISSING.
T  INDICATES TRACE AMOUNT.




$$
