000
CDUS41 KOKX 300616
CLINYC


CLIMATE REPORT
NATIONAL WEATHER SERVICE NEW YORK NY
216 AM EDT THU MAR 30 2017


...................................

...THE CENTRAL PARK NY CLIMATE SUMMARY FOR MARCH 29 2017...

CLIMATE NORMAL PERIOD 1981 TO 2010
CLIMATE RECORD PERIOD 1869 TO 2017


WEATHER ITEM   OBSERVED TIME   RECORD YEAR NORMAL DEPARTURE LAST
                VALUE   (LST)  VALUE       VALUE  FROM      YEAR
                                                  NORMAL
..................................................................
TEMPERATURE (F)
 YESTERDAY
  MAXIMUM         60    126 PM  86    1945  54      6       53
  MINIMUM         42   1159 PM  10    1923  39      3       40
  AVERAGE         51                        47      4       47

PRECIPITATION (IN)
  YESTERDAY        0.00          2.03 1984   0.15  -0.15     0.00
  MONTH TO DATE    3.73                      4.05  -0.32     1.17
  SINCE MAR 1      3.73                      4.05  -0.32     1.17
  SINCE JAN 1     11.04                     10.79   0.25     9.98

SNOWFALL (IN)
  YESTERDAY        0.0           4.0  1970   0.1   -0.1      0.0
  MONTH TO DATE    9.7                       3.8    5.9      0.9
  SINCE OCT 1     30.2                      25.1    5.1     32.8
  SINCE JUL 1     30.2                      25.1    5.1     32.8
  SNOW DEPTH       0

DEGREE DAYS
 HEATING
  YESTERDAY       14                        18     -4       18
  MONTH TO DATE  748                       663     85      476
  SINCE MAR 1    748                       663     85      476
  SINCE JUL 1   3731                      4185   -454     3223

 COOLING
  YESTERDAY        0                         0      0        0
  MONTH TO DATE    0                         0      0        6
  SINCE MAR 1      0                         0      0        6
  SINCE JAN 1      0                         0      0        6
..................................................................


WIND (MPH)
  HIGHEST WIND SPEED    18   HIGHEST WIND DIRECTION    NE (30)
  HIGHEST GUST SPEED    27   HIGHEST GUST DIRECTION    NE (40)
  AVERAGE WIND SPEED     7.9


SKY COVER
  AVERAGE SKY COVER 0.5


WEATHER CONDITIONS
 THE FOLLOWING WEATHER WAS RECORDED YESTERDAY.
  FOG


RELATIVE HUMIDITY (PERCENT)
 HIGHEST    92          1200 AM
 LOWEST     30           400 PM
 AVERAGE    61

..........................................................


THE CENTRAL PARK NY CLIMATE NORMALS FOR TODAY
                         NORMAL    RECORD    YEAR
 MAXIMUM TEMPERATURE (F)   55        82      1998
 MINIMUM TEMPERATURE (F)   39        16      1887


SUNRISE AND SUNSET
MARCH 30 2017.........SUNRISE   642 AM EDT   SUNSET   719 PM EDT
MARCH 31 2017.........SUNRISE   641 AM EDT   SUNSET   720 PM EDT


-  INDICATES NEGATIVE NUMBERS.
R  INDICATES RECORD WAS SET OR TIED.
MM INDICATES DATA IS MISSING.
T  INDICATES TRACE AMOUNT.




$$
