000
CDUS41 KOKX 020616
CLINYC


CLIMATE REPORT
NATIONAL WEATHER SERVICE NEW YORK NY
216 AM EDT THU OCT 2 2014


...................................

...THE CENTRAL PARK NY CLIMATE SUMMARY FOR OCTOBER 1 2014...

CLIMATE NORMAL PERIOD 1981 TO 2010
CLIMATE RECORD PERIOD 1869 TO 2014


WEATHER ITEM   OBSERVED TIME   RECORD YEAR NORMAL DEPARTURE LAST
                VALUE   (LST)  VALUE       VALUE  FROM      YEAR
                                                  NORMAL
..................................................................
TEMPERATURE (F)
 YESTERDAY
  MAXIMUM         65    142 AM  88    1927  69     -4       82
  MINIMUM         61   1148 PM  36    1947  55      6       59
  AVERAGE         63                        62      1       71

PRECIPITATION (IN)
  YESTERDAY        0.02          4.98 1913   0.15  -0.13     0.00
  MONTH TO DATE    0.02                      0.15  -0.13     0.00
  SINCE SEP 1      1.23                      4.43  -3.20     2.95
  SINCE JAN 1     37.49                     37.67  -0.18    37.96

SNOWFALL (IN)
  YESTERDAY        0.0           0.0  2002   0.0    0.0      0.0
                                      2001
  MONTH TO DATE    0.0                       0.0    0.0      0.0
  SINCE OCT 1      0.0                       0.0    0.0      0.0
  SINCE JUL 1      0.0                       0.0    0.0      0.0
  SNOW DEPTH       0

DEGREE DAYS
 HEATING
  YESTERDAY        2                         4     -2        0
  MONTH TO DATE    2                         4     -2        0
  SINCE SEP 1     24                        47    -23       36
  SINCE JUL 1     24                        49    -25       36

 COOLING
  YESTERDAY        0                         1     -1        6
  MONTH TO DATE    0                         1     -1        6
  SINCE SEP 1    170                       134     36      138
  SINCE JAN 1   1108                      1088     20     1231
..................................................................


WIND (MPH)
  HIGHEST WIND SPEED    14   HIGHEST WIND DIRECTION    NE (60)
  HIGHEST GUST SPEED    18   HIGHEST GUST DIRECTION    NE (40)
  AVERAGE WIND SPEED     6.1


SKY COVER
  AVERAGE SKY COVER 1.0


WEATHER CONDITIONS
 THE FOLLOWING WEATHER WAS RECORDED YESTERDAY.
  LIGHT RAIN
  FOG
  HAZE


RELATIVE HUMIDITY (PERCENT)
 HIGHEST    90           800 AM
 LOWEST     73           700 PM
 AVERAGE    82

..........................................................


THE CENTRAL PARK NY CLIMATE NORMALS FOR TODAY
                         NORMAL    RECORD    YEAR
 MAXIMUM TEMPERATURE (F)   69        90      1927
 MINIMUM TEMPERATURE (F)   55        39      1886


SUNRISE AND SUNSET
OCTOBER  2 2014.......SUNRISE   653 AM EDT   SUNSET   636 PM EDT
OCTOBER  3 2014.......SUNRISE   654 AM EDT   SUNSET   635 PM EDT


-  INDICATES NEGATIVE NUMBERS.
R  INDICATES RECORD WAS SET OR TIED.
MM INDICATES DATA IS MISSING.
T  INDICATES TRACE AMOUNT.




$$
