213
CDUS41 KOKX 200618
CLINYC


CLIMATE REPORT
NATIONAL WEATHER SERVICE NEW YORK NY
118 AM EST MON NOV 20 2017


...................................

...THE CENTRAL PARK NY CLIMATE SUMMARY FOR NOVEMBER 19 2017...

CLIMATE NORMAL PERIOD 1981 TO 2010
CLIMATE RECORD PERIOD 1869 TO 2017


WEATHER ITEM   OBSERVED TIME   RECORD YEAR NORMAL DEPARTURE LAST
                VALUE   (LST)  VALUE       VALUE  FROM      YEAR
                                                  NORMAL
..................................................................
TEMPERATURE (F)
 YESTERDAY
  MAXIMUM         59    600 AM  72    1921  53      6       63
  MINIMUM         38   1054 PM  18    1936  41     -3       37
  AVERAGE         49                        47      2       50

PRECIPITATION (IN)
  YESTERDAY        0.23          1.95 1932   0.14   0.09     0.25
  MONTH TO DATE    1.34                      2.50  -1.16     2.12
  SINCE SEP 1      7.52                     11.18  -3.66     9.06
  SINCE JAN 1     42.59                     44.42  -1.83    35.99

SNOWFALL (IN)
  YESTERDAY        0.0           1.0  1955   0.1   -0.1      0.0
  MONTH TO DATE    0.0                       0.1   -0.1      0.0
  SINCE OCT 1      0.0                       0.1   -0.1      0.0
  SINCE JUL 1      0.0                       0.1   -0.1      0.0
  SNOW DEPTH       0

DEGREE DAYS
 HEATING
  YESTERDAY       16                        18     -2       15
  MONTH TO DATE  334                       295     39      232
  SINCE SEP 1    450                       606   -156      466
  SINCE JUL 1    450                       608   -158      466

 COOLING
  YESTERDAY        0                         0      0        0
  MONTH TO DATE    0                         0      0        0
  SINCE SEP 1    271                       150    121      257
  SINCE JAN 1   1265                      1104    161     1489
..................................................................


WIND (MPH)
  HIGHEST WIND SPEED    20   HIGHEST WIND DIRECTION     W (290)
  HIGHEST GUST SPEED    39   HIGHEST GUST DIRECTION     W (290)
  AVERAGE WIND SPEED     9.6


SKY COVER
  AVERAGE SKY COVER 0.6


WEATHER CONDITIONS
 THE FOLLOWING WEATHER WAS RECORDED YESTERDAY.
  RAIN
  LIGHT RAIN


RELATIVE HUMIDITY (PERCENT)
 HIGHEST    93           500 AM
 LOWEST     42           100 PM
 AVERAGE    68

..........................................................


THE CENTRAL PARK NY CLIMATE NORMALS FOR TODAY
                         NORMAL    RECORD    YEAR
 MAXIMUM TEMPERATURE (F)   52        77      1985
 MINIMUM TEMPERATURE (F)   40        20      1873


SUNRISE AND SUNSET
NOVEMBER 20 2017......SUNRISE   649 AM EST   SUNSET   434 PM EST
NOVEMBER 21 2017......SUNRISE   650 AM EST   SUNSET   433 PM EST


-  INDICATES NEGATIVE NUMBERS.
R  INDICATES RECORD WAS SET OR TIED.
MM INDICATES DATA IS MISSING.
T  INDICATES TRACE AMOUNT.




$$
