000
CDUS41 KOKX 280618
CLINYC


CLIMATE REPORT
NATIONAL WEATHER SERVICE NEW YORK NY
217 AM EDT SUN MAY 28 2017


...................................

...THE CENTRAL PARK NY CLIMATE SUMMARY FOR MAY 27 2017...

CLIMATE NORMAL PERIOD 1981 TO 2010
CLIMATE RECORD PERIOD 1869 TO 2017


WEATHER ITEM   OBSERVED TIME   RECORD YEAR NORMAL DEPARTURE LAST
                VALUE   (LST)  VALUE       VALUE  FROM      YEAR
                                                  NORMAL
..................................................................
TEMPERATURE (F)
 YESTERDAY
  MAXIMUM         71    538 PM  96    1880  74     -3       87
  MINIMUM         59    419 AM  41    1961  57      2       73
  AVERAGE         65                        66     -1       80

PRECIPITATION (IN)
  YESTERDAY        0.00          2.62 1906   0.14  -0.14     0.00
  MONTH TO DATE    6.16                      3.59   2.57     2.10
  SINCE MAR 1     15.25                     12.45   2.80     4.88
  SINCE JAN 1     22.56                     19.19   3.37    13.69

SNOWFALL (IN)
  YESTERDAY        0.0           0.0  2002   0.0    0.0      0.0
                                      2001
  MONTH TO DATE    0.0                       0.0    0.0      0.0
  SINCE OCT 1     30.2                      25.8    4.4     32.8
  SINCE JUL 1     30.2                      25.8    4.4     32.8
  SNOW DEPTH       0

DEGREE DAYS
 HEATING
  YESTERDAY        0                         3     -3        0
  MONTH TO DATE  152                       130     22      161
  SINCE MAR 1   1206                      1201      5     1014
  SINCE JUL 1   4189                      4723   -534     3761

 COOLING
  YESTERDAY        0                         3     -3       15
  MONTH TO DATE   53                        44      9       46
  SINCE MAR 1     87                        56     31       65
  SINCE JAN 1     87                        56     31       65
..................................................................


WIND (MPH)
  HIGHEST WIND SPEED     8   HIGHEST WIND DIRECTION    SE (120)
  HIGHEST GUST SPEED    13   HIGHEST GUST DIRECTION     W (290)
  AVERAGE WIND SPEED     3.1


SKY COVER
  AVERAGE SKY COVER 0.6


WEATHER CONDITIONS
 THE FOLLOWING WEATHER WAS RECORDED YESTERDAY.
  NO SIGNIFICANT WEATHER WAS OBSERVED.


RELATIVE HUMIDITY (PERCENT)
 HIGHEST    84           600 AM
 LOWEST     57           200 PM
 AVERAGE    71

..........................................................


THE CENTRAL PARK NY CLIMATE NORMALS FOR TODAY
                         NORMAL    RECORD    YEAR
 MAXIMUM TEMPERATURE (F)   74        94      1959
 MINIMUM TEMPERATURE (F)   58        43      1961
                                             1907


SUNRISE AND SUNSET
MAY 28 2017...........SUNRISE   529 AM EDT   SUNSET   818 PM EDT
MAY 29 2017...........SUNRISE   528 AM EDT   SUNSET   819 PM EDT


-  INDICATES NEGATIVE NUMBERS.
R  INDICATES RECORD WAS SET OR TIED.
MM INDICATES DATA IS MISSING.
T  INDICATES TRACE AMOUNT.




$$
