000
CDUS41 KOKX 170841
CLINYC


CLIMATE REPORT
NATIONAL WEATHER SERVICE NEW YORK NY
340 AM EST WED JAN 17 2018


...................................

...THE CENTRAL PARK NY CLIMATE SUMMARY FOR JANUARY 16 2018...

CLIMATE NORMAL PERIOD 1981 TO 2010
CLIMATE RECORD PERIOD 1869 TO 2018


WEATHER ITEM   OBSERVED TIME   RECORD YEAR NORMAL DEPARTURE LAST
                VALUE   (LST)  VALUE       VALUE  FROM      YEAR
                                                  NORMAL
..................................................................
TEMPERATURE (F)
 YESTERDAY
  MAXIMUM         36    224 PM  58    1995  38     -2       43
  MINIMUM         25    455 AM   1    2004  27     -2       30
                                      1893
  AVERAGE         31                        32     -1       37

PRECIPITATION (IN)
  YESTERDAY        0.00          1.44 1924   0.12  -0.12     0.00
  MONTH TO DATE    1.36                      1.95  -0.59     1.85
  SINCE DEC 1      3.57                      5.95  -2.38     4.74
  SINCE JAN 1      1.36                      1.95  -0.59     1.85

SNOWFALL (IN)
  YESTERDAY        0.0          13.0  1879   0.2   -0.2      0.0
  MONTH TO DATE    9.8                       3.5    6.3      6.9
  SINCE OCT 1     17.5                       8.6    8.9     10.1
  SINCE JUL 1     17.5                       8.6    8.9     10.1
  SNOW DEPTH       0

DEGREE DAYS
 HEATING
  YESTERDAY       34                        33      1       28
  MONTH TO DATE  613                       519     94      463
  SINCE DEC 1   1533                      1371    162     1282
  SINCE JUL 1   2195                      2204     -9     1969

 COOLING
  YESTERDAY        0                         0      0        0
  MONTH TO DATE    0                         0      0        0
  SINCE DEC 1      0                         0      0        0
  SINCE JAN 1      0                         0      0        0
..................................................................


WIND (MPH)
  HIGHEST WIND SPEED     8   HIGHEST WIND DIRECTION    NE (50)
  HIGHEST GUST SPEED    11   HIGHEST GUST DIRECTION     E (90)
  AVERAGE WIND SPEED     4.0


SKY COVER
  AVERAGE SKY COVER 0.9


WEATHER CONDITIONS
 THE FOLLOWING WEATHER WAS RECORDED YESTERDAY.
  NO SIGNIFICANT WEATHER WAS OBSERVED.


RELATIVE HUMIDITY (PERCENT)
 HIGHEST    89          1100 PM
 LOWEST     69          1100 AM
 AVERAGE    79

..........................................................


THE CENTRAL PARK NY CLIMATE NORMALS FOR TODAY
                         NORMAL    RECORD    YEAR
 MAXIMUM TEMPERATURE (F)   38        63      1990
 MINIMUM TEMPERATURE (F)   27        -2      1977


SUNRISE AND SUNSET
JANUARY 17 2018.......SUNRISE   717 AM EST   SUNSET   455 PM EST
JANUARY 18 2018.......SUNRISE   717 AM EST   SUNSET   456 PM EST


-  INDICATES NEGATIVE NUMBERS.
R  INDICATES RECORD WAS SET OR TIED.
MM INDICATES DATA IS MISSING.
T  INDICATES TRACE AMOUNT.




$$
