000
CDUS45 KPSR 300811
CLINYL

CLIMATE REPORT
NATIONAL WEATHER SERVICE PHOENIX AZ
111 AM MST TUE SEP 30 2014


...................................

...THE YUMA AZ CLIMATE SUMMARY FOR SEPTEMBER 29 2014...

CLIMATE NORMAL PERIOD 1981 TO 2010
CLIMATE RECORD PERIOD 1876 TO 2014


WEATHER ITEM   OBSERVED TIME   RECORD YEAR NORMAL DEPARTURE LAST
                VALUE   (LST)  VALUE       VALUE  FROM      YEAR
                                                  NORMAL
..................................................................
TEMPERATURE (F)
 YESTERDAY
  MAXIMUM         93    348 PM 110    1980  97     -4       97
  MINIMUM         67    705 AM  50    1894  72     -5       66
  AVERAGE         80                        84     -4       82

PRECIPITATION (IN)
  YESTERDAY        0.00          1.27 1971   0.02  -0.02     0.00
  MONTH TO DATE    1.44                      0.52   0.92     0.51
  SINCE OCT 1      3.39                      3.55  -0.16     2.94
  SINCE JAN 1      2.28                      2.61  -0.33     2.31

DEGREE DAYS
 HEATING
  YESTERDAY        0                         0      0        0
  MONTH TO DATE    0                         0      0        0
  SINCE SEP 1      0                         0      0        0
  SINCE JUL 1      0                         0      0        0

 COOLING
  YESTERDAY       15                        19     -4       17
  MONTH TO DATE  800                       703     97      668
  SINCE SEP 1    800                       703     97      668
  SINCE JAN 1   4636                      4156    480     4366
..................................................................


WIND (MPH)
  HIGHEST WIND SPEED     9   HIGHEST WIND DIRECTION     W (280)
  HIGHEST GUST SPEED    12   HIGHEST GUST DIRECTION     N (20)
  AVERAGE WIND SPEED     2.9


SKY COVER
  AVERAGE SKY COVER 0.0


WEATHER CONDITIONS
 THE FOLLOWING WEATHER WAS RECORDED YESTERDAY.
  NO SIGNIFICANT WEATHER WAS OBSERVED.


RELATIVE HUMIDITY (PERCENT)
 HIGHEST    47
 LOWEST     10
 AVERAGE    29

..........................................................


THE YUMA AZ CLIMATE NORMALS FOR TODAY
                         NORMAL    RECORD    YEAR
 MAXIMUM TEMPERATURE (F)   96       109      2012
 MINIMUM TEMPERATURE (F)   71        50      1907


SUNRISE AND SUNSET
SEPTEMBER 30 2014.....SUNRISE   632 AM MST   SUNSET   624 PM MST
OCTOBER  1 2014.......SUNRISE   633 AM MST   SUNSET   623 PM MST


-  INDICATES NEGATIVE NUMBERS.
R  INDICATES RECORD WAS SET OR TIED.
MM INDICATES DATA IS MISSING.
T  INDICATES TRACE AMOUNT.

$$
