000
CDUS45 KPSR 290831
CLINYL

CLIMATE REPORT
NATIONAL WEATHER SERVICE PHOENIX AZ
130 AM MST FRI APR 29 2016


...................................

...THE YUMA AZ CLIMATE SUMMARY FOR APRIL 28 2016...

CLIMATE NORMAL PERIOD 1981 TO 2010
CLIMATE RECORD PERIOD 1876 TO 2016


WEATHER ITEM   OBSERVED TIME   RECORD YEAR NORMAL DEPARTURE LAST
                VALUE   (LST)  VALUE       VALUE  FROM      YEAR
                                                  NORMAL
..................................................................
TEMPERATURE (F)
 YESTERDAY
  MAXIMUM         77    227 PM 106    1992  90    -13       99
  MINIMUM         58    701 AM  45    1911  63     -5       62
  AVERAGE         68                        76     -8       81

PRECIPITATION (IN)
  YESTERDAY        0.00          0.86 1933   0.01  -0.01     0.00
  MONTH TO DATE    0.31                      0.15   0.16      T
  SINCE OCT 1      0.94                      2.18  -1.24     0.95
  SINCE JAN 1      0.80                      1.24  -0.44     0.51

DEGREE DAYS
 HEATING
  YESTERDAY        0                         0      0        0
  MONTH TO DATE    1                        12    -11        0
  SINCE MAR 1     22                        62    -40       23
  SINCE JUL 1    598                       685    -87       83

 COOLING
  YESTERDAY        3                        11     -8       16
  MONTH TO DATE  258                       228     30      243
  SINCE MAR 1    438                       345     93      538
  SINCE JAN 1    574                       381    193      649
..................................................................


WIND (MPH)
  HIGHEST WIND SPEED    29   HIGHEST WIND DIRECTION     W (270)
  HIGHEST GUST SPEED    37   HIGHEST GUST DIRECTION     W (280)
  AVERAGE WIND SPEED    15.2


SKY COVER
  AVERAGE SKY COVER 0.3


WEATHER CONDITIONS
 THE FOLLOWING WEATHER WAS RECORDED YESTERDAY.
  HAZE
  SANDSTORM


RELATIVE HUMIDITY (PERCENT)
 HIGHEST    48
 LOWEST     25
 AVERAGE    37

..........................................................


THE YUMA AZ CLIMATE NORMALS FOR TODAY
                         NORMAL    RECORD    YEAR
 MAXIMUM TEMPERATURE (F)   90       106      1959
 MINIMUM TEMPERATURE (F)   63        44      1970
                                             1906


SUNRISE AND SUNSET
APRIL 29 2016.........SUNRISE   553 AM MST   SUNSET   719 PM MST
APRIL 30 2016.........SUNRISE   552 AM MST   SUNSET   720 PM MST


-  INDICATES NEGATIVE NUMBERS.
R  INDICATES RECORD WAS SET OR TIED.
MM INDICATES DATA IS MISSING.
T  INDICATES TRACE AMOUNT.

$$
