904
CDUS45 KPSR 110900 RRA
CLINYL

CLIMATE REPORT
NATIONAL WEATHER SERVICE PHOENIX AZ
147 AM MST THU FEB 11 2016


...................................

...THE YUMA AZ CLIMATE SUMMARY FOR FEBRUARY 10 2016...

CLIMATE NORMAL PERIOD 1981 TO 2010
CLIMATE RECORD PERIOD 1876 TO 2016


WEATHER ITEM   OBSERVED TIME   RECORD YEAR NORMAL DEPARTURE LAST
                VALUE   (LST)  VALUE       VALUE  FROM      YEAR
                                                  NORMAL
..................................................................
TEMPERATURE (F)
 YESTERDAY
  MAXIMUM         88    424 PM  93    1951  73     15       85
  MINIMUM         56    655 AM  32    1939  49      7       59
                                      1933
  AVERAGE         72                        61     11       72

PRECIPITATION (IN)
  YESTERDAY        0.00          2.52 1901   0.01  -0.01     0.00
  MONTH TO DATE    0.00                      0.13  -0.13     0.00
  SINCE OCT 1      0.63                      1.44  -0.81     0.63
  SINCE JAN 1      0.49                      0.50  -0.01     0.19

DEGREE DAYS
 HEATING
  YESTERDAY        0                         5     -5        0
  MONTH TO DATE   54                        50      4        0
  SINCE DEC 1    506                       490     16       39
  SINCE JUL 1    576                       558     18       54

 COOLING
  YESTERDAY        7                         1      6        7
  MONTH TO DATE   22                         9     13       44
  SINCE DEC 1     26                        17      9       46
  SINCE JAN 1     24                        15      9       46
..................................................................


WIND (MPH)
  HIGHEST WIND SPEED    14   HIGHEST WIND DIRECTION    NE (50)
  HIGHEST GUST SPEED    17   HIGHEST GUST DIRECTION     N (20)
  AVERAGE WIND SPEED     6.6


SKY COVER
  AVERAGE SKY COVER 0.4


WEATHER CONDITIONS
 THE FOLLOWING WEATHER WAS RECORDED YESTERDAY.
  NO SIGNIFICANT WEATHER WAS OBSERVED.


RELATIVE HUMIDITY (PERCENT)
 HIGHEST    30
 LOWEST      9
 AVERAGE    20

..........................................................


THE YUMA AZ CLIMATE NORMALS FOR TODAY
                         NORMAL    RECORD    YEAR
 MAXIMUM TEMPERATURE (F)   73        86      1971
                                             1951
 MINIMUM TEMPERATURE (F)   50        32      1923
                                             1891


SUNRISE AND SUNSET
FEBRUARY 11 2016......SUNRISE   726 AM MST   SUNSET   620 PM MST
FEBRUARY 12 2016......SUNRISE   725 AM MST   SUNSET   621 PM MST


-  INDICATES NEGATIVE NUMBERS.
R  INDICATES RECORD WAS SET OR TIED.
MM INDICATES DATA IS MISSING.
T  INDICATES TRACE AMOUNT.

$$
