000
CDUS45 KPSR 160810
CLINYL

CLIMATE REPORT
NATIONAL WEATHER SERVICE PHOENIX AZ
109 AM MST TUE JAN 16 2018

...................................

...THE YUMA AZ CLIMATE SUMMARY FOR JANUARY 15 2018...

CLIMATE NORMAL PERIOD 1981 TO 2010
CLIMATE RECORD PERIOD 1876 TO 2018


WEATHER ITEM   OBSERVED TIME   RECORD YEAR NORMAL DEPARTURE LAST
                VALUE   (LST)  VALUE       VALUE  FROM      YEAR
                                                  NORMAL
..................................................................
TEMPERATURE (F)
 YESTERDAY
  MAXIMUM         78    425 PM  81    1943  70    -12       68
  MINIMUM         51    658 AM  29    1888  48      3       51
  AVERAGE         55                        58     -3       60

PRECIPITATION (IN)
  YESTERDAY        0.00          0.26 1935   0.01  -0.01     0.00
  MONTH TO DATE    0.17                      0.21  -0.04     0.16
  SINCE OCT 1      0.24                      1.15  -0.91     1.11
  SINCE JAN 1      0.17                      0.21  -0.04     0.16

DEGREE DAYS
 HEATING
  YESTERDAY       10                         7      3        5
  MONTH TO DATE   27                       109    -82       96
  SINCE DEC 1    165                       345   -180      281
  SINCE JUL 1    166                       413   -247      327

 COOLING
  YESTERDAY        0                         0      0        0
  MONTH TO DATE   14                         0     14        0
  SINCE DEC 1     27                         2     25        9
  SINCE JAN 1     14                         0     14        0
..................................................................


WIND (MPH)
  HIGHEST WIND SPEED    15   HIGHEST WIND DIRECTION    NE (30)
  HIGHEST GUST SPEED    17   HIGHEST GUST DIRECTION    NE (30)
  AVERAGE WIND SPEED     4.4


SKY COVER
  AVERAGE SKY COVER 0.0


WEATHER CONDITIONS
 THE FOLLOWING WEATHER WAS RECORDED YESTERDAY.
  NO SIGNIFICANT WEATHER WAS OBSERVED.


RELATIVE HUMIDITY (PERCENT)
 HIGHEST    59
 LOWEST     40
 AVERAGE    50

..........................................................


THE YUMA AZ CLIMATE NORMALS FOR TODAY
                         NORMAL    RECORD    YEAR
 MAXIMUM TEMPERATURE (F)   70        83      1961
 MINIMUM TEMPERATURE (F)   48        31      1964


SUNRISE AND SUNSET
JANUARY 16 2018.......SUNRISE   740 AM MST   SUNSET   556 PM MST
JANUARY 17 2018.......SUNRISE   740 AM MST   SUNSET   557 PM MST


-  INDICATES NEGATIVE NUMBERS.
R  INDICATES RECORD WAS SET OR TIED.
MM INDICATES DATA IS MISSING.
T  INDICATES TRACE AMOUNT.

$$
