000
CDUS45 KPSR 250804
CLINYL

CDUS45 KPSR DDHHMM
CLINYL

CLIMATE REPORT
NATIONAL WEATHER SERVICE PHOENIX AZ
104 AM MST MON MAY 25 2015

...................................

...THE YUMA AZ CLIMATE SUMMARY FOR MAY 24 2015...

CLIMATE NORMAL PERIOD 1981 TO 2010
CLIMATE RECORD PERIOD 1876 TO 2015


WEATHER ITEM   OBSERVED TIME   RECORD YEAR NORMAL DEPARTURE LAST
                VALUE   (LST)  VALUE       VALUE  FROM      YEAR
                                                  NORMAL
..................................................................
TEMPERATURE (F)
 YESTERDAY
  MAXIMUM         86    522 PM 109    2001  98    -12       96
                                      1983
  MINIMUM         61    601 AM  52    2010  69     -8       69
                                      1909
  AVERAGE         74                        83     -9       83

PRECIPITATION (IN)
  YESTERDAY        0.00          0.31 1994   0.01  -0.01     0.00
  MONTH TO DATE    0.31                      0.07   0.24     0.00
  SINCE OCT 1      1.26                      2.25  -0.99     1.18
  SINCE JAN 1      0.82                      1.31  -0.49     0.07

DEGREE DAYS
 HEATING
  YESTERDAY        0                         0      0        0
  MONTH TO DATE    3                         0      3        0
  SINCE MAR 1     26                        63    -37        9
  SINCE JUL 1     86                       686   -600      370

 COOLING
  YESTERDAY        9                        18     -9       18
  MONTH TO DATE  253                       370   -117      370
  SINCE MAR 1    832                       740     92      868
  SINCE JAN 1    943                       776    167      982
..................................................................


WIND (MPH)
  HIGHEST WIND SPEED    12   HIGHEST WIND DIRECTION    SE (140)
  HIGHEST GUST SPEED    15   HIGHEST GUST DIRECTION    SW (230)
  AVERAGE WIND SPEED     5.1


SKY COVER
  AVERAGE SKY COVER 0.0


WEATHER CONDITIONS
 THE FOLLOWING WEATHER WAS RECORDED YESTERDAY.
  NO SIGNIFICANT WEATHER WAS OBSERVED.


RELATIVE HUMIDITY (PERCENT)
 HIGHEST    60
 LOWEST     20
 AVERAGE    40

..........................................................


THE YUMA AZ CLIMATE NORMALS FOR TODAY
                         NORMAL    RECORD    YEAR
 MAXIMUM TEMPERATURE (F)   98       112      1951
 MINIMUM TEMPERATURE (F)   69        51      1916


SUNRISE AND SUNSET
MAY 25 2015...........SUNRISE   534 AM MST   SUNSET   737 PM MST
MAY 26 2015...........SUNRISE   534 AM MST   SUNSET   738 PM MST


-  INDICATES NEGATIVE NUMBERS.
R  INDICATES RECORD WAS SET OR TIED.
MM INDICATES DATA IS MISSING.
T  INDICATES TRACE AMOUNT.

$$
