000
CDUS45 KPSR 210841
CLINYL

CLIMATE REPORT
NATIONAL WEATHER SERVICE PHOENIX AZ
140 AM MST MON APR 21 2014


...................................

...THE YUMA AZ CLIMATE SUMMARY FOR APRIL 20 2014...

CLIMATE NORMAL PERIOD 1981 TO 2010
CLIMATE RECORD PERIOD 1876 TO 2014


WEATHER ITEM   OBSERVED TIME   RECORD YEAR NORMAL DEPARTURE LAST
                VALUE   (LST)  VALUE       VALUE  FROM      YEAR
                                                  NORMAL
..................................................................
TEMPERATURE (F)
 YESTERDAY
  MAXIMUM         94    417 PM 104    1958  87      7       93
  MINIMUM         66    612 AM  45    1972  61      5       57
                                      1933
  AVERAGE         80                        74      6       75

PRECIPITATION (IN)
  YESTERDAY        0.00          0.03 1988   0.00   0.00     0.00
  MONTH TO DATE    0.00                      0.12  -0.12      T
  SINCE OCT 1      1.18                      2.15  -0.97     1.74
  SINCE JAN 1      0.07                      1.21  -1.14     1.11

DEGREE DAYS
 HEATING
  YESTERDAY        0                         0      0        0
  MONTH TO DATE    5                        12     -7        0
  SINCE MAR 1      9                        62    -53       16
  SINCE JUL 1    370                       685   -315      705

 COOLING
  YESTERDAY       15                         9      6       10
  MONTH TO DATE  199                       144     55      158
  SINCE MAR 1    384                       261    123      356
  SINCE JAN 1    498                       297    201      367
..................................................................


WIND (MPH)
  HIGHEST WIND SPEED    13   HIGHEST WIND DIRECTION     W (280)
  HIGHEST GUST SPEED    16   HIGHEST GUST DIRECTION    NW (300)
  AVERAGE WIND SPEED     5.1


SKY COVER
  AVERAGE SKY COVER 0.0


WEATHER CONDITIONS
 THE FOLLOWING WEATHER WAS RECORDED YESTERDAY.
  NO SIGNIFICANT WEATHER WAS OBSERVED.


RELATIVE HUMIDITY (PERCENT)
 HIGHEST    48
 LOWEST     15
 AVERAGE    32

..........................................................


THE YUMA AZ CLIMATE NORMALS FOR TODAY
                         NORMAL    RECORD    YEAR
 MAXIMUM TEMPERATURE (F)   88       107      1958
 MINIMUM TEMPERATURE (F)   61        43      1904


SUNRISE AND SUNSET
APRIL 21 2014.........SUNRISE   602 AM MST   SUNSET   713 PM MST
APRIL 22 2014.........SUNRISE   601 AM MST   SUNSET   714 PM MST


-  INDICATES NEGATIVE NUMBERS.
R  INDICATES RECORD WAS SET OR TIED.
MM INDICATES DATA IS MISSING.
T  INDICATES TRACE AMOUNT.

$$
