000
CDUS45 KPSR 230825
CLINYL

CLIMATE REPORT
NATIONAL WEATHER SERVICE PHOENIX AZ
124 AM MST THU FEB 23 2017


...................................

...THE YUMA AZ CLIMATE SUMMARY FOR FEBRUARY 22 2017...

CLIMATE NORMAL PERIOD 1981 TO 2010
CLIMATE RECORD PERIOD 1876 TO 2017


WEATHER ITEM   OBSERVED TIME   RECORD YEAR NORMAL DEPARTURE LAST
                VALUE   (LST)  VALUE       VALUE  FROM      YEAR
                                                  NORMAL
..................................................................
TEMPERATURE (F)
 YESTERDAY
  MAXIMUM         78    405 PM  88    1982  75      3       87
  MINIMUM         56   1159 PM  32    1955  51      5       51
  AVERAGE         67                        63      4       69

PRECIPITATION (IN)
  YESTERDAY        0.00          0.50 1905   0.02  -0.02     0.00
  MONTH TO DATE    0.86                      0.31   0.55     0.00
  SINCE OCT 1      2.12                      1.62   0.50     0.63
  SINCE JAN 1      1.17                      0.68   0.49     0.49

DEGREE DAYS
 HEATING
  YESTERDAY        0                         3     -3        0
  MONTH TO DATE   26                        96    -70       54
  SINCE DEC 1    431                       536   -105      506
  SINCE JUL 1    477                       604   -127      576

 COOLING
  YESTERDAY        2                         2      0        4
  MONTH TO DATE   41                        22     19      102
  SINCE DEC 1     50                        30     20      106
  SINCE JAN 1     41                        28     13      104
..................................................................


WIND (MPH)
  HIGHEST WIND SPEED    22   HIGHEST WIND DIRECTION     W (280)
  HIGHEST GUST SPEED    31   HIGHEST GUST DIRECTION     W (290)
  AVERAGE WIND SPEED     6.9


SKY COVER
  AVERAGE SKY COVER 0.3


WEATHER CONDITIONS
 THE FOLLOWING WEATHER WAS RECORDED YESTERDAY.
  NO SIGNIFICANT WEATHER WAS OBSERVED.


RELATIVE HUMIDITY (PERCENT)
 HIGHEST    86
 LOWEST     24
 AVERAGE    55

..........................................................


THE YUMA AZ CLIMATE NORMALS FOR TODAY
                         NORMAL    RECORD    YEAR
 MAXIMUM TEMPERATURE (F)   75        90      1989
 MINIMUM TEMPERATURE (F)   51        31      1953


SUNRISE AND SUNSET
FEBRUARY 23 2017......SUNRISE   713 AM MST   SUNSET   631 PM MST
FEBRUARY 24 2017......SUNRISE   712 AM MST   SUNSET   632 PM MST


-  INDICATES NEGATIVE NUMBERS.
R  INDICATES RECORD WAS SET OR TIED.
MM INDICATES DATA IS MISSING.
T  INDICATES TRACE AMOUNT.

$$
