000
CDUS45 KPSR 300809
CLINYL

CLIMATE REPORT
NATIONAL WEATHER SERVICE PHOENIX AZ
109 AM MST THU OCT 30 2014

...................................

...THE YUMA AZ CLIMATE SUMMARY FOR OCTOBER 29 2014...

CLIMATE NORMAL PERIOD 1981 TO 2010
CLIMATE RECORD PERIOD 1876 TO 2014


WEATHER ITEM   OBSERVED TIME   RECORD YEAR NORMAL DEPARTURE LAST
                VALUE   (LST)  VALUE       VALUE  FROM      YEAR
                                                  NORMAL
..................................................................
TEMPERATURE (F)
 YESTERDAY
  MAXIMUM         92    414 PM  98    1952  85      7       74
  MINIMUM         64    621 AM  39    1971  60      4       59
  AVERAGE         78                        73      5       67

PRECIPITATION (IN)
  YESTERDAY        0.00          0.05 2007   0.01  -0.01     0.00
  MONTH TO DATE    0.05                      0.20  -0.15      T
  SINCE OCT 1      0.05                      0.20  -0.15      T
  SINCE JAN 1      2.33                      2.82  -0.49     2.31

DEGREE DAYS
 HEATING
  YESTERDAY        0                         0      0        0
  MONTH TO DATE    0                         0      0        0
  SINCE SEP 1      0                         0      0        0
  SINCE JUL 1      0                         0      0        0

 COOLING
  YESTERDAY       13                         8      5        2
  MONTH TO DATE  502                       375    127      315
  SINCE SEP 1   1319                      1096    223     1000
  SINCE JAN 1   5155                      4549    606     4698
..................................................................


WIND (MPH)
  HIGHEST WIND SPEED    12   HIGHEST WIND DIRECTION    NE (30)
  HIGHEST GUST SPEED    15   HIGHEST GUST DIRECTION    NE (30)
  AVERAGE WIND SPEED     4.5


SKY COVER
  AVERAGE SKY COVER 0.0


WEATHER CONDITIONS
 THE FOLLOWING WEATHER WAS RECORDED YESTERDAY.
  NO SIGNIFICANT WEATHER WAS OBSERVED.


RELATIVE HUMIDITY (PERCENT)
 HIGHEST    34
 LOWEST     11
 AVERAGE    23

..........................................................


THE YUMA AZ CLIMATE NORMALS FOR TODAY
                         NORMAL    RECORD    YEAR
 MAXIMUM TEMPERATURE (F)   85        98      1962
 MINIMUM TEMPERATURE (F)   60        35      1971


SUNRISE AND SUNSET
OCTOBER 30 2014.......SUNRISE   654 AM MST   SUNSET   549 PM MST
OCTOBER 31 2014.......SUNRISE   655 AM MST   SUNSET   549 PM MST


-  INDICATES NEGATIVE NUMBERS.
R  INDICATES RECORD WAS SET OR TIED.
MM INDICATES DATA IS MISSING.
T  INDICATES TRACE AMOUNT.

$$
