000
CDUS45 KPSR 050016
CLINYL

CLIMATE REPORT
NATIONAL WEATHER SERVICE PHOENIX AZ
512 PM MST WED MAR 4 2015


...................................

...THE YUMA AZ CLIMATE SUMMARY FOR MARCH 4 2015...
VALID TODAY AS OF 0500 PM LOCAL TIME.

CLIMATE NORMAL PERIOD 1981 TO 2010
CLIMATE RECORD PERIOD 1876 TO 2015


WEATHER ITEM   OBSERVED TIME   RECORD YEAR NORMAL DEPARTURE LAST
                VALUE   (LST)  VALUE       VALUE  FROM      YEAR
                                                  NORMAL
..................................................................
TEMPERATURE (F)
 TODAY
  MAXIMUM         70    333 PM  98    1910  77     -7       82
  MINIMUM         51    637 AM  32    1951  53     -2       54
  AVERAGE         61                        65     -4       68

PRECIPITATION (IN)
  TODAY            0.00          0.86 1882   0.01  -0.01     0.00
  MONTH TO DATE    0.31                      0.05   0.26     0.07
  SINCE OCT 1      0.94                      1.75  -0.81     1.18
  SINCE JAN 1      0.50                      0.81  -0.31     0.07

DEGREE DAYS
 HEATING
  TODAY            4                         2      2        0
  MONTH TO DATE   22                         9     13        4
  SINCE MAR 1     22                         9     13        4
  SINCE JUL 1     82                       632   -550      365

 COOLING
  TODAY            0                         2     -2        3
  MONTH TO DATE    0                         8     -8        7
  SINCE MAR 1      0                         8     -8        7
  SINCE JAN 1    111                        44     67      121
..................................................................


WIND (MPH)
  RESULTANT WIND SPEED   8   RESULTANT WIND DIRECTION   N (0)
  HIGHEST WIND SPEED    21   HIGHEST WIND DIRECTION    NE (30)
  HIGHEST GUST SPEED    27   HIGHEST GUST DIRECTION    NE (30)
  AVERAGE WIND SPEED     8.5


SKY COVER
  AVERAGE SKY COVER 0.0


WEATHER CONDITIONS
 THE FOLLOWING WEATHER WAS RECORDED TODAY.
  NO SIGNIFICANT WEATHER WAS OBSERVED.


RELATIVE HUMIDITY (PERCENT)
 HIGHEST    77
 LOWEST     18
 AVERAGE    48

..........................................................


THE YUMA AZ CLIMATE NORMALS FOR TOMORROW
                         NORMAL    RECORD    YEAR
 MAXIMUM TEMPERATURE (F)   78        97      1910
 MINIMUM TEMPERATURE (F)   53        34      1894


SUNRISE AND SUNSET
MARCH  4 2015.........SUNRISE   703 AM MST   SUNSET   638 PM MST
MARCH  5 2015.........SUNRISE   702 AM MST   SUNSET   639 PM MST


-  INDICATES NEGATIVE NUMBERS.
R  INDICATES RECORD WAS SET OR TIED.
MM INDICATES DATA IS MISSING.
T  INDICATES TRACE AMOUNT.

$$
