000
CDUS45 KPSR 230831
CLINYL

CDUS45 KPSR DDHHMM
CLINYL

CLIMATE REPORT
NATIONAL WEATHER SERVICE PHOENIX AZ
129 AM MST SAT JUL 23 2016


...................................

...THE YUMA AZ CLIMATE SUMMARY FOR JULY 22 2016...

CLIMATE NORMAL PERIOD 1981 TO 2010
CLIMATE RECORD PERIOD 1876 TO 2016


WEATHER ITEM   OBSERVED TIME   RECORD YEAR NORMAL DEPARTURE LAST
                VALUE   (LST)  VALUE       VALUE  FROM      YEAR
                                                  NORMAL
..................................................................
TEMPERATURE (F)
 YESTERDAY
  MAXIMUM        114    352 PM 116    2006 107      7      104
  MINIMUM         88    548 AM  67    1924  83      5       81
  AVERAGE        101                        95      6       93

PRECIPITATION (IN)
  YESTERDAY        0.00          0.38 1946   0.01  -0.01     0.00
  MONTH TO DATE    0.00                      0.15  -0.15     0.09
  SINCE OCT 1      1.12                      2.42  -1.30     1.68
  SINCE JAN 1      0.98                      1.48  -0.50     1.24

DEGREE DAYS
 HEATING
  YESTERDAY        0                         0      0        0
  MONTH TO DATE    0                         0      0        0
  SINCE JUN 1      0                         0      0        0
  SINCE JUL 1      0                         0      0        0

 COOLING
  YESTERDAY       36                        30      6       28
  MONTH TO DATE  690                       644     46      614
  SINCE JUN 1   1523                      1365    158     1404
  SINCE JAN 1   2524                      2277    247     2483
..................................................................


WIND (MPH)
  HIGHEST WIND SPEED    16   HIGHEST WIND DIRECTION     S (200)
  HIGHEST GUST SPEED    21   HIGHEST GUST DIRECTION     S (180)
  AVERAGE WIND SPEED     8.8


SKY COVER
  AVERAGE SKY COVER 0.5


WEATHER CONDITIONS
 THE FOLLOWING WEATHER WAS RECORDED YESTERDAY.
  NO SIGNIFICANT WEATHER WAS OBSERVED.


RELATIVE HUMIDITY (PERCENT)
 HIGHEST    39
 LOWEST     14
 AVERAGE    27

..........................................................


THE YUMA AZ CLIMATE NORMALS FOR TODAY
                         NORMAL    RECORD    YEAR
 MAXIMUM TEMPERATURE (F)  107       117      2014
 MINIMUM TEMPERATURE (F)   83        69      1928
                                             1913


SUNRISE AND SUNSET
JULY 23 2016..........SUNRISE   547 AM MST   SUNSET   743 PM MST
JULY 24 2016..........SUNRISE   548 AM MST   SUNSET   742 PM MST


-  INDICATES NEGATIVE NUMBERS.
R  INDICATES RECORD WAS SET OR TIED.
MM INDICATES DATA IS MISSING.
T  INDICATES TRACE AMOUNT.

$$
