000
CDUS45 KPSR 190823
CLINYL

CLIMATE REPORT
NATIONAL WEATHER SERVICE PHOENIX AZ
121 AM MST FRI SEP 19 2014


...................................

...THE YUMA AZ CLIMATE SUMMARY FOR SEPTEMBER 18 2014...

CLIMATE NORMAL PERIOD 1981 TO 2010
CLIMATE RECORD PERIOD 1876 TO 2014


WEATHER ITEM   OBSERVED TIME   RECORD YEAR NORMAL DEPARTURE LAST
                VALUE   (LST)  VALUE       VALUE  FROM      YEAR
                                                  NORMAL
..................................................................
TEMPERATURE (F)
 YESTERDAY
  MAXIMUM        106    430 PM 113    1956 101      5      101
  MINIMUM         84    650 AM  50    1882  76      8       74
  AVERAGE         95                        89      6       88

PRECIPITATION (IN)
  YESTERDAY        0.00          0.64 1888   0.02  -0.02     0.00
  MONTH TO DATE    1.44                      0.34   1.10     0.51
  SINCE OCT 1      3.39                      3.37   0.02     2.94
  SINCE JAN 1      2.28                      2.43  -0.15     2.31

DEGREE DAYS
 HEATING
  YESTERDAY        0                         0      0        0
  MONTH TO DATE    0                         0      0        0
  SINCE SEP 1      0                         0      0        0
  SINCE JUL 1      0                         0      0        0

 COOLING
  YESTERDAY       30                        24      6       23
  MONTH TO DATE  531                       470     61      500
  SINCE SEP 1    531                       470     61      500
  SINCE JAN 1   4367                      3923    444     4198
..................................................................


WIND (MPH)
  HIGHEST WIND SPEED    20   HIGHEST WIND DIRECTION    SW (220)
  HIGHEST GUST SPEED    26   HIGHEST GUST DIRECTION    SW (210)
  AVERAGE WIND SPEED     8.0


SKY COVER
  AVERAGE SKY COVER 0.2


WEATHER CONDITIONS
 THE FOLLOWING WEATHER WAS RECORDED YESTERDAY.
  NO SIGNIFICANT WEATHER WAS OBSERVED.


RELATIVE HUMIDITY (PERCENT)
 HIGHEST    70
 LOWEST     11
 AVERAGE    41

..........................................................


THE YUMA AZ CLIMATE NORMALS FOR TODAY
                         NORMAL    RECORD    YEAR
 MAXIMUM TEMPERATURE (F)  101       113      2010
 MINIMUM TEMPERATURE (F)   76        55      1907


SUNRISE AND SUNSET
SEPTEMBER 19 2014.....SUNRISE   625 AM MST   SUNSET   639 PM MST
SEPTEMBER 20 2014.....SUNRISE   625 AM MST   SUNSET   638 PM MST


-  INDICATES NEGATIVE NUMBERS.
R  INDICATES RECORD WAS SET OR TIED.
MM INDICATES DATA IS MISSING.
T  INDICATES TRACE AMOUNT.

$$
