000
CDUS46 KMTR 240045
CLIOAK


CLIMATE REPORT
NATIONAL WEATHER SERVICE SAN FRANCISCO BAY AREA
444 PM PST THU NOV 23 2017


...................................

...THE OAKLAND AIRPORT CLIMATE SUMMARY FOR NOVEMBER 23 2017...
VALID TODAY AS OF 0400 PM LOCAL TIME.

CLIMATE NORMAL PERIOD 1981 TO 2010
CLIMATE RECORD PERIOD 1948 TO 2017


WEATHER ITEM   OBSERVED TIME   RECORD YEAR NORMAL DEPARTURE LAST
                VALUE   (LST)  VALUE       VALUE  FROM      YEAR
                                                  NORMAL
..................................................................
TEMPERATURE (F)
 TODAY
  MAXIMUM         65    332 PM  74    1959  61      4       61
  MINIMUM         53    729 AM  35    2003  44      9       45
  AVERAGE         59                        52      7       53

PRECIPITATION (IN)
  TODAY            0.00          1.00 1963   0.08  -0.08     0.28
  MONTH TO DATE    2.62                      1.88   0.74     0.89
  SINCE OCT 1      2.75                      3.08  -0.33     3.78
  SINCE JAN 1     22.87                     16.58   6.29    15.12

SNOWFALL (IN)
  TODAY            0.0           0.0  1985
  MONTH TO DATE    0.0
  SINCE SEP 1      0.0
  SINCE JUL 1      0.0

DEGREE DAYS
 HEATING
  TODAY            6                        13     -7       12
  MONTH TO DATE  200                       228    -28      126
  SINCE SEP 1    341                       440    -99      229
  SINCE JUL 1    393                       580   -187      285

 COOLING
  TODAY            0                         0      0        0
  MONTH TO DATE    0                         0      0        0
  SINCE SEP 1    144                        57     87       70
  SINCE JAN 1    312                       137    175      168
..................................................................


WIND (MPH)
  RESULTANT WIND SPEED   2   RESULTANT WIND DIRECTION   W (270)
  HIGHEST WIND SPEED     9   HIGHEST WIND DIRECTION    NW (310)
  HIGHEST GUST SPEED    10   HIGHEST GUST DIRECTION    NW (310)
  AVERAGE WIND SPEED     2.7


SKY COVER
  POSSIBLE SUNSHINE  MM
  AVERAGE SKY COVER 0.8


WEATHER CONDITIONS
 THE FOLLOWING WEATHER WAS RECORDED TODAY.
  FOG


RELATIVE HUMIDITY (PERCENT)
 HIGHEST   100          1200 AM
 LOWEST     78           300 PM
 AVERAGE    89

..........................................................


THE OAKLAND AIRPORT CLIMATE NORMALS FOR TOMORROW
                         NORMAL    RECORD    YEAR
 MAXIMUM TEMPERATURE (F)   61        76      1959
 MINIMUM TEMPERATURE (F)   44        34      2010
                                             1952


SUNRISE AND SUNSET
NOVEMBER 23 2017......SUNRISE   658 AM PST   SUNSET   453 PM PST
NOVEMBER 24 2017......SUNRISE   659 AM PST   SUNSET   452 PM PST


-  INDICATES NEGATIVE NUMBERS.
R  INDICATES RECORD WAS SET OR TIED.
MM INDICATES DATA IS MISSING.
T  INDICATES TRACE AMOUNT.




$$
