000
CDUS46 KMTR 290829
CLIOAK


CLIMATE REPORT
NATIONAL WEATHER SERVICE SAN FRANCISCO BAY AREA
129 AM PDT MON JUN 29 2015


...................................

...THE OAKLAND AIRPORT CLIMATE SUMMARY FOR JUNE 28 2015...

CLIMATE NORMAL PERIOD 1981 TO 2010
CLIMATE RECORD PERIOD 1948 TO 2015


WEATHER ITEM   OBSERVED TIME   RECORD YEAR NORMAL DEPARTURE LAST
                VALUE   (LST)  VALUE       VALUE  FROM      YEAR
                                                  NORMAL
..................................................................
TEMPERATURE (F)
 YESTERDAY
  MAXIMUM         72    317 PM  92    1976  71      1       72
  MINIMUM         60   1159 PM  50    1955  55      5       57
  AVERAGE         66                        63      3       65

PRECIPITATION (IN)
  YESTERDAY        T             0.79 2011   0.00   0.00     0.00
  MONTH TO DATE    0.18                      0.18   0.00      T
  SINCE OCT 1     14.57                     20.53  -5.96     9.44
  SINCE JAN 1      3.35                     13.22  -9.87     7.98

SNOWFALL (IN)
  YESTERDAY        0.0                                       0.0
  MONTH TO DATE    0.0                                       0.0
  SINCE JUN 1      0.0                                       0.0
  SINCE JUL 1      0.0                                       0.0

DEGREE DAYS
 HEATING
  YESTERDAY        0                         3     -3        0
  MONTH TO DATE   62                       100    -38       71
  SINCE JUN 1     62                       100    -38       71
  SINCE JUL 1   1994                      2870   -876     2340

 COOLING
  YESTERDAY        1                         1      0        0
  MONTH TO DATE   14                        17     -3       13
  SINCE JUN 1     14                        17     -3       13
  SINCE JAN 1     18                        33    -15       57
..................................................................


WIND (MPH)
  RESULTANT WIND SPEED  11   RESULTANT WIND DIRECTION   W (290)
  HIGHEST WIND SPEED    22   HIGHEST WIND DIRECTION     W (280)
  HIGHEST GUST SPEED    24   HIGHEST GUST DIRECTION     W (280)
  AVERAGE WIND SPEED    12.2


SKY COVER
  POSSIBLE SUNSHINE  MM
  AVERAGE SKY COVER 0.9


WEATHER CONDITIONS
 THE FOLLOWING WEATHER WAS RECORDED YESTERDAY.
  NO SIGNIFICANT WEATHER WAS OBSERVED.


RELATIVE HUMIDITY (PERCENT)
 HIGHEST    84           600 AM
 LOWEST     57           100 PM
 AVERAGE    71

..........................................................


THE OAKLAND AIRPORT CLIMATE NORMALS FOR TODAY
                         NORMAL    RECORD    YEAR
 MAXIMUM TEMPERATURE (F)   71        91      1950
 MINIMUM TEMPERATURE (F)   55        48      1955


SUNRISE AND SUNSET
JUNE 29 2015..........SUNRISE   550 AM PDT   SUNSET   835 PM PDT
JUNE 30 2015..........SUNRISE   550 AM PDT   SUNSET   835 PM PDT


-  INDICATES NEGATIVE NUMBERS.
R  INDICATES RECORD WAS SET OR TIED.
MM INDICATES DATA IS MISSING.
T  INDICATES TRACE AMOUNT.




$$
