000
CDUS46 KMTR 310910
CLIOAK


CLIMATE REPORT
NATIONAL WEATHER SERVICE SAN FRANCISCO BAY AREA
209 AM PDT MON AUG 31 2015


...................................

...THE OAKLAND AIRPORT CLIMATE SUMMARY FOR AUGUST 30 2015...

CLIMATE NORMAL PERIOD 1981 TO 2010
CLIMATE RECORD PERIOD 1948 TO 2015


WEATHER ITEM   OBSERVED TIME   RECORD YEAR NORMAL DEPARTURE LAST
                VALUE   (LST)  VALUE       VALUE  FROM      YEAR
                                                  NORMAL
..................................................................
TEMPERATURE (F)
 YESTERDAY
  MAXIMUM         78    229 PM  84    2005  75      3       77
  MINIMUM         61   1159 PM  48    1955  56      5       59
  AVERAGE         70                        65      5       68

PRECIPITATION (IN)
  YESTERDAY        0.00          0.09 1951   0.01  -0.01     0.00
  MONTH TO DATE    T                         0.05  -0.05      T
  SINCE OCT 1     14.58                     20.59  -6.01     9.45
  SINCE JAN 1      3.36                     13.28  -9.92     7.99

SNOWFALL (IN)
  YESTERDAY        0.0                                       0.0
  MONTH TO DATE    0.0                                       0.0
  SINCE JUN 1      0.0                                       0.0
  SINCE JUL 1      0.0                                       0.0

DEGREE DAYS
 HEATING
  YESTERDAY        0                         2     -2        0
  MONTH TO DATE    0                        60    -60        4
  SINCE JUN 1     64                       246   -182       96
  SINCE JUL 1      2                       143   -141       25

 COOLING
  YESTERDAY        5                         2      3        3
  MONTH TO DATE  119                        26     93       59
  SINCE JUN 1    214                        62    152      148
  SINCE JAN 1    218                        78    140      192
..................................................................


WIND (MPH)
  RESULTANT WIND SPEED  11   RESULTANT WIND DIRECTION   W (280)
  HIGHEST WIND SPEED    20   HIGHEST WIND DIRECTION     W (280)
  HIGHEST GUST SPEED    22   HIGHEST GUST DIRECTION     W (280)
  AVERAGE WIND SPEED    10.8


SKY COVER
  POSSIBLE SUNSHINE  MM
  AVERAGE SKY COVER 0.4


WEATHER CONDITIONS
 THE FOLLOWING WEATHER WAS RECORDED YESTERDAY.
  NO SIGNIFICANT WEATHER WAS OBSERVED.


RELATIVE HUMIDITY (PERCENT)
 HIGHEST    87          1200 AM
 LOWEST     50           200 PM
 AVERAGE    69

..........................................................


THE OAKLAND AIRPORT CLIMATE NORMALS FOR TODAY
                         NORMAL    RECORD    YEAR
 MAXIMUM TEMPERATURE (F)   75        92      1952
 MINIMUM TEMPERATURE (F)   56        50      1955


SUNRISE AND SUNSET
AUGUST 31 2015........SUNRISE   638 AM PDT   SUNSET   740 PM PDT
SEPTEMBER  1 2015.....SUNRISE   639 AM PDT   SUNSET   738 PM PDT


-  INDICATES NEGATIVE NUMBERS.
R  INDICATES RECORD WAS SET OR TIED.
MM INDICATES DATA IS MISSING.
T  INDICATES TRACE AMOUNT.




$$
