000
CDUS46 KMTR 070845
CLIOAK


CLIMATE REPORT
NATIONAL WEATHER SERVICE SAN FRANCISCO BAY AREA
1245 AM PST WED DEC 7 2016


...................................

...THE OAKLAND AIRPORT CLIMATE SUMMARY FOR DECEMBER 6 2016...

CLIMATE NORMAL PERIOD 1981 TO 2010
CLIMATE RECORD PERIOD 1948 TO 2016


WEATHER ITEM   OBSERVED TIME   RECORD YEAR NORMAL DEPARTURE LAST
                VALUE   (LST)  VALUE       VALUE  FROM      YEAR
                                                  NORMAL
..................................................................
TEMPERATURE (F)
 YESTERDAY
  MAXIMUM         58    259 PM  66    2014  58      0       63
                                      1979
  MINIMUM         43   1159 PM  32    2005  42      1       44
  AVERAGE         51                        50      1       54

PRECIPITATION (IN)
  YESTERDAY        0.00          1.14 1950   0.11  -0.11     0.02
  MONTH TO DATE    0.00                      0.56  -0.56     0.26
  SINCE OCT 1      4.29                      4.21   0.08     1.37
  SINCE JAN 1     15.63                     17.71  -2.08     4.73

SNOWFALL (IN)
  YESTERDAY        0.0                                       0.0
  MONTH TO DATE    0.0                                       0.0
  SINCE DEC 1      0.0                                       0.0
  SINCE JUL 1      0.0                                       0.0

DEGREE DAYS
 HEATING
  YESTERDAY       14                        15     -1       11
  MONTH TO DATE   76                        89    -13       91
  SINCE DEC 1     76                        89    -13       91
  SINCE JUL 1    446                       764   -318      488

 COOLING
  YESTERDAY        0                         0      0        0
  MONTH TO DATE    0                         0      0        0
  SINCE DEC 1      0                         0      0        0
  SINCE JAN 1    168                       138     30      356
..................................................................


WIND (MPH)
  RESULTANT WIND SPEED   4   RESULTANT WIND DIRECTION  NW (310)
  HIGHEST WIND SPEED    18   HIGHEST WIND DIRECTION     W (280)
  HIGHEST GUST SPEED    23   HIGHEST GUST DIRECTION     W (270)
  AVERAGE WIND SPEED     6.5


SKY COVER
  POSSIBLE SUNSHINE  MM
  AVERAGE SKY COVER 0.4


WEATHER CONDITIONS
 THE FOLLOWING WEATHER WAS RECORDED YESTERDAY.
  NO SIGNIFICANT WEATHER WAS OBSERVED.


RELATIVE HUMIDITY (PERCENT)
 HIGHEST    89          1100 PM
 LOWEST     51           300 PM
 AVERAGE    70

..........................................................


THE OAKLAND AIRPORT CLIMATE NORMALS FOR TODAY
                         NORMAL    RECORD    YEAR
 MAXIMUM TEMPERATURE (F)   58        69      1975
 MINIMUM TEMPERATURE (F)   42        32      2013
                                             1960


SUNRISE AND SUNSET
DECEMBER  7 2016......SUNRISE   711 AM PST   SUNSET   450 PM PST
DECEMBER  8 2016......SUNRISE   712 AM PST   SUNSET   450 PM PST


-  INDICATES NEGATIVE NUMBERS.
R  INDICATES RECORD WAS SET OR TIED.
MM INDICATES DATA IS MISSING.
T  INDICATES TRACE AMOUNT.




$$
