000
CDUS43 KOAX 060628
CLIOAX


CLIMATE REPORT
NATIONAL WEATHER SERVICE OMAHA NEBRASKA
1225 AM CST FRI MAR 6 2015


...................................

...THE VALLEY  NWS, NEBRASKA CLIMATE SUMMARY FOR MARCH 5 2015...

CLIMATE NORMAL PERIOD 1981 TO 2010
CLIMATE RECORD PERIOD 1997 TO 2015


WEATHER ITEM   OBSERVED TIME   NORMAL DEPARTURE LAST
                VALUE   (LST)  VALUE  FROM      YEAR
                                      NORMAL
......................................................
TEMPERATURE (F)
 YESTERDAY
  MAXIMUM         33    421 PM  43    -10       34
  MINIMUM          2    650 AM  24    -22       20
  AVERAGE         18            34    -16       27

PRECIPITATION (IN)
  YESTERDAY        0.00          0.05  -0.05     0.00
  MONTH TO DATE    0.02          0.24  -0.22     0.06
  SINCE MAR 1      0.02          0.24  -0.22     0.06
  SINCE JAN 1      1.59          1.95  -0.36     1.10

SNOWFALL (IN)
  YESTERDAY        0.0                           0.0
  MONTH TO DATE    0.2                           1.2
  SINCE JUL 1     19.1                          16.6
  SNOW DEPTH       0

DEGREE DAYS
 HEATING
  YESTERDAY       47            32     15       38
  MONTH TO DATE  202           162     40      260
  SINCE MAR 1    202           162     40      260
  SINCE JUL 1   4931          4993    -62     5320

 COOLING
  YESTERDAY        0             0      0        0
  MONTH TO DATE    0             0      0        0
  SINCE MAR 1      0             0      0        0
  SINCE JAN 1      0             0      0        0
......................................................


WIND (MPH)
  HIGHEST WIND SPEED    MM   HIGHEST WIND DIRECTION    MM
  HIGHEST GUST SPEED    23   HIGHEST GUST DIRECTION    MM


SKY COVER
  POSSIBLE SUNSHINE  MM


WEATHER CONDITIONS
 THE FOLLOWING WEATHER WAS RECORDED YESTERDAY.
  NO SIGNIFICANT WEATHER WAS OBSERVED.


..........................................................


THE VALLEY  NWS, NEBRASKA CLIMATE NORMALS FOR TODAY
                         NORMAL
 MAXIMUM TEMPERATURE (F)   44
 MINIMUM TEMPERATURE (F)   24


SUNRISE AND SUNSET
MARCH  6 2015.........SUNRISE   652 AM CST   SUNSET   622 PM CST
MARCH  7 2015.........SUNRISE   651 AM CST   SUNSET   623 PM CST


-  INDICATES NEGATIVE NUMBERS.
R  INDICATES RECORD WAS SET OR TIED.
MM INDICATES DATA IS MISSING.
T  INDICATES TRACE AMOUNT.




$$
