000
CDUS43 KOAX 192224
CLIOAX


CLIMATE REPORT
NATIONAL WEATHER SERVICE OMAHA NEBRASKA
422 PM CST FRI JAN 19 2018


...................................

...THE VALLEY  NWS, NEBRASKA CLIMATE SUMMARY FOR JANUARY 19 2018...
VALID TODAY AS OF 0400 PM LOCAL TIME.

CLIMATE NORMAL PERIOD 1981 TO 2010
CLIMATE RECORD PERIOD 1997 TO 2018


WEATHER ITEM   OBSERVED TIME   NORMAL DEPARTURE LAST
                VALUE   (LST)  VALUE  FROM      YEAR
                                      NORMAL
......................................................
TEMPERATURE (F)
 TODAY
  MAXIMUM         51    222 PM  32     19       42
  MINIMUM         29    112 AM  14     15       30
  AVERAGE         40            23     17       36

PRECIPITATION (IN)
  TODAY            0.00          0.03  -0.03      T
  MONTH TO DATE    0.08          0.44  -0.36     0.79
  SINCE DEC 1      0.46          1.55  -1.09     2.10
  SINCE JAN 1      0.08          0.44  -0.36     0.79

SNOWFALL (IN)
  TODAY            0.0                           0.0
  MONTH TO DATE    1.1                           0.5
  SINCE JUL 1      4.4                           3.1
  SNOW DEPTH       T

DEGREE DAYS
 HEATING
  TODAY           25            42    -17       29
  MONTH TO DATE  878           798     80      787
  SINCE DEC 1   2031          2008     23     1965
  SINCE JUL 1   3106          3278   -172     2754

 COOLING
  TODAY            0             0      0        0
  MONTH TO DATE    0             0      0        0
  SINCE DEC 1      0             0      0        0
  SINCE JAN 1      0             0      0        0
......................................................


WIND (MPH)
  HIGHEST WIND SPEED    MM   HIGHEST WIND DIRECTION    MM
  HIGHEST GUST SPEED    22   HIGHEST GUST DIRECTION    MM



WEATHER CONDITIONS
 THE FOLLOWING WEATHER WAS RECORDED TODAY.
  NO SIGNIFICANT WEATHER WAS OBSERVED.


..........................................................


THE VALLEY  NWS, NEBRASKA CLIMATE NORMALS FOR TOMORROW
                         NORMAL
 MAXIMUM TEMPERATURE (F)   33
 MINIMUM TEMPERATURE (F)   14


SUNRISE AND SUNSET
JANUARY 19 2018.......SUNRISE   747 AM CST   SUNSET   526 PM CST
JANUARY 20 2018.......SUNRISE   746 AM CST   SUNSET   527 PM CST


-  INDICATES NEGATIVE NUMBERS.
R  INDICATES RECORD WAS SET OR TIED.
MM INDICATES DATA IS MISSING.
T  INDICATES TRACE AMOUNT.




$$
