000
CDUS43 KOAX 300800
CLIOAX


CLIMATE REPORT
NATIONAL WEATHER SERVICE OMAHA NEBRASKA
259 AM CDT SAT MAY 30 2015


...................................

...THE VALLEY  NWS, NEBRASKA CLIMATE SUMMARY FOR MAY 29 2015...

CLIMATE NORMAL PERIOD 1981 TO 2010
CLIMATE RECORD PERIOD 1997 TO 2015


WEATHER ITEM   OBSERVED TIME   NORMAL DEPARTURE LAST
                VALUE   (LST)  VALUE  FROM      YEAR
                                      NORMAL
......................................................
TEMPERATURE (F)
 YESTERDAY
  MAXIMUM         79    358 PM  77      2       84
  MINIMUM         53   1156 PM  57     -4       62
  AVERAGE         66            67     -1       73

PRECIPITATION (IN)
  YESTERDAY        0.27          0.16   0.11     0.00
  MONTH TO DATE    6.10          4.25   1.85     4.85
  SINCE MAR 1     10.28          9.28   1.00     7.87
  SINCE JAN 1     11.85         10.99   0.86     8.91

SNOWFALL (IN)
  YESTERDAY        0.0                           0.0
  MONTH TO DATE    0.0                           0.0
  SINCE JUL 1     19.3                          18.2
  SNOW DEPTH       0

DEGREE DAYS
 HEATING
  YESTERDAY        0             2     -2        0
  MONTH TO DATE  138           147     -9      148
  SINCE MAR 1   1126          1414   -288     1441
  SINCE JUL 1   5855          6245   -390     6501

 COOLING
  YESTERDAY        1             4     -3        8
  MONTH TO DATE   27            57    -30       96
  SINCE MAR 1     31            64    -33      105
  SINCE JAN 1     31            64    -33      105
......................................................


WIND (MPH)
  HIGHEST WIND SPEED    MM   HIGHEST WIND DIRECTION    MM
  HIGHEST GUST SPEED    36   HIGHEST GUST DIRECTION    MM


SKY COVER
  POSSIBLE SUNSHINE  MM


WEATHER CONDITIONS
 THE FOLLOWING WEATHER WAS RECORDED YESTERDAY.
  THUNDERSTORM
  HEAVY RAIN
  RAIN
  LIGHT RAIN


..........................................................


THE VALLEY  NWS, NEBRASKA CLIMATE NORMALS FOR TODAY
                         NORMAL
 MAXIMUM TEMPERATURE (F)   78
 MINIMUM TEMPERATURE (F)   57


SUNRISE AND SUNSET
MAY 30 2015...........SUNRISE   556 AM CDT   SUNSET   851 PM CDT
MAY 31 2015...........SUNRISE   555 AM CDT   SUNSET   851 PM CDT


-  INDICATES NEGATIVE NUMBERS.
R  INDICATES RECORD WAS SET OR TIED.
MM INDICATES DATA IS MISSING.
T  INDICATES TRACE AMOUNT.




$$
