000
CDUS43 KOAX 200657
CLIOAX


CLIMATE REPORT
NATIONAL WEATHER SERVICE OMAHA NEBRASKA
1256 AM CST SAT DEC 20 2014


...................................

...THE VALLEY  NWS, NEBRASKA CLIMATE SUMMARY FOR DECEMBER 19 2014...

CLIMATE NORMAL PERIOD 1981 TO 2010
CLIMATE RECORD PERIOD 1997 TO 2014


WEATHER ITEM   OBSERVED TIME   NORMAL DEPARTURE LAST
                VALUE   (LST)  VALUE  FROM      YEAR
                                      NORMAL
......................................................
TEMPERATURE (F)
 YESTERDAY
  MAXIMUM         34    100 PM  33      1       33
  MINIMUM         30   1218 AM  16     14       17
  AVERAGE         32            25      7       25

PRECIPITATION (IN)
  YESTERDAY        T             0.03  -0.03      T
  MONTH TO DATE    1.10          0.75   0.35     0.18
  SINCE DEC 1      1.10          0.75   0.35     0.18
  SINCE JAN 1     37.58         32.28   5.30    29.09

SNOWFALL (IN)
  YESTERDAY        0.0                           0.0
  MONTH TO DATE    0.1                           3.3
  SINCE JUL 1      3.1                           4.0
  SNOW DEPTH       0

DEGREE DAYS
 HEATING
  YESTERDAY       33            40     -7       40
  MONTH TO DATE  588           713   -125      800
  SINCE DEC 1    588           713   -125      800
  SINCE JUL 1   1905          1983    -78     2019

 COOLING
  YESTERDAY        0             0      0        0
  MONTH TO DATE    0             0      0        0
  SINCE DEC 1      0             0      0        0
  SINCE JAN 1   1039          1075    -36     1237
......................................................


WIND (MPH)
  HIGHEST WIND SPEED    MM   HIGHEST WIND DIRECTION    MM
  HIGHEST GUST SPEED    20   HIGHEST GUST DIRECTION    MM


SKY COVER
  POSSIBLE SUNSHINE  MM


WEATHER CONDITIONS
 THE FOLLOWING WEATHER WAS RECORDED YESTERDAY.
  LIGHT RAIN
  FOG


..........................................................


THE VALLEY  NWS, NEBRASKA CLIMATE NORMALS FOR TODAY
                         NORMAL
 MAXIMUM TEMPERATURE (F)   33
 MINIMUM TEMPERATURE (F)   16


SUNRISE AND SUNSET
DECEMBER 20 2014......SUNRISE   747 AM CST   SUNSET   459 PM CST
DECEMBER 21 2014......SUNRISE   748 AM CST   SUNSET   459 PM CST


-  INDICATES NEGATIVE NUMBERS.
R  INDICATES RECORD WAS SET OR TIED.
MM INDICATES DATA IS MISSING.
T  INDICATES TRACE AMOUNT.




$$
