000
CDUS43 KOAX 202241
CLIOAX


CLIMATE REPORT
NATIONAL WEATHER SERVICE OMAHA NEBRASKA
436 PM CST THU NOV 20 2014


...................................

...THE VALLEY  NWS, NEBRASKA CLIMATE SUMMARY FOR NOVEMBER 20 2014...
VALID TODAY AS OF 400 PM LOCAL TIME.

CLIMATE NORMAL PERIOD 1981 TO 2010
CLIMATE RECORD PERIOD 1997 TO 2014


WEATHER ITEM   OBSERVED TIME   NORMAL DEPARTURE LAST
                VALUE   (LST)  VALUE  FROM      YEAR
                                      NORMAL
......................................................
TEMPERATURE (F)
 TODAY
  MAXIMUM         30    136 PM  46    -16       57
  MINIMUM         11    545 AM  27    -16       38
  AVERAGE         21            36    -15       48

PRECIPITATION (IN)
  TODAY            0.00          0.04  -0.04     0.00
  MONTH TO DATE    0.27          1.01  -0.74     1.44
  SINCE SEP 1      6.37          6.15   0.22     7.80
  SINCE JAN 1     36.42         31.07   5.35    28.84

SNOWFALL (IN)
  TODAY            0.0                           0.0
  MONTH TO DATE    3.0                            T
  SINCE JUL 1      3.0                            T
  SNOW DEPTH       1

DEGREE DAYS
 HEATING
  TODAY           44            29     15       17
  MONTH TO DATE  627           473    154      434
  SINCE SEP 1   1004           948     56      840
  SINCE JUL 1   1005           954     51      845

 COOLING
  TODAY            0             0      0        0
  MONTH TO DATE    0             0      0        0
  SINCE SEP 1    114           124    -10      225
  SINCE JAN 1   1039          1075    -36     1237
......................................................


WIND (MPH)
  HIGHEST WIND SPEED    MM   HIGHEST WIND DIRECTION    MM
  HIGHEST GUST SPEED    12   HIGHEST GUST DIRECTION    MM



WEATHER CONDITIONS
 THE FOLLOWING WEATHER WAS RECORDED TODAY.
  NO SIGNIFICANT WEATHER WAS OBSERVED.


..........................................................


THE VALLEY  NWS, NEBRASKA CLIMATE NORMALS FOR TOMORROW
                         NORMAL
 MAXIMUM TEMPERATURE (F)   46
 MINIMUM TEMPERATURE (F)   26


SUNRISE AND SUNSET
NOVEMBER 20 2014......SUNRISE   720 AM CST   SUNSET   502 PM CST
NOVEMBER 21 2014......SUNRISE   721 AM CST   SUNSET   502 PM CST


-  INDICATES NEGATIVE NUMBERS.
R  INDICATES RECORD WAS SET OR TIED.
MM INDICATES DATA IS MISSING.
T  INDICATES TRACE AMOUNT.




$$

KLISH
