000
CDUS43 KOAX 242124
CLIOAX


CLIMATE REPORT
NATIONAL WEATHER SERVICE OMAHA NEBRASKA
424 PM CDT WED MAY 24 2017


...................................

...THE VALLEY  NWS, NEBRASKA CLIMATE SUMMARY FOR MAY 24 2017...
VALID TODAY AS OF 0400 PM LOCAL TIME.

CLIMATE NORMAL PERIOD 1981 TO 2010
CLIMATE RECORD PERIOD 1997 TO 2017


WEATHER ITEM   OBSERVED TIME   NORMAL DEPARTURE LAST
                VALUE   (LST)  VALUE  FROM      YEAR
                                      NORMAL
......................................................
TEMPERATURE (F)
 TODAY
  MAXIMUM         66    159 PM  75     -9       80
  MINIMUM         47    508 AM  55     -8       59
  AVERAGE         57            65     -8       70

PRECIPITATION (IN)
  TODAY            0.00          0.15  -0.15      T
  MONTH TO DATE    7.23          3.51   3.72     6.07
  SINCE MAR 1     13.62          8.54   5.08    13.86
  SINCE JAN 1     15.33         10.25   5.08    15.60

SNOWFALL (IN)
  TODAY            0.0                           0.0
  MONTH TO DATE    T                             0.0
  SINCE JUL 1     11.8                          28.7
  SNOW DEPTH       0

DEGREE DAYS
 HEATING
  TODAY            8             3      5        0
  MONTH TO DATE  131           136     -5      129
  SINCE MAR 1   1169          1403   -234     1011
  SINCE JUL 1   5046          6234  -1188     4999

 COOLING
  TODAY            0             3     -3        5
  MONTH TO DATE   51            40     11       18
  SINCE MAR 1     54            47      7       18
  SINCE JAN 1     54            47      7       18
......................................................


WIND (MPH)
  HIGHEST WIND SPEED    MM   HIGHEST WIND DIRECTION    MM
  HIGHEST GUST SPEED    20   HIGHEST GUST DIRECTION    MM



WEATHER CONDITIONS
 THE FOLLOWING WEATHER WAS RECORDED TODAY.
  NO SIGNIFICANT WEATHER WAS OBSERVED.


..........................................................


THE VALLEY  NWS, NEBRASKA CLIMATE NORMALS FOR TOMORROW
                         NORMAL
 MAXIMUM TEMPERATURE (F)   76
 MINIMUM TEMPERATURE (F)   56


SUNRISE AND SUNSET
MAY 24 2017...........SUNRISE   559 AM CDT   SUNSET   846 PM CDT
MAY 25 2017...........SUNRISE   558 AM CDT   SUNSET   847 PM CDT


-  INDICATES NEGATIVE NUMBERS.
R  INDICATES RECORD WAS SET OR TIED.
MM INDICATES DATA IS MISSING.
T  INDICATES TRACE AMOUNT.




$$
