000
CDUS43 KOAX 202246
CLIOAX


CLIMATE REPORT
NATIONAL WEATHER SERVICE OMAHA NEBRASKA
445 PM CST MON FEB 20 2017


...................................

...THE VALLEY  NWS, NEBRASKA CLIMATE SUMMARY FOR FEBRUARY 20 2017...
VALID TODAY AS OF 0400 PM LOCAL TIME.

CLIMATE NORMAL PERIOD 1981 TO 2010
CLIMATE RECORD PERIOD 1997 TO 2017


WEATHER ITEM   OBSERVED TIME   NORMAL DEPARTURE LAST
                VALUE   (LST)  VALUE  FROM      YEAR
                                      NORMAL
......................................................
TEMPERATURE (F)
 TODAY
  MAXIMUM         61    322 PM  38     23       54
  MINIMUM         54   1229 AM  19     35       35
  AVERAGE         58            28     30       45

PRECIPITATION (IN)
  TODAY            0.01          0.03  -0.02     0.00
  MONTH TO DATE    0.30          0.64  -0.34     0.94
  SINCE DEC 1      2.56          2.54   0.02     6.80
  SINCE JAN 1      1.25          1.43  -0.18     1.69

SNOWFALL (IN)
  TODAY            0.0                           0.0
  MONTH TO DATE    4.0                           9.1
  SINCE JUL 1      9.0                          27.9
  SNOW DEPTH       0

DEGREE DAYS
 HEATING
  TODAY            7            36    -29       20
  MONTH TO DATE  546           777   -231      682
  SINCE DEC 1   2880          3281   -401     2888
  SINCE JUL 1   3669          4551   -882     3773

 COOLING
  TODAY            0             0      0        0
  MONTH TO DATE    0             0      0        0
  SINCE DEC 1      0             0      0        0
  SINCE JAN 1      0             0      0        0
......................................................


WIND (MPH)
  HIGHEST WIND SPEED    MM   HIGHEST WIND DIRECTION    MM
  HIGHEST GUST SPEED    24   HIGHEST GUST DIRECTION    MM



WEATHER CONDITIONS
 THE FOLLOWING WEATHER WAS RECORDED TODAY.
  NO SIGNIFICANT WEATHER WAS OBSERVED.


..........................................................


THE VALLEY  NWS, NEBRASKA CLIMATE NORMALS FOR TOMORROW
                         NORMAL
 MAXIMUM TEMPERATURE (F)   38
 MINIMUM TEMPERATURE (F)   19


SUNRISE AND SUNSET
FEBRUARY 20 2017......SUNRISE   713 AM CST   SUNSET   606 PM CST
FEBRUARY 21 2017......SUNRISE   711 AM CST   SUNSET   607 PM CST


-  INDICATES NEGATIVE NUMBERS.
R  INDICATES RECORD WAS SET OR TIED.
MM INDICATES DATA IS MISSING.
T  INDICATES TRACE AMOUNT.




$$
