000
CDUS43 KGID 280626
CLIODX


CLIMATE REPORT
NATIONAL WEATHER SERVICE HASTINGS NE
126 AM CDT WED SEP 28 2016


...................................

...THE ORD NE CLIMATE SUMMARY FOR SEPTEMBER 27 2016...

CLIMATE NORMAL PERIOD 1981 TO 2010
CLIMATE RECORD PERIOD 1895 TO 2016


WEATHER ITEM   OBSERVED TIME   NORMAL DEPARTURE LAST
                VALUE   (LST)  VALUE  FROM      YEAR
                                      NORMAL
......................................................
TEMPERATURE (F)
 YESTERDAY
  MAXIMUM         83    439 PM  73     10       83
  MINIMUM         40    700 AM  43     -3       55
  AVERAGE         62            58      4       69

PRECIPITATION (IN)
  YESTERDAY        0.00          0.07  -0.07     0.00
  MONTH TO DATE    1.70          2.27  -0.57     3.14
  SINCE SEP 1      1.70          2.27  -0.57     3.14
  SINCE JAN 1     28.86         21.18   7.68    17.68

DEGREE DAYS
 HEATING
  YESTERDAY        3             8     -5        0
  MONTH TO DATE   58            97    -39       25
  SINCE SEP 1     58            97    -39       25
  SINCE JUL 1     72           111    -39       48

 COOLING
  YESTERDAY        0             1     -1        4
  MONTH TO DATE   77            79     -2      148
  SINCE SEP 1     77            79     -2      148
  SINCE JAN 1    883           836     47      811
......................................................


WIND (MPH)
  HIGHEST WIND SPEED    22   HIGHEST WIND DIRECTION     W (290)
  HIGHEST GUST SPEED    26   HIGHEST GUST DIRECTION     W (280)
  AVERAGE WIND SPEED     5.8


SKY COVER
  AVERAGE SKY COVER 0.0


WEATHER CONDITIONS
 THE FOLLOWING WEATHER WAS RECORDED YESTERDAY.
  NO SIGNIFICANT WEATHER WAS OBSERVED.


RELATIVE HUMIDITY (PERCENT)
 HIGHEST    92           600 AM
 LOWEST     22           400 PM
 AVERAGE    57

..........................................................


THE ORD NE CLIMATE NORMALS FOR TODAY
                         NORMAL
 MAXIMUM TEMPERATURE (F)   72
 MINIMUM TEMPERATURE (F)   43


SUNRISE AND SUNSET
SEPTEMBER 28 2016.....SUNRISE   730 AM CDT   SUNSET   722 PM CDT
SEPTEMBER 29 2016.....SUNRISE   731 AM CDT   SUNSET   720 PM CDT


-  INDICATES NEGATIVE NUMBERS.
R  INDICATES RECORD WAS SET OR TIED.
MM INDICATES DATA IS MISSING.
T  INDICATES TRACE AMOUNT.




$$
