034
CDUS43 KGID 310626
CLIODX


CLIMATE REPORT
NATIONAL WEATHER SERVICE HASTINGS NE
125 AM CDT WED AUG 31 2016


...................................

...THE ORD NE CLIMATE SUMMARY FOR AUGUST 30 2016...

CLIMATE NORMAL PERIOD 1981 TO 2010
CLIMATE RECORD PERIOD 1895 TO 2016


WEATHER ITEM   OBSERVED TIME   NORMAL DEPARTURE LAST
                VALUE   (LST)  VALUE  FROM      YEAR
                                      NORMAL
......................................................
TEMPERATURE (F)
 YESTERDAY
  MAXIMUM         81    158 PM  84     -3       89
  MINIMUM         61   1159 PM  57      4       54
  AVERAGE         71            70      1       72

PRECIPITATION (IN)
  YESTERDAY        0.00          0.08  -0.08     0.00
  MONTH TO DATE    0.44          3.07  -2.63     2.13
  SINCE JUN 1     10.62         10.16   0.46     8.08
  SINCE JAN 1     27.16         18.82   8.34    14.54

DEGREE DAYS
 HEATING
  YESTERDAY        0             1     -1        0
  MONTH TO DATE    6             3      3       18
  SINCE JUN 1     16            45    -29       29
  SINCE JUL 1     14             8      6       23

 COOLING
  YESTERDAY        6             6      0        7
  MONTH TO DATE  225           252    -27      183
  SINCE JUN 1    779           711     68      643
  SINCE JAN 1    801           752     49      652
......................................................


WIND (MPH)
  HIGHEST WIND SPEED    12   HIGHEST WIND DIRECTION     S (170)
  HIGHEST GUST SPEED    13   HIGHEST GUST DIRECTION     S (180)
  AVERAGE WIND SPEED     3.3


SKY COVER
  AVERAGE SKY COVER 0.4


WEATHER CONDITIONS
 THE FOLLOWING WEATHER WAS RECORDED YESTERDAY.
  FOG
  HAZE


RELATIVE HUMIDITY (PERCENT)
 HIGHEST    93          1100 PM
 LOWEST     58           100 PM
 AVERAGE    76

..........................................................


THE ORD NE CLIMATE NORMALS FOR TODAY
                         NORMAL
 MAXIMUM TEMPERATURE (F)   83
 MINIMUM TEMPERATURE (F)   57


SUNRISE AND SUNSET
AUGUST 31 2016........SUNRISE   701 AM CDT   SUNSET   810 PM CDT
SEPTEMBER  1 2016.....SUNRISE   702 AM CDT   SUNSET   808 PM CDT


-  INDICATES NEGATIVE NUMBERS.
R  INDICATES RECORD WAS SET OR TIED.
MM INDICATES DATA IS MISSING.
T  INDICATES TRACE AMOUNT.




$$
