000
CDUS43 KGID 290630
CLIODX


CLIMATE REPORT
NATIONAL WEATHER SERVICE HASTINGS NE
127 AM CDT SUN MAY 29 2016


...................................

...THE ORD NE CLIMATE SUMMARY FOR MAY 28 2016...

CLIMATE NORMAL PERIOD 1981 TO 2010
CLIMATE RECORD PERIOD 1895 TO 2016


WEATHER ITEM   OBSERVED TIME   NORMAL DEPARTURE LAST
                VALUE   (LST)  VALUE  FROM      YEAR
                                      NORMAL
......................................................
TEMPERATURE (F)
 YESTERDAY
  MAXIMUM         75    425 PM  76     -1       77
  MINIMUM         56    630 AM  51      5       53
  AVERAGE         66            64      2       65

PRECIPITATION (IN)
  YESTERDAY        0.42          0.14   0.28     0.10
  MONTH TO DATE    4.99          3.36   1.63     2.95
  SINCE MAR 1     15.33          7.40   7.93     5.69
  SINCE JAN 1     16.48          8.21   8.27     6.43

DEGREE DAYS
 HEATING
  YESTERDAY        0             4     -4        0
  MONTH TO DATE  219           207     12      223
  SINCE MAR 1   1337          1543   -206     1372
  SINCE JUL 1   5686          6560   -874     6504

 COOLING
  YESTERDAY        1             2     -1        0
  MONTH TO DATE   15            33    -18        5
  SINCE MAR 1     15            35    -20        9
  SINCE JAN 1     15            35    -20        9
......................................................


WIND (MPH)
  HIGHEST WIND SPEED    22   HIGHEST WIND DIRECTION     N (340)
  HIGHEST GUST SPEED    27   HIGHEST GUST DIRECTION     N (340)
  AVERAGE WIND SPEED     8.9


SKY COVER
  AVERAGE SKY COVER 0.6


WEATHER CONDITIONS
 THE FOLLOWING WEATHER WAS RECORDED YESTERDAY.
  RAIN
  LIGHT RAIN
  FOG


RELATIVE HUMIDITY (PERCENT)
 HIGHEST    93          1200 AM
 LOWEST     46           400 PM
 AVERAGE    70

..........................................................


THE ORD NE CLIMATE NORMALS FOR TODAY
                         NORMAL
 MAXIMUM TEMPERATURE (F)   76
 MINIMUM TEMPERATURE (F)   52


SUNRISE AND SUNSET
MAY 29 2016...........SUNRISE   605 AM CDT   SUNSET   902 PM CDT
MAY 30 2016...........SUNRISE   605 AM CDT   SUNSET   903 PM CDT


-  INDICATES NEGATIVE NUMBERS.
R  INDICATES RECORD WAS SET OR TIED.
MM INDICATES DATA IS MISSING.
T  INDICATES TRACE AMOUNT.




$$
