000
CDUS43 KGID 100637
CLIODX


CLIMATE REPORT
NATIONAL WEATHER SERVICE HASTINGS NE
134 AM CDT THU JUL 10 2014


...................................

...THE ORD NE CLIMATE SUMMARY FOR JULY 9 2014...

CLIMATE NORMAL PERIOD 1981 TO 2010
CLIMATE RECORD PERIOD 1895 TO 2014


WEATHER ITEM   OBSERVED TIME   NORMAL DEPARTURE LAST
                VALUE   (LST)  VALUE  FROM      YEAR
                                      NORMAL
......................................................
TEMPERATURE (F)
 YESTERDAY
  MAXIMUM         78   1122 AM  87     -9       94
  MINIMUM         50    426 AM  61    -11       66
  AVERAGE         64            74    -10       80

PRECIPITATION (IN)
  YESTERDAY        0.98          0.08   0.90     0.00
  MONTH TO DATE    1.11          0.81   0.30     1.71
  SINCE JUN 1      9.19          4.93   4.26     3.64
  SINCE JAN 1     11.41         13.59  -2.18    13.78

DEGREE DAYS
 HEATING
  YESTERDAY        1             0      1        0
  MONTH TO DATE    6             0      6        1
  SINCE JUN 1     38            37      1       48
  SINCE JUL 1      6             0      6        1

 COOLING
  YESTERDAY        0             9     -9       15
  MONTH TO DATE   41            79    -38       84
  SINCE JUN 1    187           241    -54      250
  SINCE JAN 1    256           282    -26      297
......................................................


WIND (MPH)
  HIGHEST WIND SPEED    33   HIGHEST WIND DIRECTION     E (80)
  HIGHEST GUST SPEED    42   HIGHEST GUST DIRECTION     E (80)
  AVERAGE WIND SPEED     6.9


SKY COVER
  AVERAGE SKY COVER 0.6


WEATHER CONDITIONS
 THE FOLLOWING WEATHER WAS RECORDED YESTERDAY.
  THUNDERSTORM
  HEAVY RAIN
  RAIN
  LIGHT RAIN
  FOG
  FOG W/VISIBILITY <= 1/4 MILE
  HAZE


RELATIVE HUMIDITY (PERCENT)
 HIGHEST    96           300 AM
 LOWEST     47          1100 AM
 AVERAGE    72

..........................................................


THE ORD NE CLIMATE NORMALS FOR TODAY
                         NORMAL
 MAXIMUM TEMPERATURE (F)   87
 MINIMUM TEMPERATURE (F)   61


SUNRISE AND SUNSET
JULY 10 2014..........SUNRISE   611 AM CDT   SUNSET   911 PM CDT
JULY 11 2014..........SUNRISE   612 AM CDT   SUNSET   911 PM CDT


-  INDICATES NEGATIVE NUMBERS.
R  INDICATES RECORD WAS SET OR TIED.
MM INDICATES DATA IS MISSING.
T  INDICATES TRACE AMOUNT.




$$
