000
CDUS43 KGID 010626
CLIODX


CLIMATE REPORT
NATIONAL WEATHER SERVICE HASTINGS NE
124 AM CDT SAT AUG 1 2015


...................................

...THE ORD NE CLIMATE SUMMARY FOR JULY 31 2015...

CLIMATE NORMAL PERIOD 1981 TO 2010
CLIMATE RECORD PERIOD 1895 TO 2015


WEATHER ITEM   OBSERVED TIME   NORMAL DEPARTURE LAST
                VALUE   (LST)  VALUE  FROM      YEAR
                                      NORMAL
......................................................
TEMPERATURE (F)
 YESTERDAY
  MAXIMUM         95    307 PM  87      8       90
  MINIMUM         61    556 AM  62     -1       58
  AVERAGE         78            75      3       74

PRECIPITATION (IN)
  YESTERDAY        0.52          0.19   0.33     0.00
  MONTH TO DATE    2.68          2.97  -0.29     2.07
  SINCE JUN 1      5.95          7.09  -1.14    10.15
  SINCE JAN 1     12.41         15.75  -3.34    12.37

DEGREE DAYS
 HEATING
  YESTERDAY        0             0      0        0
  MONTH TO DATE    5             0      5       19
  SINCE JUN 1     11            42    -31       51
  SINCE JUL 1      5             5      0       19

 COOLING
  YESTERDAY       13            10      3        9
  MONTH TO DATE  300           297      3      185
  SINCE JUN 1    460           459      1      331
  SINCE JAN 1    469           500    -31      400
......................................................


WIND (MPH)
  HIGHEST WIND SPEED    39   HIGHEST WIND DIRECTION     N (350)
  HIGHEST GUST SPEED    57   HIGHEST GUST DIRECTION     N (340)
  AVERAGE WIND SPEED     4.1


SKY COVER
  AVERAGE SKY COVER 0.0


WEATHER CONDITIONS
 THE FOLLOWING WEATHER WAS RECORDED YESTERDAY.
  THUNDERSTORM
  HEAVY RAIN
  RAIN
  LIGHT RAIN


RELATIVE HUMIDITY (PERCENT)
 HIGHEST   100           600 AM
 LOWEST     32           300 PM
 AVERAGE    66

..........................................................


THE ORD NE CLIMATE NORMALS FOR TODAY
                         NORMAL
 MAXIMUM TEMPERATURE (F)   87
 MINIMUM TEMPERATURE (F)   62


SUNRISE AND SUNSET
AUGUST  1 2015........SUNRISE   630 AM CDT   SUNSET   854 PM CDT
AUGUST  2 2015........SUNRISE   631 AM CDT   SUNSET   852 PM CDT


-  INDICATES NEGATIVE NUMBERS.
R  INDICATES RECORD WAS SET OR TIED.
MM INDICATES DATA IS MISSING.
T  INDICATES TRACE AMOUNT.




$$
