000
CDUS43 KGID 302223
CLIODX


CLIMATE REPORT
NATIONAL WEATHER SERVICE HASTINGS NE
522 PM CDT WED JUL 30 2014


...................................

...THE ORD NE CLIMATE SUMMARY FOR JULY 30 2014...
VALID TODAY AS OF 0500 PM LOCAL TIME.

CLIMATE NORMAL PERIOD 1981 TO 2010
CLIMATE RECORD PERIOD 1895 TO 2014


WEATHER ITEM   OBSERVED TIME   NORMAL DEPARTURE LAST
                VALUE   (LST)  VALUE  FROM      YEAR
                                      NORMAL
......................................................
TEMPERATURE (F)
 TODAY
  MAXIMUM         82    307 PM  88     -6       79
  MINIMUM         52    548 AM  62    -10       64
  AVERAGE         67            75     -8       72

PRECIPITATION (IN)
  TODAY            T             0.16  -0.16     0.02
  MONTH TO DATE    2.07          2.78  -0.71     3.55
  SINCE JUN 1     10.15          6.90   3.25     5.48
  SINCE JAN 1     12.37         15.56  -3.19    15.62

DEGREE DAYS
 HEATING
  TODAY            0             0      0        0
  MONTH TO DATE   19             0     19        7
  SINCE JUN 1     51            37     14       54
  SINCE JUL 1     19             0     19        7

 COOLING
  TODAY            2            10     -8        7
  MONTH TO DATE  176           287   -111      267
  SINCE JUN 1    322           449   -127      433
  SINCE JAN 1    391           490    -99      480
......................................................


WIND (MPH)
  HIGHEST WIND SPEED     9   HIGHEST WIND DIRECTION    NE (40)
  HIGHEST GUST SPEED    13   HIGHEST GUST DIRECTION     N (10)
  AVERAGE WIND SPEED     1.6


SKY COVER
  AVERAGE SKY COVER 0.1


WEATHER CONDITIONS
 THE FOLLOWING WEATHER WAS RECORDED TODAY.
  FOG


RELATIVE HUMIDITY (PERCENT)
 HIGHEST   100           200 AM
 LOWEST     39           400 PM
 AVERAGE    70

..........................................................


THE ORD NE CLIMATE NORMALS FOR TOMORROW
                         NORMAL
 MAXIMUM TEMPERATURE (F)   87
 MINIMUM TEMPERATURE (F)   62


SUNRISE AND SUNSET
JULY 30 2014..........SUNRISE   628 AM CDT   SUNSET   856 PM CDT
JULY 31 2014..........SUNRISE   629 AM CDT   SUNSET   854 PM CDT


-  INDICATES NEGATIVE NUMBERS.
R  INDICATES RECORD WAS SET OR TIED.
MM INDICATES DATA IS MISSING.
T  INDICATES TRACE AMOUNT.




$$
