000
CDUS43 KGID 262331
CLIODX


CLIMATE REPORT
NATIONAL WEATHER SERVICE HASTINGS NE
531 PM CST THU FEB 26 2015


...................................

...THE ORD NE CLIMATE SUMMARY FOR FEBRUARY 26 2015...
VALID TODAY AS OF 0500 PM LOCAL TIME.

CLIMATE NORMAL PERIOD 1981 TO 2010
CLIMATE RECORD PERIOD 1895 TO 2015


WEATHER ITEM   OBSERVED TIME   NORMAL DEPARTURE LAST
                VALUE   (LST)  VALUE  FROM      YEAR
                                      NORMAL
......................................................
TEMPERATURE (F)
 TODAY
  MAXIMUM         17    433 PM  43    -26       37
  MINIMUM          0    721 AM  18    -18       -9
  AVERAGE          9            31    -22       14

PRECIPITATION (IN)
  TODAY            T             0.01  -0.01     0.00
  MONTH TO DATE    0.57          0.42   0.15     0.19
  SINCE DEC 1      2.30          1.38   0.92     0.25
  SINCE JAN 1      0.74          0.79  -0.05     0.25

DEGREE DAYS
 HEATING
  TODAY           56            34     22       51
  MONTH TO DATE 1053           973     80     1149
  SINCE DEC 1   3440          3468    -28     3581
  SINCE JUL 1   5026          4949     77     5061

 COOLING
  TODAY            0             0      0        0
  MONTH TO DATE    0             0      0        0
  SINCE DEC 1      0             0      0        0
  SINCE JAN 1      0             0      0        0
......................................................


WIND (MPH)
  HIGHEST WIND SPEED    24   HIGHEST WIND DIRECTION     N (350)
  HIGHEST GUST SPEED    30   HIGHEST GUST DIRECTION     N (350)
  AVERAGE WIND SPEED    14.5


SKY COVER
  AVERAGE SKY COVER 0.3


WEATHER CONDITIONS
 THE FOLLOWING WEATHER WAS RECORDED TODAY.
  LIGHT SNOW
  HAZE


RELATIVE HUMIDITY (PERCENT)
 HIGHEST    75           500 AM
 LOWEST     36           300 PM
 AVERAGE    56

..........................................................


THE ORD NE CLIMATE NORMALS FOR TOMORROW
                         NORMAL
 MAXIMUM TEMPERATURE (F)   44
 MINIMUM TEMPERATURE (F)   18


SUNRISE AND SUNSET
FEBRUARY 26 2015......SUNRISE   715 AM CST   SUNSET   622 PM CST
FEBRUARY 27 2015......SUNRISE   714 AM CST   SUNSET   624 PM CST


-  INDICATES NEGATIVE NUMBERS.
R  INDICATES RECORD WAS SET OR TIED.
MM INDICATES DATA IS MISSING.
T  INDICATES TRACE AMOUNT.




$$
