000
CDUS43 KGID 240637
CLIODX


CLIMATE REPORT
NATIONAL WEATHER SERVICE HASTINGS NE
1235 AM CST SAT FEB 24 2018


...................................

...THE ORD NE CLIMATE SUMMARY FOR FEBRUARY 23 2018...

CLIMATE NORMAL PERIOD 1981 TO 2010
CLIMATE RECORD PERIOD 1895 TO 2018


WEATHER ITEM   OBSERVED TIME   NORMAL DEPARTURE LAST
                VALUE   (LST)  VALUE  FROM      YEAR
                                      NORMAL
......................................................
TEMPERATURE (F)
 YESTERDAY
  MAXIMUM         28    403 PM  42    -14       41
  MINIMUM          5    447 AM  17    -12       26
  AVERAGE         17            30    -13       34

PRECIPITATION (IN)
  YESTERDAY        0.00          0.01  -0.01     0.35
  MONTH TO DATE    0.51          0.38   0.13     0.61
  SINCE DEC 1      1.77          1.34   0.43     2.17
  SINCE JAN 1      1.34          0.75   0.59     1.76

DEGREE DAYS
 HEATING
  YESTERDAY       48            35     13       31
  MONTH TO DATE 1077           869    208      666
  SINCE DEC 1   3617          3364    253     3204
  SINCE JUL 1   4962          4845    117     4320

 COOLING
  YESTERDAY        0             0      0        0
  MONTH TO DATE    0             0      0        0
  SINCE DEC 1      0             0      0        0
  SINCE JAN 1      0             0      0        0
......................................................


WIND (MPH)
  HIGHEST WIND SPEED    15   HIGHEST WIND DIRECTION    NW (330)
  HIGHEST GUST SPEED    21   HIGHEST GUST DIRECTION    NW (320)
  AVERAGE WIND SPEED     4.6


SKY COVER
  AVERAGE SKY COVER 0.4


WEATHER CONDITIONS
 THE FOLLOWING WEATHER WAS RECORDED YESTERDAY.
  FOG


RELATIVE HUMIDITY (PERCENT)
 HIGHEST    96           300 AM
 LOWEST     68           300 PM
 AVERAGE    82

..........................................................


THE ORD NE CLIMATE NORMALS FOR TODAY
                         NORMAL
 MAXIMUM TEMPERATURE (F)   42
 MINIMUM TEMPERATURE (F)   17


SUNRISE AND SUNSET
FEBRUARY 24 2018......SUNRISE   718 AM CST   SUNSET   620 PM CST
FEBRUARY 25 2018......SUNRISE   717 AM CST   SUNSET   622 PM CST


-  INDICATES NEGATIVE NUMBERS.
R  INDICATES RECORD WAS SET OR TIED.
MM INDICATES DATA IS MISSING.
T  INDICATES TRACE AMOUNT.




$$

Thies
