000
CDUS43 KOAX 062230
CLIOFK


CLIMATE REPORT
NATIONAL WEATHER SERVICE OMAHA NEBRASKA
429 PM CST FRI MAR 6 2015


...................................

...THE NORFOLK, NEBRASKA CLIMATE SUMMARY FOR MARCH 6 2015...
VALID TODAY AS OF 0400 PM LOCAL TIME.

CLIMATE NORMAL PERIOD 1981 TO 2010
CLIMATE RECORD PERIOD 1888 TO 2015


WEATHER ITEM   OBSERVED TIME   RECORD YEAR NORMAL DEPARTURE LAST
                VALUE   (LST)  VALUE       VALUE  FROM      YEAR
                                                  NORMAL
..................................................................
TEMPERATURE (F)
 TODAY
  MAXIMUM         62    359 PM  79    1987  44     18       49
  MINIMUM         19    338 AM -12    1962  23     -4       20
  AVERAGE         41                        33      8       35

PRECIPITATION (IN)
  TODAY            0.00          0.72 1995   0.04  -0.04     0.00
  MONTH TO DATE    T                         0.23  -0.23     0.15
  SINCE MAR 1      T                         0.23  -0.23     0.15
  SINCE JAN 1      0.88                      1.58  -0.70     0.71

SNOWFALL (IN)
  TODAY            0.0                       0.2   -0.2      0.0
  MONTH TO DATE    T                         1.1   -1.1      3.2
  SINCE JUL 1     20.3                      23.9   -3.6     14.6
  SNOW DEPTH       0

DEGREE DAYS
 HEATING
  TODAY           24                        32     -8       30
  MONTH TO DATE  242                       196     46      307
  SINCE MAR 1    242                       196     46      307
  SINCE JUL 1   5288                      5289     -1     5657

 COOLING
  TODAY            0                         0      0        0
  MONTH TO DATE    0                         0      0        0
  SINCE MAR 1      0                         0      0        0
  SINCE JAN 1      0                         0      0        0
..................................................................


WIND (MPH)
  HIGHEST WIND SPEED    22   HIGHEST WIND DIRECTION     W (280)
  HIGHEST GUST SPEED    26   HIGHEST GUST DIRECTION     W (280)
  AVERAGE WIND SPEED     9.1


SKY COVER
  POSSIBLE SUNSHINE  MM
  AVERAGE SKY COVER 0.0


WEATHER CONDITIONS
 THE FOLLOWING WEATHER WAS RECORDED TODAY.
  NO SIGNIFICANT WEATHER WAS OBSERVED.


RELATIVE HUMIDITY (PERCENT)
 HIGHEST    67           700 AM
 LOWEST     14           400 PM
 AVERAGE    41

..........................................................


THE NORFOLK, NEBRASKA CLIMATE NORMALS FOR TOMORROW
                         NORMAL    RECORD    YEAR
 MAXIMUM TEMPERATURE (F)   44        75      1987
 MINIMUM TEMPERATURE (F)   23       -17      1943


SUNRISE AND SUNSET
MARCH  6 2015.........SUNRISE   657 AM CST   SUNSET   626 PM CST
MARCH  7 2015.........SUNRISE   655 AM CST   SUNSET   627 PM CST


-  INDICATES NEGATIVE NUMBERS.
R  INDICATES RECORD WAS SET OR TIED.
MM INDICATES DATA IS MISSING.
T  INDICATES TRACE AMOUNT.




$$
