000
CDUS43 KOAX 120717
CLIOFK


CLIMATE REPORT
NATIONAL WEATHER SERVICE OMAHA NEBRASKA
216 AM CDT SAT JUL 12 2014


...................................

...THE NORFOLK, NEBRASKA CLIMATE SUMMARY FOR JULY 11 2014...

CLIMATE NORMAL PERIOD 1981 TO 2010
CLIMATE RECORD PERIOD 1888 TO 2014


WEATHER ITEM   OBSERVED TIME   RECORD YEAR NORMAL DEPARTURE LAST
                VALUE   (LST)  VALUE       VALUE  FROM      YEAR
                                                  NORMAL
..................................................................
TEMPERATURE (F)
 YESTERDAY
  MAXIMUM         79    339 PM 113    1954  87     -8       87
  MINIMUM         67    524 AM  46    1926  64      3       63
  AVERAGE         73                        75     -2       75

PRECIPITATION (IN)
  YESTERDAY        0.67          2.05 2000   0.10   0.57     0.00
  MONTH TO DATE    0.70                      1.24  -0.54     0.39
  SINCE JUN 1     12.09                      5.50   6.59     2.57
  SINCE JAN 1     17.58                     15.20   2.38    13.99

SNOWFALL (IN)
  YESTERDAY        0.0                       0.0    0.0      0.0
  MONTH TO DATE    0.0                       0.0    0.0      0.0
  SINCE JUL 1      0.0                       0.0    0.0      0.0
  SNOW DEPTH       0

DEGREE DAYS
 HEATING
  YESTERDAY        0                         0      0        0
  MONTH TO DATE    3                         0      3        0
  SINCE JUN 1     28                        30     -2       42
  SINCE JUL 1      3                         0      3        0

 COOLING
  YESTERDAY        8                        10     -2       10
  MONTH TO DATE   67                       108    -41      109
  SINCE JUN 1    261                       294    -33      292
  SINCE JAN 1    358                       355      3      356
..................................................................


WIND (MPH)
  HIGHEST WIND SPEED    20   HIGHEST WIND DIRECTION     W (260)
  HIGHEST GUST SPEED    26   HIGHEST GUST DIRECTION     S (170)
  AVERAGE WIND SPEED     7.7


SKY COVER
  POSSIBLE SUNSHINE  MM
  AVERAGE SKY COVER 0.2


WEATHER CONDITIONS
 THE FOLLOWING WEATHER WAS RECORDED YESTERDAY.
  THUNDERSTORM
  HEAVY RAIN
  LIGHT RAIN
  FOG
  HAZE


RELATIVE HUMIDITY (PERCENT)
 HIGHEST    93          1100 PM
 LOWEST     68          1200 AM
 AVERAGE    81

..........................................................


THE NORFOLK, NEBRASKA CLIMATE NORMALS FOR TODAY
                         NORMAL    RECORD    YEAR
 MAXIMUM TEMPERATURE (F)   87       109      1939
 MINIMUM TEMPERATURE (F)   64        50      1910


SUNRISE AND SUNSET
JULY 12 2014..........SUNRISE   605 AM CDT   SUNSET   905 PM CDT
JULY 13 2014..........SUNRISE   606 AM CDT   SUNSET   905 PM CDT


-  INDICATES NEGATIVE NUMBERS.
R  INDICATES RECORD WAS SET OR TIED.
MM INDICATES DATA IS MISSING.
T  INDICATES TRACE AMOUNT.




$$
