000
CDUS43 KOAX 270625
CLIOFK


CLIMATE REPORT
NATIONAL WEATHER SERVICE OMAHA NEBRASKA
123 AM CDT WED AUG 27 2014


...................................

...THE NORFOLK, NEBRASKA CLIMATE SUMMARY FOR AUGUST 26 2014...

CLIMATE NORMAL PERIOD 1981 TO 2010
CLIMATE RECORD PERIOD 1888 TO 2014


WEATHER ITEM   OBSERVED TIME   RECORD YEAR NORMAL DEPARTURE LAST
                VALUE   (LST)  VALUE       VALUE  FROM      YEAR
                                                  NORMAL
..................................................................
TEMPERATURE (F)
 YESTERDAY
  MAXIMUM         74    515 PM 105    1955  83     -9       92
  MINIMUM         61    650 AM  39    1910  60      1       74
  AVERAGE         68                        71     -3       83

PRECIPITATION (IN)
  YESTERDAY        0.14          1.65 1903   0.09   0.05     0.00
  MONTH TO DATE    4.37                      2.78   1.59     3.58
  SINCE JUN 1     16.89                     10.36   6.53     6.99
  SINCE JAN 1     22.38                     20.06   2.32    18.41

SNOWFALL (IN)
  YESTERDAY        0.0                       0.0    0.0      0.0
  MONTH TO DATE    0.0                       0.0    0.0      0.0
  SINCE JUL 1      0.0                       0.0    0.0      0.0
  SNOW DEPTH       0

DEGREE DAYS
 HEATING
  YESTERDAY        0                         1     -1        0
  MONTH TO DATE    0                         3     -3        3
  SINCE JUN 1     37                        37      0       58
  SINCE JUL 1     12                         7      5       16

 COOLING
  YESTERDAY        3                         7     -4       18
  MONTH TO DATE  209                       224    -15      212
  SINCE JUN 1    599                       724   -125      686
  SINCE JAN 1    696                       785    -89      750
..................................................................


WIND (MPH)
  HIGHEST WIND SPEED    14   HIGHEST WIND DIRECTION     N (020)
  HIGHEST GUST SPEED    18   HIGHEST GUST DIRECTION    NE (030)
  AVERAGE WIND SPEED     5.9


SKY COVER
  POSSIBLE SUNSHINE  MM
  AVERAGE SKY COVER 0.5


WEATHER CONDITIONS
 THE FOLLOWING WEATHER WAS RECORDED YESTERDAY.
  THUNDERSTORM
  HEAVY RAIN
  RAIN
  LIGHT RAIN
  FOG


RELATIVE HUMIDITY (PERCENT)
 HIGHEST    93          1100 PM
 LOWEST     66           100 PM
 AVERAGE    80

..........................................................


THE NORFOLK, NEBRASKA CLIMATE NORMALS FOR TODAY
                         NORMAL    RECORD    YEAR
 MAXIMUM TEMPERATURE (F)   83       102      1955
                                             1913
 MINIMUM TEMPERATURE (F)   59        38      1911


SUNRISE AND SUNSET
AUGUST 27 2014........SUNRISE   650 AM CDT   SUNSET   811 PM CDT
AUGUST 28 2014........SUNRISE   651 AM CDT   SUNSET   810 PM CDT


-  INDICATES NEGATIVE NUMBERS.
R  INDICATES RECORD WAS SET OR TIED.
MM INDICATES DATA IS MISSING.
T  INDICATES TRACE AMOUNT.




$$
