000
CDUS43 KOAX 210700
CLIOFK


CLIMATE REPORT
NATIONAL WEATHER SERVICE OMAHA NEBRASKA
154 AM CDT FRI JUL 21 2017


...................................

...THE NORFOLK, NEBRASKA CLIMATE SUMMARY FOR JULY 20 2017...

CLIMATE NORMAL PERIOD 1981 TO 2010
CLIMATE RECORD PERIOD 1888 TO 2017


WEATHER ITEM   OBSERVED TIME   RECORD YEAR NORMAL DEPARTURE LAST
                VALUE   (LST)  VALUE       VALUE  FROM      YEAR
                                                  NORMAL
..................................................................
TEMPERATURE (F)
 YESTERDAY
  MAXIMUM         93   1219 PM 109    1934  87      6       92
  MINIMUM         73    552 AM  47    1898  64      9       74
  AVERAGE         83                        75      8       83

PRECIPITATION (IN)
  YESTERDAY        T             1.94 1977   0.10  -0.10     0.00
  MONTH TO DATE    0.85                      2.19  -1.34     2.67
  SINCE JUN 1      3.32                      6.45  -3.13     5.88
  SINCE JAN 1     14.93                     16.15  -1.22    22.33

SNOWFALL (IN)
  YESTERDAY        0.0                       0.0    0.0      0.0
  MONTH TO DATE    0.0                       0.0    0.0      0.0
  SINCE JUL 1      0.0                       0.0    0.0      0.0
  SNOW DEPTH       0

DEGREE DAYS
 HEATING
  YESTERDAY        0                         0      0        0
  MONTH TO DATE    0                         0      0        7
  SINCE JUN 1     12                        30    -18       10
  SINCE JUL 1      0                         0      0        7

 COOLING
  YESTERDAY       18                        10      8       18
  MONTH TO DATE  255                       198     57      175
  SINCE JUN 1    492                       384    108      451
  SINCE JAN 1    520                       445     75      489
..................................................................


WIND (MPH)
  HIGHEST WIND SPEED    17   HIGHEST WIND DIRECTION     N (020)
  HIGHEST GUST SPEED    22   HIGHEST GUST DIRECTION     W (280)
  AVERAGE WIND SPEED     6.8


SKY COVER
  POSSIBLE SUNSHINE  MM
  AVERAGE SKY COVER 0.1


WEATHER CONDITIONS
 THE FOLLOWING WEATHER WAS RECORDED YESTERDAY.
  LIGHT RAIN
  HAZE


RELATIVE HUMIDITY (PERCENT)
 HIGHEST    85          1200 AM
 LOWEST     47           400 AM
 AVERAGE    66

..........................................................


THE NORFOLK, NEBRASKA CLIMATE NORMALS FOR TODAY
                         NORMAL    RECORD    YEAR
 MAXIMUM TEMPERATURE (F)   87       108      1934
 MINIMUM TEMPERATURE (F)   64        47      1944


SUNRISE AND SUNSET
JULY 21 2017..........SUNRISE   613 AM CDT   SUNSET   859 PM CDT
JULY 22 2017..........SUNRISE   614 AM CDT   SUNSET   858 PM CDT


-  INDICATES NEGATIVE NUMBERS.
R  INDICATES RECORD WAS SET OR TIED.
MM INDICATES DATA IS MISSING.
T  INDICATES TRACE AMOUNT.




$$
