000
CDUS43 KOAX 260700
CLIOFK


CLIMATE REPORT
NATIONAL WEATHER SERVICE OMAHA NEBRASKA
159 AM CDT TUE SEP 26 2017


...................................

...THE NORFOLK, NEBRASKA CLIMATE SUMMARY FOR SEPTEMBER 25 2017...

CLIMATE NORMAL PERIOD 1981 TO 2010
CLIMATE RECORD PERIOD 1888 TO 2017


WEATHER ITEM   OBSERVED TIME   RECORD YEAR NORMAL DEPARTURE LAST
                VALUE   (LST)  VALUE       VALUE  FROM      YEAR
                                                  NORMAL
..................................................................
TEMPERATURE (F)
 YESTERDAY
  MAXIMUM         55    140 PM  92    1998  73    -18       70
                                      1990
  MINIMUM         51   1159 PM  25    1926  47      4       48
                                      1893
  AVERAGE         53                        60     -7       59

PRECIPITATION (IN)
  YESTERDAY        1.06          1.50 1915   0.10   0.96      T
  MONTH TO DATE    1.91                      2.26  -0.35     2.04
  SINCE SEP 1      1.91                      2.26  -0.35     2.04
  SINCE JAN 1     23.69                     22.79   0.90    26.91

SNOWFALL (IN)
  YESTERDAY        0.0                       0.0    0.0      0.0
  MONTH TO DATE    0.0                       0.0    0.0      0.0
  SINCE JUL 1      0.0                       0.0    0.0      0.0
  SNOW DEPTH       0

DEGREE DAYS
 HEATING
  YESTERDAY       12                         7      5        6
  MONTH TO DATE   55                        88    -33       29
  SINCE SEP 1     55                        88    -33       29
  SINCE JUL 1     66                       104    -38       42

 COOLING
  YESTERDAY        0                         1     -1        0
  MONTH TO DATE  115                        86     29      116
  SINCE SEP 1    115                        86     29      116
  SINCE JAN 1    873                       902    -29      959
..................................................................


WIND (MPH)
  HIGHEST WIND SPEED    18   HIGHEST WIND DIRECTION    NE (040)
  HIGHEST GUST SPEED    23   HIGHEST GUST DIRECTION    NE (040)
  AVERAGE WIND SPEED    10.7


SKY COVER
  POSSIBLE SUNSHINE  MM
  AVERAGE SKY COVER 1.0


WEATHER CONDITIONS
 THE FOLLOWING WEATHER WAS RECORDED YESTERDAY.
  HEAVY RAIN
  RAIN
  LIGHT RAIN
  FOG


RELATIVE HUMIDITY (PERCENT)
 HIGHEST   100          1200 AM
 LOWEST     93           400 AM
 AVERAGE    97

..........................................................


THE NORFOLK, NEBRASKA CLIMATE NORMALS FOR TODAY
                         NORMAL    RECORD    YEAR
 MAXIMUM TEMPERATURE (F)   72        94      1990
                                             1956
 MINIMUM TEMPERATURE (F)   46        27      1984


SUNRISE AND SUNSET
SEPTEMBER 26 2017.....SUNRISE   722 AM CDT   SUNSET   719 PM CDT
SEPTEMBER 27 2017.....SUNRISE   723 AM CDT   SUNSET   718 PM CDT


-  INDICATES NEGATIVE NUMBERS.
R  INDICATES RECORD WAS SET OR TIED.
MM INDICATES DATA IS MISSING.
T  INDICATES TRACE AMOUNT.




$$
