000
CDUS43 KOAX 162131
CLIOFK


CLIMATE REPORT
NATIONAL WEATHER SERVICE OMAHA NEBRASKA
429 PM CDT TUE SEP 16 2014


...................................

...THE NORFOLK, NEBRASKA CLIMATE SUMMARY FOR SEPTEMBER 16 2014...
VALID TODAY AS OF 0400 PM LOCAL TIME.

CLIMATE NORMAL PERIOD 1981 TO 2010
CLIMATE RECORD PERIOD 1888 TO 2014


WEATHER ITEM   OBSERVED TIME   RECORD YEAR NORMAL DEPARTURE LAST
                VALUE   (LST)  VALUE       VALUE  FROM      YEAR
                                                  NORMAL
..................................................................
TEMPERATURE (F)
 TODAY
  MAXIMUM         71    243 PM  96    1955  77     -6       69
  MINIMUM         40    355 AM  25    1903  51    -11       57
  AVERAGE         56                        64     -8       63

PRECIPITATION (IN)
  TODAY            0.00          2.13 1905   0.09  -0.09      T
  MONTH TO DATE    0.96                      1.44  -0.48     0.12
  SINCE SEP 1      0.96                      1.44  -0.48     0.12
  SINCE JAN 1     26.18                     21.97   4.21    18.53

SNOWFALL (IN)
  TODAY            0.0                       0.0    0.0      0.0
  MONTH TO DATE    0.0                       0.0    0.0      0.0
  SINCE JUL 1      0.0                       0.0    0.0      0.0
  SNOW DEPTH       0

DEGREE DAYS
 HEATING
  TODAY            9                         4      5        2
  MONTH TO DATE  101                        39     62        7
  SINCE SEP 1    101                        39     62        7
  SINCE JUL 1    113                        55     58       23

 COOLING
  TODAY            0                         3     -3        0
  MONTH TO DATE   30                        69    -39      121
  SINCE SEP 1     30                        69    -39      121
  SINCE JAN 1    757                       885   -128      945
..................................................................


WIND (MPH)
  HIGHEST WIND SPEED    18   HIGHEST WIND DIRECTION     S (160)
  HIGHEST GUST SPEED    23   HIGHEST GUST DIRECTION     S (170)
  AVERAGE WIND SPEED     9.0


SKY COVER
  POSSIBLE SUNSHINE  MM
  AVERAGE SKY COVER 0.1


WEATHER CONDITIONS
 THE FOLLOWING WEATHER WAS RECORDED TODAY.
  NO SIGNIFICANT WEATHER WAS OBSERVED.


RELATIVE HUMIDITY (PERCENT)
 HIGHEST    93          1200 AM
 LOWEST     47           200 PM
 AVERAGE    70

..........................................................


THE NORFOLK, NEBRASKA CLIMATE NORMALS FOR TOMORROW
                         NORMAL    RECORD    YEAR
 MAXIMUM TEMPERATURE (F)   76       102      1895
 MINIMUM TEMPERATURE (F)   50        32      1916


SUNRISE AND SUNSET
SEPTEMBER 16 2014.....SUNRISE   711 AM CDT   SUNSET   737 PM CDT
SEPTEMBER 17 2014.....SUNRISE   712 AM CDT   SUNSET   736 PM CDT


-  INDICATES NEGATIVE NUMBERS.
R  INDICATES RECORD WAS SET OR TIED.
MM INDICATES DATA IS MISSING.
T  INDICATES TRACE AMOUNT.




$$
