000
CDUS43 KOAX 130657
CLIOFK


CLIMATE REPORT
NATIONAL WEATHER SERVICE OMAHA NEBRASKA
1257 AM CST SAT FEB 13 2016


...................................

...THE NORFOLK, NEBRASKA CLIMATE SUMMARY FOR FEBRUARY 12 2016...

CLIMATE NORMAL PERIOD 1981 TO 2010
CLIMATE RECORD PERIOD 1888 TO 2016


WEATHER ITEM   OBSERVED TIME   RECORD YEAR NORMAL DEPARTURE LAST
                VALUE   (LST)  VALUE       VALUE  FROM      YEAR
                                                  NORMAL
..................................................................
TEMPERATURE (F)
 YESTERDAY
  MAXIMUM         27    152 AM  59    1990  36     -9       22
  MINIMUM         13   1159 PM -30    1899  16     -3        4
  AVERAGE         20                        26     -6       13

PRECIPITATION (IN)
  YESTERDAY        T             0.82 2005   0.03  -0.03     0.00
  MONTH TO DATE    1.30                      0.30   0.00     0.26
  SINCE DEC 1      4.14                      1.64   2.50     2.03
  SINCE JAN 1      1.87                      0.89   0.98     0.83

SNOWFALL (IN)
  YESTERDAY        T                         0.2   -0.2      0.0
  MONTH TO DATE   14.4                       2.6   11.8      3.7
  SINCE JUL 1     38.9                      19.9   19.0     20.0
  SNOW DEPTH       4

DEGREE DAYS
 HEATING
  YESTERDAY       45                        39      6       52
  MONTH TO DATE  470                       484    -14      483
  SINCE DEC 1   2813                      3061   -248     2821
  SINCE JUL 1   3834                      4506   -672     4314

 COOLING
  YESTERDAY        0                         0      0        0
  MONTH TO DATE    0                         0      0        0
  SINCE DEC 1      0                         0      0        0
  SINCE JAN 1      0                         0      0        0
..................................................................


WIND (MPH)
  HIGHEST WIND SPEED    20   HIGHEST WIND DIRECTION     N (360)
  HIGHEST GUST SPEED    23   HIGHEST GUST DIRECTION     N (350)
  AVERAGE WIND SPEED    12.5


SKY COVER
  POSSIBLE SUNSHINE  MM
  AVERAGE SKY COVER 0.8


WEATHER CONDITIONS
 THE FOLLOWING WEATHER WAS RECORDED YESTERDAY.
  LIGHT SNOW
  FOG


RELATIVE HUMIDITY (PERCENT)
 HIGHEST    88           300 AM
 LOWEST     61           600 PM
 AVERAGE    75

..........................................................


THE NORFOLK, NEBRASKA CLIMATE NORMALS FOR TODAY
                         NORMAL    RECORD    YEAR
 MAXIMUM TEMPERATURE (F)   36        70      1934
 MINIMUM TEMPERATURE (F)   16       -29      1905


SUNRISE AND SUNSET
FEBRUARY 13 2016......SUNRISE   729 AM CST   SUNSET   600 PM CST
FEBRUARY 14 2016......SUNRISE   728 AM CST   SUNSET   601 PM CST


-  INDICATES NEGATIVE NUMBERS.
R  INDICATES RECORD WAS SET OR TIED.
MM INDICATES DATA IS MISSING.
T  INDICATES TRACE AMOUNT.




$$
