000
CDUS43 KOAX 180810
CLIOFK


CLIMATE REPORT
NATIONAL WEATHER SERVICE OMAHA NEBRASKA
208 AM CST WED JAN 18 2017


...................................

...THE NORFOLK, NEBRASKA CLIMATE SUMMARY FOR JANUARY 17 2017...

CLIMATE NORMAL PERIOD 1981 TO 2010
CLIMATE RECORD PERIOD 1888 TO 2017


WEATHER ITEM   OBSERVED TIME   RECORD YEAR NORMAL DEPARTURE LAST
                VALUE   (LST)  VALUE       VALUE  FROM      YEAR
                                                  NORMAL
..................................................................
TEMPERATURE (F)
 YESTERDAY
  MAXIMUM         35    359 PM  60    1923  33      2        9
                                      1894
  MINIMUM         17    823 AM -25    1930  12      5       -7
  AVERAGE         26                        22      4        1

PRECIPITATION (IN)
  YESTERDAY        0.00          0.55 1936   0.02  -0.02     0.00
  MONTH TO DATE    0.66                      0.31   0.35     0.27
  SINCE DEC 1      1.50                      1.06   0.44     2.54
  SINCE JAN 1      0.66                      0.31   0.35     0.27

SNOWFALL (IN)
  YESTERDAY        0.0                       0.2   -0.2      0.0
  MONTH TO DATE    2.4                       3.3   -0.9      2.4
  SINCE JUL 1      8.5                      14.2   -5.7     22.4
  SNOW DEPTH       0

DEGREE DAYS
 HEATING
  YESTERDAY       39                        43     -4       64
  MONTH TO DATE  808                       731     77      749
  SINCE DEC 1   2093                      1992    101     1811
  SINCE JUL 1   3138                      3437   -299     2832

 COOLING
  YESTERDAY        0                         0      0        0
  MONTH TO DATE    0                         0      0        0
  SINCE DEC 1      0                         0      0        0
  SINCE JAN 1      0                         0      0        0
..................................................................


WIND (MPH)
  HIGHEST WIND SPEED    20   HIGHEST WIND DIRECTION    NW (320)
  HIGHEST GUST SPEED    23   HIGHEST GUST DIRECTION    NW (330)
  AVERAGE WIND SPEED     7.7


SKY COVER
  POSSIBLE SUNSHINE  MM
  AVERAGE SKY COVER 0.1


WEATHER CONDITIONS
 THE FOLLOWING WEATHER WAS RECORDED YESTERDAY.
  NO SIGNIFICANT WEATHER WAS OBSERVED.


RELATIVE HUMIDITY (PERCENT)
 HIGHEST    92           600 PM
 LOWEST     74          1200 AM
 AVERAGE    83

..........................................................


THE NORFOLK, NEBRASKA CLIMATE NORMALS FOR TODAY
                         NORMAL    RECORD    YEAR
 MAXIMUM TEMPERATURE (F)   33        61      1951
 MINIMUM TEMPERATURE (F)   12       -21      1940


SUNRISE AND SUNSET
JANUARY 18 2017.......SUNRISE   753 AM CST   SUNSET   527 PM CST
JANUARY 19 2017.......SUNRISE   753 AM CST   SUNSET   529 PM CST


-  INDICATES NEGATIVE NUMBERS.
R  INDICATES RECORD WAS SET OR TIED.
MM INDICATES DATA IS MISSING.
T  INDICATES TRACE AMOUNT.




$$
