999
CDUS43 KOAX 232228
CLIOFK


CLIMATE REPORT
NATIONAL WEATHER SERVICE OMAHA NEBRASKA
426 PM CST TUE JAN 23 2018


...................................

...THE NORFOLK, NEBRASKA CLIMATE SUMMARY FOR JANUARY 23 2018...
VALID TODAY AS OF 0400 PM LOCAL TIME.

CLIMATE NORMAL PERIOD 1981 TO 2010
CLIMATE RECORD PERIOD 1888 TO 2018


WEATHER ITEM   OBSERVED TIME   RECORD YEAR NORMAL DEPARTURE LAST
                VALUE   (LST)  VALUE       VALUE  FROM      YEAR
                                                  NORMAL
..................................................................
TEMPERATURE (F)
 TODAY
  MAXIMUM         35    359 PM  65    1981  33      2       36
  MINIMUM         21    154 AM -26    1948  12      9       28
  AVERAGE         28                        23      5       32

PRECIPITATION (IN)
  TODAY            0.00          0.36 1939   0.02  -0.02     0.00
  MONTH TO DATE    1.07                      0.43   0.64     0.69
  SINCE DEC 1      1.39                      1.18   0.21     1.53
  SINCE JAN 1      1.07                      0.43   0.64     0.69

SNOWFALL (IN)
  TODAY            0.0                       0.2   -0.2      0.0
  MONTH TO DATE   16.5                       4.6   11.9      2.4
  SINCE JUL 1     21.4                      15.5    5.9      8.5
  SNOW DEPTH      14

DEGREE DAYS
 HEATING
  TODAY           37                        42     -5       33
  MONTH TO DATE 1046                       985     61      981
  SINCE DEC 1   2293                      2246     47     2266
  SINCE JUL 1   3599                      3691    -92     3311

 COOLING
  TODAY            0                         0      0        0
  MONTH TO DATE    0                         0      0        0
  SINCE DEC 1      0                         0      0        0
  SINCE JAN 1      0                         0      0        0
..................................................................


WIND (MPH)
  HIGHEST WIND SPEED    28   HIGHEST WIND DIRECTION    NW (330)
  HIGHEST GUST SPEED    35   HIGHEST GUST DIRECTION    NW (320)
  AVERAGE WIND SPEED    12.9


SKY COVER
  POSSIBLE SUNSHINE  MM
  AVERAGE SKY COVER 0.9


WEATHER CONDITIONS
 THE FOLLOWING WEATHER WAS RECORDED TODAY.
  FOG
  HAZE


RELATIVE HUMIDITY (PERCENT)
 HIGHEST    92          1200 AM
 LOWEST     23           200 PM
 AVERAGE    58

..........................................................


THE NORFOLK, NEBRASKA CLIMATE NORMALS FOR TOMORROW
                         NORMAL    RECORD    YEAR
 MAXIMUM TEMPERATURE (F)   33        71      1981
 MINIMUM TEMPERATURE (F)   12       -27      1894


SUNRISE AND SUNSET
JANUARY 23 2018.......SUNRISE   750 AM CST   SUNSET   533 PM CST
JANUARY 24 2018.......SUNRISE   750 AM CST   SUNSET   535 PM CST


-  INDICATES NEGATIVE NUMBERS.
R  INDICATES RECORD WAS SET OR TIED.
MM INDICATES DATA IS MISSING.
T  INDICATES TRACE AMOUNT.




$$
