000
CDUS43 KOAX 042148
CLIOFK


CLIMATE REPORT
NATIONAL WEATHER SERVICE OMAHA NEBRASKA
448 PM CDT WED MAY 4 2016


...................................

...THE NORFOLK, NEBRASKA CLIMATE SUMMARY FOR MAY 4 2016...
VALID TODAY AS OF 400 PM LOCAL TIME.

CLIMATE NORMAL PERIOD 1981 TO 2010
CLIMATE RECORD PERIOD 1888 TO 2016


WEATHER ITEM   OBSERVED TIME   RECORD YEAR NORMAL DEPARTURE LAST
                VALUE   (LST)  VALUE       VALUE  FROM      YEAR
                                                  NORMAL
..................................................................
TEMPERATURE (F)
 TODAY
  MAXIMUM         68    259 PM  94    1918  69     -1       67
  MINIMUM         43    557 AM  25    1907  45     -2       55
  AVERAGE         56                        57     -1       61

PRECIPITATION (IN)
  TODAY            0.00          1.81 2003   0.11  -0.11     0.06
  MONTH TO DATE    0.33                      0.44  -0.11     0.10
  SINCE MAR 1      7.95                      4.86   3.09     2.86
  SINCE JAN 1     10.10                      6.21   3.89     3.74

SNOWFALL (IN)
  TODAY            0.0                       0.0    0.0      0.0
  MONTH TO DATE    0.0                       0.1   -0.1      0.0
  SINCE JUL 1     53.0                      30.6   22.4     20.7
  SNOW DEPTH       0

DEGREE DAYS
 HEATING
  TODAY            9                         9      0        4
  MONTH TO DATE   55                        39     16        7
  SINCE MAR 1   1137                      1369   -232     1061
  SINCE JUL 1   5438                      6462  -1024     6107

 COOLING
  TODAY            0                         1     -1        0
  MONTH TO DATE    0                         4     -4       11
  SINCE MAR 1      0                        16    -16       16
  SINCE JAN 1      0                        16    -16       16
..................................................................


WIND (MPH)
  HIGHEST WIND SPEED    18   HIGHEST WIND DIRECTION     N (340)
  HIGHEST GUST SPEED    24   HIGHEST GUST DIRECTION     N (340)
  AVERAGE WIND SPEED    10.8


SKY COVER
  POSSIBLE SUNSHINE  MM
  AVERAGE SKY COVER 0.0


WEATHER CONDITIONS
 THE FOLLOWING WEATHER WAS RECORDED TODAY.
  NO SIGNIFICANT WEATHER WAS OBSERVED.


RELATIVE HUMIDITY (PERCENT)
 HIGHEST    76           600 AM
 LOWEST     27           300 PM
 AVERAGE    52

..........................................................


THE NORFOLK, NEBRASKA CLIMATE NORMALS FOR TOMORROW
                         NORMAL    RECORD    YEAR
 MAXIMUM TEMPERATURE (F)   69        96      1909
 MINIMUM TEMPERATURE (F)   45        28      1944


SUNRISE AND SUNSET
MAY  4 2016...........SUNRISE   621 AM CDT   SUNSET   832 PM CDT
MAY  5 2016...........SUNRISE   620 AM CDT   SUNSET   833 PM CDT


-  INDICATES NEGATIVE NUMBERS.
R  INDICATES RECORD WAS SET OR TIED.
MM INDICATES DATA IS MISSING.
T  INDICATES TRACE AMOUNT.




$$

KLISH
