000
CDUS42 KCAE 242131
CLIOGB


CLIMATE REPORT
NATIONAL WEATHER SERVICE COLUMBIA SC
531 PM EDT SUN MAY 24 2015


...................................

...THE ORANGEBURG AIRPORT SC CLIMATE SUMMARY FOR MAY 24 2015...
VALID TODAY AS OF 0500 PM LOCAL TIME.

CLIMATE NORMAL PERIOD 1981 TO 2010
CLIMATE RECORD PERIOD 9999 TO 9999


WEATHER ITEM   OBSERVED TIME   NORMAL DEPARTURE LAST
                VALUE   (LST)  VALUE  FROM      YEAR
                                      NORMAL
......................................................
TEMPERATURE (F)
 TODAY
  MAXIMUM         83    300 PM  85     -2       83
  MINIMUM         59    137 AM  62     -3       68
  AVERAGE         71            74     -3       76

PRECIPITATION (IN)
  TODAY            0.00          0.12  -0.12     0.00
  MONTH TO DATE    2.32          2.18   0.14     3.48
  SINCE MAR 1      8.41          9.01  -0.60    10.08
  SINCE JAN 1     15.26         16.58  -1.32    16.00

DEGREE DAYS
 HEATING
  TODAY            0             0      0        0
  MONTH TO DATE    7            10     -3        6
  SINCE MAR 1    252           395   -143      470
  SINCE JUL 1   2326          2327     -1     2334

 COOLING
  TODAY            6             9     -3       11
  MONTH TO DATE  179           150     29      183
  SINCE MAR 1    301           232     69      266
  SINCE JAN 1    301           235     66      272
......................................................


WIND (MPH)
  HIGHEST WIND SPEED    15   HIGHEST WIND DIRECTION    SE (150)
  HIGHEST GUST SPEED    20   HIGHEST GUST DIRECTION     S (160)
  AVERAGE WIND SPEED     5.5


SKY COVER
  AVERAGE SKY COVER 0.2


WEATHER CONDITIONS
 THE FOLLOWING WEATHER WAS RECORDED TODAY.
  NO SIGNIFICANT WEATHER WAS OBSERVED.


RELATIVE HUMIDITY (PERCENT)
 HIGHEST    90           200 AM
 LOWEST     40           300 PM

..........................................................


THE ORANGEBURG AIRPORT SC CLIMATE NORMALS FOR TOMORROW
                         NORMAL
 MAXIMUM TEMPERATURE (F)   85
 MINIMUM TEMPERATURE (F)   63


SUNRISE AND SUNSET
MAY 24 2015...........SUNRISE   618 AM EDT   SUNSET   823 PM EDT
MAY 25 2015...........SUNRISE   617 AM EDT   SUNSET   824 PM EDT


-  INDICATES NEGATIVE NUMBERS.
R  INDICATES RECORD WAS SET OR TIED.
MM INDICATES DATA IS MISSING.
T  INDICATES TRACE AMOUNT.




$$
