000
CDUS42 KCAE 312133
CLIOGB


CLIMATE REPORT
NATIONAL WEATHER SERVICE COLUMBIA SC
533 PM EDT FRI OCT 31 2014


...................................

...THE ORANGEBURG AIRPORT SC CLIMATE SUMMARY FOR OCTOBER 31 2014...
VALID TODAY AS OF 0500 PM LOCAL TIME.

CLIMATE NORMAL PERIOD 1981 TO 2010
CLIMATE RECORD PERIOD 9999 TO 9999


WEATHER ITEM   OBSERVED TIME   RECORD YEAR NORMAL DEPARTURE LAST
                VALUE   (LST)  VALUE       VALUE  FROM      YEAR
                                                  NORMAL
..................................................................
TEMPERATURE (F)
 TODAY
  MAXIMUM         70    356 PM  MM      MM  73     -3       80
  MINIMUM         46    700 AM  MM      MM  49     -3       52
  AVERAGE         58                        60     -2       66

PRECIPITATION (IN)
  TODAY            0.00         MM      MM   0.07  -0.07     0.00
  MONTH TO DATE    1.35                      3.39  -2.04     0.46
  SINCE SEP 1      5.21                      7.18  -1.97     2.06
  SINCE JAN 1     40.23                     40.49  -0.26    49.37

DEGREE DAYS
 HEATING
  TODAY            7                         6      1        0
  MONTH TO DATE   60                        87    -27       59
  SINCE SEP 1     64                        90    -26       59
  SINCE JUL 1     64                        90    -26       59

 COOLING
  TODAY            0                         1     -1        1
  MONTH TO DATE  121                        93     28      117
  SINCE SEP 1    452                       394     58      431
  SINCE JAN 1   2243                      2087    156     2023
..................................................................


WIND (MPH)
  HIGHEST WIND SPEED     9   HIGHEST WIND DIRECTION    NE (50)
  HIGHEST GUST SPEED    12   HIGHEST GUST DIRECTION    NE (40)
  AVERAGE WIND SPEED     3.2


SKY COVER
  AVERAGE SKY COVER 0.3


WEATHER CONDITIONS
 THE FOLLOWING WEATHER WAS RECORDED TODAY.
  NO SIGNIFICANT WEATHER WAS OBSERVED.


RELATIVE HUMIDITY (PERCENT)
 HIGHEST    93           100 AM
 LOWEST     32           200 PM

..........................................................


THE ORANGEBURG AIRPORT SC CLIMATE NORMALS FOR TOMORROW
                         NORMAL    RECORD    YEAR
 MAXIMUM TEMPERATURE (F)   72        MM        MM
 MINIMUM TEMPERATURE (F)   48        MM        MM


SUNRISE AND SUNSET
OCTOBER 31 2014.......SUNRISE   741 AM EDT   SUNSET   632 PM EDT
NOVEMBER  1 2014......SUNRISE   742 AM EDT   SUNSET   631 PM EDT


-  INDICATES NEGATIVE NUMBERS.
R  INDICATES RECORD WAS SET OR TIED.
MM INDICATES DATA IS MISSING.
T  INDICATES TRACE AMOUNT.




$$
