000
CDUS42 KCAE 230613
CLIOGB


CLIMATE REPORT
NATIONAL WEATHER SERVICE COLUMBIA SC
213 AM EDT MON OCT 23 2017


...................................

...THE ORANGEBURG AIRPORT SC CLIMATE SUMMARY FOR OCTOBER 22 2017...

CLIMATE NORMAL PERIOD 1981 TO 2010
CLIMATE RECORD PERIOD 9999 TO 9999


WEATHER ITEM   OBSERVED TIME   NORMAL DEPARTURE LAST
                VALUE   (LST)  VALUE  FROM      YEAR
                                      NORMAL
......................................................
TEMPERATURE (F)
 YESTERDAY
  MAXIMUM         79    107 PM  75      4       66
  MINIMUM         60   1253 AM  51      9       45
  AVERAGE         70            63      7       56

PRECIPITATION (IN)
  YESTERDAY        0.23          0.09   0.14     0.00
  MONTH TO DATE    1.06          2.73  -1.67     6.94
  SINCE SEP 1      5.19          6.52  -1.33    16.52
  SINCE JAN 1     33.38         39.83  -6.45    41.04

DEGREE DAYS
 HEATING
  YESTERDAY        0             4     -4        9
  MONTH TO DATE   15            43    -28       16
  SINCE SEP 1     15            47    -32       16
  SINCE JUL 1     15            47    -32       16

 COOLING
  YESTERDAY        5             2      3        0
  MONTH TO DATE  164            79     85       95
  SINCE SEP 1    499           380    119      475
  SINCE JAN 1   2386          2073    313     2519
......................................................


WIND (MPH)
  HIGHEST WIND SPEED    13   HIGHEST WIND DIRECTION     E (90)
  HIGHEST GUST SPEED    18   HIGHEST GUST DIRECTION     E (100)
  AVERAGE WIND SPEED     4.6


SKY COVER
  AVERAGE SKY COVER 0.6


WEATHER CONDITIONS
 THE FOLLOWING WEATHER WAS RECORDED YESTERDAY.
  RAIN
  LIGHT RAIN
  FOG


RELATIVE HUMIDITY (PERCENT)
 HIGHEST   100           200 AM
 LOWEST     58           100 PM

..........................................................


THE ORANGEBURG AIRPORT SC CLIMATE NORMALS FOR TODAY
                         NORMAL    RECORD    YEAR
 MAXIMUM TEMPERATURE (F)   75        MM        MM
 MINIMUM TEMPERATURE (F)   51        MM        MM


SUNRISE AND SUNSET
OCTOBER 23 2017.......SUNRISE   735 AM EDT   SUNSET   640 PM EDT
OCTOBER 24 2017.......SUNRISE   735 AM EDT   SUNSET   639 PM EDT


-  INDICATES NEGATIVE NUMBERS.
R  INDICATES RECORD WAS SET OR TIED.
MM INDICATES DATA IS MISSING.
T  INDICATES TRACE AMOUNT.




$$
