187
CDUS42 KCAE 190539
CLIOGB


CLIMATE REPORT
NATIONAL WEATHER SERVICE COLUMBIA SC
1239 AM EST FRI JAN 19 2018


...................................

...THE ORANGEBURG AIRPORT SC CLIMATE SUMMARY FOR JANUARY 18 2018...

CLIMATE NORMAL PERIOD 1981 TO 2010
CLIMATE RECORD PERIOD 9999 TO 9999


WEATHER ITEM   OBSERVED TIME   NORMAL DEPARTURE LAST
                VALUE   (LST)  VALUE  FROM      YEAR
                                      NORMAL
......................................................
TEMPERATURE (F)
 YESTERDAY
  MAXIMUM         46        MM  56    -10       79
  MINIMUM         20        MM  35    -15       56
  AVERAGE         33            46    -13       68

PRECIPITATION (IN)
  YESTERDAY        0.00          0.12  -0.12     0.00
  MONTH TO DATE    0.57          2.15  -1.58     2.38
  SINCE DEC 1      2.31          5.47  -3.16     6.78
  SINCE JAN 1      0.57          2.15  -1.58     2.38

DEGREE DAYS
 HEATING
  YESTERDAY       32            19     13        0
  MONTH TO DATE  455           354    101      207
  SINCE DEC 1    939           889     50      654
  SINCE JUL 1   1303          1258     45      959

 COOLING
  YESTERDAY        0             0      0        3
  MONTH TO DATE    1             0      1        6
  SINCE DEC 1      1             4     -3       10
  SINCE JAN 1      1             0      1        6
......................................................


WIND (MPH)
  HIGHEST WIND SPEED    10   HIGHEST WIND DIRECTION     N (340)
  HIGHEST GUST SPEED    MM   HIGHEST GUST DIRECTION    MM
  AVERAGE WIND SPEED     6.2


SKY COVER
  AVERAGE SKY COVER 0.1


WEATHER CONDITIONS
 THE FOLLOWING WEATHER WAS RECORDED YESTERDAY.
  NO SIGNIFICANT WEATHER WAS OBSERVED.


RELATIVE HUMIDITY (PERCENT)
 HIGHEST    72           900 PM
 LOWEST     27           100 PM

..........................................................


THE ORANGEBURG AIRPORT SC CLIMATE NORMALS FOR TODAY
                         NORMAL    RECORD    YEAR
 MAXIMUM TEMPERATURE (F)   57        MM        MM
 MINIMUM TEMPERATURE (F)   35        MM        MM


SUNRISE AND SUNSET
JANUARY 19 2018.......SUNRISE   726 AM EST   SUNSET   542 PM EST
JANUARY 20 2018.......SUNRISE   726 AM EST   SUNSET   543 PM EST


-  INDICATES NEGATIVE NUMBERS.
R  INDICATES RECORD WAS SET OR TIED.
MM INDICATES DATA IS MISSING.
T  INDICATES TRACE AMOUNT.




$$
