000
CDUS42 KCAE 290543
CLIOGB


CLIMATE REPORT
NATIONAL WEATHER SERVICE COLUMBIA SC
1243 AM EST THU JAN 29 2015


...................................

...THE ORANGEBURG AIRPORT SC CLIMATE SUMMARY FOR JANUARY 28 2015...

CLIMATE NORMAL PERIOD 1981 TO 2010
CLIMATE RECORD PERIOD 9999 TO 9999


WEATHER ITEM   OBSERVED TIME   NORMAL DEPARTURE LAST
                VALUE   (LST)  VALUE  FROM      YEAR
                                      NORMAL
......................................................
TEMPERATURE (F)
 YESTERDAY
  MAXIMUM         50    500 PM  58     -8       51
  MINIMUM         27    529 AM  36     -9       28
  AVERAGE         39            47     -8       40

PRECIPITATION (IN)
  YESTERDAY        0.00          0.15  -0.15     0.30
  MONTH TO DATE    2.82          3.55  -0.73     2.05
  SINCE DEC 1      6.25          6.87  -0.62     5.74
  SINCE JAN 1      2.82          3.55  -0.73     2.05

DEGREE DAYS
 HEATING
  YESTERDAY       26            18      8       25
  MONTH TO DATE  520           542    -22      608
  SINCE DEC 1    945          1077   -132     1002
  SINCE JUL 1   1417          1446    -29     1398

 COOLING
  YESTERDAY        0             0      0        0
  MONTH TO DATE    0             0      0        0
  SINCE DEC 1      0             4     -4       17
  SINCE JAN 1      0             0      0        0
......................................................


WIND (MPH)
  HIGHEST WIND SPEED    20   HIGHEST WIND DIRECTION    NE (30)
  HIGHEST GUST SPEED    26   HIGHEST GUST DIRECTION     N (20)
  AVERAGE WIND SPEED     4.8


SKY COVER
  AVERAGE SKY COVER 0.0


WEATHER CONDITIONS
 THE FOLLOWING WEATHER WAS RECORDED YESTERDAY.
  NO SIGNIFICANT WEATHER WAS OBSERVED.


RELATIVE HUMIDITY (PERCENT)
 HIGHEST    85           600 AM
 LOWEST     27           300 PM

..........................................................


THE ORANGEBURG AIRPORT SC CLIMATE NORMALS FOR TODAY
                         NORMAL    RECORD    YEAR
 MAXIMUM TEMPERATURE (F)   58        MM        MM
 MINIMUM TEMPERATURE (F)   36        MM        MM


SUNRISE AND SUNSET
JANUARY 29 2015.......SUNRISE   722 AM EST   SUNSET   552 PM EST
JANUARY 30 2015.......SUNRISE   721 AM EST   SUNSET   553 PM EST


-  INDICATES NEGATIVE NUMBERS.
R  INDICATES RECORD WAS SET OR TIED.
MM INDICATES DATA IS MISSING.
T  INDICATES TRACE AMOUNT.




$$
