000
CDUS42 KCAE 210527
CLIOGB


CLIMATE REPORT
NATIONAL WEATHER SERVICE COLUMBIA SC
127 AM EDT MON APR 21 2014


...................................

...THE ORANGEBURG AIRPORT SC CLIMATE SUMMARY FOR APRIL 20 2014...

CLIMATE NORMAL PERIOD 1981 TO 2010
CLIMATE RECORD PERIOD 9999 TO 9999


WEATHER ITEM   OBSERVED TIME   RECORD YEAR NORMAL DEPARTURE LAST
                VALUE   (LST)  VALUE       VALUE  FROM      YEAR
                                                  NORMAL
..................................................................
TEMPERATURE (F)
 YESTERDAY
  MAXIMUM         69    413 PM  MM      MM  78     -9       67
  MINIMUM         50    511 AM  MM      MM  51     -1       47
  AVERAGE         60                        64     -4       57

PRECIPITATION (IN)
  YESTERDAY        0.05         MM      MM   0.10  -0.05     0.01
  MONTH TO DATE    3.43                      2.06   1.37     2.18
  SINCE MAR 1      6.30                      6.04   0.26     5.24
  SINCE JAN 1     12.22                     13.61  -1.39    13.40

DEGREE DAYS
 HEATING
  YESTERDAY        5                         3      2        8
  MONTH TO DATE   77                        88    -11       64
  SINCE MAR 1    463                       365     98      498
  SINCE JUL 1   2327                      2297     30     2131

 COOLING
  YESTERDAY        0                         2     -2        0
  MONTH TO DATE   31                        35     -4       53
  SINCE MAR 1     33                        52    -19       59
  SINCE JAN 1     39                        55    -16       79
..................................................................


WIND (MPH)
  HIGHEST WIND SPEED    22   HIGHEST WIND DIRECTION    NE (30)
  HIGHEST GUST SPEED    31   HIGHEST GUST DIRECTION    NE (40)
  AVERAGE WIND SPEED    12.6


SKY COVER
  AVERAGE SKY COVER 0.9


WEATHER CONDITIONS
 THE FOLLOWING WEATHER WAS RECORDED YESTERDAY.
  RAIN
  LIGHT RAIN
  FOG
  HAZE


RELATIVE HUMIDITY (PERCENT)
 HIGHEST    89           700 AM
 LOWEST     42           200 PM

..........................................................


THE ORANGEBURG AIRPORT SC CLIMATE NORMALS FOR TODAY
                         NORMAL    RECORD    YEAR
 MAXIMUM TEMPERATURE (F)   78        MM        MM
 MINIMUM TEMPERATURE (F)   52        MM        MM


SUNRISE AND SUNSET
APRIL 21 2014.........SUNRISE   646 AM EDT   SUNSET   759 PM EDT
APRIL 22 2014.........SUNRISE   645 AM EDT   SUNSET   759 PM EDT


-  INDICATES NEGATIVE NUMBERS.
R  INDICATES RECORD WAS SET OR TIED.
MM INDICATES DATA IS MISSING.
T  INDICATES TRACE AMOUNT.




$$
