000
CDUS42 KCAE 250607
CLIOGB


CLIMATE REPORT
NATIONAL WEATHER SERVICE COLUMBIA SC
207 AM EDT SAT MAR 25 2017


...................................

...THE ORANGEBURG AIRPORT SC CLIMATE SUMMARY FOR MARCH 24 2017...

CLIMATE NORMAL PERIOD 1981 TO 2010
CLIMATE RECORD PERIOD 9999 TO 9999


WEATHER ITEM   OBSERVED TIME   NORMAL DEPARTURE LAST
                VALUE   (LST)  VALUE  FROM      YEAR
                                      NORMAL
......................................................
TEMPERATURE (F)
 YESTERDAY
  MAXIMUM         75    311 PM  71      4       81
  MINIMUM         45    655 AM  46     -1       48
  AVERAGE         60            59      1       65

PRECIPITATION (IN)
  YESTERDAY        0.00          0.12  -0.12     0.00
  MONTH TO DATE    1.21          3.08  -1.87     1.20
  SINCE MAR 1      1.21          3.08  -1.87     1.20
  SINCE JAN 1      7.86         10.65  -2.79     8.37

DEGREE DAYS
 HEATING
  YESTERDAY        5             7     -2        0
  MONTH TO DATE  272           233     39      130
  SINCE MAR 1    272           233     39      130
  SINCE JUL 1   1581          2165   -584     1531

 COOLING
  YESTERDAY        0             1     -1        0
  MONTH TO DATE   13            16     -3       52
  SINCE MAR 1     13            16     -3       52
  SINCE JAN 1     39            19     20       58
......................................................


WIND (MPH)
  HIGHEST WIND SPEED    15   HIGHEST WIND DIRECTION     S (160)
  HIGHEST GUST SPEED    20   HIGHEST GUST DIRECTION     S (190)
  AVERAGE WIND SPEED     6.8


SKY COVER
  AVERAGE SKY COVER 0.3


WEATHER CONDITIONS
 THE FOLLOWING WEATHER WAS RECORDED YESTERDAY.
  NO SIGNIFICANT WEATHER WAS OBSERVED.


RELATIVE HUMIDITY (PERCENT)
 HIGHEST    83           600 AM
 LOWEST     38           300 PM

..........................................................


THE ORANGEBURG AIRPORT SC CLIMATE NORMALS FOR TODAY
                         NORMAL    RECORD    YEAR
 MAXIMUM TEMPERATURE (F)   71        MM        MM
 MINIMUM TEMPERATURE (F)   46        MM        MM


SUNRISE AND SUNSET
MARCH 25 2017.........SUNRISE   720 AM EDT   SUNSET   739 PM EDT
MARCH 26 2017.........SUNRISE   719 AM EDT   SUNSET   740 PM EDT


-  INDICATES NEGATIVE NUMBERS.
R  INDICATES RECORD WAS SET OR TIED.
MM INDICATES DATA IS MISSING.
T  INDICATES TRACE AMOUNT.




$$
