000
CDUS42 KCAE 220559
CLIOGB


CLIMATE REPORT
NATIONAL WEATHER SERVICE COLUMBIA SC
158 AM EDT THU JUN 22 2017


...................................

...THE ORANGEBURG AIRPORT SC CLIMATE SUMMARY FOR JUNE 21 2017...

CLIMATE NORMAL PERIOD 1981 TO 2010
CLIMATE RECORD PERIOD 9999 TO 9999


WEATHER ITEM   OBSERVED TIME   NORMAL DEPARTURE LAST
                VALUE   (LST)  VALUE  FROM      YEAR
                                      NORMAL
......................................................
TEMPERATURE (F)
 YESTERDAY
  MAXIMUM         80    408 PM  90    -10       92
  MINIMUM         72    818 AM  69      3       65
  AVERAGE         76            79     -3       79

PRECIPITATION (IN)
  YESTERDAY        0.52          0.19   0.33     0.00
  MONTH TO DATE    2.76          3.58  -0.82     1.51
  SINCE JUN 1      2.76          3.58  -0.82     1.51
  SINCE JAN 1     19.27         21.20  -1.93    17.67

DEGREE DAYS
 HEATING
  YESTERDAY        0             0      0        0
  MONTH TO DATE    0             0      0        0
  SINCE JUN 1      0             0      0        0
  SINCE JUL 1   1630          2332   -702     1629

 COOLING
  YESTERDAY       11            14     -3       14
  MONTH TO DATE  267           263      4      332
  SINCE JUN 1    267           263      4      332
  SINCE JAN 1    735           566    169      727
......................................................


WIND (MPH)
  HIGHEST WIND SPEED     9   HIGHEST WIND DIRECTION     S (190)
  HIGHEST GUST SPEED    12   HIGHEST GUST DIRECTION    SE (130)
  AVERAGE WIND SPEED     3.4


SKY COVER
  AVERAGE SKY COVER 0.7


WEATHER CONDITIONS
 THE FOLLOWING WEATHER WAS RECORDED YESTERDAY.
  HEAVY RAIN
  RAIN
  LIGHT RAIN
  FOG


RELATIVE HUMIDITY (PERCENT)
 HIGHEST   100           400 AM
 LOWEST     79          1200 PM

..........................................................


THE ORANGEBURG AIRPORT SC CLIMATE NORMALS FOR TODAY
                         NORMAL    RECORD    YEAR
 MAXIMUM TEMPERATURE (F)   90        MM        MM
 MINIMUM TEMPERATURE (F)   69        MM        MM


SUNRISE AND SUNSET
JUNE 22 2017..........SUNRISE   614 AM EDT   SUNSET   837 PM EDT
JUNE 23 2017..........SUNRISE   615 AM EDT   SUNSET   837 PM EDT


-  INDICATES NEGATIVE NUMBERS.
R  INDICATES RECORD WAS SET OR TIED.
MM INDICATES DATA IS MISSING.
T  INDICATES TRACE AMOUNT.




$$
