000
CDHW42 PHFO 220244
CLIOGG


CLIMATE REPORT
NATIONAL WEATHER SERVICE HONOLULU HI
443 PM HST THU SEP 21 2017


...................................

...THE KAHULUI HI CLIMATE SUMMARY FOR SEPTEMBER 21 2017...
VALID TODAY AS OF 0400 PM LOCAL TIME.

CLIMATE NORMAL PERIOD 1981 TO 2010
CLIMATE RECORD PERIOD 1946 TO 2017


WEATHER ITEM   OBSERVED TIME   RECORD YEAR NORMAL DEPARTURE LAST
                VALUE   (LST)  VALUE       VALUE  FROM      YEAR
                                                  NORMAL
..................................................................
TEMPERATURE (F)
 TODAY
  MAXIMUM         90    118 PM  93    1977  88      2       85
  MINIMUM         76    754 AM  59    2003  70      6       73
  AVERAGE         83                        79      4       79

PRECIPITATION (IN)
  TODAY            T             0.62 1987   0.01  -0.01     0.00
  MONTH TO DATE    0.06                      0.24  -0.18     0.88
  SINCE SEP 1      0.06                      0.24  -0.18     0.88
  SINCE JAN 1     15.16                     10.94   4.22    10.69

SNOWFALL (IN)
  TODAY            0.0
  MONTH TO DATE    0.0
  SINCE SEP 1      0.0
  SINCE JUL 1      0.0
  SNOW DEPTH      MM

DEGREE DAYS
 HEATING
  TODAY            0                         0      0        0
  MONTH TO DATE    0                         0      0        0
  SINCE SEP 1      0                         0      0        0
  SINCE JUL 1      0                         0      0        0

 COOLING
  TODAY           18                        14      4       14
  MONTH TO DATE  329                       296     33      336
  SINCE SEP 1    329                       296     33      336
  SINCE JAN 1   3093                      2838    255     3237
..................................................................


WIND (MPH)
  HIGHEST WIND SPEED    30   HIGHEST WIND DIRECTION    NE (30)
  HIGHEST GUST SPEED    35   HIGHEST GUST DIRECTION    NE (30)
  AVERAGE WIND SPEED    MM


SKY COVER
  POSSIBLE SUNSHINE  MM
  AVERAGE SKY COVER  MM


WEATHER CONDITIONS
 THE FOLLOWING WEATHER WAS RECORDED TODAY.
  FOG


RELATIVE HUMIDITY (PERCENT)
 HIGHEST    MM
 LOWEST     MM
 AVERAGE    MM

..........................................................


THE KAHULUI HI CLIMATE NORMALS FOR TOMORROW
                         NORMAL    RECORD    YEAR
 MAXIMUM TEMPERATURE (F)   88        92      2015
                                             1993
                                             1980
 MINIMUM TEMPERATURE (F)   70        60      1975


SUNRISE AND SUNSET
SEPTEMBER 21 2017.....SUNRISE   614 AM HST   SUNSET   622 PM HST
SEPTEMBER 22 2017.....SUNRISE   615 AM HST   SUNSET   621 PM HST


-  INDICATES NEGATIVE NUMBERS.
R  INDICATES RECORD WAS SET OR TIED.
MM INDICATES DATA IS MISSING.
T  INDICATES TRACE AMOUNT.




$$
