034
CDHW42 PHFO 030229
CLIOGG


CLIMATE REPORT
NATIONAL WEATHER SERVICE HONOLULU HI
429 PM HST FRI DEC 2 2016


...................................

...THE KAHULUI HI CLIMATE SUMMARY FOR DECEMBER 2 2016...
VALID TODAY AS OF 0400 PM LOCAL TIME.

CLIMATE NORMAL PERIOD 1981 TO 2010
CLIMATE RECORD PERIOD 1946 TO 2016


WEATHER ITEM   OBSERVED TIME   RECORD YEAR NORMAL DEPARTURE LAST
                VALUE   (LST)  VALUE       VALUE  FROM      YEAR
                                                  NORMAL
..................................................................
TEMPERATURE (F)
 TODAY
  MAXIMUM         83    256 PM  90    1983  83      0       83
                                      1951
  MINIMUM         64    633 AM  56    1951  67     -3       72
  AVERAGE         74                        75     -1       78

PRECIPITATION (IN)
  TODAY            0.00          3.07 2006   0.11  -0.11     0.00
  MONTH TO DATE    0.15                      0.21  -0.06     0.01
  SINCE DEC 1      0.15                      0.21  -0.06     0.01
  SINCE JAN 1     12.41                     14.69  -2.28    26.71

SNOWFALL (IN)
  TODAY            0.0
  MONTH TO DATE    0.0
  SINCE DEC 1      0.0
  SINCE JUL 1      0.0
  SNOW DEPTH       0

DEGREE DAYS
 HEATING
  TODAY            0                         0      0        0
  MONTH TO DATE    0                         0      0        0
  SINCE DEC 1      0                         0      0        0
  SINCE JUL 1      0                         0      0        0

 COOLING
  TODAY            9                        10     -1       13
  MONTH TO DATE   16                        20     -4       25
  SINCE DEC 1     16                        20     -4       25
  SINCE JAN 1   4224                      3727    497     4026
..................................................................


WIND (MPH)
  HIGHEST WIND SPEED    12   HIGHEST WIND DIRECTION    SE (140)
  HIGHEST GUST SPEED    13   HIGHEST GUST DIRECTION    NW (320)
  AVERAGE WIND SPEED     4.8


SKY COVER
  POSSIBLE SUNSHINE  MM
  AVERAGE SKY COVER 0.2


WEATHER CONDITIONS
 THE FOLLOWING WEATHER WAS RECORDED TODAY.
  NO SIGNIFICANT WEATHER WAS OBSERVED.


RELATIVE HUMIDITY (PERCENT)
 HIGHEST    87           200 AM
 LOWEST     51           300 PM
 AVERAGE    69

..........................................................


THE KAHULUI HI CLIMATE NORMALS FOR TOMORROW
                         NORMAL    RECORD    YEAR
 MAXIMUM TEMPERATURE (F)   82        89      1955
 MINIMUM TEMPERATURE (F)   66        58      2009
                                             1962


SUNRISE AND SUNSET
DECEMBER  2 2016......SUNRISE   647 AM HST   SUNSET   544 PM HST
DECEMBER  3 2016......SUNRISE   648 AM HST   SUNSET   544 PM HST


-  INDICATES NEGATIVE NUMBERS.
R  INDICATES RECORD WAS SET OR TIED.
MM INDICATES DATA IS MISSING.
T  INDICATES TRACE AMOUNT.




$$
