000
CDHW42 PHFO 020245
CLIOGG


CLIMATE REPORT
NATIONAL WEATHER SERVICE HONOLULU HI
445 PM HST FRI AUG 1 2014


...................................

...THE KAHULUI HI CLIMATE SUMMARY FOR AUGUST 1 2014...
VALID TODAY AS OF 0400 PM LOCAL TIME.

CLIMATE NORMAL PERIOD 1981 TO 2010
CLIMATE RECORD PERIOD 1946 TO 2014


WEATHER ITEM   OBSERVED TIME   RECORD YEAR NORMAL DEPARTURE LAST
                VALUE   (LST)  VALUE       VALUE  FROM      YEAR
                                                  NORMAL
..................................................................
TEMPERATURE (F)
 TODAY
  MAXIMUM         88    230 PM  93    1976  88      0       89
  MINIMUM         71    554 AM  61    1999  72     -1       75
                                      1950
  AVERAGE         80                        80      0       82

PRECIPITATION (IN)
  TODAY            0.00          1.13 1982   0.02  -0.02      T
  MONTH TO DATE    0.00                      0.02  -0.02      T
  SINCE JUN 1      1.22                      0.72   0.50     1.13
  SINCE JAN 1     15.18                     10.22   4.96     8.12

SNOWFALL (IN)
  TODAY            0.0
  MONTH TO DATE    0.0
  SINCE JUN 1      0.0
  SINCE JUL 1      0.0
  SNOW DEPTH       0

DEGREE DAYS
 HEATING
  TODAY            0                         0      0        0
  MONTH TO DATE    0                         0      0        0
  SINCE JUN 1      0                         0      0        0
  SINCE JUL 1      0                         0      0        0

 COOLING
  TODAY           15                        15      0       17
  MONTH TO DATE   15                        15      0       17
  SINCE JUN 1    913                       842     71      935
  SINCE JAN 1   2409                      2101    308     2319
..................................................................


WIND (MPH)
  HIGHEST WIND SPEED    28   HIGHEST WIND DIRECTION    NE (50)
  HIGHEST GUST SPEED    37   HIGHEST GUST DIRECTION    NE (60)
  AVERAGE WIND SPEED    13.9


SKY COVER
  POSSIBLE SUNSHINE  MM
  AVERAGE SKY COVER 0.4


WEATHER CONDITIONS
 THE FOLLOWING WEATHER WAS RECORDED TODAY.
  HAZE


RELATIVE HUMIDITY (PERCENT)
 HIGHEST    79           500 AM
 LOWEST     51           900 AM
 AVERAGE    65

..........................................................


THE KAHULUI HI CLIMATE NORMALS FOR TOMORROW
                         NORMAL    RECORD    YEAR
 MAXIMUM TEMPERATURE (F)   88        94      1952
 MINIMUM TEMPERATURE (F)   72        61      1999


SUNRISE AND SUNSET
AUGUST  1 2014........SUNRISE   600 AM HST   SUNSET   704 PM HST
AUGUST  2 2014........SUNRISE   600 AM HST   SUNSET   703 PM HST


-  INDICATES NEGATIVE NUMBERS.
R  INDICATES RECORD WAS SET OR TIED.
MM INDICATES DATA IS MISSING.
T  INDICATES TRACE AMOUNT.




$$
