000
CDUS43 KEAX 282138
CLIOJC


CLIMATE REPORT
NATIONAL WEATHER SERVICE KANSAS CITY/PLEASANT HILL MO
423 PM CDT THU MAY 28 2015


...................................

...THE JOHNSON COUNTY EXECUTIVE KS CLIMATE SUMMARY FOR MAY 28 2015...
VALID AS OF 0400 PM LOCAL TIME.

CLIMATE NORMAL PERIOD 1981 TO 2010
CLIMATE RECORD PERIOD 9999 TO 9999


WEATHER ITEM   OBSERVED TIME   NORMAL DEPARTURE LAST
                VALUE   (LST)  VALUE  FROM      YEAR
                                      NORMAL
......................................................
TEMPERATURE (F)
 TODAY
  MAXIMUM         71   1128 AM  78     -7       89
  MINIMUM         64    636 AM  59      5       62
  AVERAGE         68            68      0       76

PRECIPITATION (IN)
  TODAY            0.31          0.17   0.14     0.28
  MONTH TO DATE   10.05          4.91   5.14     1.17
  SINCE MAR 1     14.08         11.53   2.55     6.89
  SINCE JAN 1     15.67         14.22   1.45     7.38

DEGREE DAYS
 HEATING
  TODAY            0             1     -1        0
  MONTH TO DATE   78            90    -12      113
  SINCE MAR 1    835          1028   -193     1211
  SINCE JUL 1   4870          4921    -51     5692

 COOLING
  TODAY            3             5     -2       11
  MONTH TO DATE   67            70     -3      118
  SINCE MAR 1     76            88    -12      123
  SINCE JAN 1     76            88    -12      123
......................................................


WIND (MPH)
  HIGHEST WIND SPEED    23   HIGHEST WIND DIRECTION     S (180)
  HIGHEST GUST SPEED    36   HIGHEST GUST DIRECTION     S (190)
  AVERAGE WIND SPEED     7.8


SKY COVER
  AVERAGE SKY COVER 0.6


WEATHER CONDITIONS
 THE FOLLOWING WEATHER WAS RECORDED TODAY.
  THUNDERSTORM
  RAIN
  LIGHT RAIN
  FOG


RELATIVE HUMIDITY (PERCENT)
 HIGHEST    93           900 AM
 LOWEST     63           100 AM
 AVERAGE    78

..........................................................


THE JOHNSON COUNTY EXECUTIVE KS CLIMATE NORMALS FOR TOMORROW
                         NORMAL
 MAXIMUM TEMPERATURE (F)   78
 MINIMUM TEMPERATURE (F)   59


SUNRISE AND SUNSET
MAY 28 2015...........SUNRISE   558 AM CDT   SUNSET   835 PM CDT
MAY 29 2015...........SUNRISE   557 AM CDT   SUNSET   836 PM CDT


-  INDICATES NEGATIVE NUMBERS.
R  INDICATES RECORD WAS SET OR TIED.
MM INDICATES DATA IS MISSING.
T  INDICATES TRACE AMOUNT.




$$
