000
CDUS43 KEAX 240632
CLIOJC


CLIMATE REPORT
NATIONAL WEATHER SERVICE KANSAS CITY/PLEASANT HILL MO
131 AM CDT SAT JUN 24 2017


...................................

...THE JOHNSON COUNTY EXECUTIVE KS CLIMATE SUMMARY FOR JUNE 23 2017...

CLIMATE NORMAL PERIOD 1981 TO 2010
CLIMATE RECORD PERIOD 9999 TO 9999


WEATHER ITEM   OBSERVED TIME   NORMAL DEPARTURE LAST
                VALUE   (LST)  VALUE  FROM      YEAR
                                      NORMAL
......................................................
TEMPERATURE (F)
 YESTERDAY
  MAXIMUM         83   1114 AM  85     -2       94
  MINIMUM         65   1159 PM  66     -1       72
  AVERAGE         74            75     -1       83

PRECIPITATION (IN)
  YESTERDAY        0.06          0.21  -0.15     0.00
  MONTH TO DATE    2.21          4.78  -2.57     0.55
  SINCE JUN 1      2.21          4.78  -2.57     0.55
  SINCE JAN 1     15.57         19.52  -3.95    15.95

DEGREE DAYS
 HEATING
  YESTERDAY        0             0      0        0
  MONTH TO DATE    0             6     -6        0
  SINCE JUN 1      0             6     -6        0
  SINCE JUL 1   4018          4932   -914     4139

 COOLING
  YESTERDAY        9            10     -1       18
  MONTH TO DATE  228           181     47      296
  SINCE JUN 1    228           181     47      296
  SINCE JAN 1    324           285     39      350
......................................................


WIND (MPH)
  HIGHEST WIND SPEED    24   HIGHEST WIND DIRECTION     N (10)
  HIGHEST GUST SPEED    30   HIGHEST GUST DIRECTION     N (360)
  AVERAGE WIND SPEED    10.6


SKY COVER
  AVERAGE SKY COVER 0.2


WEATHER CONDITIONS
 THE FOLLOWING WEATHER WAS RECORDED YESTERDAY.
  THUNDERSTORM
  LIGHT RAIN
  FOG


RELATIVE HUMIDITY (PERCENT)
 HIGHEST   100          1200 AM
 LOWEST     36          1100 AM
 AVERAGE    68

..........................................................


THE JOHNSON COUNTY EXECUTIVE KS CLIMATE NORMALS FOR TODAY
                         NORMAL
 MAXIMUM TEMPERATURE (F)   85
 MINIMUM TEMPERATURE (F)   66


SUNRISE AND SUNSET
JUNE 24 2017..........SUNRISE   555 AM CDT   SUNSET   848 PM CDT
JUNE 25 2017..........SUNRISE   555 AM CDT   SUNSET   848 PM CDT


-  INDICATES NEGATIVE NUMBERS.
R  INDICATES RECORD WAS SET OR TIED.
MM INDICATES DATA IS MISSING.
T  INDICATES TRACE AMOUNT.




$$
