000
CDUS43 KEAX 232126
CLIOJC


CLIMATE REPORT
NATIONAL WEATHER SERVICE KANSAS CITY/PLEASANT HILL MO
426 PM CDT THU OCT 23 2014


...................................

...THE JOHNSON COUNTY EXECUTIVE KS CLIMATE SUMMARY FOR OCTOBER 23 2014...
VALID AS OF 0400 PM LOCAL TIME.

CLIMATE NORMAL PERIOD 1981 TO 2010
CLIMATE RECORD PERIOD 9999 TO 9999


WEATHER ITEM   OBSERVED TIME   NORMAL DEPARTURE LAST
                VALUE   (LST)  VALUE  FROM      YEAR
                                      NORMAL
......................................................
TEMPERATURE (F)
 TODAY
  MAXIMUM         64    259 PM  64      0       50
  MINIMUM         57    719 AM  45     12       33
  AVERAGE         61            54      7       42

PRECIPITATION (IN)
  TODAY            0.13          0.10   0.03     0.00
  MONTH TO DATE    5.06          2.70   2.36     1.06
  SINCE SEP 1      7.76          7.21   0.55     4.05
  SINCE JAN 1     29.71         35.17  -5.46    30.56

DEGREE DAYS
 HEATING
  TODAY            4            11     -7       23
  MONTH TO DATE  149           176    -27      203
  SINCE SEP 1    206           224    -18      230
  SINCE JUL 1    207           225    -18      230

 COOLING
  TODAY            0             0      0        0
  MONTH TO DATE   10            27    -17       31
  SINCE SEP 1    139           183    -44      247
  SINCE JAN 1   1228          1348   -120     1360
......................................................


WIND (MPH)
  HIGHEST WIND SPEED    16   HIGHEST WIND DIRECTION     S (200)
  HIGHEST GUST SPEED    20   HIGHEST GUST DIRECTION     S (200)
  AVERAGE WIND SPEED     8.2


SKY COVER
  AVERAGE SKY COVER 0.9


WEATHER CONDITIONS
 THE FOLLOWING WEATHER WAS RECORDED TODAY.
  LIGHT RAIN
  FOG


RELATIVE HUMIDITY (PERCENT)
 HIGHEST   100           600 AM
 LOWEST     72          1200 AM
 AVERAGE    86

..........................................................


THE JOHNSON COUNTY EXECUTIVE KS CLIMATE NORMALS FOR TOMORROW
                         NORMAL
 MAXIMUM TEMPERATURE (F)   64
 MINIMUM TEMPERATURE (F)   44


SUNRISE AND SUNSET
OCTOBER 23 2014.......SUNRISE   736 AM CDT   SUNSET   629 PM CDT
OCTOBER 24 2014.......SUNRISE   737 AM CDT   SUNSET   628 PM CDT


-  INDICATES NEGATIVE NUMBERS.
R  INDICATES RECORD WAS SET OR TIED.
MM INDICATES DATA IS MISSING.
T  INDICATES TRACE AMOUNT.




$$
