943
CDUS43 KEAX 170633
CLIOJC


CLIMATE REPORT
NATIONAL WEATHER SERVICE KANSAS CITY/PLEASANT HILL MO
132 AM CDT TUE OCT 17 2017


...................................

...THE JOHNSON COUNTY EXECUTIVE KS CLIMATE SUMMARY FOR OCTOBER 16 2017...

CLIMATE NORMAL PERIOD 1981 TO 2010
CLIMATE RECORD PERIOD 9999 TO 9999


WEATHER ITEM   OBSERVED TIME   NORMAL DEPARTURE LAST
                VALUE   (LST)  VALUE  FROM      YEAR
                                      NORMAL
......................................................
TEMPERATURE (F)
 YESTERDAY
  MAXIMUM         67    317 PM  67      0       83
  MINIMUM         39    456 AM  47     -8       65
  AVERAGE         53            57     -4       74

PRECIPITATION (IN)
  YESTERDAY        0.00          0.11  -0.11     0.00
  MONTH TO DATE    2.01          1.96   0.05     1.67
  SINCE SEP 1      4.22          6.47  -2.25     5.04
  SINCE JAN 1     42.82         34.43   8.39    34.92

DEGREE DAYS
 HEATING
  YESTERDAY       12             9      3        0
  MONTH TO DATE   61           106    -45       74
  SINCE SEP 1     75           154    -79       94
  SINCE JUL 1     78           155    -77       94

 COOLING
  YESTERDAY        0             1     -1        9
  MONTH TO DATE   43            23     20       19
  SINCE SEP 1    229           179     50      213
  SINCE JAN 1   1236          1344   -108     1432
......................................................


WIND (MPH)
  HIGHEST WIND SPEED    13   HIGHEST WIND DIRECTION    SW (210)
  HIGHEST GUST SPEED    22   HIGHEST GUST DIRECTION    NW (310)
  AVERAGE WIND SPEED     5.4


SKY COVER
  AVERAGE SKY COVER 0.0


WEATHER CONDITIONS
 THE FOLLOWING WEATHER WAS RECORDED YESTERDAY.
  FOG
  HAZE


RELATIVE HUMIDITY (PERCENT)
 HIGHEST    93           400 AM
 LOWEST     37           200 PM
 AVERAGE    65

..........................................................


THE JOHNSON COUNTY EXECUTIVE KS CLIMATE NORMALS FOR TODAY
                         NORMAL
 MAXIMUM TEMPERATURE (F)   67
 MINIMUM TEMPERATURE (F)   47


SUNRISE AND SUNSET
OCTOBER 17 2017.......SUNRISE   731 AM CDT   SUNSET   637 PM CDT
OCTOBER 18 2017.......SUNRISE   732 AM CDT   SUNSET   636 PM CDT


-  INDICATES NEGATIVE NUMBERS.
R  INDICATES RECORD WAS SET OR TIED.
MM INDICATES DATA IS MISSING.
T  INDICATES TRACE AMOUNT.




$$
