000
CDUS46 KSGX 070015
CLIOKB


CLIMATE REPORT
NATIONAL WEATHER SERVICE SAN DIEGO, CA
515 PM PDT MON JUL 6 2015


...................................

...THE OCEANSIDE AIRPORT CA CLIMATE SUMMARY FOR JULY 6 2015...
VALID TODAY AS OF 0500 PM LOCAL TIME.

CLIMATE NORMAL PERIOD 1981 TO 2010
CLIMATE RECORD PERIOD 1999 TO 2015


WEATHER ITEM   OBSERVED TIME   RECORD YEAR NORMAL DEPARTURE LAST
                VALUE   (LST)  VALUE       VALUE  FROM      YEAR
                                                  NORMAL
..................................................................
TEMPERATURE (F)
 TODAY
  MAXIMUM         75    137 PM  81    2011  75      0       79
  MINIMUM         65    727 AM  54    2012  61      4       60
  AVERAGE         70                        68      2       70

PRECIPITATION (IN)
  TODAY            0.00          0.04 2010   0.01  -0.01     0.00
  MONTH TO DATE    T                         0.05  -0.05     0.00
  SINCE OCT 1      7.40                     13.20  -5.80     4.19
  SINCE JAN 1      3.00                      9.32  -6.32     2.60

SNOWFALL (IN)
  TODAY            0.0
  MONTH TO DATE    0.0
  SINCE JUN 1      0.0
  SINCE JUL 1      0.0
  SNOW DEPTH       0

DEGREE DAYS
 HEATING
  TODAY            0                         0      0        0
  MONTH TO DATE    0                         0      0        0
  SINCE JUN 1      4                        27    -23        4
  SINCE JUL 1      0                         0      0        0

 COOLING
  TODAY            5                         3      2        5
  MONTH TO DATE   41                        18     23       19
  SINCE JUN 1    140                        56     84       56
  SINCE JAN 1    179                        66    113      148
..................................................................


WIND (MPH)
  RESULTANT WIND SPEED   4   RESULTANT WIND DIRECTION   W (260)
  HIGHEST WIND SPEED    15   HIGHEST WIND DIRECTION     W (250)
  HIGHEST GUST SPEED    21   HIGHEST GUST DIRECTION     W (250)
  AVERAGE WIND SPEED     4.0


SKY COVER
  POSSIBLE SUNSHINE  MM
  AVERAGE SKY COVER 1.0


WEATHER CONDITIONS
 THE FOLLOWING WEATHER WAS RECORDED TODAY.
  FOG


RELATIVE HUMIDITY (PERCENT)
 HIGHEST    93           700 AM
 LOWEST     64           100 PM
 AVERAGE    79

..........................................................


THE OCEANSIDE AIRPORT CA CLIMATE NORMALS FOR TOMORROW
                         NORMAL    RECORD    YEAR
 MAXIMUM TEMPERATURE (F)   75        82      2011
 MINIMUM TEMPERATURE (F)   61        54      2012


SUNRISE AND SUNSET
JULY  6 2015..........SUNRISE   546 AM PDT   SUNSET   802 PM PDT
JULY  7 2015..........SUNRISE   547 AM PDT   SUNSET   802 PM PDT


-  INDICATES NEGATIVE NUMBERS.
R  INDICATES RECORD WAS SET OR TIED.
MM INDICATES DATA IS MISSING.
T  INDICATES TRACE AMOUNT.




$$
