000
CDUS46 KSGX 311422
CLIOKB


CLIMATE REPORT
NATIONAL WEATHER SERVICE SAN DIEGO, CA
722 AM PDT TUE MAY 31 2016


...................................

...THE OCEANSIDE AIRPORT CA CLIMATE SUMMARY FOR MAY 30 2016...

CLIMATE NORMAL PERIOD 1981 TO 2010
CLIMATE RECORD PERIOD 1999 TO 2016


WEATHER ITEM   OBSERVED TIME   RECORD YEAR NORMAL DEPARTURE LAST
                VALUE   (LST)  VALUE       VALUE  FROM      YEAR
                                                  NORMAL
..................................................................
TEMPERATURE (F)
 YESTERDAY
  MAXIMUM         72   1219 PM  76    2004  70      2       71
  MINIMUM         61    951 PM  45    2011  56      5       61
  AVERAGE         67                        63      4       66

PRECIPITATION (IN)
  YESTERDAY        0.00          T    1999   0.00   0.00     0.00
                                      2005
                                      2004
  MONTH TO DATE    0.54                      0.26   0.28     1.46
  SINCE OCT 1      7.12                     13.04  -5.92     7.38
  SINCE JAN 1      4.95                      9.16  -4.21     2.98

DEGREE DAYS
 HEATING
  YESTERDAY        0                         2     -2        0
  MONTH TO DATE   69                       105    -36       79
  SINCE MAR 1    432                       591   -159      329
  SINCE JUL 1   1600                      1999   -399     1203

 COOLING
  YESTERDAY        2                         0      2        1
  MONTH TO DATE   10                         0     10        5
  SINCE MAR 1     14                         3     11       39
  SINCE JAN 1     20                         3     17       39
..................................................................


WIND (MPH)
  RESULTANT WIND SPEED   7   RESULTANT WIND DIRECTION   W (280)
  HIGHEST WIND SPEED    17   HIGHEST WIND DIRECTION     W (260)
  HIGHEST GUST SPEED    22   HIGHEST GUST DIRECTION     W (290)
  AVERAGE WIND SPEED     7.1


SKY COVER
  POSSIBLE SUNSHINE  MM
  AVERAGE SKY COVER 0.7


WEATHER CONDITIONS
 THE FOLLOWING WEATHER WAS RECORDED YESTERDAY.
  NO SIGNIFICANT WEATHER WAS OBSERVED.


RELATIVE HUMIDITY (PERCENT)
 HIGHEST    84           900 PM
 LOWEST     57           100 PM
 AVERAGE    71

..........................................................


THE OCEANSIDE AIRPORT CA CLIMATE NORMALS FOR TODAY
                         NORMAL    RECORD    YEAR
 MAXIMUM TEMPERATURE (F)   71        77      2006
 MINIMUM TEMPERATURE (F)   56        46      2011


SUNRISE AND SUNSET
MAY 31 2016...........SUNRISE   541 AM PDT   SUNSET   753 PM PDT
JUNE  1 2016..........SUNRISE   541 AM PDT   SUNSET   754 PM PDT


-  INDICATES NEGATIVE NUMBERS.
R  INDICATES RECORD WAS SET OR TIED.
MM INDICATES DATA IS MISSING.
T  INDICATES TRACE AMOUNT.




$$
