000
CDUS46 KSGX 251137
CLIOKB


CLIMATE REPORT
NATIONAL WEATHER SERVICE SAN DIEGO, CA
437 AM PDT MON SEP 25 2017


...................................

...THE OCEANSIDE AIRPORT CA CLIMATE SUMMARY FOR SEPTEMBER 24 2017...

CLIMATE NORMAL PERIOD 1981 TO 2010
CLIMATE RECORD PERIOD 1999 TO 2017


WEATHER ITEM   OBSERVED TIME   RECORD YEAR NORMAL DEPARTURE LAST
                VALUE   (LST)  VALUE       VALUE  FROM      YEAR
                                                  NORMAL
..................................................................
TEMPERATURE (F)
 YESTERDAY
  MAXIMUM         78    152 PM  88    2009  76      2       85
  MINIMUM         48R   533 AM  48    2004  58    -10       53
  AVERAGE         63                        67     -4       69

PRECIPITATION (IN)
  YESTERDAY        0.00          0.00 2006   0.01  -0.01     0.00
  MONTH TO DATE    T                         0.20  -0.20     0.24
  SINCE OCT 1     14.99                     13.62   1.37     7.36
  SINCE JAN 1      9.84                      9.74   0.10     5.19

DEGREE DAYS
 HEATING
  YESTERDAY        2                         1      1        0
  MONTH TO DATE    9                         1      8       12
  SINCE SEP 1      9                         1      8       12
  SINCE JUL 1      9                         6      3       12

 COOLING
  YESTERDAY        0                         2     -2        4
  MONTH TO DATE  142                        82     60       74
  SINCE SEP 1    142                        82     60       74
  SINCE JAN 1    661                       382    279      531
..................................................................


WIND (MPH)
  RESULTANT WIND SPEED   3   RESULTANT WIND DIRECTION   W (280)
  HIGHEST WIND SPEED    17   HIGHEST WIND DIRECTION     W (280)
  HIGHEST GUST SPEED    24   HIGHEST GUST DIRECTION     W (260)
  AVERAGE WIND SPEED     4.8


SKY COVER
  POSSIBLE SUNSHINE  MM
  AVERAGE SKY COVER 0.0


WEATHER CONDITIONS
 THE FOLLOWING WEATHER WAS RECORDED YESTERDAY.
  NO SIGNIFICANT WEATHER WAS OBSERVED.


RELATIVE HUMIDITY (PERCENT)
 HIGHEST    96           200 AM
 LOWEST     40          1100 AM
 AVERAGE    68

..........................................................


THE OCEANSIDE AIRPORT CA CLIMATE NORMALS FOR TODAY
                         NORMAL    RECORD    YEAR
 MAXIMUM TEMPERATURE (F)   76        91      2016
 MINIMUM TEMPERATURE (F)   58        50      2005


SUNRISE AND SUNSET
SEPTEMBER 25 2017.....SUNRISE   640 AM PDT   SUNSET   642 PM PDT
SEPTEMBER 26 2017.....SUNRISE   640 AM PDT   SUNSET   640 PM PDT


-  INDICATES NEGATIVE NUMBERS.
R  INDICATES RECORD WAS SET OR TIED.
MM INDICATES DATA IS MISSING.
T  INDICATES TRACE AMOUNT.




$$
