000
CDUS46 KSGX 181231
CLIOKB


CLIMATE REPORT
NATIONAL WEATHER SERVICE SAN DIEGO, CA
431 AM PST SUN FEB 18 2018


...................................

...THE OCEANSIDE AIRPORT CA CLIMATE SUMMARY FOR FEBRUARY 17 2018...

CLIMATE NORMAL PERIOD 1981 TO 2010
CLIMATE RECORD PERIOD 1999 TO 2018


WEATHER ITEM   OBSERVED TIME   RECORD YEAR NORMAL DEPARTURE LAST
                VALUE   (LST)  VALUE       VALUE  FROM      YEAR
                                                  NORMAL
..................................................................
TEMPERATURE (F)
 YESTERDAY
  MAXIMUM         71    351 PM  89    2007  65      6       64
  MINIMUM         37    623 AM  33    2013  44     -7       53
  AVERAGE         54                        54      0       59

PRECIPITATION (IN)
  YESTERDAY        0.00          1.38 2017   0.13  -0.13     1.38
  MONTH TO DATE    0.02                      1.64  -1.62     2.49
  SINCE OCT 1      2.69                      8.17  -5.48    11.90
  SINCE JAN 1      2.65                      4.29  -1.64     6.75

DEGREE DAYS
 HEATING
  YESTERDAY       11                        11      0        6
  MONTH TO DATE  136                       187    -51      124
  SINCE DEC 1    609                       942   -333      711
  SINCE JUL 1    778                      1292   -514      897

 COOLING
  YESTERDAY        0                         0      0        0
  MONTH TO DATE    0                         0      0        0
  SINCE DEC 1      5                         0      5        0
  SINCE JAN 1      3                         0      3        0
..................................................................


WIND (MPH)
  RESULTANT WIND SPEED   2   RESULTANT WIND DIRECTION   W (270)
  HIGHEST WIND SPEED    16   HIGHEST WIND DIRECTION     W (290)
  HIGHEST GUST SPEED    19   HIGHEST GUST DIRECTION    NW (300)
  AVERAGE WIND SPEED     4.8


SKY COVER
  POSSIBLE SUNSHINE  MM
  AVERAGE SKY COVER 0.0


WEATHER CONDITIONS
 THE FOLLOWING WEATHER WAS RECORDED YESTERDAY.
  NO SIGNIFICANT WEATHER WAS OBSERVED.


RELATIVE HUMIDITY (PERCENT)
 HIGHEST    93          1100 PM
 LOWEST     18          1100 AM
 AVERAGE    56

..........................................................


THE OCEANSIDE AIRPORT CA CLIMATE NORMALS FOR TODAY
                         NORMAL    RECORD    YEAR
 MAXIMUM TEMPERATURE (F)   65        72      2007
 MINIMUM TEMPERATURE (F)   44        36      2012


SUNRISE AND SUNSET
FEBRUARY 18 2018......SUNRISE   630 AM PST   SUNSET   537 PM PST
FEBRUARY 19 2018......SUNRISE   629 AM PST   SUNSET   538 PM PST


-  INDICATES NEGATIVE NUMBERS.
R  INDICATES RECORD WAS SET OR TIED.
MM INDICATES DATA IS MISSING.
T  INDICATES TRACE AMOUNT.




$$
