000
CDUS46 KSGX 150016
CLIOKB


CLIMATE REPORT
NATIONAL WEATHER SERVICE SAN DIEGO, CA
415 PM PST SUN FEB 14 2016


...................................

...THE OCEANSIDE AIRPORT CA CLIMATE SUMMARY FOR FEBRUARY 14 2016...
VALID TODAY AS OF 0400 PM LOCAL TIME.

CLIMATE NORMAL PERIOD 1981 TO 2010
CLIMATE RECORD PERIOD 1999 TO 2016


WEATHER ITEM   OBSERVED TIME   RECORD YEAR NORMAL DEPARTURE LAST
                VALUE   (LST)  VALUE       VALUE  FROM      YEAR
                                                  NORMAL
..................................................................
TEMPERATURE (F)
 TODAY
  MAXIMUM         MM        MM  84    2015  65     MM       84
  MINIMUM         MM        MM  33    2013  43     MM       46
  AVERAGE         MM                        54     MM       65

PRECIPITATION (IN)
  TODAY            0.00          0.17 2012   0.13  -0.13     0.00
  MONTH TO DATE    0.02                      1.24  -1.22     0.00
  SINCE OCT 1      4.80                      7.77  -2.97     4.89
  SINCE JAN 1      2.63                      3.89  -1.26     0.49

DEGREE DAYS
 HEATING
  TODAY           MM                        11     MM        0
  MONTH TO DATE   97                       154    -57       81
  SINCE DEC 1    837                       909    -72      633
  SINCE JUL 1   1068                      1259   -191      767

 COOLING
  TODAY           MM                         0     MM        0
  MONTH TO DATE    0                         0      0        0
  SINCE DEC 1      0                         0      0        0
  SINCE JAN 1      0                         0      0        0
..................................................................


WIND (MPH)
  RESULTANT WIND SPEED   2   RESULTANT WIND DIRECTION   W (260)
  HIGHEST WIND SPEED    10   HIGHEST WIND DIRECTION     W (250)
  HIGHEST GUST SPEED    MM   HIGHEST GUST DIRECTION    MM
  AVERAGE WIND SPEED     4.8


SKY COVER
  POSSIBLE SUNSHINE  MM
  AVERAGE SKY COVER 0.3


WEATHER CONDITIONS
 THE FOLLOWING WEATHER WAS RECORDED TODAY.
  FOG
  FOG W/VISIBILITY <= 1/4 MILE
  HAZE


RELATIVE HUMIDITY (PERCENT)
 HIGHEST    89           700 AM
 LOWEST     38           300 PM
 AVERAGE    64

..........................................................


THE OCEANSIDE AIRPORT CA CLIMATE NORMALS FOR TOMORROW
                         NORMAL    RECORD    YEAR
 MAXIMUM TEMPERATURE (F)   65        83      2013
 MINIMUM TEMPERATURE (F)   43        33      2008


SUNRISE AND SUNSET
FEBRUARY 14 2016......SUNRISE   634 AM PST   SUNSET   533 PM PST
FEBRUARY 15 2016......SUNRISE   633 AM PST   SUNSET   534 PM PST


-  INDICATES NEGATIVE NUMBERS.
R  INDICATES RECORD WAS SET OR TIED.
MM INDICATES DATA IS MISSING.
T  INDICATES TRACE AMOUNT.




$$
