000
CDUS46 KSGX 041417
CLIOKB


CLIMATE REPORT
NATIONAL WEATHER SERVICE SAN DIEGO, CA
617 AM PST WED MAR 4 2015


...................................

...THE OCEANSIDE AIRPORT CA CLIMATE SUMMARY FOR MARCH 3 2015...

CLIMATE NORMAL PERIOD 1981 TO 2010
CLIMATE RECORD PERIOD 1999 TO 2015


WEATHER ITEM   OBSERVED TIME   RECORD YEAR NORMAL DEPARTURE LAST
                VALUE   (LST)  VALUE       VALUE  FROM      YEAR
                                                  NORMAL
..................................................................
TEMPERATURE (F)
 YESTERDAY
  MAXIMUM         65   1258 PM  78    2007  65      0       66
  MINIMUM         40    530 AM  32    2002  45     -5       46
  AVERAGE         53                        55     -2       56

PRECIPITATION (IN)
  YESTERDAY        0.00          0.16 2000   0.15  -0.15     0.00
  MONTH TO DATE    0.74                      0.44   0.30     0.47
  SINCE OCT 1      5.88                     10.04  -4.16     3.82
  SINCE JAN 1      1.48                      6.16  -4.68     2.23

SNOWFALL (IN)
  YESTERDAY        0.0
  MONTH TO DATE    0.0
  SINCE JAN 1      0.0
  SINCE JUL 1      0.0
  SNOW DEPTH       0

DEGREE DAYS
 HEATING
  YESTERDAY       12                        10      2        9
  MONTH TO DATE   34                        30      4       23
  SINCE MAR 1     34                        30      4       23
  SINCE JUL 1    908                      1438   -530     1195

 COOLING
  YESTERDAY        0                         0      0        0
  MONTH TO DATE    0                         0      0        0
  SINCE MAR 1      0                         0      0        0
  SINCE JAN 1      0                         0      0        0
..................................................................


WIND (MPH)
  RESULTANT WIND SPEED   2   RESULTANT WIND DIRECTION  NW (320)
  HIGHEST WIND SPEED    15   HIGHEST WIND DIRECTION    NW (300)
  HIGHEST GUST SPEED    20   HIGHEST GUST DIRECTION     W (280)
  AVERAGE WIND SPEED     5.4


SKY COVER
  POSSIBLE SUNSHINE  MM
  AVERAGE SKY COVER 0.0


WEATHER CONDITIONS
 THE FOLLOWING WEATHER WAS RECORDED YESTERDAY.
  NO SIGNIFICANT WEATHER WAS OBSERVED.


RELATIVE HUMIDITY (PERCENT)
 HIGHEST    89          1200 AM
 LOWEST     46          1100 AM
 AVERAGE    68

..........................................................


THE OCEANSIDE AIRPORT CA CLIMATE NORMALS FOR TODAY
                         NORMAL    RECORD    YEAR
 MAXIMUM TEMPERATURE (F)   65        81      2007
 MINIMUM TEMPERATURE (F)   45        33      2002


SUNRISE AND SUNSET
MARCH  4 2015.........SUNRISE   614 AM PST   SUNSET   549 PM PST
MARCH  5 2015.........SUNRISE   613 AM PST   SUNSET   549 PM PST


-  INDICATES NEGATIVE NUMBERS.
R  INDICATES RECORD WAS SET OR TIED.
MM INDICATES DATA IS MISSING.
T  INDICATES TRACE AMOUNT.




$$
