000
CDUS46 KSGX 290021
CLIOKB


CLIMATE REPORT
NATIONAL WEATHER SERVICE SAN DIEGO, CA
421 PM PST FRI NOV 28 2014


...................................

...THE OCEANSIDE AIRPORT CA CLIMATE SUMMARY FOR NOVEMBER 28 2014...
VALID TODAY AS OF 0400 PM LOCAL TIME.

CLIMATE NORMAL PERIOD 1981 TO 2010
CLIMATE RECORD PERIOD 1999 TO 2014


WEATHER ITEM   OBSERVED TIME   RECORD YEAR NORMAL DEPARTURE LAST
                VALUE   (LST)  VALUE       VALUE  FROM      YEAR
                                                  NORMAL
..................................................................
TEMPERATURE (F)
 TODAY
  MAXIMUM         80   1156 AM  81    2007  67     13       67
  MINIMUM         39    647 AM  35    2001  41     -2       40
                                      1999
  AVERAGE         60                        54      6       54

PRECIPITATION (IN)
  TODAY            0.00          0.21 2009   0.03  -0.03      T
  MONTH TO DATE    0.71                      0.98  -0.27     0.48
  SINCE JUL 1      0.85                      2.19  -1.34     0.92
  SINCE JAN 1      3.45                     11.46  -8.01     3.24

SNOWFALL (IN)
  TODAY            0.0
  MONTH TO DATE    0.0
  SINCE JAN 1      0.0
  SINCE JUL 1      0.0
  SNOW DEPTH       0

DEGREE DAYS
 HEATING
  TODAY            5                        11     -6       11
  MONTH TO DATE  113                       227   -114      171
  SINCE SEP 1    120                       324   -204      285
  SINCE JUL 1    120                       329   -209      285

 COOLING
  TODAY            0                         0      0        0
  MONTH TO DATE    7                         0      7        5
  SINCE SEP 1    348                       116    232      134
  SINCE JAN 1    855                       416    439      535
..................................................................


WIND (MPH)
  RESULTANT WIND SPEED   1   RESULTANT WIND DIRECTION  SW (220)
  HIGHEST WIND SPEED     8   HIGHEST WIND DIRECTION    SW (220)
  HIGHEST GUST SPEED    11   HIGHEST GUST DIRECTION     W (250)
  AVERAGE WIND SPEED     2.5


SKY COVER
  POSSIBLE SUNSHINE  MM
  AVERAGE SKY COVER 0.0


WEATHER CONDITIONS
 THE FOLLOWING WEATHER WAS RECORDED TODAY.
  NO SIGNIFICANT WEATHER WAS OBSERVED.


RELATIVE HUMIDITY (PERCENT)
 HIGHEST    70           600 AM
 LOWEST     15          1100 AM
 AVERAGE    43

..........................................................


THE OCEANSIDE AIRPORT CA CLIMATE NORMALS FOR TOMORROW
                         NORMAL    RECORD    YEAR
 MAXIMUM TEMPERATURE (F)   67        75      2011
 MINIMUM TEMPERATURE (F)   41        30      2010


SUNRISE AND SUNSET
NOVEMBER 28 2014......SUNRISE   632 AM PST   SUNSET   442 PM PST
NOVEMBER 29 2014......SUNRISE   633 AM PST   SUNSET   442 PM PST


-  INDICATES NEGATIVE NUMBERS.
R  INDICATES RECORD WAS SET OR TIED.
MM INDICATES DATA IS MISSING.
T  INDICATES TRACE AMOUNT.




$$
