000
CDUS44 KOUN 200628
CLIOKC

OUNCLIOKC 000
TTAA00 KOUN 200627


CLIMATE REPORT
NATIONAL WEATHER SERVICE NORMAN OK
127 AM CDT SUN AUG 20 2017


...................................

...THE OKLAHOMA CITY CLIMATE SUMMARY FOR AUGUST 19 2017...

CLIMATE NORMAL PERIOD 1981 TO 2010
CLIMATE RECORD PERIOD 1890 TO 2017


WEATHER ITEM   OBSERVED TIME   RECORD YEAR NORMAL DEPARTURE LAST
                VALUE   (LST)  VALUE       VALUE  FROM      YEAR
                                                  NORMAL
..................................................................
TEMPERATURE (F)
 YESTERDAY
  MAXIMUM         95    346 PM 106    1934  93      2       88
  MINIMUM         71    459 AM  56    1932  71      0       67
                                      1897
  AVERAGE         83                        82      1       78

PRECIPITATION (IN)
  YESTERDAY        0.00          3.82 2007   0.11  -0.11      T
  MONTH TO DATE    4.70                      2.02   2.68     0.01
  SINCE JUN 1      6.12                      9.88  -3.76     6.96
  SINCE JAN 1     20.78                     23.63  -2.85    19.37

SNOWFALL (IN)
  YESTERDAY        0.0

DEGREE DAYS
 HEATING
  YESTERDAY        0                         0      0        0
  MONTH TO DATE    0                         0      0        0
  SINCE JUN 1      0                         1     -1        0
  SINCE JUL 1      0                         0      0        0

 COOLING
  YESTERDAY       18                        17      1       13
  MONTH TO DATE  255                       346    -91      348
  SINCE JUN 1   1211                      1295    -84     1357
  SINCE JAN 1   1436                      1545   -109     1543
..................................................................


WIND (MPH)
  HIGHEST WIND SPEED    14   HIGHEST WIND DIRECTION     S (160)
  HIGHEST GUST SPEED    19   HIGHEST GUST DIRECTION     S (190)
  AVERAGE WIND SPEED     7.7


SKY COVER
  AVERAGE SKY COVER 0.2


WEATHER CONDITIONS
 THE FOLLOWING WEATHER WAS RECORDED YESTERDAY.
  NO SIGNIFICANT WEATHER WAS OBSERVED.


RELATIVE HUMIDITY (PERCENT)
 HIGHEST   100           400 AM
 LOWEST     42           200 PM
 AVERAGE    71

..........................................................


THE OKLAHOMA CITY CLIMATE NORMALS FOR TODAY
                         NORMAL    RECORD    YEAR
 MAXIMUM TEMPERATURE (F)   93       105      2011
                                             1911
 MINIMUM TEMPERATURE (F)   71        50      2015


SUNRISE AND SUNSET
AUGUST 20 2017........SUNRISE   654 AM CDT   SUNSET   813 PM CDT
AUGUST 21 2017........SUNRISE   655 AM CDT   SUNSET   812 PM CDT


-  INDICATES NEGATIVE NUMBERS.
R  INDICATES RECORD WAS SET OR TIED.
MM INDICATES DATA IS MISSING.
T  INDICATES TRACE AMOUNT.




$$
