000
CDUS44 KOUN 210635
CLIOKC

CLIMATE REPORT
NATIONAL WEATHER SERVICE NORMAN OK
1234 AM CST FRI NOV 21 2014


...................................

...THE OKLAHOMA CITY CLIMATE SUMMARY FOR NOVEMBER 20 2014...

CLIMATE NORMAL PERIOD 1981 TO 2010
CLIMATE RECORD PERIOD 1890 TO 2014


WEATHER ITEM   OBSERVED TIME   RECORD YEAR NORMAL DEPARTURE LAST
                VALUE   (LST)  VALUE       VALUE  FROM      YEAR
                                                  NORMAL
..................................................................
TEMPERATURE (F)
 YESTERDAY
  MAXIMUM         63    242 PM  82    2007  59      4       62
  MINIMUM         33    650 AM  19    1937  38     -5       52
  AVERAGE         48                        49     -1       57

PRECIPITATION (IN)
  YESTERDAY        0.00          2.17 1994   0.05  -0.05     0.00
  MONTH TO DATE    1.46                      1.42   0.04     0.62
  SINCE JAN 1     26.76                     34.08  -7.32    51.18

SNOWFALL (IN)
  YESTERDAY        0.0           0.5  1972   0.0    0.0      0.0
  MONTH TO DATE    2.5                       0.1    2.4      0.0
  SINCE JUL 1      2.5                       0.1    2.4      0.0
  SNOW DEPTH       0

DEGREE DAYS
 HEATING
  YESTERDAY       17                        16      1        8
  MONTH TO DATE  405                       247    158      235
  SINCE JUL 1    491                       411     80      399

 COOLING
  YESTERDAY        0                         0      0        0
  MONTH TO DATE    0                         7     -7        3
  SINCE JAN 1   2126                      2099     27     2072
..................................................................


WIND (MPH)
  HIGHEST WIND SPEED    15   HIGHEST WIND DIRECTION    NE (60)
  HIGHEST GUST SPEED    18   HIGHEST GUST DIRECTION    NE (60)
  AVERAGE WIND SPEED     8.3


SKY COVER
  AVERAGE SKY COVER 0.4


WEATHER CONDITIONS
 THE FOLLOWING WEATHER WAS RECORDED YESTERDAY.
  NO SIGNIFICANT WEATHER WAS OBSERVED.


RELATIVE HUMIDITY (PERCENT)
 HIGHEST    71          1100 PM
 LOWEST     36           300 PM
 AVERAGE    54

..........................................................


THE OKLAHOMA CITY CLIMATE NORMALS FOR TODAY
                         NORMAL    RECORD    YEAR
 MAXIMUM TEMPERATURE (F)   59        80      1927
 MINIMUM TEMPERATURE (F)   38        14      1898


SUNRISE AND SUNSET
NOVEMBER 21 2014......SUNRISE   712 AM CST   SUNSET   521 PM CST
NOVEMBER 22 2014......SUNRISE   713 AM CST   SUNSET   520 PM CST


-  INDICATES NEGATIVE NUMBERS.
R  INDICATES RECORD WAS SET OR TIED.
MM INDICATES DATA IS MISSING.
T  INDICATES TRACE AMOUNT.




$$
