000
CDUS44 KOUN 280643
CLIOKC

CLIMATE REPORT
NATIONAL WEATHER SERVICE NORMAN OK
1242 AM CST SAT FEB 28 2015


...................................

...THE OKLAHOMA CITY CLIMATE SUMMARY FOR FEBRUARY 27 2015...

CLIMATE NORMAL PERIOD 1981 TO 2010
CLIMATE RECORD PERIOD 1890 TO 2015


WEATHER ITEM   OBSERVED TIME   RECORD YEAR NORMAL DEPARTURE LAST
                VALUE   (LST)  VALUE       VALUE  FROM      YEAR
                                                  NORMAL
..................................................................
TEMPERATURE (F)
 YESTERDAY
  MAXIMUM         23    117 AM  83    1918  58    -35       58
  MINIMUM         18   1236 PM  10    2002  36    -18       20
  AVERAGE         21                        47    -26       39

PRECIPITATION (IN)
  YESTERDAY        0.03          1.32 1966   0.07  -0.04     0.00
  MONTH TO DATE    0.29                      1.51  -1.22     0.36
  SINCE JAN 1      2.09                      2.90  -0.81     0.43

SNOWFALL (IN)
  YESTERDAY        0.8           5.2  1949   0.1    0.7      0.0
  MONTH TO DATE    3.2                       1.4    1.8      4.0
  SINCE JUL 1      9.2                       6.7    2.5      8.7
  SNOW DEPTH       0

DEGREE DAYS
 HEATING
  YESTERDAY       44                        18     26       26
  MONTH TO DATE  675                       579     96      727
  SINCE JUL 1   2734                      2732      2     3077
..................................................................


WIND (MPH)
  HIGHEST WIND SPEED    22   HIGHEST WIND DIRECTION    NE (40)
  HIGHEST GUST SPEED    26   HIGHEST GUST DIRECTION    NE (40)
  AVERAGE WIND SPEED    10.9


SKY COVER
  AVERAGE SKY COVER 1.0


WEATHER CONDITIONS
 THE FOLLOWING WEATHER WAS RECORDED YESTERDAY.
  SNOW
  LIGHT SNOW
  HAZE


RELATIVE HUMIDITY (PERCENT)
 HIGHEST    73           200 PM
 LOWEST     38          1200 AM
 AVERAGE    56

..........................................................


THE OKLAHOMA CITY CLIMATE NORMALS FOR TODAY
                         NORMAL    RECORD    YEAR
 MAXIMUM TEMPERATURE (F)   58        90      1904
 MINIMUM TEMPERATURE (F)   37         7      1962


SUNRISE AND SUNSET
FEBRUARY 28 2015......SUNRISE   702 AM CST   SUNSET   625 PM CST
MARCH  1 2015.........SUNRISE   700 AM CST   SUNSET   626 PM CST


-  INDICATES NEGATIVE NUMBERS.
R  INDICATES RECORD WAS SET OR TIED.
MM INDICATES DATA IS MISSING.
T  INDICATES TRACE AMOUNT.




$$
