000
CDUS44 KOUN 260639
CLIOKC

CLIMATE REPORT
NATIONAL WEATHER SERVICE NORMAN OK
135 AM CDT SUN OCT 26 2014


...................................

...THE OKLAHOMA CITY CLIMATE SUMMARY FOR OCTOBER 25 2014...

CLIMATE NORMAL PERIOD 1981 TO 2010
CLIMATE RECORD PERIOD 1890 TO 2014


WEATHER ITEM   OBSERVED TIME   RECORD YEAR NORMAL DEPARTURE LAST
                VALUE   (LST)  VALUE       VALUE  FROM      YEAR
                                                  NORMAL
..................................................................
TEMPERATURE (F)
 YESTERDAY
  MAXIMUM         92R   244 PM  87    1939  71     21       64
                                      1891
  MINIMUM         58    708 AM  29    1957  49      9       41
  AVERAGE         75                        60     15       53

PRECIPITATION (IN)
  YESTERDAY        0.00          1.65 1899   0.12  -0.12     0.00
  MONTH TO DATE    2.44                      3.05  -0.61     2.95
  SINCE JAN 1     25.30                     32.00  -6.70    50.09

SNOWFALL (IN)
  YESTERDAY        0.0           T    1957   0.0    0.0      0.0
  MONTH TO DATE    0.0                       0.0    0.0      0.0
  SINCE JUL 1      0.0                       0.0    0.0      0.0
  SNOW DEPTH       0

DEGREE DAYS
 HEATING
  YESTERDAY        0                         7     -7       12
  MONTH TO DATE   44                        99    -55      134
  SINCE JUL 1     55                       118    -63      137

 COOLING
  YESTERDAY       10                         1      9        0
  MONTH TO DATE  114                        61     53       71
  SINCE JAN 1   2105                      2086     19     2056
..................................................................


WIND (MPH)
  HIGHEST WIND SPEED    13   HIGHEST WIND DIRECTION     S (190)
  HIGHEST GUST SPEED    17   HIGHEST GUST DIRECTION     S (190)
  AVERAGE WIND SPEED     7.4


SKY COVER
  AVERAGE SKY COVER 0.0


WEATHER CONDITIONS
 THE FOLLOWING WEATHER WAS RECORDED YESTERDAY.
  FOG


RELATIVE HUMIDITY (PERCENT)
 HIGHEST    93           600 AM
 LOWEST     30           300 PM
 AVERAGE    62

..........................................................


THE OKLAHOMA CITY CLIMATE NORMALS FOR TODAY
                         NORMAL    RECORD    YEAR
 MAXIMUM TEMPERATURE (F)   70        92      1891
 MINIMUM TEMPERATURE (F)   48        26      1957


SUNRISE AND SUNSET
OCTOBER 26 2014.......SUNRISE   746 AM CDT   SUNSET   642 PM CDT
OCTOBER 27 2014.......SUNRISE   747 AM CDT   SUNSET   641 PM CDT


-  INDICATES NEGATIVE NUMBERS.
R  INDICATES RECORD WAS SET OR TIED.
MM INDICATES DATA IS MISSING.
T  INDICATES TRACE AMOUNT.




$$
