000
CDUS44 KOUN 250732
CLIOKC

CLIMATE REPORT
NATIONAL WEATHER SERVICE NORMAN OK
1235 AM CST SAT FEB 25 2017


...................................

...THE OKLAHOMA CITY CLIMATE SUMMARY FOR FEBRUARY 24 2017...

CLIMATE NORMAL PERIOD 1981 TO 2010
CLIMATE RECORD PERIOD 1890 TO 2017


WEATHER ITEM   OBSERVED TIME   RECORD YEAR NORMAL DEPARTURE LAST
                VALUE   (LST)  VALUE       VALUE  FROM      YEAR
                                                  NORMAL
..................................................................
TEMPERATURE (F)
 YESTERDAY
  MAXIMUM         51    346 PM  87    1918  57     -6       59
  MINIMUM         34   1159 PM   7    1965  35     -1       33
  AVERAGE         43                        46     -3       46

PRECIPITATION (IN)
  YESTERDAY        0.00          1.31 2011   0.05  -0.05     0.00
  MONTH TO DATE    3.12                      1.31   1.81     0.95
  SINCE JAN 1      4.69                      2.70   1.99     1.06

SNOWFALL (IN)
  YESTERDAY        0.0           3.0  1952   0.0    0.0      0.0
  MONTH TO DATE    0.0                       1.3   -1.3      0.0
  SINCE JUL 1      2.1                       6.6   -4.5      1.2
  SNOW DEPTH       0

DEGREE DAYS
 HEATING
  YESTERDAY       22                        19      3       19
  MONTH TO DATE  337                       524   -187      401
  SINCE JUL 1   2164                      2677   -513     2289
..................................................................


WIND (MPH)
  HIGHEST WIND SPEED    30   HIGHEST WIND DIRECTION    NW (330)
  HIGHEST GUST SPEED    39   HIGHEST GUST DIRECTION    NW (330)
  AVERAGE WIND SPEED    20.2


SKY COVER
  AVERAGE SKY COVER 0.2


WEATHER CONDITIONS
 THE FOLLOWING WEATHER WAS RECORDED YESTERDAY.
  NO SIGNIFICANT WEATHER WAS OBSERVED.


RELATIVE HUMIDITY (PERCENT)
 HIGHEST    76           100 AM
 LOWEST     32           400 PM
 AVERAGE    54

..........................................................


THE OKLAHOMA CITY CLIMATE NORMALS FOR TODAY
                         NORMAL    RECORD    YEAR
 MAXIMUM TEMPERATURE (F)   57        84      1917
 MINIMUM TEMPERATURE (F)   36        10      1960


SUNRISE AND SUNSET
FEBRUARY 25 2017......SUNRISE   705 AM CST   SUNSET   622 PM CST
FEBRUARY 26 2017......SUNRISE   704 AM CST   SUNSET   623 PM CST


-  INDICATES NEGATIVE NUMBERS.
R  INDICATES RECORD WAS SET OR TIED.
MM INDICATES DATA IS MISSING.
T  INDICATES TRACE AMOUNT.




$$
