000
CDUS45 KGGW 050743
CLIOLF


CLIMATE REPORT
NATIONAL WEATHER SERVICE GLASGOW MT
1241 AM MST MON DEC 5 2016


...................................

...THE WOLF POINT MT CLIMATE SUMMARY FOR DECEMBER 4 2016...

CLIMATE NORMAL PERIOD 1981 TO 2010
CLIMATE RECORD PERIOD 9999 TO 9999


WEATHER ITEM   OBSERVED RECORD YEAR NORMAL DEPARTURE
                VALUE   VALUE       VALUE  FROM
                                           NORMAL
........................................................
TEMPERATURE (F)
 YESTERDAY
  MAXIMUM         44     MM      MM  30
  MINIMUM         16     MM      MM   7
  AVERAGE         30

PRECIPITATION (IN)
  YESTERDAY        0.13  MM      MM   0.01   0.12
  MONTH TO DATE    0.13               0.04   0.09
  SINCE OCT 1      1.69               1.24   0.45
  SINCE JAN 1     15.62              11.92   3.70

SNOWFALL (IN)
  YESTERDAY       MM     MM      MM  MM
  MONTH TO DATE    0.0               MM
  SINCE DEC 1      0.0               MM
  SINCE JUL 1      0.0               MM

DEGREE DAYS
 HEATING
  YESTERDAY       35

 COOLING
  YESTERDAY        0
........................................................







THE WOLF POINT MT CLIMATE NORMALS FOR TODAY
                         NORMAL    RECORD    YEAR
 MAXIMUM TEMPERATURE (F)   30        MM        MM
 MINIMUM TEMPERATURE (F)    6        MM        MM


SUNRISE AND SUNSET
DECEMBER  5 2016......SUNRISE   737 AM MST   SUNSET   409 PM MST
DECEMBER  6 2016......SUNRISE   738 AM MST   SUNSET   409 PM MST


-  INDICATES NEGATIVE NUMBERS.
R  INDICATES RECORD WAS SET OR TIED.
MM INDICATES DATA IS MISSING.
T  INDICATES TRACE AMOUNT.




$$
